20.171.207.160 - - [15/Oct/2025:08:35:43 +0000] "GET /pages.php?category/11041/1 HTTP/1.0" 200 21704 "-" "Mozilla/5.0 AppleWebKit/537.36 (KHTML, like Gecko; compatible; GPTBot/1.2; +https://openai.com/gptbot)"
20.171.207.160 - - [15/Oct/2025:08:35:47 +0000] "GET /pages.php?q-~291YvmkEDaRt0TSdwcOqRcGOyWjR0YpkB17776/ HTTP/1.0" 200 21985 "-" "Mozilla/5.0 AppleWebKit/537.36 (KHTML, like Gecko; compatible; GPTBot/1.2; +https://openai.com/gptbot)"
20.171.207.160 - - [15/Oct/2025:08:35:50 +0000] "GET /pages.php?q-~134TflnHFVGygHuYADniYxrGJSSYYYF9f15975/ HTTP/1.0" 200 22067 "-" "Mozilla/5.0 AppleWebKit/537.36 (KHTML, like Gecko; compatible; GPTBot/1.2; +https://openai.com/gptbot)"
20.171.207.160 - - [15/Oct/2025:08:35:53 +0000] "GET /pages.php?q-~2vl7Dvm4eMGSpyUIrjxFYRkrKmkVL0L20923/ HTTP/1.0" 200 23282 "-" "Mozilla/5.0 AppleWebKit/537.36 (KHTML, like Gecko; compatible; GPTBot/1.2; +https://openai.com/gptbot)"
20.171.207.160 - - [15/Oct/2025:08:35:56 +0000] "GET /pages.php?q-~2VTi7f1qqmXBT5KJPJefraVuB2xicqG19623/ HTTP/1.0" 200 23072 "-" "Mozilla/5.0 AppleWebKit/537.36 (KHTML, like Gecko; compatible; GPTBot/1.2; +https://openai.com/gptbot)"
20.171.207.160 - - [15/Oct/2025:08:35:59 +0000] "GET /pages.php?suzukimotors-vezp020 HTTP/1.0" 200 21932 "-" "Mozilla/5.0 AppleWebKit/537.36 (KHTML, like Gecko; compatible; GPTBot/1.2; +https://openai.com/gptbot)"
20.171.207.160 - - [15/Oct/2025:08:36:02 +0000] "GET /pages.php?q-~89rSB1wkimTMI9XiXGNJs9Q2Box8TghU702/ HTTP/1.0" 200 21730 "-" "Mozilla/5.0 AppleWebKit/537.36 (KHTML, like Gecko; compatible; GPTBot/1.2; +https://openai.com/gptbot)"
20.171.207.160 - - [15/Oct/2025:08:36:06 +0000] "GET /pages.php?q-~2CeZKJXqW0d9k1pzSKb5X5oJqnUDSud1827/ HTTP/1.0" 200 24013 "-" "Mozilla/5.0 AppleWebKit/537.36 (KHTML, like Gecko; compatible; GPTBot/1.2; +https://openai.com/gptbot)"
20.171.207.160 - - [15/Oct/2025:08:36:09 +0000] "GET /pages.php?q-~90ibl6N1vfvttWAsDs6rNExU1QLywZtU1047/ HTTP/1.0" 200 22035 "-" "Mozilla/5.0 AppleWebKit/537.36 (KHTML, like Gecko; compatible; GPTBot/1.2; +https://openai.com/gptbot)"
20.171.207.160 - - [15/Oct/2025:08:36:12 +0000] "GET /pages.php?zaccaru-1-ds-2525046 HTTP/1.0" 200 22292 "-" "Mozilla/5.0 AppleWebKit/537.36 (KHTML, like Gecko; compatible; GPTBot/1.2; +https://openai.com/gptbot)"
20.171.207.160 - - [15/Oct/2025:08:36:15 +0000] "GET /pages.php?q-~24KeTrIuSQAfPlDrHNoBLn6g3VxLKCzx511/ HTTP/1.0" 200 21762 "-" "Mozilla/5.0 AppleWebKit/537.36 (KHTML, like Gecko; compatible; GPTBot/1.2; +https://openai.com/gptbot)"
20.171.207.160 - - [15/Oct/2025:08:36:18 +0000] "GET /pages.php?q-~2Zrdv6WTVaWKsTcyVvhb8UVSgBLrYiy39727/ HTTP/1.0" 200 23253 "-" "Mozilla/5.0 AppleWebKit/537.36 (KHTML, like Gecko; compatible; GPTBot/1.2; +https://openai.com/gptbot)"
20.171.207.160 - - [15/Oct/2025:08:36:21 +0000] "GET /pages.php?q-~2cADDnI0cMn75WM1DFIaWrgAoZSeDmw33361/ HTTP/1.0" 200 23687 "-" "Mozilla/5.0 AppleWebKit/537.36 (KHTML, like Gecko; compatible; GPTBot/1.2; +https://openai.com/gptbot)"
20.171.207.160 - - [15/Oct/2025:08:36:24 +0000] "GET /pages.php?miraiippootakaraclub-kww3dffrofb6nq6vhc6t5ibvtm-oks-1 HTTP/1.0" 200 22958 "-" "Mozilla/5.0 AppleWebKit/537.36 (KHTML, like Gecko; compatible; GPTBot/1.2; +https://openai.com/gptbot)"
20.171.207.160 - - [15/Oct/2025:08:36:27 +0000] "GET /pages.php?q-~2hZRKQQhX2aLhlCYLfQyXRYxvKWrITc33359/ HTTP/1.0" 200 24490 "-" "Mozilla/5.0 AppleWebKit/537.36 (KHTML, like Gecko; compatible; GPTBot/1.2; +https://openai.com/gptbot)"
20.171.207.160 - - [15/Oct/2025:08:36:30 +0000] "GET /pages.php?m62177767137 HTTP/1.0" 200 22355 "-" "Mozilla/5.0 AppleWebKit/537.36 (KHTML, like Gecko; compatible; GPTBot/1.2; +https://openai.com/gptbot)"
20.171.207.160 - - [15/Oct/2025:08:36:34 +0000] "GET /pages.php?q-~2zNZPmMBS5VwhfHaIVcOIKY3Z3reLEv20929/ HTTP/1.0" 200 22756 "-" "Mozilla/5.0 AppleWebKit/537.36 (KHTML, like Gecko; compatible; GPTBot/1.2; +https://openai.com/gptbot)"
20.171.207.160 - - [15/Oct/2025:08:36:37 +0000] "GET /pages.php?q-~32zNAlSMeit91FSome0jfAlqjCRNEqVN6583/ HTTP/1.0" 200 22365 "-" "Mozilla/5.0 AppleWebKit/537.36 (KHTML, like Gecko; compatible; GPTBot/1.2; +https://openai.com/gptbot)"
20.171.207.160 - - [15/Oct/2025:08:36:40 +0000] "GET /pages.php?category/10697/1 HTTP/1.0" 200 22050 "-" "Mozilla/5.0 AppleWebKit/537.36 (KHTML, like Gecko; compatible; GPTBot/1.2; +https://openai.com/gptbot)"
20.171.207.160 - - [15/Oct/2025:08:36:43 +0000] "GET /pages.php?items/108010930.html?srsltid=AfmBOoyrqKtpobpvbhBRgiWyQXkmBkdRhFN3jZ2oizr2PKm5ozYN HTTP/1.0" 200 22840 "-" "Mozilla/5.0 AppleWebKit/537.36 (KHTML, like Gecko; compatible; GPTBot/1.2; +https://openai.com/gptbot)"
20.171.207.160 - - [15/Oct/2025:08:36:46 +0000] "GET /pages.php?category/467/1 HTTP/1.0" 200 22469 "-" "Mozilla/5.0 AppleWebKit/537.36 (KHTML, like Gecko; compatible; GPTBot/1.2; +https://openai.com/gptbot)"
20.171.207.160 - - [15/Oct/2025:08:36:49 +0000] "GET /pages.php?category/9025/1 HTTP/1.0" 200 22359 "-" "Mozilla/5.0 AppleWebKit/537.36 (KHTML, like Gecko; compatible; GPTBot/1.2; +https://openai.com/gptbot)"
20.171.207.160 - - [15/Oct/2025:08:36:52 +0000] "GET /pages.php?g1163366208 HTTP/1.0" 200 22210 "-" "Mozilla/5.0 AppleWebKit/537.36 (KHTML, like Gecko; compatible; GPTBot/1.2; +https://openai.com/gptbot)"
20.171.207.160 - - [15/Oct/2025:08:36:55 +0000] "GET /pages.php?q-~99PKqjiLMUOuNBhG5GnxCfaHjJiatleo528/ HTTP/1.0" 200 22347 "-" "Mozilla/5.0 AppleWebKit/537.36 (KHTML, like Gecko; compatible; GPTBot/1.2; +https://openai.com/gptbot)"
20.171.207.160 - - [15/Oct/2025:08:36:59 +0000] "GET /pages.php?q-~2aSeTGYvHnILINaP4kqddsF5qicQy6a31473/ HTTP/1.0" 200 23505 "-" "Mozilla/5.0 AppleWebKit/537.36 (KHTML, like Gecko; compatible; GPTBot/1.2; +https://openai.com/gptbot)"
20.171.207.160 - - [15/Oct/2025:08:37:02 +0000] "GET /pages.php?j-rapinesu-10000355 HTTP/1.0" 200 22262 "-" "Mozilla/5.0 AppleWebKit/537.36 (KHTML, like Gecko; compatible; GPTBot/1.2; +https://openai.com/gptbot)"
20.171.207.160 - - [15/Oct/2025:08:37:05 +0000] "GET /pages.php?q-~89inA5SDOw1E9D7CMWIoLkUOTknmSmYo722/ HTTP/1.0" 200 22221 "-" "Mozilla/5.0 AppleWebKit/537.36 (KHTML, like Gecko; compatible; GPTBot/1.2; +https://openai.com/gptbot)"
20.171.207.160 - - [15/Oct/2025:08:37:08 +0000] "GET /pages.php?fujico-fuji-9461-170542-28019-28019 HTTP/1.0" 200 21892 "-" "Mozilla/5.0 AppleWebKit/537.36 (KHTML, like Gecko; compatible; GPTBot/1.2; +https://openai.com/gptbot)"
20.171.207.160 - - [15/Oct/2025:08:37:11 +0000] "GET /pages.php?q-~2zdeSmTdFbTOjDYNcsE1flG5LkIPTUt16703/ HTTP/1.0" 200 23358 "-" "Mozilla/5.0 AppleWebKit/537.36 (KHTML, like Gecko; compatible; GPTBot/1.2; +https://openai.com/gptbot)"
20.171.207.160 - - [15/Oct/2025:08:37:14 +0000] "GET /pages.php?m77729659869 HTTP/1.0" 200 22643 "-" "Mozilla/5.0 AppleWebKit/537.36 (KHTML, like Gecko; compatible; GPTBot/1.2; +https://openai.com/gptbot)"
20.171.207.160 - - [15/Oct/2025:08:37:17 +0000] "GET /pages.php?m82422788987 HTTP/1.0" 200 22517 "-" "Mozilla/5.0 AppleWebKit/537.36 (KHTML, like Gecko; compatible; GPTBot/1.2; +https://openai.com/gptbot)"
20.171.207.160 - - [15/Oct/2025:08:37:20 +0000] "GET /pages.php?q-~44r9hn5ALW2nDAryu8MbyXdKfdiXZDqL1931/ HTTP/1.0" 200 22161 "-" "Mozilla/5.0 AppleWebKit/537.36 (KHTML, like Gecko; compatible; GPTBot/1.2; +https://openai.com/gptbot)"
20.171.207.160 - - [15/Oct/2025:08:37:24 +0000] "GET /pages.php?q-~2JrCz7In2bdvT9kcGxhTtrhjOp7plyz20927/ HTTP/1.0" 200 23353 "-" "Mozilla/5.0 AppleWebKit/537.36 (KHTML, like Gecko; compatible; GPTBot/1.2; +https://openai.com/gptbot)"
20.171.207.160 - - [15/Oct/2025:08:37:27 +0000] "GET /pages.php?q-~2ZKwWBUbwHgkcZHPIBNOuMFC2lTpIOu9811/ HTTP/1.0" 200 23174 "-" "Mozilla/5.0 AppleWebKit/537.36 (KHTML, like Gecko; compatible; GPTBot/1.2; +https://openai.com/gptbot)"
20.171.207.160 - - [15/Oct/2025:08:37:30 +0000] "GET /pages.php?q-~2TWSjfj5uhLlK8btD6ols4lD1LYkQgT3669/ HTTP/1.0" 200 23093 "-" "Mozilla/5.0 AppleWebKit/537.36 (KHTML, like Gecko; compatible; GPTBot/1.2; +https://openai.com/gptbot)"
20.171.207.160 - - [15/Oct/2025:08:37:33 +0000] "GET /pages.php?haikanshop-7502737 HTTP/1.0" 200 22309 "-" "Mozilla/5.0 AppleWebKit/537.36 (KHTML, like Gecko; compatible; GPTBot/1.2; +https://openai.com/gptbot)"
20.171.207.160 - - [15/Oct/2025:08:37:36 +0000] "GET /pages.php?q-~2TRGRWZwp46FlbYUr4Ih4YgpHazT6Zr3671/ HTTP/1.0" 200 23689 "-" "Mozilla/5.0 AppleWebKit/537.36 (KHTML, like Gecko; compatible; GPTBot/1.2; +https://openai.com/gptbot)"
20.171.207.160 - - [15/Oct/2025:08:37:42 +0000] "GET /pages.php?luckyqueen-10017810 HTTP/1.0" 200 21776 "-" "Mozilla/5.0 AppleWebKit/537.36 (KHTML, like Gecko; compatible; GPTBot/1.2; +https://openai.com/gptbot)"
20.171.207.160 - - [15/Oct/2025:08:37:46 +0000] "GET /pages.php?m22968287778 HTTP/1.0" 200 21731 "-" "Mozilla/5.0 AppleWebKit/537.36 (KHTML, like Gecko; compatible; GPTBot/1.2; +https://openai.com/gptbot)"
20.171.207.160 - - [15/Oct/2025:08:37:49 +0000] "GET /pages.php?q-~2XK0z6tB9yLSfjGJWMiJ1dMMzqYfj1T8103/ HTTP/1.0" 200 24055 "-" "Mozilla/5.0 AppleWebKit/537.36 (KHTML, like Gecko; compatible; GPTBot/1.2; +https://openai.com/gptbot)"
20.171.207.160 - - [15/Oct/2025:08:37:52 +0000] "GET /pages.php?q-~2bzCQ58Z1B8sWrVYTsfdmKmJjhYhWgZ27487/ HTTP/1.0" 200 23907 "-" "Mozilla/5.0 AppleWebKit/537.36 (KHTML, like Gecko; compatible; GPTBot/1.2; +https://openai.com/gptbot)"
20.171.207.160 - - [15/Oct/2025:08:37:58 +0000] "GET /pages.php?jyusetsupro-4102596 HTTP/1.0" 200 23388 "-" "Mozilla/5.0 AppleWebKit/537.36 (KHTML, like Gecko; compatible; GPTBot/1.2; +https://openai.com/gptbot)"
20.171.207.160 - - [15/Oct/2025:08:38:02 +0000] "GET /pages.php?q-~2fxFDhnFCNFNU5DjHfTwIvFoqybtLEP25713/ HTTP/1.0" 200 23522 "-" "Mozilla/5.0 AppleWebKit/537.36 (KHTML, like Gecko; compatible; GPTBot/1.2; +https://openai.com/gptbot)"
20.171.207.160 - - [15/Oct/2025:08:38:05 +0000] "GET /pages.php?items/028044202.html?srsltid=AfmBOopiuvmXZfSYdxSULYHRLWTQZntQYT0HASvz0iknT7kqWUk5 HTTP/1.0" 200 23315 "-" "Mozilla/5.0 AppleWebKit/537.36 (KHTML, like Gecko; compatible; GPTBot/1.2; +https://openai.com/gptbot)"
20.171.207.160 - - [15/Oct/2025:08:38:08 +0000] "GET /pages.php?q-~2huvi0XvmNU0mKqs2aQXOk94xzUIXrh36111/ HTTP/1.0" 200 24278 "-" "Mozilla/5.0 AppleWebKit/537.36 (KHTML, like Gecko; compatible; GPTBot/1.2; +https://openai.com/gptbot)"
20.171.207.160 - - [15/Oct/2025:08:38:11 +0000] "GET /pages.php?89690406 HTTP/1.0" 200 22450 "-" "Mozilla/5.0 AppleWebKit/537.36 (KHTML, like Gecko; compatible; GPTBot/1.2; +https://openai.com/gptbot)"
20.171.207.160 - - [15/Oct/2025:08:38:14 +0000] "GET /pages.php?perk-up-415601-1656687 HTTP/1.0" 200 23062 "-" "Mozilla/5.0 AppleWebKit/537.36 (KHTML, like Gecko; compatible; GPTBot/1.2; +https://openai.com/gptbot)"
20.171.207.160 - - [15/Oct/2025:08:38:17 +0000] "GET /pages.php?q-~2LfD9xDB66tMwnIzKcAtLEsYucVhJFh24739/ HTTP/1.0" 200 23442 "-" "Mozilla/5.0 AppleWebKit/537.36 (KHTML, like Gecko; compatible; GPTBot/1.2; +https://openai.com/gptbot)"
20.171.207.160 - - [15/Oct/2025:08:38:21 +0000] "GET /pages.php?q-~2xO6JXIbT8N3eZxpJmooDeMzOcQsWrB23855/ HTTP/1.0" 200 23168 "-" "Mozilla/5.0 AppleWebKit/537.36 (KHTML, like Gecko; compatible; GPTBot/1.2; +https://openai.com/gptbot)"
20.171.207.160 - - [15/Oct/2025:08:38:24 +0000] "GET /pages.php?q-~2PJr1NiWp0NLdXyTGdizMnb4ygWy6tt10769/ HTTP/1.0" 200 23367 "-" "Mozilla/5.0 AppleWebKit/537.36 (KHTML, like Gecko; compatible; GPTBot/1.2; +https://openai.com/gptbot)"
20.171.207.160 - - [15/Oct/2025:08:38:27 +0000] "GET /pages.php?q-~2UNTgCtHQS5HeaySe8iOcXm5oV7rFKD36107/ HTTP/1.0" 200 23208 "-" "Mozilla/5.0 AppleWebKit/537.36 (KHTML, like Gecko; compatible; GPTBot/1.2; +https://openai.com/gptbot)"
20.171.207.160 - - [15/Oct/2025:08:38:30 +0000] "GET /pages.php?q-~98UJm7XfukIZ1eEU0sEAH7aIkdUSnCzR6409/ HTTP/1.0" 200 23057 "-" "Mozilla/5.0 AppleWebKit/537.36 (KHTML, like Gecko; compatible; GPTBot/1.2; +https://openai.com/gptbot)"
20.171.207.160 - - [15/Oct/2025:08:38:33 +0000] "GET /pages.php?q-~52LQOm9V6K6LrLySBU6IARYNID4GZVWI8359/ HTTP/1.0" 200 22397 "-" "Mozilla/5.0 AppleWebKit/537.36 (KHTML, like Gecko; compatible; GPTBot/1.2; +https://openai.com/gptbot)"
20.171.207.160 - - [15/Oct/2025:08:38:36 +0000] "GET /pages.php?q-~2FIvov4xDdGeQWHPuIpem38RnbccaCV46785/ HTTP/1.0" 200 24187 "-" "Mozilla/5.0 AppleWebKit/537.36 (KHTML, like Gecko; compatible; GPTBot/1.2; +https://openai.com/gptbot)"
20.171.207.160 - - [15/Oct/2025:08:38:40 +0000] "GET /pages.php?codibook-994739-1 HTTP/1.0" 200 22756 "-" "Mozilla/5.0 AppleWebKit/537.36 (KHTML, like Gecko; compatible; GPTBot/1.2; +https://openai.com/gptbot)"
20.171.207.160 - - [15/Oct/2025:08:38:43 +0000] "GET /pages.php?q-~2AqK5mkArlIsY4oeajqLgOXoFQPWbDK32949/ HTTP/1.0" 200 24116 "-" "Mozilla/5.0 AppleWebKit/537.36 (KHTML, like Gecko; compatible; GPTBot/1.2; +https://openai.com/gptbot)"
20.171.207.160 - - [15/Oct/2025:08:38:46 +0000] "GET /pages.php?q-~2DUZR6pqTkd4hZkKoetQbAI4FeD8eGC13259/ HTTP/1.0" 200 23108 "-" "Mozilla/5.0 AppleWebKit/537.36 (KHTML, like Gecko; compatible; GPTBot/1.2; +https://openai.com/gptbot)"
20.171.207.160 - - [15/Oct/2025:08:38:49 +0000] "GET /pages.php?q-~2ZKnzLOhOQUKy0u7rIxXnETxgEVh8gx36471/ HTTP/1.0" 200 23502 "-" "Mozilla/5.0 AppleWebKit/537.36 (KHTML, like Gecko; compatible; GPTBot/1.2; +https://openai.com/gptbot)"
20.171.207.160 - - [15/Oct/2025:08:38:55 +0000] "GET /pages.php?39514851 HTTP/1.0" 200 22420 "-" "Mozilla/5.0 AppleWebKit/537.36 (KHTML, like Gecko; compatible; GPTBot/1.2; +https://openai.com/gptbot)"
20.171.207.160 - - [15/Oct/2025:08:38:58 +0000] "GET /pages.php?m87483222568 HTTP/1.0" 200 23687 "-" "Mozilla/5.0 AppleWebKit/537.36 (KHTML, like Gecko; compatible; GPTBot/1.2; +https://openai.com/gptbot)"
20.171.207.160 - - [15/Oct/2025:08:39:01 +0000] "GET /pages.php?q-~53u4OLn44BWhUyMvQvzPJTCGzHNyfxKK4352/ HTTP/1.0" 200 22445 "-" "Mozilla/5.0 AppleWebKit/537.36 (KHTML, like Gecko; compatible; GPTBot/1.2; +https://openai.com/gptbot)"
20.171.207.160 - - [15/Oct/2025:08:39:04 +0000] "GET /pages.php?q-~2PNennonNZXGR2TPSeJMtaszpOuxk7y29957/ HTTP/1.0" 200 23374 "-" "Mozilla/5.0 AppleWebKit/537.36 (KHTML, like Gecko; compatible; GPTBot/1.2; +https://openai.com/gptbot)"
20.171.207.160 - - [15/Oct/2025:08:39:08 +0000] "GET /pages.php?q-~60NyTJMkkcOoOPNVPxVwo8D0N8UhVenP455/ HTTP/1.0" 200 21953 "-" "Mozilla/5.0 AppleWebKit/537.36 (KHTML, like Gecko; compatible; GPTBot/1.2; +https://openai.com/gptbot)"
20.171.207.160 - - [15/Oct/2025:08:39:14 +0000] "GET /pages.php?q-~2PmSF2pc2cDfmluaItXy2qow1TAJpmB25715/ HTTP/1.0" 200 24297 "-" "Mozilla/5.0 AppleWebKit/537.36 (KHTML, like Gecko; compatible; GPTBot/1.2; +https://openai.com/gptbot)"
20.171.207.160 - - [15/Oct/2025:08:39:17 +0000] "GET /pages.php?q-~76TQi5E7G0c4ubTwexQsUfVVEGKcVmHl115/ HTTP/1.0" 200 23448 "-" "Mozilla/5.0 AppleWebKit/537.36 (KHTML, like Gecko; compatible; GPTBot/1.2; +https://openai.com/gptbot)"
20.171.207.160 - - [15/Oct/2025:08:39:20 +0000] "GET /pages.php?yumenokoya-c02-ds-2437013 HTTP/1.0" 200 22955 "-" "Mozilla/5.0 AppleWebKit/537.36 (KHTML, like Gecko; compatible; GPTBot/1.2; +https://openai.com/gptbot)"
20.171.207.160 - - [15/Oct/2025:08:39:23 +0000] "GET /pages.php?q-~4sO9qG7qobbzFKNDJ6RdlQbTUlpQCvs19677/ HTTP/1.0" 200 22559 "-" "Mozilla/5.0 AppleWebKit/537.36 (KHTML, like Gecko; compatible; GPTBot/1.2; +https://openai.com/gptbot)"
20.171.207.160 - - [15/Oct/2025:08:39:30 +0000] "GET /pages.php?q-~2EOiBa0JfAuTt6Zaar2S9qZGfunKH5q2101/ HTTP/1.0" 200 23722 "-" "Mozilla/5.0 AppleWebKit/537.36 (KHTML, like Gecko; compatible; GPTBot/1.2; +https://openai.com/gptbot)"
20.171.207.160 - - [15/Oct/2025:08:39:33 +0000] "GET /pages.php?q-~21otPYLZiNDf1H4PVByBKFejaiLWYebs5478/ HTTP/1.0" 200 22081 "-" "Mozilla/5.0 AppleWebKit/537.36 (KHTML, like Gecko; compatible; GPTBot/1.2; +https://openai.com/gptbot)"
20.171.207.160 - - [15/Oct/2025:08:39:36 +0000] "GET /pages.php?SSNY0808D-TO5539EW09202 HTTP/1.0" 200 22282 "-" "Mozilla/5.0 AppleWebKit/537.36 (KHTML, like Gecko; compatible; GPTBot/1.2; +https://openai.com/gptbot)"
20.171.207.160 - - [15/Oct/2025:08:39:39 +0000] "GET /pages.php?q-~2KwD6InZDm3Gtcm2HpbUmNulnBiuNPh30937/ HTTP/1.0" 200 22895 "-" "Mozilla/5.0 AppleWebKit/537.36 (KHTML, like Gecko; compatible; GPTBot/1.2; +https://openai.com/gptbot)"
20.171.207.160 - - [15/Oct/2025:08:39:42 +0000] "GET /pages.php?SIGW1945DPR3522DM000413 HTTP/1.0" 200 22663 "-" "Mozilla/5.0 AppleWebKit/537.36 (KHTML, like Gecko; compatible; GPTBot/1.2; +https://openai.com/gptbot)"
20.171.207.160 - - [15/Oct/2025:08:39:48 +0000] "GET /pages.php?q-~203ySVPSHKuWeKud0xrxcx7QO4cChSwDg972/ HTTP/1.0" 200 22157 "-" "Mozilla/5.0 AppleWebKit/537.36 (KHTML, like Gecko; compatible; GPTBot/1.2; +https://openai.com/gptbot)"
20.171.207.160 - - [15/Oct/2025:08:39:51 +0000] "GET /pages.php?q-~78kuaB6fRcgznW8HyGPzzwlUPotxArFe3149/ HTTP/1.0" 200 22157 "-" "Mozilla/5.0 AppleWebKit/537.36 (KHTML, like Gecko; compatible; GPTBot/1.2; +https://openai.com/gptbot)"
20.171.207.160 - - [15/Oct/2025:08:39:54 +0000] "GET /pages.php?hanbokhome-qqhwul43ncqhqt7zs4metfq74e-hbh-1 HTTP/1.0" 200 22405 "-" "Mozilla/5.0 AppleWebKit/537.36 (KHTML, like Gecko; compatible; GPTBot/1.2; +https://openai.com/gptbot)"
20.171.207.160 - - [15/Oct/2025:08:39:57 +0000] "GET /pages.php?q-~2EoSIYCPnfYLVbu5LOA1ajLkeJnZxeK30935/ HTTP/1.0" 200 23296 "-" "Mozilla/5.0 AppleWebKit/537.36 (KHTML, like Gecko; compatible; GPTBot/1.2; +https://openai.com/gptbot)"
20.171.207.160 - - [15/Oct/2025:08:40:04 +0000] "GET /pages.php?q-~2gWsJzB2lpirzzpkqe4HWYLLv3PXjSC36911/ HTTP/1.0" 200 23441 "-" "Mozilla/5.0 AppleWebKit/537.36 (KHTML, like Gecko; compatible; GPTBot/1.2; +https://openai.com/gptbot)"
20.171.207.160 - - [15/Oct/2025:08:40:07 +0000] "GET /pages.php?q-~51IVvkJum8lq8mImsGYfPCqzbLtQrcwA286/ HTTP/1.0" 200 22234 "-" "Mozilla/5.0 AppleWebKit/537.36 (KHTML, like Gecko; compatible; GPTBot/1.2; +https://openai.com/gptbot)"
20.171.207.160 - - [15/Oct/2025:08:40:10 +0000] "GET /pages.php?q-~54yGZGQ0elF5LchIzDNzf8nLJr8oJYqA383/ HTTP/1.0" 200 22842 "-" "Mozilla/5.0 AppleWebKit/537.36 (KHTML, like Gecko; compatible; GPTBot/1.2; +https://openai.com/gptbot)"
20.171.207.160 - - [15/Oct/2025:08:40:16 +0000] "GET /pages.php?q-~2BxougbcIqYB9UnKtCRyHBUOVAag0jD6465/ HTTP/1.0" 200 23262 "-" "Mozilla/5.0 AppleWebKit/537.36 (KHTML, like Gecko; compatible; GPTBot/1.2; +https://openai.com/gptbot)"
20.171.207.160 - - [15/Oct/2025:08:40:20 +0000] "GET /pages.php?q-~2YZY5JLnMjJ0fYIf3OvIOPowZAoqpxt18425/ HTTP/1.0" 200 23575 "-" "Mozilla/5.0 AppleWebKit/537.36 (KHTML, like Gecko; compatible; GPTBot/1.2; +https://openai.com/gptbot)"
20.171.207.160 - - [15/Oct/2025:08:40:26 +0000] "GET /pages.php?q-~54iCM8zfcDnwFeS0qcWK8KLd18Cbzt3U59/ HTTP/1.0" 200 22309 "-" "Mozilla/5.0 AppleWebKit/537.36 (KHTML, like Gecko; compatible; GPTBot/1.2; +https://openai.com/gptbot)"
20.171.207.160 - - [15/Oct/2025:08:40:38 +0000] "GET /pages.php?q-~2HeUozos7f8qGIPIGbqknBlRRAoqgBw31601/ HTTP/1.0" 200 23598 "-" "Mozilla/5.0 AppleWebKit/537.36 (KHTML, like Gecko; compatible; GPTBot/1.2; +https://openai.com/gptbot)"
20.171.207.160 - - [15/Oct/2025:08:40:41 +0000] "GET /pages.php?q-~2qkJGK2zfl0BN7TeRMdWxiH4FycwOMz43783/ HTTP/1.0" 200 24381 "-" "Mozilla/5.0 AppleWebKit/537.36 (KHTML, like Gecko; compatible; GPTBot/1.2; +https://openai.com/gptbot)"
20.171.207.160 - - [15/Oct/2025:08:40:54 +0000] "GET /pages.php?m57049034888 HTTP/1.0" 200 23534 "-" "Mozilla/5.0 AppleWebKit/537.36 (KHTML, like Gecko; compatible; GPTBot/1.2; +https://openai.com/gptbot)"
20.171.207.160 - - [15/Oct/2025:08:41:19 +0000] "GET /pages.php?SBYC2026DSL2125EW008162 HTTP/1.0" 200 22216 "-" "Mozilla/5.0 AppleWebKit/537.36 (KHTML, like Gecko; compatible; GPTBot/1.2; +https://openai.com/gptbot)"
20.171.207.160 - - [15/Oct/2025:08:41:22 +0000] "GET /pages.php?q-~2goa55tWESTdADPtKYiLgDuC4JeVTIU24743/ HTTP/1.0" 200 23681 "-" "Mozilla/5.0 AppleWebKit/537.36 (KHTML, like Gecko; compatible; GPTBot/1.2; +https://openai.com/gptbot)"
20.171.207.160 - - [15/Oct/2025:08:41:25 +0000] "GET /pages.php?q-~87CPEEVYvbaihwIOspUAtnYtUWnmnMPz9374/ HTTP/1.0" 200 22155 "-" "Mozilla/5.0 AppleWebKit/537.36 (KHTML, like Gecko; compatible; GPTBot/1.2; +https://openai.com/gptbot)"
20.171.207.160 - - [15/Oct/2025:08:41:28 +0000] "GET /pages.php?q-~97FmF9viGoJ1uTgROpgWrs1hllbxWizc44470/ HTTP/1.0" 200 21820 "-" "Mozilla/5.0 AppleWebKit/537.36 (KHTML, like Gecko; compatible; GPTBot/1.2; +https://openai.com/gptbot)"
20.171.207.160 - - [15/Oct/2025:08:41:32 +0000] "GET /pages.php?1081324742 HTTP/1.0" 200 22081 "-" "Mozilla/5.0 AppleWebKit/537.36 (KHTML, like Gecko; compatible; GPTBot/1.2; +https://openai.com/gptbot)"
20.171.207.160 - - [15/Oct/2025:08:41:41 +0000] "GET /pages.php?q-~5EVXBqmNWuTKM8HPCnzkPLsI3uysCWm10756/ HTTP/1.0" 200 23011 "-" "Mozilla/5.0 AppleWebKit/537.36 (KHTML, like Gecko; compatible; GPTBot/1.2; +https://openai.com/gptbot)"
20.171.207.160 - - [15/Oct/2025:08:41:44 +0000] "GET /pages.php?category/13516/1 HTTP/1.0" 200 22270 "-" "Mozilla/5.0 AppleWebKit/537.36 (KHTML, like Gecko; compatible; GPTBot/1.2; +https://openai.com/gptbot)"
20.171.207.160 - - [15/Oct/2025:08:41:47 +0000] "GET /pages.php?1128575140 HTTP/1.0" 200 22368 "-" "Mozilla/5.0 AppleWebKit/537.36 (KHTML, like Gecko; compatible; GPTBot/1.2; +https://openai.com/gptbot)"
20.171.207.160 - - [15/Oct/2025:08:41:57 +0000] "GET /pages.php?87298102 HTTP/1.0" 200 22305 "-" "Mozilla/5.0 AppleWebKit/537.36 (KHTML, like Gecko; compatible; GPTBot/1.2; +https://openai.com/gptbot)"
181.215.178.254 - - [15/Oct/2025:08:42:06 +0000] "POST /xmlrpc.php HTTP/1.0" 403 3277 "-" "Mozilla/5.0 (compatible; MSIE 10.0; Windows NT 10.0; WOW64; Trident/7.0)"
20.171.207.160 - - [15/Oct/2025:08:42:06 +0000] "GET /pages.php?q-~2iCM8zfcDnwFeS0qcWK8KLd18Cbzt3U111/ HTTP/1.0" 200 23487 "-" "Mozilla/5.0 AppleWebKit/537.36 (KHTML, like Gecko; compatible; GPTBot/1.2; +https://openai.com/gptbot)"
181.215.178.254 - - [15/Oct/2025:08:42:15 +0000] "POST /xmlrpc.php HTTP/1.0" 403 3277 "-" "Mozilla/5.0 (compatible; MSIE 10.0; Windows NT 10.0; WOW64; Trident/7.0)"
20.171.207.160 - - [15/Oct/2025:08:42:19 +0000] "GET /pages.php?q-~9xxjABLcYjlBFQcruJaz8uZ01uljGWl29992/ HTTP/1.0" 200 23150 "-" "Mozilla/5.0 AppleWebKit/537.36 (KHTML, like Gecko; compatible; GPTBot/1.2; +https://openai.com/gptbot)"
181.215.178.254 - - [15/Oct/2025:08:42:24 +0000] "POST /xmlrpc.php HTTP/1.0" 403 3277 "-" "Mozilla/5.0 (compatible; MSIE 10.0; Windows NT 10.0; WOW64; Trident/7.0)"
20.171.207.160 - - [15/Oct/2025:08:42:28 +0000] "GET /pages.php?q-~2OjhflHM8DgeaUwCmVDh1H1dQTHfxMi109/ HTTP/1.0" 200 23669 "-" "Mozilla/5.0 AppleWebKit/537.36 (KHTML, like Gecko; compatible; GPTBot/1.2; +https://openai.com/gptbot)"
181.215.178.254 - - [15/Oct/2025:08:42:33 +0000] "POST /xmlrpc.php HTTP/1.0" 403 3277 "-" "Mozilla/5.0 (compatible; MSIE 10.0; Windows NT 10.0; WOW64; Trident/7.0)"
20.171.207.160 - - [15/Oct/2025:08:42:44 +0000] "GET /pages.php?q-~18m7aN8V0fRUSJpEnfMMhztzliVTjx5Y361/ HTTP/1.0" 200 22253 "-" "Mozilla/5.0 AppleWebKit/537.36 (KHTML, like Gecko; compatible; GPTBot/1.2; +https://openai.com/gptbot)"
181.215.178.254 - - [15/Oct/2025:08:42:45 +0000] "POST /xmlrpc.php HTTP/1.0" 403 3277 "-" "Mozilla/5.0 (compatible; MSIE 10.0; Windows NT 10.0; WOW64; Trident/7.0)"
20.171.207.160 - - [15/Oct/2025:08:42:50 +0000] "GET /pages.php?SJAV1099D-LA1335EW05773 HTTP/1.0" 200 23035 "-" "Mozilla/5.0 AppleWebKit/537.36 (KHTML, like Gecko; compatible; GPTBot/1.2; +https://openai.com/gptbot)"
181.215.178.254 - - [15/Oct/2025:08:42:54 +0000] "POST /xmlrpc.php HTTP/1.0" 403 3277 "-" "Mozilla/5.0 (compatible; MSIE 10.0; Windows NT 10.0; WOW64; Trident/7.0)"
20.171.207.160 - - [15/Oct/2025:08:42:57 +0000] "GET /pages.php?q-~77AYQOknNLnkgk5WjIZ9LtyaU7Cqh4ma262/ HTTP/1.0" 200 22330 "-" "Mozilla/5.0 AppleWebKit/537.36 (KHTML, like Gecko; compatible; GPTBot/1.2; +https://openai.com/gptbot)"
20.171.207.160 - - [15/Oct/2025:08:43:02 +0000] "GET /pages.php?q-~2UR43VKGP5pwlFV9QRQtJSRnL4yoPNP113/ HTTP/1.0" 200 23946 "-" "Mozilla/5.0 AppleWebKit/537.36 (KHTML, like Gecko; compatible; GPTBot/1.2; +https://openai.com/gptbot)"
20.171.207.160 - - [15/Oct/2025:08:43:12 +0000] "GET /pages.php?86320418 HTTP/1.0" 200 22303 "-" "Mozilla/5.0 AppleWebKit/537.36 (KHTML, like Gecko; compatible; GPTBot/1.2; +https://openai.com/gptbot)"
20.171.207.160 - - [15/Oct/2025:08:43:16 +0000] "GET /pages.php?hcvalor-eshop-trusco-4962409 HTTP/1.0" 200 21931 "-" "Mozilla/5.0 AppleWebKit/537.36 (KHTML, like Gecko; compatible; GPTBot/1.2; +https://openai.com/gptbot)"
20.171.207.160 - - [15/Oct/2025:08:43:20 +0000] "GET /pages.php?q-~88YI16dawOVOiHkgNptZBRYacpO8NdRI1681/ HTTP/1.0" 200 21953 "-" "Mozilla/5.0 AppleWebKit/537.36 (KHTML, like Gecko; compatible; GPTBot/1.2; +https://openai.com/gptbot)"
20.171.207.160 - - [15/Oct/2025:08:43:26 +0000] "GET /pages.php?q-~33E8r1oonMddHqGdtffqNuFaQiajI2pe874/ HTTP/1.0" 200 22170 "-" "Mozilla/5.0 AppleWebKit/537.36 (KHTML, like Gecko; compatible; GPTBot/1.2; +https://openai.com/gptbot)"
20.171.207.160 - - [15/Oct/2025:08:43:35 +0000] "GET /pages.php?first23-trusco-6446636 HTTP/1.0" 200 22375 "-" "Mozilla/5.0 AppleWebKit/537.36 (KHTML, like Gecko; compatible; GPTBot/1.2; +https://openai.com/gptbot)"
20.171.207.160 - - [15/Oct/2025:08:43:41 +0000] "GET /pages.php?category/22112/1 HTTP/1.0" 200 22244 "-" "Mozilla/5.0 AppleWebKit/537.36 (KHTML, like Gecko; compatible; GPTBot/1.2; +https://openai.com/gptbot)"
20.171.207.160 - - [15/Oct/2025:08:43:54 +0000] "GET /pages.php?SLPN2050D-LA5969EW001079 HTTP/1.0" 200 23121 "-" "Mozilla/5.0 AppleWebKit/537.36 (KHTML, like Gecko; compatible; GPTBot/1.2; +https://openai.com/gptbot)"
20.171.207.160 - - [15/Oct/2025:08:44:12 +0000] "GET /pages.php?category/3349/1 HTTP/1.0" 200 22444 "-" "Mozilla/5.0 AppleWebKit/537.36 (KHTML, like Gecko; compatible; GPTBot/1.2; +https://openai.com/gptbot)"
20.171.207.160 - - [15/Oct/2025:08:44:27 +0000] "GET /pages.php?q-~7YrDvbONzZxcTZZtKe6ileGKCcX7tYZ29282/ HTTP/1.0" 200 22449 "-" "Mozilla/5.0 AppleWebKit/537.36 (KHTML, like Gecko; compatible; GPTBot/1.2; +https://openai.com/gptbot)"
20.171.207.160 - - [15/Oct/2025:08:44:33 +0000] "GET /pages.php?q-~9Cr7wdrwlMVLL1xlstXUPqZ3D4WCnlW38028/ HTTP/1.0" 200 22736 "-" "Mozilla/5.0 AppleWebKit/537.36 (KHTML, like Gecko; compatible; GPTBot/1.2; +https://openai.com/gptbot)"
20.171.207.160 - - [15/Oct/2025:08:44:44 +0000] "GET /pages.php?items/244005748.html?srsltid=AfmBOowqyhyKUPjzTCFUfv15TBdtRQLj9iqeAXPKc84QlRIgkLm6 HTTP/1.0" 200 22575 "-" "Mozilla/5.0 AppleWebKit/537.36 (KHTML, like Gecko; compatible; GPTBot/1.2; +https://openai.com/gptbot)"
20.171.207.160 - - [15/Oct/2025:08:44:56 +0000] "GET /pages.php?87460280 HTTP/1.0" 200 21990 "-" "Mozilla/5.0 AppleWebKit/537.36 (KHTML, like Gecko; compatible; GPTBot/1.2; +https://openai.com/gptbot)"
20.171.207.160 - - [15/Oct/2025:08:45:02 +0000] "GET /pages.php?setomono-kgr-501410274 HTTP/1.0" 200 22147 "-" "Mozilla/5.0 AppleWebKit/537.36 (KHTML, like Gecko; compatible; GPTBot/1.2; +https://openai.com/gptbot)"
20.171.207.160 - - [15/Oct/2025:08:45:09 +0000] "GET /pages.php?pippi-store-b014u96igg HTTP/1.0" 200 23907 "-" "Mozilla/5.0 AppleWebKit/537.36 (KHTML, like Gecko; compatible; GPTBot/1.2; +https://openai.com/gptbot)"
20.171.207.160 - - [15/Oct/2025:08:45:15 +0000] "GET /pages.php?category/90_611/1 HTTP/1.0" 200 23338 "-" "Mozilla/5.0 AppleWebKit/537.36 (KHTML, like Gecko; compatible; GPTBot/1.2; +https://openai.com/gptbot)"
20.171.207.160 - - [15/Oct/2025:08:45:24 +0000] "GET /pages.php?629693896 HTTP/1.0" 200 22015 "-" "Mozilla/5.0 AppleWebKit/537.36 (KHTML, like Gecko; compatible; GPTBot/1.2; +https://openai.com/gptbot)"
147.135.212.200 - - [15/Oct/2025:08:45:33 +0000] "GET /robots.txt HTTP/1.0" 200 2626 "-" "Mozilla/5.0 (compatible; MJ12bot/v1.4.8; http://mj12bot.com/)"
20.171.207.160 - - [15/Oct/2025:08:45:32 +0000] "GET /pages.php?82704769 HTTP/1.0" 200 22542 "-" "Mozilla/5.0 AppleWebKit/537.36 (KHTML, like Gecko; compatible; GPTBot/1.2; +https://openai.com/gptbot)"
147.135.212.200 - - [15/Oct/2025:08:45:34 +0000] "GET /?fileloc=/var/www/vhosts/enlugo.es/.revisium_antivirus_cache/.revisium7/infected_list&path=/var/www/vhosts/enlugo.es/.revisium_antivirus_cache/.revisium7 HTTP/1.0" 200 12579 "-" "Mozilla/5.0 (compatible; MJ12bot/v1.4.8; http://mj12bot.com/)"
147.135.212.200 - - [15/Oct/2025:08:45:37 +0000] "GET /?fileloc=/var/www/vhosts/enlugo.es/httpdocs/cache/wp-class-deprecated.php&path=/var/www/vhosts/enlugo.es/httpdocs/cache HTTP/1.0" 200 51127 "-" "Mozilla/5.0 (compatible; MJ12bot/v1.4.8; http://mj12bot.com/)"
147.135.212.200 - - [15/Oct/2025:08:45:40 +0000] "GET /?fileloc=/var/www/vhosts/enlugo.es/httpdocs/cache/wp-class-diff.php&path=/var/www/vhosts/enlugo.es/httpdocs/cache HTTP/1.0" 200 13263 "-" "Mozilla/5.0 (compatible; MJ12bot/v1.4.8; http://mj12bot.com/)"
40.77.167.44 - - [15/Oct/2025:08:45:42 +0000] "GET /?fileloc=/var/www/vhosts/enlugo.es/httpdocs/wp-class-pattern.php&path=/var/www/vhosts/enlugo.es/httpdocs HTTP/1.0" 200 2276 "-" "Mozilla/5.0 AppleWebKit/537.36 (KHTML, like Gecko; compatible; bingbot/2.0; +http://www.bing.com/bingbot.htm) Chrome/116.0.1938.76 Safari/537.36"
147.135.212.200 - - [15/Oct/2025:08:45:43 +0000] "GET /?fileloc=/var/www/vhosts/enlugo.es/httpdocs/cache/wp-class-dropdown.php&path=/var/www/vhosts/enlugo.es/httpdocs/cache HTTP/1.0" 200 9276 "-" "Mozilla/5.0 (compatible; MJ12bot/v1.4.8; http://mj12bot.com/)"
147.135.212.200 - - [15/Oct/2025:08:45:45 +0000] "GET /?fileloc=/var/www/vhosts/enlugo.es/httpdocs/cache/wp-class-embed.php&path=/var/www/vhosts/enlugo.es/httpdocs/cache HTTP/1.0" 200 18655 "-" "Mozilla/5.0 (compatible; MJ12bot/v1.4.8; http://mj12bot.com/)"
20.171.207.160 - - [15/Oct/2025:08:45:47 +0000] "GET /pages.php?q-~75WlfDee5FGeRXXFNAMsTLs1OSUjwZGt836/ HTTP/1.0" 200 21945 "-" "Mozilla/5.0 AppleWebKit/537.36 (KHTML, like Gecko; compatible; GPTBot/1.2; +https://openai.com/gptbot)"
147.135.212.200 - - [15/Oct/2025:08:45:48 +0000] "GET /?fileloc=/var/www/vhosts/enlugo.es/httpdocs/cache/wp-class-engine.php&path=/var/www/vhosts/enlugo.es/httpdocs/cache HTTP/1.0" 200 11172 "-" "Mozilla/5.0 (compatible; MJ12bot/v1.4.8; http://mj12bot.com/)"
147.135.212.200 - - [15/Oct/2025:08:45:50 +0000] "GET /?fileloc=/var/www/vhosts/enlugo.es/httpdocs/cache/wp-class-error.php&path=/var/www/vhosts/enlugo.es/httpdocs/cache HTTP/1.0" 200 17134 "-" "Mozilla/5.0 (compatible; MJ12bot/v1.4.8; http://mj12bot.com/)"
147.135.212.200 - - [15/Oct/2025:08:45:53 +0000] "GET /?fileloc=/var/www/vhosts/enlugo.es/httpdocs/cache/wp-class-extensions.php&path=/var/www/vhosts/enlugo.es/httpdocs/cache HTTP/1.0" 200 27269 "-" "Mozilla/5.0 (compatible; MJ12bot/v1.4.8; http://mj12bot.com/)"
147.135.212.200 - - [15/Oct/2025:08:45:56 +0000] "GET /?fileloc=/var/www/vhosts/enlugo.es/httpdocs/cache/wp-class-factory.php&path=/var/www/vhosts/enlugo.es/httpdocs/cache HTTP/1.0" 200 10023 "-" "Mozilla/5.0 (compatible; MJ12bot/v1.4.8; http://mj12bot.com/)"
147.135.212.200 - - [15/Oct/2025:08:45:58 +0000] "GET /?fileloc=/var/www/vhosts/enlugo.es/httpdocs/cache/wp-class-fallback.php&path=/var/www/vhosts/enlugo.es/httpdocs/cache HTTP/1.0" 200 10852 "-" "Mozilla/5.0 (compatible; MJ12bot/v1.4.8; http://mj12bot.com/)"
20.171.207.160 - - [15/Oct/2025:08:45:59 +0000] "GET /pages.php?category/914/1 HTTP/1.0" 200 23210 "-" "Mozilla/5.0 AppleWebKit/537.36 (KHTML, like Gecko; compatible; GPTBot/1.2; +https://openai.com/gptbot)"
147.135.212.200 - - [15/Oct/2025:08:46:01 +0000] "GET /?fileloc=/var/www/vhosts/enlugo.es/httpdocs/cache/wp-class-fatal.php&path=/var/www/vhosts/enlugo.es/httpdocs/cache HTTP/1.0" 200 27232 "-" "Mozilla/5.0 (compatible; MJ12bot/v1.4.8; http://mj12bot.com/)"
147.135.212.200 - - [15/Oct/2025:08:46:04 +0000] "GET /?fileloc=/var/www/vhosts/enlugo.es/httpdocs/cache/wp-class-feed.php&path=/var/www/vhosts/enlugo.es/httpdocs/cache HTTP/1.0" 200 9452 "-" "Mozilla/5.0 (compatible; MJ12bot/v1.4.8; http://mj12bot.com/)"
147.135.212.200 - - [15/Oct/2025:08:46:07 +0000] "GET /?fileloc=/var/www/vhosts/enlugo.es/httpdocs/cache/wp-class-files.php&path=/var/www/vhosts/enlugo.es/httpdocs/cache HTTP/1.0" 200 11059 "-" "Mozilla/5.0 (compatible; MJ12bot/v1.4.8; http://mj12bot.com/)"
20.171.207.160 - - [15/Oct/2025:08:46:09 +0000] "GET /pages.php?q-~6MVYV48nkI5LHxmVjSKiHUU3yZyfg5Z369/ HTTP/1.0" 200 22302 "-" "Mozilla/5.0 AppleWebKit/537.36 (KHTML, like Gecko; compatible; GPTBot/1.2; +https://openai.com/gptbot)"
147.135.212.200 - - [15/Oct/2025:08:46:10 +0000] "GET /?fileloc=/var/www/vhosts/enlugo.es/httpdocs/cache/wp-class-filters.php&path=/var/www/vhosts/enlugo.es/httpdocs/cache HTTP/1.0" 200 13034 "-" "Mozilla/5.0 (compatible; MJ12bot/v1.4.8; http://mj12bot.com/)"
20.171.207.160 - - [15/Oct/2025:08:46:13 +0000] "GET /pages.php?q-~81shXLmISf5QCvYY0GtRkhs7aUHE4UPM400/ HTTP/1.0" 200 23065 "-" "Mozilla/5.0 AppleWebKit/537.36 (KHTML, like Gecko; compatible; GPTBot/1.2; +https://openai.com/gptbot)"
147.135.212.200 - - [15/Oct/2025:08:46:12 +0000] "GET /?fileloc=/var/www/vhosts/enlugo.es/httpdocs/cache/wp-class-fonts.php&path=/var/www/vhosts/enlugo.es/httpdocs/cache HTTP/1.0" 200 11035 "-" "Mozilla/5.0 (compatible; MJ12bot/v1.4.8; http://mj12bot.com/)"
147.135.212.200 - - [15/Oct/2025:08:46:15 +0000] "GET /?fileloc=/var/www/vhosts/enlugo.es/httpdocs/cache/wp-class-formats.php&path=/var/www/vhosts/enlugo.es/httpdocs/cache HTTP/1.0" 200 30076 "-" "Mozilla/5.0 (compatible; MJ12bot/v1.4.8; http://mj12bot.com/)"
20.171.207.160 - - [15/Oct/2025:08:46:16 +0000] "GET /pages.php?q-~83ESSkxy8vbxAd3dPaYKnRGBtaK4Yniz5668/ HTTP/1.0" 200 22166 "-" "Mozilla/5.0 AppleWebKit/537.36 (KHTML, like Gecko; compatible; GPTBot/1.2; +https://openai.com/gptbot)"
147.135.212.200 - - [15/Oct/2025:08:46:18 +0000] "GET /?fileloc=/var/www/vhosts/enlugo.es/httpdocs/cache/wp-class-formatting.php&path=/var/www/vhosts/enlugo.es/httpdocs/cache HTTP/1.0" 200 9674 "-" "Mozilla/5.0 (compatible; MJ12bot/v1.4.8; http://mj12bot.com/)"
20.171.207.160 - - [15/Oct/2025:08:46:19 +0000] "GET /pages.php?q-~8KDsZoPhprwPYyXzeLpVApBkV1nnRbn10769/ HTTP/1.0" 200 22460 "-" "Mozilla/5.0 AppleWebKit/537.36 (KHTML, like Gecko; compatible; GPTBot/1.2; +https://openai.com/gptbot)"
147.135.212.200 - - [15/Oct/2025:08:46:21 +0000] "GET /?fileloc=/var/www/vhosts/enlugo.es/httpdocs/cache/wp-class-frame.php&path=/var/www/vhosts/enlugo.es/httpdocs/cache HTTP/1.0" 200 10671 "-" "Mozilla/5.0 (compatible; MJ12bot/v1.4.8; http://mj12bot.com/)"
20.171.207.160 - - [15/Oct/2025:08:46:23 +0000] "GET /pages.php?q-~91IH1LMwdyeJ1rFOSsp1NEnHFvTMLCcl606/ HTTP/1.0" 200 22322 "-" "Mozilla/5.0 AppleWebKit/537.36 (KHTML, like Gecko; compatible; GPTBot/1.2; +https://openai.com/gptbot)"
147.135.212.200 - - [15/Oct/2025:08:46:24 +0000] "GET /?fileloc=/var/www/vhosts/enlugo.es/httpdocs/cache/wp-user.php&path=/var/www/vhosts/enlugo.es/httpdocs/cache HTTP/1.0" 200 30101 "-" "Mozilla/5.0 (compatible; MJ12bot/v1.4.8; http://mj12bot.com/)"
20.171.207.160 - - [15/Oct/2025:08:46:26 +0000] "GET /pages.php?q-~36rpNMwM1bjsxOnOuJFI3wAYHtgoCRiF22373/ HTTP/1.0" 200 22217 "-" "Mozilla/5.0 AppleWebKit/537.36 (KHTML, like Gecko; compatible; GPTBot/1.2; +https://openai.com/gptbot)"
147.135.212.200 - - [15/Oct/2025:08:46:26 +0000] "GET /?fileloc=/var/www/vhosts/enlugo.es/httpdocs/cgi-bin/cgi-bin/cdixzvud.php&path=/var/www/vhosts/enlugo.es/httpdocs/cgi-bin/cgi-bin HTTP/1.0" 200 5995 "-" "Mozilla/5.0 (compatible; MJ12bot/v1.4.8; http://mj12bot.com/)"
147.135.212.200 - - [15/Oct/2025:08:46:29 +0000] "GET /?fileloc=/var/www/vhosts/enlugo.es/httpdocs/cgi-bin/cgi-bin/index.php&path=/var/www/vhosts/enlugo.es/httpdocs/cgi-bin/cgi-bin HTTP/1.0" 200 4446 "-" "Mozilla/5.0 (compatible; MJ12bot/v1.4.8; http://mj12bot.com/)"
20.171.207.160 - - [15/Oct/2025:08:46:32 +0000] "GET /pages.php?category/914_1926/1 HTTP/1.0" 200 21905 "-" "Mozilla/5.0 AppleWebKit/537.36 (KHTML, like Gecko; compatible; GPTBot/1.2; +https://openai.com/gptbot)"
147.135.212.200 - - [15/Oct/2025:08:46:32 +0000] "GET /?fileloc=/var/www/vhosts/enlugo.es/httpdocs/images/wp-supports.php&path=/var/www/vhosts/enlugo.es/httpdocs/images HTTP/1.0" 200 28136 "-" "Mozilla/5.0 (compatible; MJ12bot/v1.4.8; http://mj12bot.com/)"
147.135.212.200 - - [15/Oct/2025:08:46:35 +0000] "GET /?fileloc=/var/www/vhosts/enlugo.es/httpdocs/wp-includes/admin-bar.php&path=/var/www/vhosts/enlugo.es/httpdocs/wp-includes HTTP/1.0" 200 12803 "-" "Mozilla/5.0 (compatible; MJ12bot/v1.4.8; http://mj12bot.com/)"
20.171.207.160 - - [15/Oct/2025:08:46:35 +0000] "GET /pages.php?q-~72t6SSo0KS5JJ0PmICVUCrFMqltNKO4r841/ HTTP/1.0" 200 22077 "-" "Mozilla/5.0 AppleWebKit/537.36 (KHTML, like Gecko; compatible; GPTBot/1.2; +https://openai.com/gptbot)"
147.135.212.200 - - [15/Oct/2025:08:46:37 +0000] "GET /?fileloc=/var/www/vhosts/enlugo.es/httpdocs/wp-includes/category.php&path=/var/www/vhosts/enlugo.es/httpdocs/wp-includes HTTP/1.0" 200 8628 "-" "Mozilla/5.0 (compatible; MJ12bot/v1.4.8; http://mj12bot.com/)"
20.171.207.160 - - [15/Oct/2025:08:46:38 +0000] "GET /pages.php?haikanshop-8220995 HTTP/1.0" 200 22133 "-" "Mozilla/5.0 AppleWebKit/537.36 (KHTML, like Gecko; compatible; GPTBot/1.2; +https://openai.com/gptbot)"
147.135.212.200 - - [15/Oct/2025:08:46:40 +0000] "GET /?fileloc=/var/www/vhosts/enlugo.es/httpdocs/wp-includes/post-thumbnail-template.php&path=/var/www/vhosts/enlugo.es/httpdocs/wp-includes HTTP/1.0" 200 7531 "-" "Mozilla/5.0 (compatible; MJ12bot/v1.4.8; http://mj12bot.com/)"
20.171.207.160 - - [15/Oct/2025:08:46:41 +0000] "GET /pages.php?category/3483/1 HTTP/1.0" 200 22458 "-" "Mozilla/5.0 AppleWebKit/537.36 (KHTML, like Gecko; compatible; GPTBot/1.2; +https://openai.com/gptbot)"
147.135.212.200 - - [15/Oct/2025:08:46:43 +0000] "GET /?fileloc=/var/www/vhosts/enlugo.es/httpdocs/wp-includes/robots-template.php&path=/var/www/vhosts/enlugo.es/httpdocs/wp-includes HTTP/1.0" 200 5546 "-" "Mozilla/5.0 (compatible; MJ12bot/v1.4.8; http://mj12bot.com/)"
147.135.212.200 - - [15/Oct/2025:08:46:45 +0000] "GET /?fileloc=/var/www/vhosts/enlugo.es/httpdocs/wp-includes/rss-functions.php&path=/var/www/vhosts/enlugo.es/httpdocs/wp-includes HTTP/1.0" 200 4527 "-" "Mozilla/5.0 (compatible; MJ12bot/v1.4.8; http://mj12bot.com/)"
20.171.207.160 - - [15/Oct/2025:08:46:48 +0000] "GET /pages.php?shopdeclinic-63-1551-44 HTTP/1.0" 200 23268 "-" "Mozilla/5.0 AppleWebKit/537.36 (KHTML, like Gecko; compatible; GPTBot/1.2; +https://openai.com/gptbot)"
147.135.212.200 - - [15/Oct/2025:08:46:48 +0000] "GET /?fileloc=/var/www/vhosts/enlugo.es/httpdocs/wp-includes/rss.php&path=/var/www/vhosts/enlugo.es/httpdocs/wp-includes HTTP/1.0" 200 11827 "-" "Mozilla/5.0 (compatible; MJ12bot/v1.4.8; http://mj12bot.com/)"
147.135.212.200 - - [15/Oct/2025:08:46:51 +0000] "GET /?fileloc=/var/www/vhosts/enlugo.es/httpdocs/wp-includes/script-loader.php&path=/var/www/vhosts/enlugo.es/httpdocs/wp-includes HTTP/1.0" 200 32171 "-" "Mozilla/5.0 (compatible; MJ12bot/v1.4.8; http://mj12bot.com/)"
52.167.144.215 - - [15/Oct/2025:08:46:52 +0000] "GET /?fileloc=/var/www/vhosts/enlugo.es/httpdocs/wp-class-widgets.php&path=/var/www/vhosts/enlugo.es/httpdocs HTTP/1.0" 200 2276 "-" "Mozilla/5.0 AppleWebKit/537.36 (KHTML, like Gecko; compatible; bingbot/2.0; +http://www.bing.com/bingbot.htm) Chrome/116.0.1938.76 Safari/537.36"
147.135.212.200 - - [15/Oct/2025:08:46:53 +0000] "GET /?fileloc=/var/www/vhosts/enlugo.es/httpdocs/wp-includes/session.php&path=/var/www/vhosts/enlugo.es/httpdocs/wp-includes HTTP/1.0" 200 4493 "-" "Mozilla/5.0 (compatible; MJ12bot/v1.4.8; http://mj12bot.com/)"
147.135.212.200 - - [15/Oct/2025:08:46:56 +0000] "GET /?fileloc=/var/www/vhosts/enlugo.es/httpdocs/wp-includes/shortcodes.php&path=/var/www/vhosts/enlugo.es/httpdocs/wp-includes HTTP/1.0" 200 10470 "-" "Mozilla/5.0 (compatible; MJ12bot/v1.4.8; http://mj12bot.com/)"
20.171.207.160 - - [15/Oct/2025:08:46:57 +0000] "GET /pages.php?q-~111Sj4KFVHOy8zPmQv77O4JesbfwIH5pq29304/ HTTP/1.0" 200 22128 "-" "Mozilla/5.0 AppleWebKit/537.36 (KHTML, like Gecko; compatible; GPTBot/1.2; +https://openai.com/gptbot)"
147.135.212.200 - - [15/Oct/2025:08:46:58 +0000] "GET /?fileloc=/var/www/vhosts/enlugo.es/httpdocs/wp-includes/sitemaps.php&path=/var/www/vhosts/enlugo.es/httpdocs/wp-includes HTTP/1.0" 200 5373 "-" "Mozilla/5.0 (compatible; MJ12bot/v1.4.8; http://mj12bot.com/)"
20.171.207.160 - - [15/Oct/2025:08:47:00 +0000] "GET /pages.php?category/63_2933/1 HTTP/1.0" 200 22267 "-" "Mozilla/5.0 AppleWebKit/537.36 (KHTML, like Gecko; compatible; GPTBot/1.2; +https://openai.com/gptbot)"
147.135.212.200 - - [15/Oct/2025:08:47:01 +0000] "GET /?fileloc=/var/www/vhosts/enlugo.es/httpdocs/wp-includes/spl-autoload-compat.php&path=/var/www/vhosts/enlugo.es/httpdocs/wp-includes HTTP/1.0" 200 4619 "-" "Mozilla/5.0 (compatible; MJ12bot/v1.4.8; http://mj12bot.com/)"
20.171.207.160 - - [15/Oct/2025:08:47:04 +0000] "GET /pages.php?q-~26PnQzzYRNYC1HT9vr9C4QYQl7Kabbhb859/ HTTP/1.0" 200 22198 "-" "Mozilla/5.0 AppleWebKit/537.36 (KHTML, like Gecko; compatible; GPTBot/1.2; +https://openai.com/gptbot)"
147.135.212.200 - - [15/Oct/2025:08:47:04 +0000] "GET /?fileloc=/var/www/vhosts/enlugo.es/httpdocs/wp-includes/taxonomy.php&path=/var/www/vhosts/enlugo.es/httpdocs/wp-includes HTTP/1.0" 200 41664 "-" "Mozilla/5.0 (compatible; MJ12bot/v1.4.8; http://mj12bot.com/)"
20.171.207.160 - - [15/Oct/2025:08:47:07 +0000] "GET /pages.php?q-~4Q9gsG7X7nF3ZNJCsH2L5bLrIpCSkIs429/ HTTP/1.0" 200 23656 "-" "Mozilla/5.0 AppleWebKit/537.36 (KHTML, like Gecko; compatible; GPTBot/1.2; +https://openai.com/gptbot)"
147.135.212.200 - - [15/Oct/2025:08:47:07 +0000] "GET /?fileloc=/var/www/vhosts/enlugo.es/httpdocs/wp-includes/template-canvas.php&path=/var/www/vhosts/enlugo.es/httpdocs/wp-includes HTTP/1.0" 200 4671 "-" "Mozilla/5.0 (compatible; MJ12bot/v1.4.8; http://mj12bot.com/)"
147.135.212.200 - - [15/Oct/2025:08:47:09 +0000] "GET /?fileloc=/var/www/vhosts/enlugo.es/httpdocs/wp-includes/template-loader.php&path=/var/www/vhosts/enlugo.es/httpdocs/wp-includes HTTP/1.0" 200 5586 "-" "Mozilla/5.0 (compatible; MJ12bot/v1.4.8; http://mj12bot.com/)"
20.171.207.160 - - [15/Oct/2025:08:47:10 +0000] "GET /pages.php?q-~16eOQFswyWXluOBuSbJfu3Lf2XVtWAIc5607/ HTTP/1.0" 200 22325 "-" "Mozilla/5.0 AppleWebKit/537.36 (KHTML, like Gecko; compatible; GPTBot/1.2; +https://openai.com/gptbot)"
147.135.212.200 - - [15/Oct/2025:08:47:12 +0000] "GET /?fileloc=/var/www/vhosts/enlugo.es/httpdocs/wp-includes/template.php&path=/var/www/vhosts/enlugo.es/httpdocs/wp-includes HTTP/1.0" 200 11735 "-" "Mozilla/5.0 (compatible; MJ12bot/v1.4.8; http://mj12bot.com/)"
20.171.207.160 - - [15/Oct/2025:08:47:13 +0000] "GET /pages.php?items/076036052.html?srsltid=AfmBOojdeyKhhlUfNbUvkSJlNGJZVdoZvg31TarsN9su647ehLnJ HTTP/1.0" 200 22942 "-" "Mozilla/5.0 AppleWebKit/537.36 (KHTML, like Gecko; compatible; GPTBot/1.2; +https://openai.com/gptbot)"
147.135.212.200 - - [15/Oct/2025:08:47:15 +0000] "GET /?fileloc=/var/www/vhosts/enlugo.es/httpdocs/wp-includes/theme-i18n.json&path=/var/www/vhosts/enlugo.es/httpdocs/wp-includes HTTP/1.0" 200 4606 "-" "Mozilla/5.0 (compatible; MJ12bot/v1.4.8; http://mj12bot.com/)"
20.171.207.160 - - [15/Oct/2025:08:47:16 +0000] "GET /pages.php?q-~24xFHucu47SOGEoqrc1qNKqTGFUiuuBG9147/ HTTP/1.0" 200 21944 "-" "Mozilla/5.0 AppleWebKit/537.36 (KHTML, like Gecko; compatible; GPTBot/1.2; +https://openai.com/gptbot)"
147.135.212.200 - - [15/Oct/2025:08:47:17 +0000] "GET /?fileloc=/var/www/vhosts/enlugo.es/httpdocs/wp-includes/theme-templates.php&path=/var/www/vhosts/enlugo.es/httpdocs/wp-includes HTTP/1.0" 200 6430 "-" "Mozilla/5.0 (compatible; MJ12bot/v1.4.8; http://mj12bot.com/)"
147.135.212.200 - - [15/Oct/2025:08:47:20 +0000] "GET /?fileloc=/var/www/vhosts/enlugo.es/httpdocs/wp-includes/theme.json&path=/var/www/vhosts/enlugo.es/httpdocs/wp-includes HTTP/1.0" 200 5864 "-" "Mozilla/5.0 (compatible; MJ12bot/v1.4.8; http://mj12bot.com/)"
20.171.207.160 - - [15/Oct/2025:08:47:22 +0000] "GET /pages.php?q-~18Yz22qqMcNxBnRhaym1gG3GFHJKu8xV603/ HTTP/1.0" 200 22097 "-" "Mozilla/5.0 AppleWebKit/537.36 (KHTML, like Gecko; compatible; GPTBot/1.2; +https://openai.com/gptbot)"
147.135.212.200 - - [15/Oct/2025:08:47:23 +0000] "GET /?fileloc=/var/www/vhosts/enlugo.es/httpdocs/wp-includes/theme.php&path=/var/www/vhosts/enlugo.es/httpdocs/wp-includes HTTP/1.0" 200 34273 "-" "Mozilla/5.0 (compatible; MJ12bot/v1.4.8; http://mj12bot.com/)"
147.135.212.200 - - [15/Oct/2025:08:47:25 +0000] "GET /?fileloc=/var/www/vhosts/enlugo.es/httpdocs/wp-includes/themes.php&path=/var/www/vhosts/enlugo.es/httpdocs/wp-includes HTTP/1.0" 200 50660 "-" "Mozilla/5.0 (compatible; MJ12bot/v1.4.8; http://mj12bot.com/)"
147.135.212.200 - - [15/Oct/2025:08:47:28 +0000] "GET /?fileloc=/var/www/vhosts/enlugo.es/httpdocs/wp-includes/update.php&path=/var/www/vhosts/enlugo.es/httpdocs/wp-includes HTTP/1.0" 200 12141 "-" "Mozilla/5.0 (compatible; MJ12bot/v1.4.8; http://mj12bot.com/)"
147.135.212.200 - - [15/Oct/2025:08:47:31 +0000] "GET /?fileloc=/var/www/vhosts/enlugo.es/httpdocs/wp-includes/user.php&path=/var/www/vhosts/enlugo.es/httpdocs/wp-includes HTTP/1.0" 200 38511 "-" "Mozilla/5.0 (compatible; MJ12bot/v1.4.8; http://mj12bot.com/)"
20.171.207.160 - - [15/Oct/2025:08:47:32 +0000] "GET /pages.php?q-~2xWeJkjfnSg6Vui6XRuC4NqvaU4SHjZ26185/ HTTP/1.0" 200 23622 "-" "Mozilla/5.0 AppleWebKit/537.36 (KHTML, like Gecko; compatible; GPTBot/1.2; +https://openai.com/gptbot)"
147.135.212.200 - - [15/Oct/2025:08:47:33 +0000] "GET /?fileloc=/var/www/vhosts/enlugo.es/httpdocs/wp-includes/vars.php&path=/var/www/vhosts/enlugo.es/httpdocs/wp-includes HTTP/1.0" 200 6059 "-" "Mozilla/5.0 (compatible; MJ12bot/v1.4.8; http://mj12bot.com/)"
147.135.212.200 - - [15/Oct/2025:08:47:36 +0000] "GET /?fileloc=/var/www/vhosts/enlugo.es/httpdocs/wp-includes/version.php&path=/var/www/vhosts/enlugo.es/httpdocs/wp-includes HTTP/1.0" 200 4704 "-" "Mozilla/5.0 (compatible; MJ12bot/v1.4.8; http://mj12bot.com/)"
147.135.212.200 - - [15/Oct/2025:08:47:39 +0000] "GET /?fileloc=/var/www/vhosts/enlugo.es/httpdocs/wp-includes/widgets.php&path=/var/www/vhosts/enlugo.es/httpdocs/wp-includes HTTP/1.0" 200 20071 "-" "Mozilla/5.0 (compatible; MJ12bot/v1.4.8; http://mj12bot.com/)"
20.171.207.160 - - [15/Oct/2025:08:47:40 +0000] "GET /pages.php?clapper-forewinds-003-1 HTTP/1.0" 200 22931 "-" "Mozilla/5.0 AppleWebKit/537.36 (KHTML, like Gecko; compatible; GPTBot/1.2; +https://openai.com/gptbot)"
147.135.212.200 - - [15/Oct/2025:08:47:41 +0000] "GET /?fileloc=/var/www/vhosts/enlugo.es/httpdocs/wp-includes/wlwmanifest.xml&path=/var/www/vhosts/enlugo.es/httpdocs/wp-includes HTTP/1.0" 200 4785 "-" "Mozilla/5.0 (compatible; MJ12bot/v1.4.8; http://mj12bot.com/)"
147.135.212.200 - - [15/Oct/2025:08:47:44 +0000] "GET /?fileloc=/var/www/vhosts/enlugo.es/httpdocs/wp-includes/wp-db.php&path=/var/www/vhosts/enlugo.es/httpdocs/wp-includes HTTP/1.0" 200 30562 "-" "Mozilla/5.0 (compatible; MJ12bot/v1.4.8; http://mj12bot.com/)"
147.135.212.200 - - [15/Oct/2025:08:47:47 +0000] "GET /?fileloc=/var/www/vhosts/enlugo.es/httpdocs/wp-includes/wp-diff.php&path=/var/www/vhosts/enlugo.es/httpdocs/wp-includes HTTP/1.0" 200 4608 "-" "Mozilla/5.0 (compatible; MJ12bot/v1.4.8; http://mj12bot.com/)"
20.171.207.160 - - [15/Oct/2025:08:47:48 +0000] "GET /pages.php?hamaken-crm1-353289 HTTP/1.0" 200 23302 "-" "Mozilla/5.0 AppleWebKit/537.36 (KHTML, like Gecko; compatible; GPTBot/1.2; +https://openai.com/gptbot)"
147.135.212.200 - - [15/Oct/2025:08:47:49 +0000] "GET /?path=/var/www/vhosts/enlugo.es/.composer/cache/files HTTP/1.0" 200 4400 "-" "Mozilla/5.0 (compatible; MJ12bot/v1.4.8; http://mj12bot.com/)"
147.135.212.200 - - [15/Oct/2025:08:47:52 +0000] "GET /?path=/var/www/vhosts/enlugo.es/httpdocs/_errorpages/_errorpages/_errorpages HTTP/1.0" 200 4727 "-" "Mozilla/5.0 (compatible; MJ12bot/v1.4.8; http://mj12bot.com/)"
20.171.207.160 - - [15/Oct/2025:08:47:55 +0000] "GET /pages.php?q-~1QjBJhAqSDzjVoemTFFr2UTZDtQ1mYZ15482/ HTTP/1.0" 200 23005 "-" "Mozilla/5.0 AppleWebKit/537.36 (KHTML, like Gecko; compatible; GPTBot/1.2; +https://openai.com/gptbot)"
147.135.212.200 - - [15/Oct/2025:08:47:55 +0000] "GET /?path=/var/www/vhosts/enlugo.es/httpdocs/wp-includes/certificates HTTP/1.0" 200 4674 "-" "Mozilla/5.0 (compatible; MJ12bot/v1.4.8; http://mj12bot.com/)"
147.135.212.200 - - [15/Oct/2025:08:47:57 +0000] "GET /?path=/var/www/vhosts/enlugo.es/httpdocs/wp-includes/css HTTP/1.0" 200 5611 "-" "Mozilla/5.0 (compatible; MJ12bot/v1.4.8; http://mj12bot.com/)"
147.135.212.200 - - [15/Oct/2025:08:48:00 +0000] "GET /?path=/var/www/vhosts/enlugo.es/httpdocs/wp-includes/customize HTTP/1.0" 200 5684 "-" "Mozilla/5.0 (compatible; MJ12bot/v1.4.8; http://mj12bot.com/)"
20.171.207.160 - - [15/Oct/2025:08:48:01 +0000] "GET /pages.php?category/4228_6126_20629_20630/1 HTTP/1.0" 200 21749 "-" "Mozilla/5.0 AppleWebKit/537.36 (KHTML, like Gecko; compatible; GPTBot/1.2; +https://openai.com/gptbot)"
147.135.212.200 - - [15/Oct/2025:08:48:03 +0000] "GET /?path=/var/www/vhosts/enlugo.es/httpdocs/wp-includes/fonts HTTP/1.0" 200 4853 "-" "Mozilla/5.0 (compatible; MJ12bot/v1.4.8; http://mj12bot.com/)"
147.135.212.200 - - [15/Oct/2025:08:48:06 +0000] "GET /?path=/var/www/vhosts/enlugo.es/httpdocs/wp-includes/images HTTP/1.0" 200 5547 "-" "Mozilla/5.0 (compatible; MJ12bot/v1.4.8; http://mj12bot.com/)"
20.171.207.160 - - [15/Oct/2025:08:48:06 +0000] "GET /pages.php?q-~3UJTVAwzyOuHL4nZp4Giz5RThDXi6mx30308/ HTTP/1.0" 200 22165 "-" "Mozilla/5.0 AppleWebKit/537.36 (KHTML, like Gecko; compatible; GPTBot/1.2; +https://openai.com/gptbot)"
147.135.212.200 - - [15/Oct/2025:08:48:08 +0000] "GET /?path=/var/www/vhosts/enlugo.es/httpdocs/wp-includes/js HTTP/1.0" 200 7657 "-" "Mozilla/5.0 (compatible; MJ12bot/v1.4.8; http://mj12bot.com/)"
20.171.207.160 - - [15/Oct/2025:08:48:11 +0000] "GET /pages.php?q-~1ZkEjKrrMEumZZbMbFPhNsuJjaHfFHI10084/ HTTP/1.0" 200 22937 "-" "Mozilla/5.0 AppleWebKit/537.36 (KHTML, like Gecko; compatible; GPTBot/1.2; +https://openai.com/gptbot)"
147.135.212.200 - - [15/Oct/2025:08:48:11 +0000] "GET /?path=/var/www/vhosts/enlugo.es/httpdocs/wp-includes/php-compat HTTP/1.0" 200 4703 "-" "Mozilla/5.0 (compatible; MJ12bot/v1.4.8; http://mj12bot.com/)"
