20.171.207.160 - - [15/Oct/2025:07:37:30 +0000] "GET /pages.php?q-~2jgpQCH9PImmwLD3R1M8ApNiAaTNmYW44413/ HTTP/1.0" 200 23393 "-" "Mozilla/5.0 AppleWebKit/537.36 (KHTML, like Gecko; compatible; GPTBot/1.2; +https://openai.com/gptbot)"
20.171.207.160 - - [15/Oct/2025:07:37:33 +0000] "GET /pages.php?m50386940993 HTTP/1.0" 200 22580 "-" "Mozilla/5.0 AppleWebKit/537.36 (KHTML, like Gecko; compatible; GPTBot/1.2; +https://openai.com/gptbot)"
20.171.207.160 - - [15/Oct/2025:07:37:36 +0000] "GET /pages.php?q-~2ux3pyVVTd91Dl7heZoHeYQoVzGPEvO44417/ HTTP/1.0" 200 23058 "-" "Mozilla/5.0 AppleWebKit/537.36 (KHTML, like Gecko; compatible; GPTBot/1.2; +https://openai.com/gptbot)"
20.171.207.160 - - [15/Oct/2025:07:37:40 +0000] "GET /pages.php?m20702726298 HTTP/1.0" 200 23165 "-" "Mozilla/5.0 AppleWebKit/537.36 (KHTML, like Gecko; compatible; GPTBot/1.2; +https://openai.com/gptbot)"
20.171.207.160 - - [15/Oct/2025:07:37:43 +0000] "GET /pages.php?m58552441775 HTTP/1.0" 200 22027 "-" "Mozilla/5.0 AppleWebKit/537.36 (KHTML, like Gecko; compatible; GPTBot/1.2; +https://openai.com/gptbot)"
20.171.207.160 - - [15/Oct/2025:07:37:46 +0000] "GET /pages.php?SPBI2010D-PB5503EM014633 HTTP/1.0" 200 21956 "-" "Mozilla/5.0 AppleWebKit/537.36 (KHTML, like Gecko; compatible; GPTBot/1.2; +https://openai.com/gptbot)"
20.171.207.160 - - [15/Oct/2025:07:37:49 +0000] "GET /pages.php?m42295524047 HTTP/1.0" 200 22655 "-" "Mozilla/5.0 AppleWebKit/537.36 (KHTML, like Gecko; compatible; GPTBot/1.2; +https://openai.com/gptbot)"
20.171.207.160 - - [15/Oct/2025:07:37:52 +0000] "GET /pages.php?m92979222813 HTTP/1.0" 200 22316 "-" "Mozilla/5.0 AppleWebKit/537.36 (KHTML, like Gecko; compatible; GPTBot/1.2; +https://openai.com/gptbot)"
20.171.207.160 - - [15/Oct/2025:07:37:55 +0000] "GET /pages.php?first34-trusco-6937332 HTTP/1.0" 200 22012 "-" "Mozilla/5.0 AppleWebKit/537.36 (KHTML, like Gecko; compatible; GPTBot/1.2; +https://openai.com/gptbot)"
20.171.207.160 - - [15/Oct/2025:07:37:58 +0000] "GET /pages.php?ssn-10040057 HTTP/1.0" 200 21776 "-" "Mozilla/5.0 AppleWebKit/537.36 (KHTML, like Gecko; compatible; GPTBot/1.2; +https://openai.com/gptbot)"
20.171.207.160 - - [15/Oct/2025:07:38:02 +0000] "GET /pages.php?q-~43kmBnGUI0JAPVSNlnIz5uoh8kfjrKMQ9782/ HTTP/1.0" 200 22380 "-" "Mozilla/5.0 AppleWebKit/537.36 (KHTML, like Gecko; compatible; GPTBot/1.2; +https://openai.com/gptbot)"
20.171.207.160 - - [15/Oct/2025:07:38:05 +0000] "GET /pages.php?q-~42BrKBz8hEj1NovNfw3hqdw0qiMXzYDe399/ HTTP/1.0" 200 22042 "-" "Mozilla/5.0 AppleWebKit/537.36 (KHTML, like Gecko; compatible; GPTBot/1.2; +https://openai.com/gptbot)"
20.171.207.160 - - [15/Oct/2025:07:38:08 +0000] "GET /pages.php?q-~98lIj5TYdOAaJxcECwTvEimjiCdWODVx4781/ HTTP/1.0" 200 22068 "-" "Mozilla/5.0 AppleWebKit/537.36 (KHTML, like Gecko; compatible; GPTBot/1.2; +https://openai.com/gptbot)"
20.171.207.160 - - [15/Oct/2025:07:38:11 +0000] "GET /pages.php?q-~79VLFQjwGbckYv35NHCaBTz06cBtOhhB150/ HTTP/1.0" 200 23392 "-" "Mozilla/5.0 AppleWebKit/537.36 (KHTML, like Gecko; compatible; GPTBot/1.2; +https://openai.com/gptbot)"
20.171.207.160 - - [15/Oct/2025:07:38:15 +0000] "GET /pages.php?q-~2ktXLGznXDOTd7wYu4PseMK9xFX6YDK38603/ HTTP/1.0" 200 23905 "-" "Mozilla/5.0 AppleWebKit/537.36 (KHTML, like Gecko; compatible; GPTBot/1.2; +https://openai.com/gptbot)"
20.171.207.160 - - [15/Oct/2025:07:38:18 +0000] "GET /pages.php?knowdepartment-abizjdtpejklizqjg2tqdt3vgi-imp-1 HTTP/1.0" 200 22072 "-" "Mozilla/5.0 AppleWebKit/537.36 (KHTML, like Gecko; compatible; GPTBot/1.2; +https://openai.com/gptbot)"
20.171.207.160 - - [15/Oct/2025:07:38:21 +0000] "GET /pages.php?q-~2Kcup2CLgMHsi9F4wxZlTtdhCk9LSGf38605/ HTTP/1.0" 200 23014 "-" "Mozilla/5.0 AppleWebKit/537.36 (KHTML, like Gecko; compatible; GPTBot/1.2; +https://openai.com/gptbot)"
20.171.207.160 - - [15/Oct/2025:07:38:24 +0000] "GET /pages.php?q-~197L653LEnUBHyXIJQklrJqL5vXQooEdN360/ HTTP/1.0" 200 22090 "-" "Mozilla/5.0 AppleWebKit/537.36 (KHTML, like Gecko; compatible; GPTBot/1.2; +https://openai.com/gptbot)"
20.171.207.160 - - [15/Oct/2025:07:38:27 +0000] "GET /pages.php?category/2366/1 HTTP/1.0" 200 22687 "-" "Mozilla/5.0 AppleWebKit/537.36 (KHTML, like Gecko; compatible; GPTBot/1.2; +https://openai.com/gptbot)"
20.171.207.160 - - [15/Oct/2025:07:38:31 +0000] "GET /pages.php?category/66_3092/1 HTTP/1.0" 200 22799 "-" "Mozilla/5.0 AppleWebKit/537.36 (KHTML, like Gecko; compatible; GPTBot/1.2; +https://openai.com/gptbot)"
20.171.207.160 - - [15/Oct/2025:07:38:34 +0000] "GET /pages.php?q-~9CSVpGF6zEDgzZvlWOSLAGQ5mtbhuyP19364/ HTTP/1.0" 200 22720 "-" "Mozilla/5.0 AppleWebKit/537.36 (KHTML, like Gecko; compatible; GPTBot/1.2; +https://openai.com/gptbot)"
20.171.207.160 - - [15/Oct/2025:07:38:37 +0000] "GET /pages.php?q-~2dOWlDkZMCvTYF2hWFtOd54UoIpOMcy22423/ HTTP/1.0" 200 23523 "-" "Mozilla/5.0 AppleWebKit/537.36 (KHTML, like Gecko; compatible; GPTBot/1.2; +https://openai.com/gptbot)"
20.171.207.160 - - [15/Oct/2025:07:38:40 +0000] "GET /pages.php?q-~92RpGRY5dIgmJSqf3DBid7jfWPoZtAyQ8371/ HTTP/1.0" 200 22682 "-" "Mozilla/5.0 AppleWebKit/537.36 (KHTML, like Gecko; compatible; GPTBot/1.2; +https://openai.com/gptbot)"
20.171.207.160 - - [15/Oct/2025:07:38:43 +0000] "GET /pages.php?q-~2y08bLMgIfSwaqCwcERlNJsFPEMzJhu22425/ HTTP/1.0" 200 24085 "-" "Mozilla/5.0 AppleWebKit/537.36 (KHTML, like Gecko; compatible; GPTBot/1.2; +https://openai.com/gptbot)"
20.171.207.160 - - [15/Oct/2025:07:38:46 +0000] "GET /pages.php?SSBR0782D-M05299BW06237 HTTP/1.0" 200 22295 "-" "Mozilla/5.0 AppleWebKit/537.36 (KHTML, like Gecko; compatible; GPTBot/1.2; +https://openai.com/gptbot)"
82.100.220.61 - - [15/Oct/2025:07:38:49 +0000] "POST /xmlrpc.php HTTP/1.0" 403 3277 "-" "Mozilla/5.0 (Windows NT 6.1) AppleWebKit/537.36 (KHTML, like Gecko) Chrome/67.0.3396.87 Safari/537.36"
20.171.207.160 - - [15/Oct/2025:07:38:49 +0000] "GET /pages.php?q-~2b3r4EAfTeedigRanFQaMctbEHqFXzh42597/ HTTP/1.0" 200 23403 "-" "Mozilla/5.0 AppleWebKit/537.36 (KHTML, like Gecko; compatible; GPTBot/1.2; +https://openai.com/gptbot)"
82.100.220.61 - - [15/Oct/2025:07:38:51 +0000] "POST /xmlrpc.php HTTP/1.0" 403 3277 "-" "Mozilla/5.0 (Windows NT 6.1) AppleWebKit/537.36 (KHTML, like Gecko) Chrome/67.0.3396.87 Safari/537.36"
82.100.220.61 - - [15/Oct/2025:07:38:53 +0000] "POST /xmlrpc.php HTTP/1.0" 403 3277 "-" "Mozilla/5.0 (Windows NT 6.1) AppleWebKit/537.36 (KHTML, like Gecko) Chrome/67.0.3396.87 Safari/537.36"
20.171.207.160 - - [15/Oct/2025:07:38:53 +0000] "GET /pages.php?q-~2fBkD5YxJjMer8us4dzAXvDOe5cgbNV38607/ HTTP/1.0" 200 24141 "-" "Mozilla/5.0 AppleWebKit/537.36 (KHTML, like Gecko; compatible; GPTBot/1.2; +https://openai.com/gptbot)"
82.100.220.61 - - [15/Oct/2025:07:38:54 +0000] "POST /xmlrpc.php HTTP/1.0" 403 3277 "-" "Mozilla/5.0 (Windows NT 6.1) AppleWebKit/537.36 (KHTML, like Gecko) Chrome/67.0.3396.87 Safari/537.36"
82.100.220.61 - - [15/Oct/2025:07:38:55 +0000] "POST /xmlrpc.php HTTP/1.0" 403 3277 "-" "Mozilla/5.0 (Windows NT 6.1) AppleWebKit/537.36 (KHTML, like Gecko) Chrome/67.0.3396.87 Safari/537.36"
82.100.220.61 - - [15/Oct/2025:07:38:56 +0000] "POST /xmlrpc.php HTTP/1.0" 403 3277 "-" "Mozilla/5.0 (Windows NT 6.1) AppleWebKit/537.36 (KHTML, like Gecko) Chrome/67.0.3396.87 Safari/537.36"
20.171.207.160 - - [15/Oct/2025:07:38:56 +0000] "GET /pages.php?m48964930934 HTTP/1.0" 200 22244 "-" "Mozilla/5.0 AppleWebKit/537.36 (KHTML, like Gecko; compatible; GPTBot/1.2; +https://openai.com/gptbot)"
20.171.207.160 - - [15/Oct/2025:07:38:59 +0000] "GET /pages.php?m51782838128 HTTP/1.0" 200 22437 "-" "Mozilla/5.0 AppleWebKit/537.36 (KHTML, like Gecko; compatible; GPTBot/1.2; +https://openai.com/gptbot)"
20.171.207.160 - - [15/Oct/2025:07:39:02 +0000] "GET /pages.php?m45222582732 HTTP/1.0" 200 22772 "-" "Mozilla/5.0 AppleWebKit/537.36 (KHTML, like Gecko; compatible; GPTBot/1.2; +https://openai.com/gptbot)"
20.171.207.160 - - [15/Oct/2025:07:39:05 +0000] "GET /pages.php?locondo-se4819eu002209 HTTP/1.0" 200 22506 "-" "Mozilla/5.0 AppleWebKit/537.36 (KHTML, like Gecko; compatible; GPTBot/1.2; +https://openai.com/gptbot)"
20.171.207.160 - - [15/Oct/2025:07:39:08 +0000] "GET /pages.php?q-~129ffojZ3qNmOdzTqdeTfh4bZftyLnHmw18000/ HTTP/1.0" 200 23253 "-" "Mozilla/5.0 AppleWebKit/537.36 (KHTML, like Gecko; compatible; GPTBot/1.2; +https://openai.com/gptbot)"
20.171.207.160 - - [15/Oct/2025:07:39:12 +0000] "GET /pages.php?q-~2uQfxOXtUlCHzlgKRhYd5AFKxndvAsg22427/ HTTP/1.0" 200 24281 "-" "Mozilla/5.0 AppleWebKit/537.36 (KHTML, like Gecko; compatible; GPTBot/1.2; +https://openai.com/gptbot)"
20.171.207.160 - - [15/Oct/2025:07:39:15 +0000] "GET /pages.php?m46765416962 HTTP/1.0" 200 21888 "-" "Mozilla/5.0 AppleWebKit/537.36 (KHTML, like Gecko; compatible; GPTBot/1.2; +https://openai.com/gptbot)"
20.171.207.160 - - [15/Oct/2025:07:39:18 +0000] "GET /pages.php?m21286006350 HTTP/1.0" 200 22444 "-" "Mozilla/5.0 AppleWebKit/537.36 (KHTML, like Gecko; compatible; GPTBot/1.2; +https://openai.com/gptbot)"
20.171.207.160 - - [15/Oct/2025:07:39:21 +0000] "GET /pages.php?82433187 HTTP/1.0" 200 23211 "-" "Mozilla/5.0 AppleWebKit/537.36 (KHTML, like Gecko; compatible; GPTBot/1.2; +https://openai.com/gptbot)"
20.171.207.160 - - [15/Oct/2025:07:39:24 +0000] "GET /pages.php?category/2025/1 HTTP/1.0" 200 22500 "-" "Mozilla/5.0 AppleWebKit/537.36 (KHTML, like Gecko; compatible; GPTBot/1.2; +https://openai.com/gptbot)"
20.171.207.160 - - [15/Oct/2025:07:39:27 +0000] "GET /pages.php?tss-shop-erg5553b HTTP/1.0" 200 22430 "-" "Mozilla/5.0 AppleWebKit/537.36 (KHTML, like Gecko; compatible; GPTBot/1.2; +https://openai.com/gptbot)"
20.171.207.160 - - [15/Oct/2025:07:39:30 +0000] "GET /pages.php?q-~13BPPHZHARWm7KArSrKXdjQrDKIdF3nb568/ HTTP/1.0" 200 22558 "-" "Mozilla/5.0 AppleWebKit/537.36 (KHTML, like Gecko; compatible; GPTBot/1.2; +https://openai.com/gptbot)"
20.171.207.160 - - [15/Oct/2025:07:39:33 +0000] "GET /pages.php?1127885728 HTTP/1.0" 200 22579 "-" "Mozilla/5.0 AppleWebKit/537.36 (KHTML, like Gecko; compatible; GPTBot/1.2; +https://openai.com/gptbot)"
20.171.207.160 - - [15/Oct/2025:07:39:36 +0000] "GET /pages.php?m52911050413 HTTP/1.0" 200 22812 "-" "Mozilla/5.0 AppleWebKit/537.36 (KHTML, like Gecko; compatible; GPTBot/1.2; +https://openai.com/gptbot)"
20.171.207.160 - - [15/Oct/2025:07:39:39 +0000] "GET /pages.php?q-~17eepC8GzVhFXNzy5ZZujvUiXnxJzpeL224/ HTTP/1.0" 200 22310 "-" "Mozilla/5.0 AppleWebKit/537.36 (KHTML, like Gecko; compatible; GPTBot/1.2; +https://openai.com/gptbot)"
20.171.207.160 - - [15/Oct/2025:07:39:43 +0000] "GET /pages.php?q-~24c7OC8zt4lFwDQJInJfqIQv2wRrAkAv917/ HTTP/1.0" 200 22623 "-" "Mozilla/5.0 AppleWebKit/537.36 (KHTML, like Gecko; compatible; GPTBot/1.2; +https://openai.com/gptbot)"
20.171.207.160 - - [15/Oct/2025:07:39:46 +0000] "GET /pages.php?q-~69eoccuWZZPjKZ1ggjSMH8A78InLDUBW840/ HTTP/1.0" 200 22464 "-" "Mozilla/5.0 AppleWebKit/537.36 (KHTML, like Gecko; compatible; GPTBot/1.2; +https://openai.com/gptbot)"
20.171.207.160 - - [15/Oct/2025:07:39:49 +0000] "GET /pages.php?q-~147ZA5KrSnjM5HDIi5QfbgTcxijEeX28k45630/ HTTP/1.0" 200 22484 "-" "Mozilla/5.0 AppleWebKit/537.36 (KHTML, like Gecko; compatible; GPTBot/1.2; +https://openai.com/gptbot)"
20.171.207.160 - - [15/Oct/2025:07:39:52 +0000] "GET /pages.php?q-~83P4OROtvawunXmnI5hJ1yMb8pRTufUy222/ HTTP/1.0" 200 22948 "-" "Mozilla/5.0 AppleWebKit/537.36 (KHTML, like Gecko; compatible; GPTBot/1.2; +https://openai.com/gptbot)"
20.171.207.160 - - [15/Oct/2025:07:39:55 +0000] "GET /pages.php?q-~82xI2XQD4CZKqJbBINmjhKG2S2MJcRQY335/ HTTP/1.0" 200 22512 "-" "Mozilla/5.0 AppleWebKit/537.36 (KHTML, like Gecko; compatible; GPTBot/1.2; +https://openai.com/gptbot)"
20.171.207.160 - - [15/Oct/2025:07:39:59 +0000] "GET /pages.php?kosaburo-10271073 HTTP/1.0" 200 22231 "-" "Mozilla/5.0 AppleWebKit/537.36 (KHTML, like Gecko; compatible; GPTBot/1.2; +https://openai.com/gptbot)"
20.171.207.160 - - [15/Oct/2025:07:40:05 +0000] "GET /pages.php?m40275247431 HTTP/1.0" 200 23063 "-" "Mozilla/5.0 AppleWebKit/537.36 (KHTML, like Gecko; compatible; GPTBot/1.2; +https://openai.com/gptbot)"
20.171.207.160 - - [15/Oct/2025:07:40:08 +0000] "GET /pages.php?q-~113OWTesSKSVQRKrEbLZAPaVRPf2eOi6K12/ HTTP/1.0" 200 22585 "-" "Mozilla/5.0 AppleWebKit/537.36 (KHTML, like Gecko; compatible; GPTBot/1.2; +https://openai.com/gptbot)"
20.171.207.160 - - [15/Oct/2025:07:40:14 +0000] "GET /pages.php?q-~59yGZGQ0elF5LchIzDNzf8nLJr8oJYqA378/ HTTP/1.0" 200 22868 "-" "Mozilla/5.0 AppleWebKit/537.36 (KHTML, like Gecko; compatible; GPTBot/1.2; +https://openai.com/gptbot)"
20.171.207.160 - - [15/Oct/2025:07:40:17 +0000] "GET /pages.php?m68096398676 HTTP/1.0" 200 22245 "-" "Mozilla/5.0 AppleWebKit/537.36 (KHTML, like Gecko; compatible; GPTBot/1.2; +https://openai.com/gptbot)"
20.171.207.160 - - [15/Oct/2025:07:40:21 +0000] "GET /pages.php?m27759584079 HTTP/1.0" 200 23185 "-" "Mozilla/5.0 AppleWebKit/537.36 (KHTML, like Gecko; compatible; GPTBot/1.2; +https://openai.com/gptbot)"
20.171.207.160 - - [15/Oct/2025:07:40:24 +0000] "GET /pages.php?m72995377243 HTTP/1.0" 200 22080 "-" "Mozilla/5.0 AppleWebKit/537.36 (KHTML, like Gecko; compatible; GPTBot/1.2; +https://openai.com/gptbot)"
20.171.207.160 - - [15/Oct/2025:07:40:27 +0000] "GET /pages.php?m31030604190 HTTP/1.0" 200 22499 "-" "Mozilla/5.0 AppleWebKit/537.36 (KHTML, like Gecko; compatible; GPTBot/1.2; +https://openai.com/gptbot)"
20.171.207.160 - - [15/Oct/2025:07:40:30 +0000] "GET /pages.php?m43263542152 HTTP/1.0" 200 21947 "-" "Mozilla/5.0 AppleWebKit/537.36 (KHTML, like Gecko; compatible; GPTBot/1.2; +https://openai.com/gptbot)"
20.171.207.160 - - [15/Oct/2025:07:40:33 +0000] "GET /pages.php?cate_id=9639&channel=peasant-everything-prevail&page=https://enlugo.es/item.aspx?q-~265x148bxo3TmVN14xreAlup1kJn3pLXD1444/&pid=24392447580 HTTP/1.0" 200 22271 "-" "Mozilla/5.0 AppleWebKit/537.36 (KHTML, like Gecko; compatible; GPTBot/1.2; +https://openai.com/gptbot)"
20.171.207.160 - - [15/Oct/2025:07:40:36 +0000] "GET /pages.php?m63840641304 HTTP/1.0" 200 22367 "-" "Mozilla/5.0 AppleWebKit/537.36 (KHTML, like Gecko; compatible; GPTBot/1.2; +https://openai.com/gptbot)"
20.171.207.160 - - [15/Oct/2025:07:40:40 +0000] "GET /pages.php?1093492142 HTTP/1.0" 200 23138 "-" "Mozilla/5.0 AppleWebKit/537.36 (KHTML, like Gecko; compatible; GPTBot/1.2; +https://openai.com/gptbot)"
20.171.207.160 - - [15/Oct/2025:07:40:43 +0000] "GET /pages.php?q-~59PKqjiLMUOuNBhG5GnxCfaHjJiatleo568/ HTTP/1.0" 200 21980 "-" "Mozilla/5.0 AppleWebKit/537.36 (KHTML, like Gecko; compatible; GPTBot/1.2; +https://openai.com/gptbot)"
20.171.207.160 - - [15/Oct/2025:07:40:46 +0000] "GET /pages.php?ishibashi-80-afstmlpb-egrb HTTP/1.0" 200 22491 "-" "Mozilla/5.0 AppleWebKit/537.36 (KHTML, like Gecko; compatible; GPTBot/1.2; +https://openai.com/gptbot)"
20.171.207.160 - - [15/Oct/2025:07:40:49 +0000] "GET /pages.php?j1176600454 HTTP/1.0" 200 22330 "-" "Mozilla/5.0 AppleWebKit/537.36 (KHTML, like Gecko; compatible; GPTBot/1.2; +https://openai.com/gptbot)"
20.171.207.160 - - [15/Oct/2025:07:40:53 +0000] "GET /pages.php?m97422797989 HTTP/1.0" 200 22368 "-" "Mozilla/5.0 AppleWebKit/537.36 (KHTML, like Gecko; compatible; GPTBot/1.2; +https://openai.com/gptbot)"
20.171.207.160 - - [15/Oct/2025:07:40:56 +0000] "GET /pages.php?q-~4xstwtx4iNVQyTvojWJpd6BGYPVFz3W32217/ HTTP/1.0" 200 22466 "-" "Mozilla/5.0 AppleWebKit/537.36 (KHTML, like Gecko; compatible; GPTBot/1.2; +https://openai.com/gptbot)"
20.171.207.160 - - [15/Oct/2025:07:40:59 +0000] "GET /pages.php?q-~26u77PLVHPmyWqhYa3IpjGZqXpp8Kd8x839/ HTTP/1.0" 200 23046 "-" "Mozilla/5.0 AppleWebKit/537.36 (KHTML, like Gecko; compatible; GPTBot/1.2; +https://openai.com/gptbot)"
20.171.207.160 - - [15/Oct/2025:07:41:02 +0000] "GET /pages.php?q-~57KDtPKenuNoUpzCTE3kAbexfwuAuHYM722/ HTTP/1.0" 200 22435 "-" "Mozilla/5.0 AppleWebKit/537.36 (KHTML, like Gecko; compatible; GPTBot/1.2; +https://openai.com/gptbot)"
20.171.207.160 - - [15/Oct/2025:07:41:05 +0000] "GET /pages.php?q-~73tzIcPBbP37ceGkDJ3MX8D59Xacrhuc26510/ HTTP/1.0" 200 22269 "-" "Mozilla/5.0 AppleWebKit/537.36 (KHTML, like Gecko; compatible; GPTBot/1.2; +https://openai.com/gptbot)"
20.171.207.160 - - [15/Oct/2025:07:41:08 +0000] "GET /pages.php?q-~84NbVX7DtGnPei4AKEiwVsYP4yyXjXbZ475/ HTTP/1.0" 200 22492 "-" "Mozilla/5.0 AppleWebKit/537.36 (KHTML, like Gecko; compatible; GPTBot/1.2; +https://openai.com/gptbot)"
20.171.207.160 - - [15/Oct/2025:07:41:11 +0000] "GET /pages.php?SFNC2018DFU5210EW000570 HTTP/1.0" 200 22481 "-" "Mozilla/5.0 AppleWebKit/537.36 (KHTML, like Gecko; compatible; GPTBot/1.2; +https://openai.com/gptbot)"
20.171.207.160 - - [15/Oct/2025:07:41:14 +0000] "GET /pages.php?q-~33ZzKbZycAeCpIzDx4QCwwUgvgmJAT8m344/ HTTP/1.0" 200 22174 "-" "Mozilla/5.0 AppleWebKit/537.36 (KHTML, like Gecko; compatible; GPTBot/1.2; +https://openai.com/gptbot)"
20.171.207.160 - - [15/Oct/2025:07:41:17 +0000] "GET /pages.php?m83133515268 HTTP/1.0" 200 22318 "-" "Mozilla/5.0 AppleWebKit/537.36 (KHTML, like Gecko; compatible; GPTBot/1.2; +https://openai.com/gptbot)"
20.171.207.160 - - [15/Oct/2025:07:41:23 +0000] "GET /pages.php?cate_id=9639&channel=vessel-sandwich-facility&page=https://enlugo.es/item.aspx?q-~153kO3eaGKIWOPOZA4zaZUCXFiILKJaDs32588/&pid=24392447580 HTTP/1.0" 200 21890 "-" "Mozilla/5.0 AppleWebKit/537.36 (KHTML, like Gecko; compatible; GPTBot/1.2; +https://openai.com/gptbot)"
20.171.207.160 - - [15/Oct/2025:07:41:26 +0000] "GET /pages.php?m95208198359 HTTP/1.0" 200 22602 "-" "Mozilla/5.0 AppleWebKit/537.36 (KHTML, like Gecko; compatible; GPTBot/1.2; +https://openai.com/gptbot)"
20.171.207.160 - - [15/Oct/2025:07:41:30 +0000] "GET /pages.php?m78051003176 HTTP/1.0" 200 22603 "-" "Mozilla/5.0 AppleWebKit/537.36 (KHTML, like Gecko; compatible; GPTBot/1.2; +https://openai.com/gptbot)"
20.171.207.160 - - [15/Oct/2025:07:41:33 +0000] "GET /pages.php?m87652855295 HTTP/1.0" 200 22256 "-" "Mozilla/5.0 AppleWebKit/537.36 (KHTML, like Gecko; compatible; GPTBot/1.2; +https://openai.com/gptbot)"
20.171.207.160 - - [15/Oct/2025:07:41:36 +0000] "GET /pages.php?category/7342/1 HTTP/1.0" 200 22252 "-" "Mozilla/5.0 AppleWebKit/537.36 (KHTML, like Gecko; compatible; GPTBot/1.2; +https://openai.com/gptbot)"
20.171.207.160 - - [15/Oct/2025:07:41:39 +0000] "GET /pages.php?rcmdse-ho-73254-016 HTTP/1.0" 200 22633 "-" "Mozilla/5.0 AppleWebKit/537.36 (KHTML, like Gecko; compatible; GPTBot/1.2; +https://openai.com/gptbot)"
20.171.207.160 - - [15/Oct/2025:07:41:42 +0000] "GET /pages.php?SWAT2121D-MI1814EW063141 HTTP/1.0" 200 22238 "-" "Mozilla/5.0 AppleWebKit/537.36 (KHTML, like Gecko; compatible; GPTBot/1.2; +https://openai.com/gptbot)"
20.171.207.160 - - [15/Oct/2025:07:41:45 +0000] "GET /pages.php?q-~92AFzZYupGtAqMFCQqktubCFSINeh94L5/ HTTP/1.0" 200 23353 "-" "Mozilla/5.0 AppleWebKit/537.36 (KHTML, like Gecko; compatible; GPTBot/1.2; +https://openai.com/gptbot)"
20.171.207.160 - - [15/Oct/2025:07:41:48 +0000] "GET /pages.php?category/30558/1 HTTP/1.0" 200 22721 "-" "Mozilla/5.0 AppleWebKit/537.36 (KHTML, like Gecko; compatible; GPTBot/1.2; +https://openai.com/gptbot)"
20.171.207.160 - - [15/Oct/2025:07:41:51 +0000] "GET /pages.php?q-~136jmd9poBBUUOucXFGd0fChDexIxzQ7f481/ HTTP/1.0" 200 22341 "-" "Mozilla/5.0 AppleWebKit/537.36 (KHTML, like Gecko; compatible; GPTBot/1.2; +https://openai.com/gptbot)"
20.171.207.160 - - [15/Oct/2025:07:41:55 +0000] "GET /pages.php?SSNR1712DIN5209EW016673 HTTP/1.0" 200 22161 "-" "Mozilla/5.0 AppleWebKit/537.36 (KHTML, like Gecko; compatible; GPTBot/1.2; +https://openai.com/gptbot)"
52.167.144.160 - - [15/Oct/2025:07:41:55 +0000] "GET /?fileloc=/var/www/vhosts/enlugo.es/httpdocs/wp-compat.php&path=/var/www/vhosts/enlugo.es/httpdocs HTTP/1.0" 200 2276 "-" "Mozilla/5.0 AppleWebKit/537.36 (KHTML, like Gecko; compatible; bingbot/2.0; +http://www.bing.com/bingbot.htm) Chrome/116.0.1938.76 Safari/537.36"
20.171.207.160 - - [15/Oct/2025:07:41:58 +0000] "GET /pages.php?q-~96pixhaoqomcdtpgAGHp9QyjXMJ3U0gr539/ HTTP/1.0" 200 22223 "-" "Mozilla/5.0 AppleWebKit/537.36 (KHTML, like Gecko; compatible; GPTBot/1.2; +https://openai.com/gptbot)"
20.171.207.160 - - [15/Oct/2025:07:42:01 +0000] "GET /pages.php?q-~66QvAIZK3ijWV9ayw6gHASAXVhs0mceb5103/ HTTP/1.0" 200 23459 "-" "Mozilla/5.0 AppleWebKit/537.36 (KHTML, like Gecko; compatible; GPTBot/1.2; +https://openai.com/gptbot)"
20.171.207.160 - - [15/Oct/2025:07:42:04 +0000] "GET /pages.php?m41707379120 HTTP/1.0" 200 21954 "-" "Mozilla/5.0 AppleWebKit/537.36 (KHTML, like Gecko; compatible; GPTBot/1.2; +https://openai.com/gptbot)"
52.167.144.160 - - [15/Oct/2025:07:42:05 +0000] "GET /?fileloc=/var/www/vhosts/enlugo.es/httpdocs/wp-class-role.php&path=/var/www/vhosts/enlugo.es/httpdocs HTTP/1.0" 200 2276 "-" "Mozilla/5.0 AppleWebKit/537.36 (KHTML, like Gecko; compatible; bingbot/2.0; +http://www.bing.com/bingbot.htm) Chrome/116.0.1938.76 Safari/537.36"
20.171.207.160 - - [15/Oct/2025:07:42:08 +0000] "GET /pages.php?m72984325222 HTTP/1.0" 200 21922 "-" "Mozilla/5.0 AppleWebKit/537.36 (KHTML, like Gecko; compatible; GPTBot/1.2; +https://openai.com/gptbot)"
20.171.207.160 - - [15/Oct/2025:07:42:11 +0000] "GET /pages.php?993223826 HTTP/1.0" 200 21858 "-" "Mozilla/5.0 AppleWebKit/537.36 (KHTML, like Gecko; compatible; GPTBot/1.2; +https://openai.com/gptbot)"
20.171.207.160 - - [15/Oct/2025:07:42:14 +0000] "GET /pages.php?q-~68iLzuZFc0BoxkhQTXxFBpLQssJJSmDn533/ HTTP/1.0" 200 21989 "-" "Mozilla/5.0 AppleWebKit/537.36 (KHTML, like Gecko; compatible; GPTBot/1.2; +https://openai.com/gptbot)"
20.171.207.160 - - [15/Oct/2025:07:42:20 +0000] "GET /pages.php?category/497/1 HTTP/1.0" 200 22564 "-" "Mozilla/5.0 AppleWebKit/537.36 (KHTML, like Gecko; compatible; GPTBot/1.2; +https://openai.com/gptbot)"
20.171.207.160 - - [15/Oct/2025:07:42:38 +0000] "GET /pages.php?la-graine-z3xbaug5iratycbcoi432cwx5y-lag-1 HTTP/1.0" 200 21640 "-" "Mozilla/5.0 AppleWebKit/537.36 (KHTML, like Gecko; compatible; GPTBot/1.2; +https://openai.com/gptbot)"
20.171.207.160 - - [15/Oct/2025:07:42:46 +0000] "GET /pages.php?q-~3lQTt4ryD3BslPN33xXY7MptyBkJXbm3780/ HTTP/1.0" 200 22080 "-" "Mozilla/5.0 AppleWebKit/537.36 (KHTML, like Gecko; compatible; GPTBot/1.2; +https://openai.com/gptbot)"
20.171.207.160 - - [15/Oct/2025:07:42:53 +0000] "GET /pages.php?m33933884351 HTTP/1.0" 200 21655 "-" "Mozilla/5.0 AppleWebKit/537.36 (KHTML, like Gecko; compatible; GPTBot/1.2; +https://openai.com/gptbot)"
20.171.207.160 - - [15/Oct/2025:07:42:59 +0000] "GET /pages.php?m57396342747 HTTP/1.0" 200 22062 "-" "Mozilla/5.0 AppleWebKit/537.36 (KHTML, like Gecko; compatible; GPTBot/1.2; +https://openai.com/gptbot)"
20.171.207.160 - - [15/Oct/2025:07:43:05 +0000] "GET /pages.php?category/1298/1 HTTP/1.0" 200 22800 "-" "Mozilla/5.0 AppleWebKit/537.36 (KHTML, like Gecko; compatible; GPTBot/1.2; +https://openai.com/gptbot)"
20.171.207.160 - - [15/Oct/2025:07:43:10 +0000] "GET /pages.php?segp-shop-4970058008777b HTTP/1.0" 200 21939 "-" "Mozilla/5.0 AppleWebKit/537.36 (KHTML, like Gecko; compatible; GPTBot/1.2; +https://openai.com/gptbot)"
20.171.207.160 - - [15/Oct/2025:07:43:15 +0000] "GET /pages.php?q-~29VDDdsYGV8TVRfLUlznuKJuWikaLwGj892/ HTTP/1.0" 200 21679 "-" "Mozilla/5.0 AppleWebKit/537.36 (KHTML, like Gecko; compatible; GPTBot/1.2; +https://openai.com/gptbot)"
20.171.207.160 - - [15/Oct/2025:07:43:19 +0000] "GET /pages.php?q-~69pVAqEkdsitEeBQIgSFRN52eMJ57Rgm18/ HTTP/1.0" 200 22712 "-" "Mozilla/5.0 AppleWebKit/537.36 (KHTML, like Gecko; compatible; GPTBot/1.2; +https://openai.com/gptbot)"
20.171.207.160 - - [15/Oct/2025:07:43:23 +0000] "GET /pages.php?fansfactory-4544266000030 HTTP/1.0" 200 22563 "-" "Mozilla/5.0 AppleWebKit/537.36 (KHTML, like Gecko; compatible; GPTBot/1.2; +https://openai.com/gptbot)"
20.171.207.160 - - [15/Oct/2025:07:43:26 +0000] "GET /pages.php?q-~97Z6D4gyoHUhjsY9GMFVVuGuVBUdarFA220/ HTTP/1.0" 200 21845 "-" "Mozilla/5.0 AppleWebKit/537.36 (KHTML, like Gecko; compatible; GPTBot/1.2; +https://openai.com/gptbot)"
20.171.207.160 - - [15/Oct/2025:07:43:33 +0000] "GET /pages.php?q-~76qiUremC5vGQ4tZI8noHZmEwCXJvMuP727/ HTTP/1.0" 200 22993 "-" "Mozilla/5.0 AppleWebKit/537.36 (KHTML, like Gecko; compatible; GPTBot/1.2; +https://openai.com/gptbot)"
20.171.207.160 - - [15/Oct/2025:07:43:36 +0000] "GET /pages.php?f454061-tsuno-t025-001 HTTP/1.0" 200 22063 "-" "Mozilla/5.0 AppleWebKit/537.36 (KHTML, like Gecko; compatible; GPTBot/1.2; +https://openai.com/gptbot)"
20.171.207.160 - - [15/Oct/2025:07:43:39 +0000] "GET /pages.php?q-~35ZkhGcHfbD8bq4SuLNklBh7yZZd3WhD808/ HTTP/1.0" 200 22461 "-" "Mozilla/5.0 AppleWebKit/537.36 (KHTML, like Gecko; compatible; GPTBot/1.2; +https://openai.com/gptbot)"
20.171.207.160 - - [15/Oct/2025:07:43:42 +0000] "GET /pages.php?q-~2DhDydBBsHJ27XkQHf3hxcvCWwTiocO12519/ HTTP/1.0" 200 24304 "-" "Mozilla/5.0 AppleWebKit/537.36 (KHTML, like Gecko; compatible; GPTBot/1.2; +https://openai.com/gptbot)"
20.171.207.160 - - [15/Oct/2025:07:43:45 +0000] "GET /pages.php?m36387612196 HTTP/1.0" 200 22305 "-" "Mozilla/5.0 AppleWebKit/537.36 (KHTML, like Gecko; compatible; GPTBot/1.2; +https://openai.com/gptbot)"
20.171.207.160 - - [15/Oct/2025:07:43:49 +0000] "GET /pages.php?naturalhouse1997-rest1p-1 HTTP/1.0" 200 21828 "-" "Mozilla/5.0 AppleWebKit/537.36 (KHTML, like Gecko; compatible; GPTBot/1.2; +https://openai.com/gptbot)"
20.171.207.160 - - [15/Oct/2025:07:43:52 +0000] "GET /pages.php?category/32_1647/1 HTTP/1.0" 200 22657 "-" "Mozilla/5.0 AppleWebKit/537.36 (KHTML, like Gecko; compatible; GPTBot/1.2; +https://openai.com/gptbot)"
20.171.207.160 - - [15/Oct/2025:07:43:55 +0000] "GET /pages.php?q-~87PZwfAuQn6JR4q9PVePx52Ve5wOzOMW78/ HTTP/1.0" 200 23606 "-" "Mozilla/5.0 AppleWebKit/537.36 (KHTML, like Gecko; compatible; GPTBot/1.2; +https://openai.com/gptbot)"
20.171.207.160 - - [15/Oct/2025:07:43:58 +0000] "GET /pages.php?m46730762163 HTTP/1.0" 200 22608 "-" "Mozilla/5.0 AppleWebKit/537.36 (KHTML, like Gecko; compatible; GPTBot/1.2; +https://openai.com/gptbot)"
20.171.207.160 - - [15/Oct/2025:07:44:01 +0000] "GET /pages.php?sakan8man-trus-8564199 HTTP/1.0" 200 23446 "-" "Mozilla/5.0 AppleWebKit/537.36 (KHTML, like Gecko; compatible; GPTBot/1.2; +https://openai.com/gptbot)"
20.171.207.160 - - [15/Oct/2025:07:44:04 +0000] "GET /pages.php?q-~6hr5JCdVm6wQcqQ0CnKLuWnuORHLAHS20981/ HTTP/1.0" 200 22072 "-" "Mozilla/5.0 AppleWebKit/537.36 (KHTML, like Gecko; compatible; GPTBot/1.2; +https://openai.com/gptbot)"
20.171.207.160 - - [15/Oct/2025:07:44:08 +0000] "GET /pages.php?m63666381660 HTTP/1.0" 200 22043 "-" "Mozilla/5.0 AppleWebKit/537.36 (KHTML, like Gecko; compatible; GPTBot/1.2; +https://openai.com/gptbot)"
20.171.207.160 - - [15/Oct/2025:07:44:11 +0000] "GET /pages.php?q-~41aYTtSe040RcI1eiJufysTW7OlsIZdm756/ HTTP/1.0" 200 21864 "-" "Mozilla/5.0 AppleWebKit/537.36 (KHTML, like Gecko; compatible; GPTBot/1.2; +https://openai.com/gptbot)"
20.171.207.160 - - [15/Oct/2025:07:44:14 +0000] "GET /pages.php?SJNR1715D-JO6847EW000771 HTTP/1.0" 200 22179 "-" "Mozilla/5.0 AppleWebKit/537.36 (KHTML, like Gecko; compatible; GPTBot/1.2; +https://openai.com/gptbot)"
20.171.207.160 - - [15/Oct/2025:07:44:17 +0000] "GET /pages.php?q-~8jqnyIjTRwbNode9AhVRA6eQJRSno9u4071/ HTTP/1.0" 200 21882 "-" "Mozilla/5.0 AppleWebKit/537.36 (KHTML, like Gecko; compatible; GPTBot/1.2; +https://openai.com/gptbot)"
20.171.207.160 - - [15/Oct/2025:07:44:20 +0000] "GET /pages.php?m92648526956 HTTP/1.0" 200 22785 "-" "Mozilla/5.0 AppleWebKit/537.36 (KHTML, like Gecko; compatible; GPTBot/1.2; +https://openai.com/gptbot)"
20.171.207.160 - - [15/Oct/2025:07:44:27 +0000] "GET /pages.php?m33243011280 HTTP/1.0" 200 22324 "-" "Mozilla/5.0 AppleWebKit/537.36 (KHTML, like Gecko; compatible; GPTBot/1.2; +https://openai.com/gptbot)"
20.171.207.160 - - [15/Oct/2025:07:44:30 +0000] "GET /pages.php?q-~53ItyVtd03hCFF6TWaJyyuUuxS6pdtAD9134/ HTTP/1.0" 200 22356 "-" "Mozilla/5.0 AppleWebKit/537.36 (KHTML, like Gecko; compatible; GPTBot/1.2; +https://openai.com/gptbot)"
20.171.207.160 - - [15/Oct/2025:07:44:33 +0000] "GET /pages.php?r-kojima-4989999205534 HTTP/1.0" 200 21769 "-" "Mozilla/5.0 AppleWebKit/537.36 (KHTML, like Gecko; compatible; GPTBot/1.2; +https://openai.com/gptbot)"
20.171.207.160 - - [15/Oct/2025:07:44:39 +0000] "GET /pages.php?m86909229648 HTTP/1.0" 200 21786 "-" "Mozilla/5.0 AppleWebKit/537.36 (KHTML, like Gecko; compatible; GPTBot/1.2; +https://openai.com/gptbot)"
20.171.207.160 - - [15/Oct/2025:07:44:42 +0000] "GET /pages.php?q-~39fPJr9k8Su2X4Upibh6SHBhDi4EHSkl52/ HTTP/1.0" 200 22821 "-" "Mozilla/5.0 AppleWebKit/537.36 (KHTML, like Gecko; compatible; GPTBot/1.2; +https://openai.com/gptbot)"
97.74.90.22 - - [15/Oct/2025:07:44:45 +0000] "POST /xmlrpc.php HTTP/1.0" 403 3277 "-" "Mozilla/5.0 (Windows NT 10.0; WOW64; Trident/7.0; Touch; LCJB; rv:11.0) like Gecko"
97.74.90.22 - - [15/Oct/2025:07:44:46 +0000] "POST /xmlrpc.php HTTP/1.0" 403 3277 "-" "Mozilla/5.0 (Windows NT 10.0; WOW64; Trident/7.0; Touch; LCJB; rv:11.0) like Gecko"
20.171.207.160 - - [15/Oct/2025:07:44:46 +0000] "GET /pages.php?ssk-1-asve-pc-old-04-4589452966394 HTTP/1.0" 200 22950 "-" "Mozilla/5.0 AppleWebKit/537.36 (KHTML, like Gecko; compatible; GPTBot/1.2; +https://openai.com/gptbot)"
97.74.90.22 - - [15/Oct/2025:07:44:48 +0000] "POST /xmlrpc.php HTTP/1.0" 403 3277 "-" "Mozilla/5.0 (Windows NT 10.0; WOW64; Trident/7.0; Touch; LCJB; rv:11.0) like Gecko"
20.171.207.160 - - [15/Oct/2025:07:44:49 +0000] "GET /pages.php?q-~87qtciUmlJqSSRR9oZKKJnDelh4Mkhxm4376/ HTTP/1.0" 200 22472 "-" "Mozilla/5.0 AppleWebKit/537.36 (KHTML, like Gecko; compatible; GPTBot/1.2; +https://openai.com/gptbot)"
97.74.90.22 - - [15/Oct/2025:07:44:51 +0000] "POST /xmlrpc.php HTTP/1.0" 403 3277 "-" "Mozilla/5.0 (Windows NT 10.0; WOW64; Trident/7.0; Touch; LCJB; rv:11.0) like Gecko"
97.74.90.22 - - [15/Oct/2025:07:44:52 +0000] "POST /xmlrpc.php HTTP/1.0" 403 3277 "-" "Mozilla/5.0 (Windows NT 10.0; WOW64; Trident/7.0; Touch; LCJB; rv:11.0) like Gecko"
20.171.207.160 - - [15/Oct/2025:07:44:52 +0000] "GET /pages.php?joypre-9343631 HTTP/1.0" 200 22502 "-" "Mozilla/5.0 AppleWebKit/537.36 (KHTML, like Gecko; compatible; GPTBot/1.2; +https://openai.com/gptbot)"
97.74.90.22 - - [15/Oct/2025:07:44:54 +0000] "POST /xmlrpc.php HTTP/1.0" 403 3277 "-" "Mozilla/5.0 (Windows NT 10.0; WOW64; Trident/7.0; Touch; LCJB; rv:11.0) like Gecko"
20.171.207.160 - - [15/Oct/2025:07:45:02 +0000] "GET /pages.php?q-~7Bcaysm3wKBY2zFZY5NtQIFsTIlYJYl5896/ HTTP/1.0" 200 22159 "-" "Mozilla/5.0 AppleWebKit/537.36 (KHTML, like Gecko; compatible; GPTBot/1.2; +https://openai.com/gptbot)"
20.171.207.160 - - [15/Oct/2025:07:45:05 +0000] "GET /pages.php?m73381949031 HTTP/1.0" 200 21718 "-" "Mozilla/5.0 AppleWebKit/537.36 (KHTML, like Gecko; compatible; GPTBot/1.2; +https://openai.com/gptbot)"
20.171.207.160 - - [15/Oct/2025:07:45:11 +0000] "GET /pages.php?m63898030810 HTTP/1.0" 200 22529 "-" "Mozilla/5.0 AppleWebKit/537.36 (KHTML, like Gecko; compatible; GPTBot/1.2; +https://openai.com/gptbot)"
20.171.207.160 - - [15/Oct/2025:07:45:14 +0000] "GET /pages.php?q-~95oqUzI8RNypLKrW2Jxdaihvq1LsM2qZ890/ HTTP/1.0" 200 22164 "-" "Mozilla/5.0 AppleWebKit/537.36 (KHTML, like Gecko; compatible; GPTBot/1.2; +https://openai.com/gptbot)"
20.171.207.160 - - [15/Oct/2025:07:45:17 +0000] "GET /pages.php?877791526 HTTP/1.0" 200 23048 "-" "Mozilla/5.0 AppleWebKit/537.36 (KHTML, like Gecko; compatible; GPTBot/1.2; +https://openai.com/gptbot)"
20.171.207.160 - - [15/Oct/2025:07:45:20 +0000] "GET /pages.php?world-depo-mts-1764367 HTTP/1.0" 200 21749 "-" "Mozilla/5.0 AppleWebKit/537.36 (KHTML, like Gecko; compatible; GPTBot/1.2; +https://openai.com/gptbot)"
20.171.207.160 - - [15/Oct/2025:07:45:27 +0000] "GET /pages.php?m85101091281 HTTP/1.0" 200 21969 "-" "Mozilla/5.0 AppleWebKit/537.36 (KHTML, like Gecko; compatible; GPTBot/1.2; +https://openai.com/gptbot)"
20.171.207.160 - - [15/Oct/2025:07:45:30 +0000] "GET /pages.php?q-~285yb9oOU0yUTh3VLK2P5c0zieBu1UEKX7200/ HTTP/1.0" 200 22773 "-" "Mozilla/5.0 AppleWebKit/537.36 (KHTML, like Gecko; compatible; GPTBot/1.2; +https://openai.com/gptbot)"
20.171.207.160 - - [15/Oct/2025:07:45:33 +0000] "GET /pages.php?carparts-soko-k4e2402130373 HTTP/1.0" 200 22105 "-" "Mozilla/5.0 AppleWebKit/537.36 (KHTML, like Gecko; compatible; GPTBot/1.2; +https://openai.com/gptbot)"
20.171.207.160 - - [15/Oct/2025:07:45:36 +0000] "GET /pages.php?wattmann-sed209612279 HTTP/1.0" 200 22525 "-" "Mozilla/5.0 AppleWebKit/537.36 (KHTML, like Gecko; compatible; GPTBot/1.2; +https://openai.com/gptbot)"
20.171.207.160 - - [15/Oct/2025:07:45:52 +0000] "GET /pages.php?q-~234SYXcfbaQhrraxgOhCS0FSSiloFIMqn14199/ HTTP/1.0" 200 22336 "-" "Mozilla/5.0 AppleWebKit/537.36 (KHTML, like Gecko; compatible; GPTBot/1.2; +https://openai.com/gptbot)"
20.171.207.160 - - [15/Oct/2025:07:46:19 +0000] "GET /pages.php?q-~94uQOpiSXYLCgBa7uhNKccHvub2oMUwP657/ HTTP/1.0" 200 23042 "-" "Mozilla/5.0 AppleWebKit/537.36 (KHTML, like Gecko; compatible; GPTBot/1.2; +https://openai.com/gptbot)"
81.167.26.57 - - [15/Oct/2025:07:46:42 +0000] "GET /robots.txt HTTP/1.0" 200 2626 "-" "Mozilla/5.0 (compatible; MJ12bot/v1.4.8; http://mj12bot.com/)"
81.167.26.57 - - [15/Oct/2025:07:46:44 +0000] "GET /?fileloc=/var/www/vhosts/enlugo.es/.composer/cache/radio.txt&path=/var/www/vhosts/enlugo.es/.composer/cache HTTP/1.0" 200 4382 "-" "Mozilla/5.0 (compatible; MJ12bot/v1.4.8; http://mj12bot.com/)"
20.171.207.160 - - [15/Oct/2025:07:46:44 +0000] "GET /pages.php?category/5206/1 HTTP/1.0" 200 22381 "-" "Mozilla/5.0 AppleWebKit/537.36 (KHTML, like Gecko; compatible; GPTBot/1.2; +https://openai.com/gptbot)"
81.167.26.57 - - [15/Oct/2025:07:46:46 +0000] "GET /?fileloc=/var/www/vhosts/enlugo.es/httpdocs/wp-includes/atomlib.php&path=/var/www/vhosts/enlugo.es/httpdocs/wp-includes HTTP/1.0" 200 8301 "-" "Mozilla/5.0 (compatible; MJ12bot/v1.4.8; http://mj12bot.com/)"
81.167.26.57 - - [15/Oct/2025:07:46:47 +0000] "GET /?fileloc=/var/www/vhosts/enlugo.es/httpdocs/wp-includes/author-template.php&path=/var/www/vhosts/enlugo.es/httpdocs/wp-includes HTTP/1.0" 200 9054 "-" "Mozilla/5.0 (compatible; MJ12bot/v1.4.8; http://mj12bot.com/)"
81.167.26.57 - - [15/Oct/2025:07:46:49 +0000] "GET /?fileloc=/var/www/vhosts/enlugo.es/httpdocs/wp-includes/block-editor.php&path=/var/www/vhosts/enlugo.es/httpdocs/wp-includes HTTP/1.0" 200 9147 "-" "Mozilla/5.0 (compatible; MJ12bot/v1.4.8; http://mj12bot.com/)"
81.167.26.57 - - [15/Oct/2025:07:46:51 +0000] "GET /?fileloc=/var/www/vhosts/enlugo.es/httpdocs/wp-includes/block-i18n.json&path=/var/www/vhosts/enlugo.es/httpdocs/wp-includes HTTP/1.0" 200 4474 "-" "Mozilla/5.0 (compatible; MJ12bot/v1.4.8; http://mj12bot.com/)"
81.167.26.57 - - [15/Oct/2025:07:46:52 +0000] "GET /?fileloc=/var/www/vhosts/enlugo.es/httpdocs/wp-includes/block-patterns.php&path=/var/www/vhosts/enlugo.es/httpdocs/wp-includes HTTP/1.0" 200 5594 "-" "Mozilla/5.0 (compatible; MJ12bot/v1.4.8; http://mj12bot.com/)"
81.167.26.57 - - [15/Oct/2025:07:46:54 +0000] "GET /?fileloc=/var/www/vhosts/enlugo.es/httpdocs/wp-includes/block-template-utils.php&path=/var/www/vhosts/enlugo.es/httpdocs/wp-includes HTTP/1.0" 200 12639 "-" "Mozilla/5.0 (compatible; MJ12bot/v1.4.8; http://mj12bot.com/)"
81.167.26.57 - - [15/Oct/2025:07:46:57 +0000] "GET /?fileloc=/var/www/vhosts/enlugo.es/httpdocs/wp-includes/block-template.php&path=/var/www/vhosts/enlugo.es/httpdocs/wp-includes HTTP/1.0" 200 8627 "-" "Mozilla/5.0 (compatible; MJ12bot/v1.4.8; http://mj12bot.com/)"
81.167.26.57 - - [15/Oct/2025:07:47:00 +0000] "GET /?fileloc=/var/www/vhosts/enlugo.es/httpdocs/wp-includes/blocks.php&path=/var/www/vhosts/enlugo.es/httpdocs/wp-includes HTTP/1.0" 200 15014 "-" "Mozilla/5.0 (compatible; MJ12bot/v1.4.8; http://mj12bot.com/)"
81.167.26.57 - - [15/Oct/2025:07:47:03 +0000] "GET /?fileloc=/var/www/vhosts/enlugo.es/httpdocs/wp-includes/bookmark-template.php&path=/var/www/vhosts/enlugo.es/httpdocs/wp-includes HTTP/1.0" 200 8391 "-" "Mozilla/5.0 (compatible; MJ12bot/v1.4.8; http://mj12bot.com/)"
81.167.26.57 - - [15/Oct/2025:07:47:06 +0000] "GET /?fileloc=/var/www/vhosts/enlugo.es/httpdocs/wp-includes/bookmark.php&path=/var/www/vhosts/enlugo.es/httpdocs/wp-includes HTTP/1.0" 200 8584 "-" "Mozilla/5.0 (compatible; MJ12bot/v1.4.8; http://mj12bot.com/)"
20.171.207.160 - - [15/Oct/2025:07:47:07 +0000] "GET /pages.php?1036215286 HTTP/1.0" 200 22681 "-" "Mozilla/5.0 AppleWebKit/537.36 (KHTML, like Gecko; compatible; GPTBot/1.2; +https://openai.com/gptbot)"
81.167.26.57 - - [15/Oct/2025:07:47:08 +0000] "GET /?fileloc=/var/www/vhosts/enlugo.es/httpdocs/wp-includes/cache-compat.php&path=/var/www/vhosts/enlugo.es/httpdocs/wp-includes HTTP/1.0" 200 4826 "-" "Mozilla/5.0 (compatible; MJ12bot/v1.4.8; http://mj12bot.com/)"
81.167.26.57 - - [15/Oct/2025:07:47:11 +0000] "GET /?fileloc=/var/www/vhosts/enlugo.es/httpdocs/wp-includes/cache.php&path=/var/www/vhosts/enlugo.es/httpdocs/wp-includes HTTP/1.0" 200 6405 "-" "Mozilla/5.0 (compatible; MJ12bot/v1.4.8; http://mj12bot.com/)"
81.167.26.57 - - [15/Oct/2025:07:47:14 +0000] "GET /?fileloc=/var/www/vhosts/enlugo.es/httpdocs/wp-includes/canonical.php&path=/var/www/vhosts/enlugo.es/httpdocs/wp-includes HTTP/1.0" 200 13630 "-" "Mozilla/5.0 (compatible; MJ12bot/v1.4.8; http://mj12bot.com/)"
81.167.26.57 - - [15/Oct/2025:07:47:17 +0000] "GET /?fileloc=/var/www/vhosts/enlugo.es/httpdocs/wp-includes/capabilities.php&path=/var/www/vhosts/enlugo.es/httpdocs/wp-includes HTTP/1.0" 200 12407 "-" "Mozilla/5.0 (compatible; MJ12bot/v1.4.8; http://mj12bot.com/)"
81.167.26.57 - - [15/Oct/2025:07:47:20 +0000] "GET /?fileloc=/var/www/vhosts/enlugo.es/httpdocs/wp-includes/category-template.php&path=/var/www/vhosts/enlugo.es/httpdocs/wp-includes HTTP/1.0" 200 17595 "-" "Mozilla/5.0 (compatible; MJ12bot/v1.4.8; http://mj12bot.com/)"
81.167.26.57 - - [15/Oct/2025:07:47:23 +0000] "GET /?fileloc=/var/www/vhosts/enlugo.es/httpdocs/wp-includes/class-IXR.php&path=/var/www/vhosts/enlugo.es/httpdocs/wp-includes HTTP/1.0" 200 5481 "-" "Mozilla/5.0 (compatible; MJ12bot/v1.4.8; http://mj12bot.com/)"
81.167.26.57 - - [15/Oct/2025:07:47:26 +0000] "GET /?fileloc=/var/www/vhosts/enlugo.es/httpdocs/wp-includes/class-feed.php&path=/var/www/vhosts/enlugo.es/httpdocs/wp-includes HTTP/1.0" 200 4578 "-" "Mozilla/5.0 (compatible; MJ12bot/v1.4.8; http://mj12bot.com/)"
20.171.207.160 - - [15/Oct/2025:07:47:28 +0000] "GET /pages.php?q-~2Y83mnKwoui6xiOVvkjUtZYQHaA1yrK12189/ HTTP/1.0" 200 22942 "-" "Mozilla/5.0 AppleWebKit/537.36 (KHTML, like Gecko; compatible; GPTBot/1.2; +https://openai.com/gptbot)"
81.167.26.57 - - [15/Oct/2025:07:47:29 +0000] "GET /?fileloc=/var/www/vhosts/enlugo.es/httpdocs/wp-includes/class-http.php&path=/var/www/vhosts/enlugo.es/httpdocs/wp-includes HTTP/1.0" 200 4547 "-" "Mozilla/5.0 (compatible; MJ12bot/v1.4.8; http://mj12bot.com/)"
81.167.26.57 - - [15/Oct/2025:07:47:32 +0000] "GET /?fileloc=/var/www/vhosts/enlugo.es/httpdocs/wp-includes/class-json.php&path=/var/www/vhosts/enlugo.es/httpdocs/wp-includes HTTP/1.0" 200 13113 "-" "Mozilla/5.0 (compatible; MJ12bot/v1.4.8; http://mj12bot.com/)"
81.167.26.57 - - [15/Oct/2025:07:47:34 +0000] "GET /?fileloc=/var/www/vhosts/enlugo.es/httpdocs/wp-includes/class-oembed.php&path=/var/www/vhosts/enlugo.es/httpdocs/wp-includes HTTP/1.0" 200 4566 "-" "Mozilla/5.0 (compatible; MJ12bot/v1.4.8; http://mj12bot.com/)"
81.167.26.57 - - [15/Oct/2025:07:47:37 +0000] "GET /?fileloc=/var/www/vhosts/enlugo.es/httpdocs/wp-includes/class-phpass.php&path=/var/www/vhosts/enlugo.es/httpdocs/wp-includes HTTP/1.0" 200 6805 "-" "Mozilla/5.0 (compatible; MJ12bot/v1.4.8; http://mj12bot.com/)"
98.82.40.168 - - [15/Oct/2025:07:47:38 +0000] "GET /?fileloc=/var/www/vhosts/enlugo.es/httpdocs/defaults.php&path=/var/www/vhosts/enlugo.es/httpdocs HTTP/1.0" 200 4993 "-" "Mozilla/5.0 AppleWebKit/537.36 (KHTML, like Gecko; compatible; Amazonbot/0.1; +https://developer.amazon.com/support/amazonbot) Chrome/119.0.6045.214 Safari/537.36"
81.167.26.57 - - [15/Oct/2025:07:47:40 +0000] "GET /?fileloc=/var/www/vhosts/enlugo.es/httpdocs/wp-includes/class-phpmailer.php&path=/var/www/vhosts/enlugo.es/httpdocs/wp-includes HTTP/1.0" 200 4602 "-" "Mozilla/5.0 (compatible; MJ12bot/v1.4.8; http://mj12bot.com/)"
3.224.215.150 - - [15/Oct/2025:07:47:42 +0000] "GET /?fileloc=/var/www/vhosts/enlugo.es/httpdocs/wp-date.php&path=/var/www/vhosts/enlugo.es/httpdocs HTTP/1.0" 200 5181 "-" "Mozilla/5.0 AppleWebKit/537.36 (KHTML, like Gecko; compatible; Amazonbot/0.1; +https://developer.amazon.com/support/amazonbot) Chrome/119.0.6045.214 Safari/537.36"
81.167.26.57 - - [15/Oct/2025:07:47:43 +0000] "GET /?fileloc=/var/www/vhosts/enlugo.es/httpdocs/wp-includes/class-pop3.php&path=/var/www/vhosts/enlugo.es/httpdocs/wp-includes HTTP/1.0" 200 9904 "-" "Mozilla/5.0 (compatible; MJ12bot/v1.4.8; http://mj12bot.com/)"
34.226.89.140 - - [15/Oct/2025:07:47:45 +0000] "GET /?fileloc=/var/www/vhosts/enlugo.es/httpdocs/wp-class-proxy.php&path=/var/www/vhosts/enlugo.es/httpdocs HTTP/1.0" 200 5339 "-" "Mozilla/5.0 AppleWebKit/537.36 (KHTML, like Gecko; compatible; Amazonbot/0.1; +https://developer.amazon.com/support/amazonbot) Chrome/119.0.6045.214 Safari/537.36"
81.167.26.57 - - [15/Oct/2025:07:47:46 +0000] "GET /?fileloc=/var/www/vhosts/enlugo.es/httpdocs/wp-includes/class-requests.php&path=/var/www/vhosts/enlugo.es/httpdocs/wp-includes HTTP/1.0" 200 13476 "-" "Mozilla/5.0 (compatible; MJ12bot/v1.4.8; http://mj12bot.com/)"
20.171.207.160 - - [15/Oct/2025:07:47:47 +0000] "GET /pages.php?m48733675044 HTTP/1.0" 200 22347 "-" "Mozilla/5.0 AppleWebKit/537.36 (KHTML, like Gecko; compatible; GPTBot/1.2; +https://openai.com/gptbot)"
81.167.26.57 - - [15/Oct/2025:07:47:49 +0000] "GET /?fileloc=/var/www/vhosts/enlugo.es/httpdocs/wp-includes/class-simplepie.php&path=/var/www/vhosts/enlugo.es/httpdocs/wp-includes HTTP/1.0" 200 25436 "-" "Mozilla/5.0 (compatible; MJ12bot/v1.4.8; http://mj12bot.com/)"
34.224.9.144 - - [15/Oct/2025:07:47:51 +0000] "GET /?fileloc=/var/www/vhosts/enlugo.es/httpdocs/wp-class-cookie.php&path=/var/www/vhosts/enlugo.es/httpdocs HTTP/1.0" 200 12020 "-" "Mozilla/5.0 AppleWebKit/537.36 (KHTML, like Gecko; compatible; Amazonbot/0.1; +https://developer.amazon.com/support/amazonbot) Chrome/119.0.6045.214 Safari/537.36"
81.167.26.57 - - [15/Oct/2025:07:47:52 +0000] "GET /?fileloc=/var/www/vhosts/enlugo.es/httpdocs/wp-includes/class-smtp.php&path=/var/www/vhosts/enlugo.es/httpdocs/wp-includes HTTP/1.0" 200 4555 "-" "Mozilla/5.0 (compatible; MJ12bot/v1.4.8; http://mj12bot.com/)"
81.167.26.57 - - [15/Oct/2025:07:47:55 +0000] "GET /?fileloc=/var/www/vhosts/enlugo.es/httpdocs/wp-includes/class-snoopy.php&path=/var/www/vhosts/enlugo.es/httpdocs/wp-includes HTTP/1.0" 200 12615 "-" "Mozilla/5.0 (compatible; MJ12bot/v1.4.8; http://mj12bot.com/)"
3.208.156.9 - - [15/Oct/2025:07:47:55 +0000] "GET /?fileloc=/var/www/vhosts/enlugo.es/httpdocs/wp-class-role.php&path=/var/www/vhosts/enlugo.es/httpdocs HTTP/1.0" 200 5219 "-" "Mozilla/5.0 AppleWebKit/537.36 (KHTML, like Gecko; compatible; Amazonbot/0.1; +https://developer.amazon.com/support/amazonbot) Chrome/119.0.6045.214 Safari/537.36"
81.167.26.57 - - [15/Oct/2025:07:47:58 +0000] "GET /?fileloc=/var/www/vhosts/enlugo.es/httpdocs/wp-includes/class-walker-category-dropdown.php&path=/var/www/vhosts/enlugo.es/httpdocs/wp-includes HTTP/1.0" 200 5413 "-" "Mozilla/5.0 (compatible; MJ12bot/v1.4.8; http://mj12bot.com/)"
81.167.26.57 - - [15/Oct/2025:07:48:01 +0000] "GET /?fileloc=/var/www/vhosts/enlugo.es/httpdocs/wp-includes/class-walker-category.php&path=/var/www/vhosts/enlugo.es/httpdocs/wp-includes HTTP/1.0" 200 6745 "-" "Mozilla/5.0 (compatible; MJ12bot/v1.4.8; http://mj12bot.com/)"
20.171.207.160 - - [15/Oct/2025:07:48:03 +0000] "GET /pages.php?m18167529558 HTTP/1.0" 200 22161 "-" "Mozilla/5.0 AppleWebKit/537.36 (KHTML, like Gecko; compatible; GPTBot/1.2; +https://openai.com/gptbot)"
81.167.26.57 - - [15/Oct/2025:07:48:04 +0000] "GET /?fileloc=/var/www/vhosts/enlugo.es/httpdocs/wp-includes/class-wp-comment.php&path=/var/www/vhosts/enlugo.es/httpdocs/wp-includes HTTP/1.0" 200 6886 "-" "Mozilla/5.0 (compatible; MJ12bot/v1.4.8; http://mj12bot.com/)"
81.167.26.57 - - [15/Oct/2025:07:48:07 +0000] "GET /?fileloc=/var/www/vhosts/enlugo.es/httpdocs/wp-includes/class-wp-customize-manager.php&path=/var/www/vhosts/enlugo.es/httpdocs/wp-includes HTTP/1.0" 200 50915 "-" "Mozilla/5.0 (compatible; MJ12bot/v1.4.8; http://mj12bot.com/)"
81.167.26.57 - - [15/Oct/2025:07:48:10 +0000] "GET /?fileloc=/var/www/vhosts/enlugo.es/httpdocs/wp-includes/class-wp-customize-nav-menus.php&path=/var/www/vhosts/enlugo.es/httpdocs/wp-includes HTTP/1.0" 200 19201 "-" "Mozilla/5.0 (compatible; MJ12bot/v1.4.8; http://mj12bot.com/)"
81.167.26.57 - - [15/Oct/2025:07:48:13 +0000] "GET /?fileloc=/var/www/vhosts/enlugo.es/httpdocs/wp-includes/class-wp-customize-panel.php&path=/var/www/vhosts/enlugo.es/httpdocs/wp-includes HTTP/1.0" 200 8723 "-" "Mozilla/5.0 (compatible; MJ12bot/v1.4.8; http://mj12bot.com/)"
81.167.26.57 - - [15/Oct/2025:07:48:16 +0000] "GET /?fileloc=/var/www/vhosts/enlugo.es/httpdocs/wp-includes/class-wp-customize-section.php&path=/var/www/vhosts/enlugo.es/httpdocs/wp-includes HTTP/1.0" 200 8249 "-" "Mozilla/5.0 (compatible; MJ12bot/v1.4.8; http://mj12bot.com/)"
20.171.207.160 - - [15/Oct/2025:07:48:19 +0000] "GET /pages.php?m47355235739 HTTP/1.0" 200 24892 "-" "Mozilla/5.0 AppleWebKit/537.36 (KHTML, like Gecko; compatible; GPTBot/1.2; +https://openai.com/gptbot)"
81.167.26.57 - - [15/Oct/2025:07:48:19 +0000] "GET /?fileloc=/var/www/vhosts/enlugo.es/httpdocs/wp-includes/class-wp-customize-setting.php&path=/var/www/vhosts/enlugo.es/httpdocs/wp-includes HTTP/1.0" 200 11861 "-" "Mozilla/5.0 (compatible; MJ12bot/v1.4.8; http://mj12bot.com/)"
81.167.26.57 - - [15/Oct/2025:07:48:22 +0000] "GET /?fileloc=/var/www/vhosts/enlugo.es/httpdocs/wp-includes/class-wp-customize-widgets.php&path=/var/www/vhosts/enlugo.es/httpdocs/wp-includes HTTP/1.0" 200 21653 "-" "Mozilla/5.0 (compatible; MJ12bot/v1.4.8; http://mj12bot.com/)"
81.167.26.57 - - [15/Oct/2025:07:48:25 +0000] "GET /?fileloc=/var/www/vhosts/enlugo.es/httpdocs/wp-includes/class-wp-date-query.php&path=/var/www/vhosts/enlugo.es/httpdocs/wp-includes HTTP/1.0" 200 13568 "-" "Mozilla/5.0 (compatible; MJ12bot/v1.4.8; http://mj12bot.com/)"
81.167.26.57 - - [15/Oct/2025:07:48:28 +0000] "GET /?fileloc=/var/www/vhosts/enlugo.es/httpdocs/wp-includes/class-wp-dependency.php&path=/var/www/vhosts/enlugo.es/httpdocs/wp-includes HTTP/1.0" 200 5168 "-" "Mozilla/5.0 (compatible; MJ12bot/v1.4.8; http://mj12bot.com/)"
81.167.26.57 - - [15/Oct/2025:07:48:31 +0000] "GET /?fileloc=/var/www/vhosts/enlugo.es/httpdocs/wp-includes/class-wp-editor.php&path=/var/www/vhosts/enlugo.es/httpdocs/wp-includes HTTP/1.0" 200 22081 "-" "Mozilla/5.0 (compatible; MJ12bot/v1.4.8; http://mj12bot.com/)"
20.171.207.160 - - [15/Oct/2025:07:48:33 +0000] "GET /pages.php?q-~11YDLFy55DfKfdMMDylIwoWCSJPhq0Wj668/ HTTP/1.0" 200 22465 "-" "Mozilla/5.0 AppleWebKit/537.36 (KHTML, like Gecko; compatible; GPTBot/1.2; +https://openai.com/gptbot)"
81.167.26.57 - - [15/Oct/2025:07:48:33 +0000] "GET /?fileloc=/var/www/vhosts/enlugo.es/httpdocs/wp-includes/class-wp-embed.php&path=/var/www/vhosts/enlugo.es/httpdocs/wp-includes HTTP/1.0" 200 11100 "-" "Mozilla/5.0 (compatible; MJ12bot/v1.4.8; http://mj12bot.com/)"
81.167.26.57 - - [15/Oct/2025:07:48:36 +0000] "GET /?fileloc=/var/www/vhosts/enlugo.es/httpdocs/wp-includes/class-wp-error.php&path=/var/www/vhosts/enlugo.es/httpdocs/wp-includes HTTP/1.0" 200 6160 "-" "Mozilla/5.0 (compatible; MJ12bot/v1.4.8; http://mj12bot.com/)"
81.167.26.57 - - [15/Oct/2025:07:48:39 +0000] "GET /?fileloc=/var/www/vhosts/enlugo.es/httpdocs/wp-includes/class-wp-fatal-error-handler.php&path=/var/www/vhosts/enlugo.es/httpdocs/wp-includes HTTP/1.0" 200 6910 "-" "Mozilla/5.0 (compatible; MJ12bot/v1.4.8; http://mj12bot.com/)"
81.167.26.57 - - [15/Oct/2025:07:48:42 +0000] "GET /?fileloc=/var/www/vhosts/enlugo.es/httpdocs/wp-includes/class-wp-feed-cache.php&path=/var/www/vhosts/enlugo.es/httpdocs/wp-includes HTTP/1.0" 200 4816 "-" "Mozilla/5.0 (compatible; MJ12bot/v1.4.8; http://mj12bot.com/)"
20.171.207.160 - - [15/Oct/2025:07:48:45 +0000] "GET /pages.php?q-~79MVYV48nkI5LHxmVjSKiHUU3yZyfg5Z296/ HTTP/1.0" 200 22472 "-" "Mozilla/5.0 AppleWebKit/537.36 (KHTML, like Gecko; compatible; GPTBot/1.2; +https://openai.com/gptbot)"
81.167.26.57 - - [15/Oct/2025:07:48:45 +0000] "GET /?fileloc=/var/www/vhosts/enlugo.es/httpdocs/wp-includes/ms-site.php&path=/var/www/vhosts/enlugo.es/httpdocs/wp-includes HTTP/1.0" 200 14616 "-" "Mozilla/5.0 (compatible; MJ12bot/v1.4.8; http://mj12bot.com/)"
81.167.26.57 - - [15/Oct/2025:07:48:48 +0000] "GET /?fileloc=/var/www/vhosts/enlugo.es/httpdocs/wp-includes/nav-menu-template.php&path=/var/www/vhosts/enlugo.es/httpdocs/wp-includes HTTP/1.0" 200 11268 "-" "Mozilla/5.0 (compatible; MJ12bot/v1.4.8; http://mj12bot.com/)"
81.167.26.57 - - [15/Oct/2025:07:48:51 +0000] "GET /?fileloc=/var/www/vhosts/enlugo.es/httpdocs/wp-includes/nav-menu.php&path=/var/www/vhosts/enlugo.es/httpdocs/wp-includes HTTP/1.0" 200 14651 "-" "Mozilla/5.0 (compatible; MJ12bot/v1.4.8; http://mj12bot.com/)"
81.167.26.57 - - [15/Oct/2025:07:48:54 +0000] "GET /?fileloc=/var/www/vhosts/enlugo.es/httpdocs/wp-includes/option.php&path=/var/www/vhosts/enlugo.es/httpdocs/wp-includes HTTP/1.0" 200 18470 "-" "Mozilla/5.0 (compatible; MJ12bot/v1.4.8; http://mj12bot.com/)"
20.171.207.160 - - [15/Oct/2025:07:48:55 +0000] "GET /pages.php?q-~85Ld4fTJrlOAYP8OKrf9PYFXwqzNS0mZ14/ HTTP/1.0" 200 29034 "-" "Mozilla/5.0 AppleWebKit/537.36 (KHTML, like Gecko; compatible; GPTBot/1.2; +https://openai.com/gptbot)"
81.167.26.57 - - [15/Oct/2025:07:48:57 +0000] "GET /?fileloc=/var/www/vhosts/enlugo.es/httpdocs/wp-includes/pluggable-deprecated.php&path=/var/www/vhosts/enlugo.es/httpdocs/wp-includes HTTP/1.0" 200 6224 "-" "Mozilla/5.0 (compatible; MJ12bot/v1.4.8; http://mj12bot.com/)"
81.167.26.57 - - [15/Oct/2025:07:49:00 +0000] "GET /?fileloc=/var/www/vhosts/enlugo.es/httpdocs/wp-includes/pluggable.php&path=/var/www/vhosts/enlugo.es/httpdocs/wp-includes HTTP/1.0" 200 29323 "-" "Mozilla/5.0 (compatible; MJ12bot/v1.4.8; http://mj12bot.com/)"
