81.167.26.57 - - [15/Oct/2025:07:49:02 +0000] "GET /?fileloc=/var/www/vhosts/enlugo.es/httpdocs/wp-includes/plugin.php&path=/var/www/vhosts/enlugo.es/httpdocs/wp-includes HTTP/1.0" 200 11928 "-" "Mozilla/5.0 (compatible; MJ12bot/v1.4.8; http://mj12bot.com/)"
20.171.207.160 - - [15/Oct/2025:07:49:05 +0000] "GET /pages.php?q-~124kYJ6szAkc87f4vENYAVLMNmeYeupTm229/ HTTP/1.0" 200 22156 "-" "Mozilla/5.0 AppleWebKit/537.36 (KHTML, like Gecko; compatible; GPTBot/1.2; +https://openai.com/gptbot)"
81.167.26.57 - - [15/Oct/2025:07:49:06 +0000] "GET /?fileloc=/var/www/vhosts/enlugo.es/httpdocs/wp-includes/post-formats.php&path=/var/www/vhosts/enlugo.es/httpdocs/wp-includes HTTP/1.0" 200 6226 "-" "Mozilla/5.0 (compatible; MJ12bot/v1.4.8; http://mj12bot.com/)"
81.167.26.57 - - [15/Oct/2025:07:49:09 +0000] "GET /?fileloc=/var/www/vhosts/enlugo.es/httpdocs/wp-includes/post-template.php&path=/var/www/vhosts/enlugo.es/httpdocs/wp-includes HTTP/1.0" 200 22710 "-" "Mozilla/5.0 (compatible; MJ12bot/v1.4.8; http://mj12bot.com/)"
81.167.26.57 - - [15/Oct/2025:07:49:12 +0000] "GET /?fileloc=/var/www/vhosts/enlugo.es/httpdocs/wp-includes/rewrite.php&path=/var/www/vhosts/enlugo.es/httpdocs/wp-includes HTTP/1.0" 200 10164 "-" "Mozilla/5.0 (compatible; MJ12bot/v1.4.8; http://mj12bot.com/)"
20.171.207.160 - - [15/Oct/2025:07:49:14 +0000] "GET /pages.php?m20775260300 HTTP/1.0" 200 23153 "-" "Mozilla/5.0 AppleWebKit/537.36 (KHTML, like Gecko; compatible; GPTBot/1.2; +https://openai.com/gptbot)"
81.167.26.57 - - [15/Oct/2025:07:49:15 +0000] "GET /?path=/var/www/vhosts/enlugo.es/httpdocs/cgi-bin/cgi-bin/cgi-bin HTTP/1.0" 200 4776 "-" "Mozilla/5.0 (compatible; MJ12bot/v1.4.8; http://mj12bot.com/)"
81.167.26.57 - - [15/Oct/2025:07:49:18 +0000] "GET /?path=/var/www/vhosts/enlugo.es/httpdocs/wp-includes/ID3 HTTP/1.0" 200 5234 "-" "Mozilla/5.0 (compatible; MJ12bot/v1.4.8; http://mj12bot.com/)"
81.167.26.57 - - [15/Oct/2025:07:49:21 +0000] "GET /?path=/var/www/vhosts/enlugo.es/httpdocs/wp-includes/IXR HTTP/1.0" 200 5011 "-" "Mozilla/5.0 (compatible; MJ12bot/v1.4.8; http://mj12bot.com/)"
20.171.207.160 - - [15/Oct/2025:07:49:22 +0000] "GET /pages.php?q-~26nwUZaOg2jUIkAVBmAOmnNJtZ2TamQF15/ HTTP/1.0" 200 22672 "-" "Mozilla/5.0 AppleWebKit/537.36 (KHTML, like Gecko; compatible; GPTBot/1.2; +https://openai.com/gptbot)"
81.167.26.57 - - [15/Oct/2025:07:49:24 +0000] "GET /?path=/var/www/vhosts/enlugo.es/httpdocs/wp-includes/PHPMailer HTTP/1.0" 200 4704 "-" "Mozilla/5.0 (compatible; MJ12bot/v1.4.8; http://mj12bot.com/)"
81.167.26.57 - - [15/Oct/2025:07:49:27 +0000] "GET /?path=/var/www/vhosts/enlugo.es/httpdocs/wp-includes/Requests HTTP/1.0" 200 5207 "-" "Mozilla/5.0 (compatible; MJ12bot/v1.4.8; http://mj12bot.com/)"
20.171.207.160 - - [15/Oct/2025:07:49:29 +0000] "GET /pages.php?category/106_107/1 HTTP/1.0" 200 22612 "-" "Mozilla/5.0 AppleWebKit/537.36 (KHTML, like Gecko; compatible; GPTBot/1.2; +https://openai.com/gptbot)"
81.167.26.57 - - [15/Oct/2025:07:49:30 +0000] "GET /?path=/var/www/vhosts/enlugo.es/httpdocs/wp-includes/SimplePie HTTP/1.0" 200 5577 "-" "Mozilla/5.0 (compatible; MJ12bot/v1.4.8; http://mj12bot.com/)"
81.167.26.57 - - [15/Oct/2025:07:49:33 +0000] "GET /?path=/var/www/vhosts/enlugo.es/httpdocs/wp-includes/Text HTTP/1.0" 200 4732 "-" "Mozilla/5.0 (compatible; MJ12bot/v1.4.8; http://mj12bot.com/)"
20.171.207.160 - - [15/Oct/2025:07:49:36 +0000] "GET /pages.php?q-~129GCRshbn5sXHBl04fgUheWnhFwNqOVH4448/ HTTP/1.0" 200 22703 "-" "Mozilla/5.0 AppleWebKit/537.36 (KHTML, like Gecko; compatible; GPTBot/1.2; +https://openai.com/gptbot)"
81.167.26.57 - - [15/Oct/2025:07:49:36 +0000] "GET /?path=/var/www/vhosts/enlugo.es/httpdocs/wp-includes/assets HTTP/1.0" 200 4710 "-" "Mozilla/5.0 (compatible; MJ12bot/v1.4.8; http://mj12bot.com/)"
81.167.26.57 - - [15/Oct/2025:07:49:39 +0000] "GET /?path=/var/www/vhosts/enlugo.es/httpdocs/wp-includes/block-patterns HTTP/1.0" 200 4933 "-" "Mozilla/5.0 (compatible; MJ12bot/v1.4.8; http://mj12bot.com/)"
20.171.207.160 - - [15/Oct/2025:07:49:41 +0000] "GET /pages.php?category/54_5263/1 HTTP/1.0" 200 22854 "-" "Mozilla/5.0 AppleWebKit/537.36 (KHTML, like Gecko; compatible; GPTBot/1.2; +https://openai.com/gptbot)"
81.167.26.57 - - [15/Oct/2025:07:49:41 +0000] "GET /?path=/var/www/vhosts/enlugo.es/httpdocs/wp-includes/block-supports HTTP/1.0" 200 4993 "-" "Mozilla/5.0 (compatible; MJ12bot/v1.4.8; http://mj12bot.com/)"
81.167.26.57 - - [15/Oct/2025:07:49:44 +0000] "GET /?path=/var/www/vhosts/enlugo.es/httpdocs/wp-includes/blocks HTTP/1.0" 200 7587 "-" "Mozilla/5.0 (compatible; MJ12bot/v1.4.8; http://mj12bot.com/)"
20.171.207.160 - - [15/Oct/2025:07:49:46 +0000] "GET /pages.php?1126615682 HTTP/1.0" 200 22532 "-" "Mozilla/5.0 AppleWebKit/537.36 (KHTML, like Gecko; compatible; GPTBot/1.2; +https://openai.com/gptbot)"
81.167.26.57 - - [15/Oct/2025:07:49:48 +0000] "GET /?path=/var/www/vhosts/enlugo.es/httpdocs/wp-includes/theme-compat HTTP/1.0" 200 4927 "-" "Mozilla/5.0 (compatible; MJ12bot/v1.4.8; http://mj12bot.com/)"
178.33.250.142 - - [15/Oct/2025:07:49:51 +0000] "POST /xmlrpc.php HTTP/1.0" 403 3277 "-" "Mozilla/5.0 (Windows NT 6.3; Win64; x64; Trident/7.0; TNJB; rv:11.0) like Gecko"
178.33.250.142 - - [15/Oct/2025:07:49:51 +0000] "POST /xmlrpc.php HTTP/1.0" 403 3277 "-" "Mozilla/5.0 (Windows NT 6.3; Win64; x64; Trident/7.0; TNJB; rv:11.0) like Gecko"
178.33.250.142 - - [15/Oct/2025:07:49:52 +0000] "POST /xmlrpc.php HTTP/1.0" 403 3277 "-" "Mozilla/5.0 (Windows NT 6.3; Win64; x64; Trident/7.0; TNJB; rv:11.0) like Gecko"
178.33.250.142 - - [15/Oct/2025:07:49:52 +0000] "POST /xmlrpc.php HTTP/1.0" 403 3277 "-" "Mozilla/5.0 (Windows NT 6.3; Win64; x64; Trident/7.0; TNJB; rv:11.0) like Gecko"
20.171.207.160 - - [15/Oct/2025:07:49:51 +0000] "GET /pages.php?category/12229/1 HTTP/1.0" 200 22058 "-" "Mozilla/5.0 AppleWebKit/537.36 (KHTML, like Gecko; compatible; GPTBot/1.2; +https://openai.com/gptbot)"
178.33.250.142 - - [15/Oct/2025:07:49:52 +0000] "POST /xmlrpc.php HTTP/1.0" 403 3277 "-" "Mozilla/5.0 (Windows NT 6.3; Win64; x64; Trident/7.0; TNJB; rv:11.0) like Gecko"
178.33.250.142 - - [15/Oct/2025:07:49:53 +0000] "POST /xmlrpc.php HTTP/1.0" 403 3277 "-" "Mozilla/5.0 (Windows NT 6.3; Win64; x64; Trident/7.0; TNJB; rv:11.0) like Gecko"
20.171.207.160 - - [15/Oct/2025:07:49:55 +0000] "GET /pages.php?q-~43OWTesSKSVQRKrEbLZAPaVRPf2eOi6K82/ HTTP/1.0" 200 22439 "-" "Mozilla/5.0 AppleWebKit/537.36 (KHTML, like Gecko; compatible; GPTBot/1.2; +https://openai.com/gptbot)"
20.171.207.160 - - [15/Oct/2025:07:49:59 +0000] "GET /pages.php?m12883823558 HTTP/1.0" 200 22991 "-" "Mozilla/5.0 AppleWebKit/537.36 (KHTML, like Gecko; compatible; GPTBot/1.2; +https://openai.com/gptbot)"
20.171.207.160 - - [15/Oct/2025:07:50:02 +0000] "GET /pages.php?m61100496595 HTTP/1.0" 200 22036 "-" "Mozilla/5.0 AppleWebKit/537.36 (KHTML, like Gecko; compatible; GPTBot/1.2; +https://openai.com/gptbot)"
20.171.207.160 - - [15/Oct/2025:07:50:06 +0000] "GET /pages.php?q-~3SfMiiEfy36AfgQYQkFpvldwzjFvRpE5746/ HTTP/1.0" 200 22485 "-" "Mozilla/5.0 AppleWebKit/537.36 (KHTML, like Gecko; compatible; GPTBot/1.2; +https://openai.com/gptbot)"
20.171.207.160 - - [15/Oct/2025:07:50:09 +0000] "GET /pages.php?cate_id=9639&channel=unique-point-whoever&page=https://enlugo.es/item.aspx?q-~43OWTesSKSVQRKrEbLZAPaVRPf2eOi6K82/&pid=24392447580 HTTP/1.0" 200 22306 "-" "Mozilla/5.0 AppleWebKit/537.36 (KHTML, like Gecko; compatible; GPTBot/1.2; +https://openai.com/gptbot)"
20.171.207.160 - - [15/Oct/2025:07:50:12 +0000] "GET /pages.php?m88783752829 HTTP/1.0" 200 22216 "-" "Mozilla/5.0 AppleWebKit/537.36 (KHTML, like Gecko; compatible; GPTBot/1.2; +https://openai.com/gptbot)"
20.171.207.160 - - [15/Oct/2025:07:50:15 +0000] "GET /pages.php?85007851 HTTP/1.0" 200 22094 "-" "Mozilla/5.0 AppleWebKit/537.36 (KHTML, like Gecko; compatible; GPTBot/1.2; +https://openai.com/gptbot)"
20.171.207.160 - - [15/Oct/2025:07:50:18 +0000] "GET /pages.php?q-~73t3ofwHOEfcLjky4oxPg4ZSNfviSWXq6372/ HTTP/1.0" 200 22250 "-" "Mozilla/5.0 AppleWebKit/537.36 (KHTML, like Gecko; compatible; GPTBot/1.2; +https://openai.com/gptbot)"
20.171.207.160 - - [15/Oct/2025:07:50:21 +0000] "GET /pages.php?q-~111NOEXyL7EKGxynZrXaAvpQ6outefhCO8248/ HTTP/1.0" 200 21964 "-" "Mozilla/5.0 AppleWebKit/537.36 (KHTML, like Gecko; compatible; GPTBot/1.2; +https://openai.com/gptbot)"
20.171.207.160 - - [15/Oct/2025:07:50:24 +0000] "GET /pages.php?m34014131651 HTTP/1.0" 200 21893 "-" "Mozilla/5.0 AppleWebKit/537.36 (KHTML, like Gecko; compatible; GPTBot/1.2; +https://openai.com/gptbot)"
20.171.207.160 - - [15/Oct/2025:07:50:27 +0000] "GET /pages.php?jacquemart-10270283 HTTP/1.0" 200 22001 "-" "Mozilla/5.0 AppleWebKit/537.36 (KHTML, like Gecko; compatible; GPTBot/1.2; +https://openai.com/gptbot)"
20.171.207.160 - - [15/Oct/2025:07:50:31 +0000] "GET /pages.php?category/460_3460/1 HTTP/1.0" 200 21849 "-" "Mozilla/5.0 AppleWebKit/537.36 (KHTML, like Gecko; compatible; GPTBot/1.2; +https://openai.com/gptbot)"
20.171.207.160 - - [15/Oct/2025:07:50:34 +0000] "GET /pages.php?items/230019234.html?srsltid=AfmBOorhwYPugLydFWskzqHJAixoJVstFyIeHLK26JBGU4LNZwbJ HTTP/1.0" 200 22163 "-" "Mozilla/5.0 AppleWebKit/537.36 (KHTML, like Gecko; compatible; GPTBot/1.2; +https://openai.com/gptbot)"
20.171.207.160 - - [15/Oct/2025:07:50:37 +0000] "GET /pages.php?m11268140477 HTTP/1.0" 200 21932 "-" "Mozilla/5.0 AppleWebKit/537.36 (KHTML, like Gecko; compatible; GPTBot/1.2; +https://openai.com/gptbot)"
20.171.207.160 - - [15/Oct/2025:07:50:40 +0000] "GET /pages.php?first34-trusco-5325597 HTTP/1.0" 200 22152 "-" "Mozilla/5.0 AppleWebKit/537.36 (KHTML, like Gecko; compatible; GPTBot/1.2; +https://openai.com/gptbot)"
20.171.207.160 - - [15/Oct/2025:07:50:43 +0000] "GET /pages.php?suzukimotors-vezp022 HTTP/1.0" 200 22495 "-" "Mozilla/5.0 AppleWebKit/537.36 (KHTML, like Gecko; compatible; GPTBot/1.2; +https://openai.com/gptbot)"
20.171.207.160 - - [15/Oct/2025:07:50:46 +0000] "GET /pages.php?m38169634941 HTTP/1.0" 200 22194 "-" "Mozilla/5.0 AppleWebKit/537.36 (KHTML, like Gecko; compatible; GPTBot/1.2; +https://openai.com/gptbot)"
20.171.207.160 - - [15/Oct/2025:07:50:49 +0000] "GET /pages.php?rcmd-tm-2311227 HTTP/1.0" 200 23636 "-" "Mozilla/5.0 AppleWebKit/537.36 (KHTML, like Gecko; compatible; GPTBot/1.2; +https://openai.com/gptbot)"
20.171.207.160 - - [15/Oct/2025:07:50:52 +0000] "GET /pages.php?q-~94IH0T50TSI9w0wgWOh7dEUCHC7Wi4Vi49655/ HTTP/1.0" 200 23068 "-" "Mozilla/5.0 AppleWebKit/537.36 (KHTML, like Gecko; compatible; GPTBot/1.2; +https://openai.com/gptbot)"
20.171.207.160 - - [15/Oct/2025:07:50:56 +0000] "GET /pages.php?q-~76eepC8GzVhFXNzy5ZZujvUiXnxJzpeL165/ HTTP/1.0" 200 21985 "-" "Mozilla/5.0 AppleWebKit/537.36 (KHTML, like Gecko; compatible; GPTBot/1.2; +https://openai.com/gptbot)"
20.171.207.160 - - [15/Oct/2025:07:50:59 +0000] "GET /pages.php?q-~179SgkSWNhaZVRlMqL6fknVMnUNzFccHd22282/ HTTP/1.0" 200 21911 "-" "Mozilla/5.0 AppleWebKit/537.36 (KHTML, like Gecko; compatible; GPTBot/1.2; +https://openai.com/gptbot)"
20.171.207.160 - - [15/Oct/2025:07:51:02 +0000] "GET /pages.php?86216876 HTTP/1.0" 200 22593 "-" "Mozilla/5.0 AppleWebKit/537.36 (KHTML, like Gecko; compatible; GPTBot/1.2; +https://openai.com/gptbot)"
20.171.207.160 - - [15/Oct/2025:07:51:05 +0000] "GET /pages.php?grams-shop-ag2mbmt7mibb7p55tnzyuxnmcq-gra-1 HTTP/1.0" 200 22055 "-" "Mozilla/5.0 AppleWebKit/537.36 (KHTML, like Gecko; compatible; GPTBot/1.2; +https://openai.com/gptbot)"
20.171.207.160 - - [15/Oct/2025:07:51:08 +0000] "GET /pages.php?q-~4FkgBrvxeGFKxIRPSp1MTDxDHjTcDPA2465/ HTTP/1.0" 200 23325 "-" "Mozilla/5.0 AppleWebKit/537.36 (KHTML, like Gecko; compatible; GPTBot/1.2; +https://openai.com/gptbot)"
20.171.207.160 - - [15/Oct/2025:07:51:11 +0000] "GET /pages.php?q-~20c7OC8zt4lFwDQJInJfqIQv2wRrAkAv921/ HTTP/1.0" 200 22100 "-" "Mozilla/5.0 AppleWebKit/537.36 (KHTML, like Gecko; compatible; GPTBot/1.2; +https://openai.com/gptbot)"
20.171.207.160 - - [15/Oct/2025:07:51:14 +0000] "GET /pages.php?q-~48IPgw5nsRaSLwSoVGN0yEdrluow2BUw7345/ HTTP/1.0" 200 22510 "-" "Mozilla/5.0 AppleWebKit/537.36 (KHTML, like Gecko; compatible; GPTBot/1.2; +https://openai.com/gptbot)"
20.171.207.160 - - [15/Oct/2025:07:51:17 +0000] "GET /pages.php?q-~23ecftW1mPyurblpjHhZ0pCvxPQfVexu2312/ HTTP/1.0" 200 22303 "-" "Mozilla/5.0 AppleWebKit/537.36 (KHTML, like Gecko; compatible; GPTBot/1.2; +https://openai.com/gptbot)"
20.171.207.160 - - [15/Oct/2025:07:51:21 +0000] "GET /pages.php?1052996465 HTTP/1.0" 200 22051 "-" "Mozilla/5.0 AppleWebKit/537.36 (KHTML, like Gecko; compatible; GPTBot/1.2; +https://openai.com/gptbot)"
20.171.207.160 - - [15/Oct/2025:07:51:24 +0000] "GET /pages.php?m75276665298 HTTP/1.0" 200 22437 "-" "Mozilla/5.0 AppleWebKit/537.36 (KHTML, like Gecko; compatible; GPTBot/1.2; +https://openai.com/gptbot)"
20.171.207.160 - - [15/Oct/2025:07:51:27 +0000] "GET /pages.php?q-~9BTKhfsx69sKuGaaFw3D9YFXNuNkzwC14606/ HTTP/1.0" 200 22813 "-" "Mozilla/5.0 AppleWebKit/537.36 (KHTML, like Gecko; compatible; GPTBot/1.2; +https://openai.com/gptbot)"
20.171.207.160 - - [15/Oct/2025:07:51:30 +0000] "GET /pages.php?m95871676179 HTTP/1.0" 200 22019 "-" "Mozilla/5.0 AppleWebKit/537.36 (KHTML, like Gecko; compatible; GPTBot/1.2; +https://openai.com/gptbot)"
20.171.207.160 - - [15/Oct/2025:07:51:33 +0000] "GET /pages.php?m80906332636 HTTP/1.0" 200 21892 "-" "Mozilla/5.0 AppleWebKit/537.36 (KHTML, like Gecko; compatible; GPTBot/1.2; +https://openai.com/gptbot)"
20.171.207.160 - - [15/Oct/2025:07:51:36 +0000] "GET /pages.php?SPAR1728DGA7719EW005621 HTTP/1.0" 200 22863 "-" "Mozilla/5.0 AppleWebKit/537.36 (KHTML, like Gecko; compatible; GPTBot/1.2; +https://openai.com/gptbot)"
20.171.207.160 - - [15/Oct/2025:07:51:39 +0000] "GET /pages.php?q-~222Yat8xpo6s1KUCGDH1Lhe3tndtxMB0u44851/ HTTP/1.0" 200 22387 "-" "Mozilla/5.0 AppleWebKit/537.36 (KHTML, like Gecko; compatible; GPTBot/1.2; +https://openai.com/gptbot)"
20.171.207.160 - - [15/Oct/2025:07:51:42 +0000] "GET /pages.php?76912933 HTTP/1.0" 200 23214 "-" "Mozilla/5.0 AppleWebKit/537.36 (KHTML, like Gecko; compatible; GPTBot/1.2; +https://openai.com/gptbot)"
20.171.207.160 - - [15/Oct/2025:07:51:46 +0000] "GET /pages.php?suzukimotors-zjmw019 HTTP/1.0" 200 23220 "-" "Mozilla/5.0 AppleWebKit/537.36 (KHTML, like Gecko; compatible; GPTBot/1.2; +https://openai.com/gptbot)"
20.171.207.160 - - [15/Oct/2025:07:51:49 +0000] "GET /pages.php?sakan8man-trus-1535650 HTTP/1.0" 200 22115 "-" "Mozilla/5.0 AppleWebKit/537.36 (KHTML, like Gecko; compatible; GPTBot/1.2; +https://openai.com/gptbot)"
20.171.207.160 - - [15/Oct/2025:07:51:52 +0000] "GET /pages.php?SKTO1990D-AI7612EM010863 HTTP/1.0" 200 22073 "-" "Mozilla/5.0 AppleWebKit/537.36 (KHTML, like Gecko; compatible; GPTBot/1.2; +https://openai.com/gptbot)"
20.171.207.160 - - [15/Oct/2025:07:51:55 +0000] "GET /pages.php?orangetool-4258448 HTTP/1.0" 200 22473 "-" "Mozilla/5.0 AppleWebKit/537.36 (KHTML, like Gecko; compatible; GPTBot/1.2; +https://openai.com/gptbot)"
20.171.207.160 - - [15/Oct/2025:07:51:58 +0000] "GET /pages.php?m13385293481 HTTP/1.0" 200 22406 "-" "Mozilla/5.0 AppleWebKit/537.36 (KHTML, like Gecko; compatible; GPTBot/1.2; +https://openai.com/gptbot)"
20.171.207.160 - - [15/Oct/2025:07:52:01 +0000] "GET /pages.php?m11361466093 HTTP/1.0" 200 22312 "-" "Mozilla/5.0 AppleWebKit/537.36 (KHTML, like Gecko; compatible; GPTBot/1.2; +https://openai.com/gptbot)"
20.171.207.160 - - [15/Oct/2025:07:52:05 +0000] "GET /pages.php?kys-tr-1949907 HTTP/1.0" 200 22395 "-" "Mozilla/5.0 AppleWebKit/537.36 (KHTML, like Gecko; compatible; GPTBot/1.2; +https://openai.com/gptbot)"
20.171.207.160 - - [15/Oct/2025:07:52:08 +0000] "GET /pages.php?q-~86W4VgsK7Eel5fPhqPIBnhqBAF0Fksht81/ HTTP/1.0" 200 22120 "-" "Mozilla/5.0 AppleWebKit/537.36 (KHTML, like Gecko; compatible; GPTBot/1.2; +https://openai.com/gptbot)"
20.171.207.160 - - [15/Oct/2025:07:52:11 +0000] "GET /pages.php?SSUG1981DST2176EW004495 HTTP/1.0" 200 21992 "-" "Mozilla/5.0 AppleWebKit/537.36 (KHTML, like Gecko; compatible; GPTBot/1.2; +https://openai.com/gptbot)"
20.171.207.160 - - [15/Oct/2025:07:52:14 +0000] "GET /pages.php?q-~4LUYDHeGTqf6BhfVUX0AMED4UdLtghV271/ HTTP/1.0" 200 22627 "-" "Mozilla/5.0 AppleWebKit/537.36 (KHTML, like Gecko; compatible; GPTBot/1.2; +https://openai.com/gptbot)"
20.171.207.160 - - [15/Oct/2025:07:52:17 +0000] "GET /pages.php?m61686756715 HTTP/1.0" 200 22248 "-" "Mozilla/5.0 AppleWebKit/537.36 (KHTML, like Gecko; compatible; GPTBot/1.2; +https://openai.com/gptbot)"
20.171.207.160 - - [15/Oct/2025:07:52:20 +0000] "GET /pages.php?q-~95jOpsBqZFnbopxqkDw9hs6uWWQEFImX376/ HTTP/1.0" 200 21894 "-" "Mozilla/5.0 AppleWebKit/537.36 (KHTML, like Gecko; compatible; GPTBot/1.2; +https://openai.com/gptbot)"
20.171.207.160 - - [15/Oct/2025:07:52:23 +0000] "GET /pages.php?m82835090866 HTTP/1.0" 200 22054 "-" "Mozilla/5.0 AppleWebKit/537.36 (KHTML, like Gecko; compatible; GPTBot/1.2; +https://openai.com/gptbot)"
20.171.207.160 - - [15/Oct/2025:07:52:26 +0000] "GET /pages.php?q-~23TxVlYntoWHc5AffRcRfmYL7CAXC7KB298/ HTTP/1.0" 200 21867 "-" "Mozilla/5.0 AppleWebKit/537.36 (KHTML, like Gecko; compatible; GPTBot/1.2; +https://openai.com/gptbot)"
20.171.207.160 - - [15/Oct/2025:07:52:30 +0000] "GET /pages.php?q-~10ovRujtWw1FvV7mLl9gigcbRBKl8iQT4037/ HTTP/1.0" 200 22750 "-" "Mozilla/5.0 AppleWebKit/537.36 (KHTML, like Gecko; compatible; GPTBot/1.2; +https://openai.com/gptbot)"
20.171.207.160 - - [15/Oct/2025:07:52:33 +0000] "GET /pages.php?smart-exchange-241122-030 HTTP/1.0" 200 23047 "-" "Mozilla/5.0 AppleWebKit/537.36 (KHTML, like Gecko; compatible; GPTBot/1.2; +https://openai.com/gptbot)"
20.171.207.160 - - [15/Oct/2025:07:52:36 +0000] "GET /pages.php?m34383458437 HTTP/1.0" 200 22064 "-" "Mozilla/5.0 AppleWebKit/537.36 (KHTML, like Gecko; compatible; GPTBot/1.2; +https://openai.com/gptbot)"
20.171.207.160 - - [15/Oct/2025:07:52:39 +0000] "GET /pages.php?q-~48ZTRCWBLnJSempNBiawJrAZCNoRGRae8755/ HTTP/1.0" 200 22862 "-" "Mozilla/5.0 AppleWebKit/537.36 (KHTML, like Gecko; compatible; GPTBot/1.2; +https://openai.com/gptbot)"
20.171.207.160 - - [15/Oct/2025:07:52:42 +0000] "GET /pages.php?q-~51venTYoE0MfGWL1WgtLGXBMK7RpRege892/ HTTP/1.0" 200 23168 "-" "Mozilla/5.0 AppleWebKit/537.36 (KHTML, like Gecko; compatible; GPTBot/1.2; +https://openai.com/gptbot)"
20.171.207.160 - - [15/Oct/2025:07:52:45 +0000] "GET /pages.php?m81345514384 HTTP/1.0" 200 22156 "-" "Mozilla/5.0 AppleWebKit/537.36 (KHTML, like Gecko; compatible; GPTBot/1.2; +https://openai.com/gptbot)"
20.171.207.160 - - [15/Oct/2025:07:52:49 +0000] "GET /pages.php?m16115465352 HTTP/1.0" 200 22384 "-" "Mozilla/5.0 AppleWebKit/537.36 (KHTML, like Gecko; compatible; GPTBot/1.2; +https://openai.com/gptbot)"
20.171.207.160 - - [15/Oct/2025:07:52:52 +0000] "GET /pages.php?m38103254225 HTTP/1.0" 200 22147 "-" "Mozilla/5.0 AppleWebKit/537.36 (KHTML, like Gecko; compatible; GPTBot/1.2; +https://openai.com/gptbot)"
20.171.207.160 - - [15/Oct/2025:07:52:55 +0000] "GET /pages.php?m20273550808 HTTP/1.0" 200 23390 "-" "Mozilla/5.0 AppleWebKit/537.36 (KHTML, like Gecko; compatible; GPTBot/1.2; +https://openai.com/gptbot)"
20.171.207.160 - - [15/Oct/2025:07:52:58 +0000] "GET /pages.php?m12622312967 HTTP/1.0" 200 23648 "-" "Mozilla/5.0 AppleWebKit/537.36 (KHTML, like Gecko; compatible; GPTBot/1.2; +https://openai.com/gptbot)"
20.171.207.160 - - [15/Oct/2025:07:53:01 +0000] "GET /pages.php?category/4097/1 HTTP/1.0" 200 21932 "-" "Mozilla/5.0 AppleWebKit/537.36 (KHTML, like Gecko; compatible; GPTBot/1.2; +https://openai.com/gptbot)"
20.171.207.160 - - [15/Oct/2025:07:53:04 +0000] "GET /pages.php?m21222675664 HTTP/1.0" 200 22009 "-" "Mozilla/5.0 AppleWebKit/537.36 (KHTML, like Gecko; compatible; GPTBot/1.2; +https://openai.com/gptbot)"
20.171.207.160 - - [15/Oct/2025:07:53:08 +0000] "GET /pages.php?q-~5j9w6cIxaDqg0eiVpfCbjADQbVwu3tM22556/ HTTP/1.0" 200 23573 "-" "Mozilla/5.0 AppleWebKit/537.36 (KHTML, like Gecko; compatible; GPTBot/1.2; +https://openai.com/gptbot)"
20.171.207.160 - - [15/Oct/2025:07:53:11 +0000] "GET /pages.php?q-~48KDtPKenuNoUpzCTE3kAbexfwuAuHYM731/ HTTP/1.0" 200 23483 "-" "Mozilla/5.0 AppleWebKit/537.36 (KHTML, like Gecko; compatible; GPTBot/1.2; +https://openai.com/gptbot)"
20.171.207.160 - - [15/Oct/2025:07:53:14 +0000] "GET /pages.php?m92043035933 HTTP/1.0" 200 21765 "-" "Mozilla/5.0 AppleWebKit/537.36 (KHTML, like Gecko; compatible; GPTBot/1.2; +https://openai.com/gptbot)"
20.171.207.160 - - [15/Oct/2025:07:53:17 +0000] "GET /pages.php?q-~279fYK2SJs0iRWtbamlghxaaZ9gWGFjcu31110/ HTTP/1.0" 200 22635 "-" "Mozilla/5.0 AppleWebKit/537.36 (KHTML, like Gecko; compatible; GPTBot/1.2; +https://openai.com/gptbot)"
20.171.207.160 - - [15/Oct/2025:07:53:20 +0000] "GET /pages.php?q-~34S917ZbTlDXkNSkAHsKbYFCQ0lINnIG895/ HTTP/1.0" 200 22050 "-" "Mozilla/5.0 AppleWebKit/537.36 (KHTML, like Gecko; compatible; GPTBot/1.2; +https://openai.com/gptbot)"
20.171.207.160 - - [15/Oct/2025:07:53:23 +0000] "GET /pages.php?m63457645272 HTTP/1.0" 200 22549 "-" "Mozilla/5.0 AppleWebKit/537.36 (KHTML, like Gecko; compatible; GPTBot/1.2; +https://openai.com/gptbot)"
20.171.207.160 - - [15/Oct/2025:07:53:27 +0000] "GET /pages.php?87222925 HTTP/1.0" 200 22006 "-" "Mozilla/5.0 AppleWebKit/537.36 (KHTML, like Gecko; compatible; GPTBot/1.2; +https://openai.com/gptbot)"
20.171.207.160 - - [15/Oct/2025:07:53:30 +0000] "GET /pages.php?72148043 HTTP/1.0" 200 21998 "-" "Mozilla/5.0 AppleWebKit/537.36 (KHTML, like Gecko; compatible; GPTBot/1.2; +https://openai.com/gptbot)"
20.171.207.160 - - [15/Oct/2025:07:53:33 +0000] "GET /pages.php?q-~97RrfjubN5oASN2vwkQ3J4MglO6CTFgr620/ HTTP/1.0" 200 22188 "-" "Mozilla/5.0 AppleWebKit/537.36 (KHTML, like Gecko; compatible; GPTBot/1.2; +https://openai.com/gptbot)"
20.171.207.160 - - [15/Oct/2025:07:53:36 +0000] "GET /pages.php?m84271600828 HTTP/1.0" 200 22008 "-" "Mozilla/5.0 AppleWebKit/537.36 (KHTML, like Gecko; compatible; GPTBot/1.2; +https://openai.com/gptbot)"
20.171.207.160 - - [15/Oct/2025:07:53:39 +0000] "GET /pages.php?m21882818372 HTTP/1.0" 200 21836 "-" "Mozilla/5.0 AppleWebKit/537.36 (KHTML, like Gecko; compatible; GPTBot/1.2; +https://openai.com/gptbot)"
20.171.207.160 - - [15/Oct/2025:07:53:43 +0000] "GET /pages.php?q-~10i0QwblLlwim8sl9wDmMzykeA47IreW579/ HTTP/1.0" 200 22206 "-" "Mozilla/5.0 AppleWebKit/537.36 (KHTML, like Gecko; compatible; GPTBot/1.2; +https://openai.com/gptbot)"
20.171.207.160 - - [15/Oct/2025:07:53:46 +0000] "GET /pages.php?q-~295XE5SeGHAwCs1PBOwPROSYDUHSZxa2f17832/ HTTP/1.0" 200 22259 "-" "Mozilla/5.0 AppleWebKit/537.36 (KHTML, like Gecko; compatible; GPTBot/1.2; +https://openai.com/gptbot)"
20.171.207.160 - - [15/Oct/2025:07:53:49 +0000] "GET /pages.php?ssn-10040611 HTTP/1.0" 200 22805 "-" "Mozilla/5.0 AppleWebKit/537.36 (KHTML, like Gecko; compatible; GPTBot/1.2; +https://openai.com/gptbot)"
20.171.207.160 - - [15/Oct/2025:07:53:52 +0000] "GET /pages.php?hcvalor-eshop-trusco-4297669 HTTP/1.0" 200 23390 "-" "Mozilla/5.0 AppleWebKit/537.36 (KHTML, like Gecko; compatible; GPTBot/1.2; +https://openai.com/gptbot)"
20.171.207.160 - - [15/Oct/2025:07:53:55 +0000] "GET /pages.php?ytnetshop-4979874279118 HTTP/1.0" 200 22990 "-" "Mozilla/5.0 AppleWebKit/537.36 (KHTML, like Gecko; compatible; GPTBot/1.2; +https://openai.com/gptbot)"
20.171.207.160 - - [15/Oct/2025:07:53:58 +0000] "GET /pages.php?candy-a121504500050035-1 HTTP/1.0" 200 22201 "-" "Mozilla/5.0 AppleWebKit/537.36 (KHTML, like Gecko; compatible; GPTBot/1.2; +https://openai.com/gptbot)"
20.171.207.160 - - [15/Oct/2025:07:54:01 +0000] "GET /pages.php?m70162632674 HTTP/1.0" 200 22256 "-" "Mozilla/5.0 AppleWebKit/537.36 (KHTML, like Gecko; compatible; GPTBot/1.2; +https://openai.com/gptbot)"
20.171.207.160 - - [15/Oct/2025:07:54:05 +0000] "GET /pages.php?category/5973_18724/1 HTTP/1.0" 200 22885 "-" "Mozilla/5.0 AppleWebKit/537.36 (KHTML, like Gecko; compatible; GPTBot/1.2; +https://openai.com/gptbot)"
20.171.207.160 - - [15/Oct/2025:07:54:08 +0000] "GET /pages.php?items/023032719.html?srsltid=AfmBOoqbcsZWWgBSybzKdG7gZyRfcxdWnoPGKGQjq5SQErTM4o2n HTTP/1.0" 200 22367 "-" "Mozilla/5.0 AppleWebKit/537.36 (KHTML, like Gecko; compatible; GPTBot/1.2; +https://openai.com/gptbot)"
20.171.207.160 - - [15/Oct/2025:07:54:11 +0000] "GET /pages.php?STRD0620G-MB2553BM001420 HTTP/1.0" 200 23843 "-" "Mozilla/5.0 AppleWebKit/537.36 (KHTML, like Gecko; compatible; GPTBot/1.2; +https://openai.com/gptbot)"
20.171.207.160 - - [15/Oct/2025:07:54:14 +0000] "GET /pages.php?q-~89ckhmuuuAXfREUCRoUFniYGyilgu37y42546/ HTTP/1.0" 200 21997 "-" "Mozilla/5.0 AppleWebKit/537.36 (KHTML, like Gecko; compatible; GPTBot/1.2; +https://openai.com/gptbot)"
20.171.207.160 - - [15/Oct/2025:07:54:17 +0000] "GET /pages.php?items/090039822.html?srsltid=AfmBOohuluqpFnTUoxLQXLJUTFjkNhIsWMrhbZa8wasjo38RDVSw HTTP/1.0" 200 22062 "-" "Mozilla/5.0 AppleWebKit/537.36 (KHTML, like Gecko; compatible; GPTBot/1.2; +https://openai.com/gptbot)"
20.171.207.160 - - [15/Oct/2025:07:54:20 +0000] "GET /pages.php?q-~73TdaqmtEVBLnqggOyUyIpdfKwASn07E310/ HTTP/1.0" 200 22872 "-" "Mozilla/5.0 AppleWebKit/537.36 (KHTML, like Gecko; compatible; GPTBot/1.2; +https://openai.com/gptbot)"
20.171.207.160 - - [15/Oct/2025:07:54:24 +0000] "GET /pages.php?q-~11KyPsm3RvMDfJGRwQ24rQKvx3auYDgc258/ HTTP/1.0" 200 22262 "-" "Mozilla/5.0 AppleWebKit/537.36 (KHTML, like Gecko; compatible; GPTBot/1.2; +https://openai.com/gptbot)"
20.171.207.160 - - [15/Oct/2025:07:54:27 +0000] "GET /pages.php?q-~88FZkqtbwhl0ivujjk9swBPMHFp9sHSR1827/ HTTP/1.0" 200 21777 "-" "Mozilla/5.0 AppleWebKit/537.36 (KHTML, like Gecko; compatible; GPTBot/1.2; +https://openai.com/gptbot)"
20.171.207.160 - - [15/Oct/2025:07:54:30 +0000] "GET /pages.php?q-~79gG4fhY7Wu0G2PbxOplJeBFskmAnHbd692/ HTTP/1.0" 200 22351 "-" "Mozilla/5.0 AppleWebKit/537.36 (KHTML, like Gecko; compatible; GPTBot/1.2; +https://openai.com/gptbot)"
20.171.207.160 - - [15/Oct/2025:07:54:33 +0000] "GET /pages.php?q-~51zLH5HmPKI74i6ejHLPBJlaEfLqjsEb8908/ HTTP/1.0" 200 22977 "-" "Mozilla/5.0 AppleWebKit/537.36 (KHTML, like Gecko; compatible; GPTBot/1.2; +https://openai.com/gptbot)"
20.171.207.160 - - [15/Oct/2025:07:54:36 +0000] "GET /pages.php?buckteeth-jan-4994196422165 HTTP/1.0" 200 22605 "-" "Mozilla/5.0 AppleWebKit/537.36 (KHTML, like Gecko; compatible; GPTBot/1.2; +https://openai.com/gptbot)"
20.171.207.160 - - [15/Oct/2025:07:54:39 +0000] "GET /pages.php?category/59_13340/1 HTTP/1.0" 200 22861 "-" "Mozilla/5.0 AppleWebKit/537.36 (KHTML, like Gecko; compatible; GPTBot/1.2; +https://openai.com/gptbot)"
20.171.207.160 - - [15/Oct/2025:07:54:43 +0000] "GET /pages.php?category/22114/1 HTTP/1.0" 200 22182 "-" "Mozilla/5.0 AppleWebKit/537.36 (KHTML, like Gecko; compatible; GPTBot/1.2; +https://openai.com/gptbot)"
20.171.207.160 - - [15/Oct/2025:07:54:46 +0000] "GET /pages.php?rcmdse-ho-01853-016 HTTP/1.0" 200 24202 "-" "Mozilla/5.0 AppleWebKit/537.36 (KHTML, like Gecko; compatible; GPTBot/1.2; +https://openai.com/gptbot)"
20.171.207.160 - - [15/Oct/2025:07:54:49 +0000] "GET /pages.php?m82801258651 HTTP/1.0" 200 22334 "-" "Mozilla/5.0 AppleWebKit/537.36 (KHTML, like Gecko; compatible; GPTBot/1.2; +https://openai.com/gptbot)"
20.171.207.160 - - [15/Oct/2025:07:54:52 +0000] "GET /pages.php?s-musee-250311-10 HTTP/1.0" 200 22161 "-" "Mozilla/5.0 AppleWebKit/537.36 (KHTML, like Gecko; compatible; GPTBot/1.2; +https://openai.com/gptbot)"
20.171.207.160 - - [15/Oct/2025:07:54:55 +0000] "GET /pages.php?hcvalor-eshop-trusco-6949729 HTTP/1.0" 200 22389 "-" "Mozilla/5.0 AppleWebKit/537.36 (KHTML, like Gecko; compatible; GPTBot/1.2; +https://openai.com/gptbot)"
188.34.184.154 - - [15/Oct/2025:07:54:56 +0000] "POST /xmlrpc.php HTTP/1.0" 403 3277 "-" "Mozilla/4.0 (compatible; MSIE 7.0; Windows NT 6.1; Trident/7.0; SLCC2; .NET CLR 2.0.50727; .NET CLR 3.5.30729; .NET CLR 3.0.30729; .NET4.0C; .NET4.0E; Tablet PC 2.0; Creative AutoUpdate v1.40.01)"
20.171.207.160 - - [15/Oct/2025:07:54:58 +0000] "GET /pages.php?m32434735497 HTTP/1.0" 200 22836 "-" "Mozilla/5.0 AppleWebKit/537.36 (KHTML, like Gecko; compatible; GPTBot/1.2; +https://openai.com/gptbot)"
188.34.184.154 - - [15/Oct/2025:07:55:01 +0000] "POST /xmlrpc.php HTTP/1.0" 403 3277 "-" "Mozilla/4.0 (compatible; MSIE 7.0; Windows NT 6.1; Trident/7.0; SLCC2; .NET CLR 2.0.50727; .NET CLR 3.5.30729; .NET CLR 3.0.30729; .NET4.0C; .NET4.0E; Tablet PC 2.0; Creative AutoUpdate v1.40.01)"
20.171.207.160 - - [15/Oct/2025:07:55:02 +0000] "GET /pages.php?q-~55TQi5E7G0c4ubTwexQsUfVVEGKcVmHl136/ HTTP/1.0" 200 23166 "-" "Mozilla/5.0 AppleWebKit/537.36 (KHTML, like Gecko; compatible; GPTBot/1.2; +https://openai.com/gptbot)"
188.34.184.154 - - [15/Oct/2025:07:55:05 +0000] "POST /xmlrpc.php HTTP/1.0" 403 3277 "-" "Mozilla/4.0 (compatible; MSIE 7.0; Windows NT 6.1; Trident/7.0; SLCC2; .NET CLR 2.0.50727; .NET CLR 3.5.30729; .NET CLR 3.0.30729; .NET4.0C; .NET4.0E; Tablet PC 2.0; Creative AutoUpdate v1.40.01)"
20.171.207.160 - - [15/Oct/2025:07:55:05 +0000] "GET /pages.php?items/075000561.html?srsltid=AfmBOotbrrbhavGMoajrjvJ5NfhGxbfIVTrIniU98tYUM25XxC31 HTTP/1.0" 200 22264 "-" "Mozilla/5.0 AppleWebKit/537.36 (KHTML, like Gecko; compatible; GPTBot/1.2; +https://openai.com/gptbot)"
20.171.207.160 - - [15/Oct/2025:07:55:08 +0000] "GET /pages.php?moonlabel-nw00015r13wh0334w0-t HTTP/1.0" 200 22381 "-" "Mozilla/5.0 AppleWebKit/537.36 (KHTML, like Gecko; compatible; GPTBot/1.2; +https://openai.com/gptbot)"
188.34.184.154 - - [15/Oct/2025:07:55:11 +0000] "POST /xmlrpc.php HTTP/1.0" 403 3277 "-" "Mozilla/4.0 (compatible; MSIE 7.0; Windows NT 6.1; Trident/7.0; SLCC2; .NET CLR 2.0.50727; .NET CLR 3.5.30729; .NET CLR 3.0.30729; .NET4.0C; .NET4.0E; Tablet PC 2.0; Creative AutoUpdate v1.40.01)"
20.171.207.160 - - [15/Oct/2025:07:55:11 +0000] "GET /pages.php?q-~69vVKsVlalbS1PENsfDJGeHjzWgtPDuI274/ HTTP/1.0" 200 22245 "-" "Mozilla/5.0 AppleWebKit/537.36 (KHTML, like Gecko; compatible; GPTBot/1.2; +https://openai.com/gptbot)"
188.34.184.154 - - [15/Oct/2025:07:55:14 +0000] "POST /xmlrpc.php HTTP/1.0" 403 3277 "-" "Mozilla/4.0 (compatible; MSIE 7.0; Windows NT 6.1; Trident/7.0; SLCC2; .NET CLR 2.0.50727; .NET CLR 3.5.30729; .NET CLR 3.0.30729; .NET4.0C; .NET4.0E; Tablet PC 2.0; Creative AutoUpdate v1.40.01)"
20.171.207.160 - - [15/Oct/2025:07:55:14 +0000] "GET /pages.php?q-~42nyv6wBVMAbDuGxA6V2Nugg11YXsiJf561/ HTTP/1.0" 200 22103 "-" "Mozilla/5.0 AppleWebKit/537.36 (KHTML, like Gecko; compatible; GPTBot/1.2; +https://openai.com/gptbot)"
20.171.207.160 - - [15/Oct/2025:07:55:18 +0000] "GET /pages.php?m48774030749 HTTP/1.0" 200 22121 "-" "Mozilla/5.0 AppleWebKit/537.36 (KHTML, like Gecko; compatible; GPTBot/1.2; +https://openai.com/gptbot)"
188.34.184.154 - - [15/Oct/2025:07:55:21 +0000] "POST /xmlrpc.php HTTP/1.0" 403 3277 "-" "Mozilla/4.0 (compatible; MSIE 7.0; Windows NT 6.1; Trident/7.0; SLCC2; .NET CLR 2.0.50727; .NET CLR 3.5.30729; .NET CLR 3.0.30729; .NET4.0C; .NET4.0E; Tablet PC 2.0; Creative AutoUpdate v1.40.01)"
20.171.207.160 - - [15/Oct/2025:07:55:21 +0000] "GET /pages.php?category/2224/1 HTTP/1.0" 200 22014 "-" "Mozilla/5.0 AppleWebKit/537.36 (KHTML, like Gecko; compatible; GPTBot/1.2; +https://openai.com/gptbot)"
20.171.207.160 - - [15/Oct/2025:07:55:24 +0000] "GET /pages.php?q-~82naTD6Dxk8rXJXAWRcyhmqMuXrWfndg8869/ HTTP/1.0" 200 22798 "-" "Mozilla/5.0 AppleWebKit/537.36 (KHTML, like Gecko; compatible; GPTBot/1.2; +https://openai.com/gptbot)"
20.171.207.160 - - [15/Oct/2025:07:55:27 +0000] "GET /pages.php?m10498947679 HTTP/1.0" 200 22178 "-" "Mozilla/5.0 AppleWebKit/537.36 (KHTML, like Gecko; compatible; GPTBot/1.2; +https://openai.com/gptbot)"
20.171.207.160 - - [15/Oct/2025:07:55:30 +0000] "GET /pages.php?m34231253357 HTTP/1.0" 200 23078 "-" "Mozilla/5.0 AppleWebKit/537.36 (KHTML, like Gecko; compatible; GPTBot/1.2; +https://openai.com/gptbot)"
20.171.207.160 - - [15/Oct/2025:07:55:33 +0000] "GET /pages.php?m94790014641 HTTP/1.0" 200 22889 "-" "Mozilla/5.0 AppleWebKit/537.36 (KHTML, like Gecko; compatible; GPTBot/1.2; +https://openai.com/gptbot)"
20.171.207.160 - - [15/Oct/2025:07:55:37 +0000] "GET /pages.php?m46888100789 HTTP/1.0" 200 22259 "-" "Mozilla/5.0 AppleWebKit/537.36 (KHTML, like Gecko; compatible; GPTBot/1.2; +https://openai.com/gptbot)"
20.171.207.160 - - [15/Oct/2025:07:55:40 +0000] "GET /pages.php?1067945766 HTTP/1.0" 200 22703 "-" "Mozilla/5.0 AppleWebKit/537.36 (KHTML, like Gecko; compatible; GPTBot/1.2; +https://openai.com/gptbot)"
20.171.207.160 - - [15/Oct/2025:07:55:43 +0000] "GET /pages.php?1098369131 HTTP/1.0" 200 23234 "-" "Mozilla/5.0 AppleWebKit/537.36 (KHTML, like Gecko; compatible; GPTBot/1.2; +https://openai.com/gptbot)"
20.171.207.160 - - [15/Oct/2025:07:55:46 +0000] "GET /pages.php?category/5056_18332_21219_21220/1 HTTP/1.0" 200 22035 "-" "Mozilla/5.0 AppleWebKit/537.36 (KHTML, like Gecko; compatible; GPTBot/1.2; +https://openai.com/gptbot)"
20.171.207.160 - - [15/Oct/2025:07:55:49 +0000] "GET /pages.php?m96701809639 HTTP/1.0" 200 22228 "-" "Mozilla/5.0 AppleWebKit/537.36 (KHTML, like Gecko; compatible; GPTBot/1.2; +https://openai.com/gptbot)"
20.171.207.160 - - [15/Oct/2025:07:55:52 +0000] "GET /pages.php?81138341 HTTP/1.0" 200 22282 "-" "Mozilla/5.0 AppleWebKit/537.36 (KHTML, like Gecko; compatible; GPTBot/1.2; +https://openai.com/gptbot)"
20.171.207.160 - - [15/Oct/2025:07:55:55 +0000] "GET /pages.php?q-~52u77PLVHPmyWqhYa3IpjGZqXpp8Kd8x813/ HTTP/1.0" 200 22539 "-" "Mozilla/5.0 AppleWebKit/537.36 (KHTML, like Gecko; compatible; GPTBot/1.2; +https://openai.com/gptbot)"
20.171.207.160 - - [15/Oct/2025:07:55:58 +0000] "GET /pages.php?SJNR1715D-JO5310EW000483 HTTP/1.0" 200 23236 "-" "Mozilla/5.0 AppleWebKit/537.36 (KHTML, like Gecko; compatible; GPTBot/1.2; +https://openai.com/gptbot)"
52.167.144.166 - - [15/Oct/2025:07:56:00 +0000] "GET /?fileloc=/var/www/vhosts/enlugo.es/httpdocs/wp-class-loader.php&path=/var/www/vhosts/enlugo.es/httpdocs HTTP/1.0" 200 2276 "-" "Mozilla/5.0 AppleWebKit/537.36 (KHTML, like Gecko; compatible; bingbot/2.0; +http://www.bing.com/bingbot.htm) Chrome/116.0.1938.76 Safari/537.36"
20.171.207.160 - - [15/Oct/2025:07:56:01 +0000] "GET /pages.php?category/2091/1 HTTP/1.0" 200 22842 "-" "Mozilla/5.0 AppleWebKit/537.36 (KHTML, like Gecko; compatible; GPTBot/1.2; +https://openai.com/gptbot)"
20.171.207.160 - - [15/Oct/2025:07:56:04 +0000] "GET /pages.php?q-~37WfgLy4G2JX7jzomSXkZgFIKy3XilBM692/ HTTP/1.0" 200 23212 "-" "Mozilla/5.0 AppleWebKit/537.36 (KHTML, like Gecko; compatible; GPTBot/1.2; +https://openai.com/gptbot)"
20.171.207.160 - - [15/Oct/2025:07:56:08 +0000] "GET /pages.php?lavett-shop-s25-0073-138 HTTP/1.0" 200 22280 "-" "Mozilla/5.0 AppleWebKit/537.36 (KHTML, like Gecko; compatible; GPTBot/1.2; +https://openai.com/gptbot)"
20.171.207.160 - - [15/Oct/2025:07:56:11 +0000] "GET /pages.php?m76110311930 HTTP/1.0" 200 22066 "-" "Mozilla/5.0 AppleWebKit/537.36 (KHTML, like Gecko; compatible; GPTBot/1.2; +https://openai.com/gptbot)"
20.171.207.160 - - [15/Oct/2025:07:56:14 +0000] "GET /pages.php?87740740 HTTP/1.0" 200 22173 "-" "Mozilla/5.0 AppleWebKit/537.36 (KHTML, like Gecko; compatible; GPTBot/1.2; +https://openai.com/gptbot)"
20.171.207.160 - - [15/Oct/2025:07:56:17 +0000] "GET /pages.php?q-~22PXu4DobRkXxVJQWc5yqeXJ8cfhRBpM439/ HTTP/1.0" 200 22540 "-" "Mozilla/5.0 AppleWebKit/537.36 (KHTML, like Gecko; compatible; GPTBot/1.2; +https://openai.com/gptbot)"
20.171.207.160 - - [15/Oct/2025:07:56:20 +0000] "GET /pages.php?q-~246UiHVMDiCFCZFVPqYMsugZqWWpEqmxh2339/ HTTP/1.0" 200 23358 "-" "Mozilla/5.0 AppleWebKit/537.36 (KHTML, like Gecko; compatible; GPTBot/1.2; +https://openai.com/gptbot)"
20.171.207.160 - - [15/Oct/2025:07:56:23 +0000] "GET /pages.php?m66478008498 HTTP/1.0" 200 22110 "-" "Mozilla/5.0 AppleWebKit/537.36 (KHTML, like Gecko; compatible; GPTBot/1.2; +https://openai.com/gptbot)"
20.171.207.160 - - [15/Oct/2025:07:56:27 +0000] "GET /pages.php?q-~83UR43VKGP5pwlFV9QRQtJSRnL4yoPNP32/ HTTP/1.0" 200 21971 "-" "Mozilla/5.0 AppleWebKit/537.36 (KHTML, like Gecko; compatible; GPTBot/1.2; +https://openai.com/gptbot)"
20.171.207.160 - - [15/Oct/2025:07:56:30 +0000] "GET /pages.php?q-~39fteSvomRRUKF4QeM83vusaP3LBzHEB210/ HTTP/1.0" 200 22256 "-" "Mozilla/5.0 AppleWebKit/537.36 (KHTML, like Gecko; compatible; GPTBot/1.2; +https://openai.com/gptbot)"
20.171.207.160 - - [15/Oct/2025:07:56:33 +0000] "GET /pages.php?m64461305736 HTTP/1.0" 200 21994 "-" "Mozilla/5.0 AppleWebKit/537.36 (KHTML, like Gecko; compatible; GPTBot/1.2; +https://openai.com/gptbot)"
20.171.207.160 - - [15/Oct/2025:07:56:36 +0000] "GET /pages.php?megane-style-at2-1 HTTP/1.0" 200 22201 "-" "Mozilla/5.0 AppleWebKit/537.36 (KHTML, like Gecko; compatible; GPTBot/1.2; +https://openai.com/gptbot)"
20.171.207.160 - - [15/Oct/2025:07:56:39 +0000] "GET /pages.php?1026972378 HTTP/1.0" 200 22323 "-" "Mozilla/5.0 AppleWebKit/537.36 (KHTML, like Gecko; compatible; GPTBot/1.2; +https://openai.com/gptbot)"
20.171.207.160 - - [15/Oct/2025:07:56:42 +0000] "GET /pages.php?q-~81pH2Qs5oXG0iyEwC4TZjKTRpywnnRZS568/ HTTP/1.0" 200 22210 "-" "Mozilla/5.0 AppleWebKit/537.36 (KHTML, like Gecko; compatible; GPTBot/1.2; +https://openai.com/gptbot)"
20.171.207.160 - - [15/Oct/2025:07:56:45 +0000] "GET /pages.php?q-~40F4emvEu83IfqZE5n1oeGHIsesQJMFe245/ HTTP/1.0" 200 22053 "-" "Mozilla/5.0 AppleWebKit/537.36 (KHTML, like Gecko; compatible; GPTBot/1.2; +https://openai.com/gptbot)"
20.171.207.160 - - [15/Oct/2025:07:56:49 +0000] "GET /pages.php?m41229277445 HTTP/1.0" 200 21858 "-" "Mozilla/5.0 AppleWebKit/537.36 (KHTML, like Gecko; compatible; GPTBot/1.2; +https://openai.com/gptbot)"
20.171.207.160 - - [15/Oct/2025:07:56:52 +0000] "GET /pages.php?m19316815390 HTTP/1.0" 200 22088 "-" "Mozilla/5.0 AppleWebKit/537.36 (KHTML, like Gecko; compatible; GPTBot/1.2; +https://openai.com/gptbot)"
20.171.207.160 - - [15/Oct/2025:07:56:55 +0000] "GET /pages.php?q-~48HXbBz24I8LMyekmfrwAgVGzoFiOjIj931/ HTTP/1.0" 200 21978 "-" "Mozilla/5.0 AppleWebKit/537.36 (KHTML, like Gecko; compatible; GPTBot/1.2; +https://openai.com/gptbot)"
20.171.207.160 - - [15/Oct/2025:07:56:58 +0000] "GET /pages.php?m84558859740 HTTP/1.0" 200 21920 "-" "Mozilla/5.0 AppleWebKit/537.36 (KHTML, like Gecko; compatible; GPTBot/1.2; +https://openai.com/gptbot)"
20.171.207.160 - - [15/Oct/2025:07:57:01 +0000] "GET /pages.php?m57205340666 HTTP/1.0" 200 21813 "-" "Mozilla/5.0 AppleWebKit/537.36 (KHTML, like Gecko; compatible; GPTBot/1.2; +https://openai.com/gptbot)"
20.171.207.160 - - [15/Oct/2025:07:57:05 +0000] "GET /pages.php?916800956 HTTP/1.0" 200 23563 "-" "Mozilla/5.0 AppleWebKit/537.36 (KHTML, like Gecko; compatible; GPTBot/1.2; +https://openai.com/gptbot)"
20.171.207.160 - - [15/Oct/2025:07:57:08 +0000] "GET /pages.php?world-depo-mts-2470591 HTTP/1.0" 200 22086 "-" "Mozilla/5.0 AppleWebKit/537.36 (KHTML, like Gecko; compatible; GPTBot/1.2; +https://openai.com/gptbot)"
20.171.207.160 - - [15/Oct/2025:07:57:11 +0000] "GET /pages.php?q-~45vcR1htIwLmZwqAWVKOXQXbtKopqnpH7166/ HTTP/1.0" 200 23023 "-" "Mozilla/5.0 AppleWebKit/537.36 (KHTML, like Gecko; compatible; GPTBot/1.2; +https://openai.com/gptbot)"
20.171.207.160 - - [15/Oct/2025:07:57:14 +0000] "GET /pages.php?m27224179197 HTTP/1.0" 200 22544 "-" "Mozilla/5.0 AppleWebKit/537.36 (KHTML, like Gecko; compatible; GPTBot/1.2; +https://openai.com/gptbot)"
20.171.207.160 - - [15/Oct/2025:07:57:17 +0000] "GET /pages.php?tuzukiya-k312-67216 HTTP/1.0" 200 22007 "-" "Mozilla/5.0 AppleWebKit/537.36 (KHTML, like Gecko; compatible; GPTBot/1.2; +https://openai.com/gptbot)"
20.171.207.160 - - [15/Oct/2025:07:57:20 +0000] "GET /pages.php?category/15342/1 HTTP/1.0" 200 22344 "-" "Mozilla/5.0 AppleWebKit/537.36 (KHTML, like Gecko; compatible; GPTBot/1.2; +https://openai.com/gptbot)"
20.171.207.160 - - [15/Oct/2025:07:57:23 +0000] "GET /pages.php?jetprice-x71630 HTTP/1.0" 200 23689 "-" "Mozilla/5.0 AppleWebKit/537.36 (KHTML, like Gecko; compatible; GPTBot/1.2; +https://openai.com/gptbot)"
20.171.207.160 - - [15/Oct/2025:07:57:26 +0000] "GET /pages.php?q-~2svnpTLie7qIJrfQeODVVrxIWTDpity19837/ HTTP/1.0" 200 23919 "-" "Mozilla/5.0 AppleWebKit/537.36 (KHTML, like Gecko; compatible; GPTBot/1.2; +https://openai.com/gptbot)"
20.171.207.160 - - [15/Oct/2025:07:57:30 +0000] "GET /pages.php?setomono-tga-1417-350 HTTP/1.0" 200 23091 "-" "Mozilla/5.0 AppleWebKit/537.36 (KHTML, like Gecko; compatible; GPTBot/1.2; +https://openai.com/gptbot)"
20.171.207.160 - - [15/Oct/2025:07:57:33 +0000] "GET /pages.php?q-~64oGHeixGdVRAPzYsGxe1EdorlfhBnNj147/ HTTP/1.0" 200 21876 "-" "Mozilla/5.0 AppleWebKit/537.36 (KHTML, like Gecko; compatible; GPTBot/1.2; +https://openai.com/gptbot)"
20.171.207.160 - - [15/Oct/2025:07:57:36 +0000] "GET /pages.php?q-~95L653LEnUBHyXIJQklrJqL5vXQooEdN462/ HTTP/1.0" 200 21630 "-" "Mozilla/5.0 AppleWebKit/537.36 (KHTML, like Gecko; compatible; GPTBot/1.2; +https://openai.com/gptbot)"
20.171.207.160 - - [15/Oct/2025:07:57:39 +0000] "GET /pages.php?m54667448117 HTTP/1.0" 200 22375 "-" "Mozilla/5.0 AppleWebKit/537.36 (KHTML, like Gecko; compatible; GPTBot/1.2; +https://openai.com/gptbot)"
20.171.207.160 - - [15/Oct/2025:07:57:42 +0000] "GET /pages.php?m22434883563 HTTP/1.0" 200 22313 "-" "Mozilla/5.0 AppleWebKit/537.36 (KHTML, like Gecko; compatible; GPTBot/1.2; +https://openai.com/gptbot)"
20.171.207.160 - - [15/Oct/2025:07:57:45 +0000] "GET /pages.php?m65658989905 HTTP/1.0" 200 22041 "-" "Mozilla/5.0 AppleWebKit/537.36 (KHTML, like Gecko; compatible; GPTBot/1.2; +https://openai.com/gptbot)"
20.171.207.160 - - [15/Oct/2025:07:57:48 +0000] "GET /pages.php?m76941698166 HTTP/1.0" 200 22187 "-" "Mozilla/5.0 AppleWebKit/537.36 (KHTML, like Gecko; compatible; GPTBot/1.2; +https://openai.com/gptbot)"
20.171.207.160 - - [15/Oct/2025:07:57:52 +0000] "GET /pages.php?m76076680911 HTTP/1.0" 200 23108 "-" "Mozilla/5.0 AppleWebKit/537.36 (KHTML, like Gecko; compatible; GPTBot/1.2; +https://openai.com/gptbot)"
66.249.74.136 - - [15/Oct/2025:07:57:52 +0000] "GET /?fileloc=/var/www/vhosts/enlugo.es/httpdocs/wp-content/themes/rubine/Q.js.php&path=/var/www/vhosts/enlugo.es/httpdocs/wp-content/themes/rubine HTTP/1.0" 200 22839 "-" "Mozilla/5.0 (Linux; Android 6.0.1; Nexus 5X Build/MMB29P) AppleWebKit/537.36 (KHTML, like Gecko) Chrome/140.0.7339.207 Mobile Safari/537.36 (compatible; Googlebot/2.1; +http://www.google.com/bot.html)"
20.171.207.160 - - [15/Oct/2025:07:57:55 +0000] "GET /pages.php?m72938626909 HTTP/1.0" 200 22041 "-" "Mozilla/5.0 AppleWebKit/537.36 (KHTML, like Gecko; compatible; GPTBot/1.2; +https://openai.com/gptbot)"
20.171.207.160 - - [15/Oct/2025:07:57:58 +0000] "GET /pages.php?m89418130110 HTTP/1.0" 200 22813 "-" "Mozilla/5.0 AppleWebKit/537.36 (KHTML, like Gecko; compatible; GPTBot/1.2; +https://openai.com/gptbot)"
20.171.207.160 - - [15/Oct/2025:07:58:01 +0000] "GET /pages.php?m91817301601 HTTP/1.0" 200 22910 "-" "Mozilla/5.0 AppleWebKit/537.36 (KHTML, like Gecko; compatible; GPTBot/1.2; +https://openai.com/gptbot)"
20.171.207.160 - - [15/Oct/2025:07:58:04 +0000] "GET /pages.php?m44791752579 HTTP/1.0" 200 22582 "-" "Mozilla/5.0 AppleWebKit/537.36 (KHTML, like Gecko; compatible; GPTBot/1.2; +https://openai.com/gptbot)"
20.171.207.160 - - [15/Oct/2025:07:58:07 +0000] "GET /pages.php?q-~96dnHFkLR9sgBt1yCaYOw8hMTvKitber677/ HTTP/1.0" 200 23239 "-" "Mozilla/5.0 AppleWebKit/537.36 (KHTML, like Gecko; compatible; GPTBot/1.2; +https://openai.com/gptbot)"
20.171.207.160 - - [15/Oct/2025:07:58:10 +0000] "GET /pages.php?fujico-fuji-11822-170384-42857-42857 HTTP/1.0" 200 22163 "-" "Mozilla/5.0 AppleWebKit/537.36 (KHTML, like Gecko; compatible; GPTBot/1.2; +https://openai.com/gptbot)"
20.171.207.160 - - [15/Oct/2025:07:58:14 +0000] "GET /pages.php?m74960649916 HTTP/1.0" 200 21873 "-" "Mozilla/5.0 AppleWebKit/537.36 (KHTML, like Gecko; compatible; GPTBot/1.2; +https://openai.com/gptbot)"
20.171.207.160 - - [15/Oct/2025:07:58:17 +0000] "GET /pages.php?items/096011826.html?srsltid=AfmBOowlwqNjeFIwKjKrO6D7DDrzMeie83ip7c0X7wRalJ7gOrHF HTTP/1.0" 200 22716 "-" "Mozilla/5.0 AppleWebKit/537.36 (KHTML, like Gecko; compatible; GPTBot/1.2; +https://openai.com/gptbot)"
20.171.207.160 - - [15/Oct/2025:07:58:20 +0000] "GET /pages.php?83570195 HTTP/1.0" 200 22163 "-" "Mozilla/5.0 AppleWebKit/537.36 (KHTML, like Gecko; compatible; GPTBot/1.2; +https://openai.com/gptbot)"
20.171.207.160 - - [15/Oct/2025:07:58:23 +0000] "GET /pages.php?q-~81r4h5eZyojeXTUK9DvuCHRbGaqsHP3a638/ HTTP/1.0" 200 22567 "-" "Mozilla/5.0 AppleWebKit/537.36 (KHTML, like Gecko; compatible; GPTBot/1.2; +https://openai.com/gptbot)"
20.171.207.160 - - [15/Oct/2025:07:58:26 +0000] "GET /pages.php?q-~13PXu4DobRkXxVJQWc5yqeXJ8cfhRBpM448/ HTTP/1.0" 200 22939 "-" "Mozilla/5.0 AppleWebKit/537.36 (KHTML, like Gecko; compatible; GPTBot/1.2; +https://openai.com/gptbot)"
20.171.207.160 - - [15/Oct/2025:07:58:29 +0000] "GET /pages.php?m88807657220 HTTP/1.0" 200 22750 "-" "Mozilla/5.0 AppleWebKit/537.36 (KHTML, like Gecko; compatible; GPTBot/1.2; +https://openai.com/gptbot)"
20.171.207.160 - - [15/Oct/2025:07:58:32 +0000] "GET /pages.php?q-~89J3dzGbmaJN09WqObLuRu6a5CXNTbhb332/ HTTP/1.0" 200 22400 "-" "Mozilla/5.0 AppleWebKit/537.36 (KHTML, like Gecko; compatible; GPTBot/1.2; +https://openai.com/gptbot)"
20.171.207.160 - - [15/Oct/2025:07:58:35 +0000] "GET /pages.php?m15331829930 HTTP/1.0" 200 22496 "-" "Mozilla/5.0 AppleWebKit/537.36 (KHTML, like Gecko; compatible; GPTBot/1.2; +https://openai.com/gptbot)"
20.171.207.160 - - [15/Oct/2025:07:58:39 +0000] "GET /pages.php?q-~173WiK8uuCyRQIwQDB9TAmaaVIlxHL6nR44186/ HTTP/1.0" 200 22688 "-" "Mozilla/5.0 AppleWebKit/537.36 (KHTML, like Gecko; compatible; GPTBot/1.2; +https://openai.com/gptbot)"
20.171.207.160 - - [15/Oct/2025:07:58:42 +0000] "GET /pages.php?items/052035376.html?srsltid=AfmBOoofwWoXXkPXWTqEf0P2BaOdaTfkXvyrX9shGcYtXZeLYf8s HTTP/1.0" 200 22490 "-" "Mozilla/5.0 AppleWebKit/537.36 (KHTML, like Gecko; compatible; GPTBot/1.2; +https://openai.com/gptbot)"
20.171.207.160 - - [15/Oct/2025:07:58:45 +0000] "GET /pages.php?m87159373778 HTTP/1.0" 200 21824 "-" "Mozilla/5.0 AppleWebKit/537.36 (KHTML, like Gecko; compatible; GPTBot/1.2; +https://openai.com/gptbot)"
20.171.207.160 - - [15/Oct/2025:07:58:48 +0000] "GET /pages.php?q-~71RrfjubN5oASN2vwkQ3J4MglO6CTFgr646/ HTTP/1.0" 200 22819 "-" "Mozilla/5.0 AppleWebKit/537.36 (KHTML, like Gecko; compatible; GPTBot/1.2; +https://openai.com/gptbot)"
20.171.207.160 - - [15/Oct/2025:07:58:52 +0000] "GET /pages.php?q-~20cCbfEBfXPEbOvhJ9nInsXzbagcsGNV931/ HTTP/1.0" 200 22753 "-" "Mozilla/5.0 AppleWebKit/537.36 (KHTML, like Gecko; compatible; GPTBot/1.2; +https://openai.com/gptbot)"
20.171.207.160 - - [15/Oct/2025:07:58:55 +0000] "GET /pages.php?m49565553144 HTTP/1.0" 200 22495 "-" "Mozilla/5.0 AppleWebKit/537.36 (KHTML, like Gecko; compatible; GPTBot/1.2; +https://openai.com/gptbot)"
20.171.207.160 - - [15/Oct/2025:07:58:58 +0000] "GET /pages.php?sakan8man-trus-4745504 HTTP/1.0" 200 23598 "-" "Mozilla/5.0 AppleWebKit/537.36 (KHTML, like Gecko; compatible; GPTBot/1.2; +https://openai.com/gptbot)"
20.171.207.160 - - [15/Oct/2025:07:59:01 +0000] "GET /pages.php?items/005000117.html?srsltid=AfmBOojbqauUjyLdvBWy2tTBCwpqQmOfSGavRvkNrRJ86VZLAukr HTTP/1.0" 200 23658 "-" "Mozilla/5.0 AppleWebKit/537.36 (KHTML, like Gecko; compatible; GPTBot/1.2; +https://openai.com/gptbot)"
20.171.207.160 - - [15/Oct/2025:07:59:04 +0000] "GET /pages.php?q-~42LhWAIMYS7hEnMopkyCx7hHiMHkYPBu995/ HTTP/1.0" 200 21655 "-" "Mozilla/5.0 AppleWebKit/537.36 (KHTML, like Gecko; compatible; GPTBot/1.2; +https://openai.com/gptbot)"
20.171.207.160 - - [15/Oct/2025:07:59:07 +0000] "GET /pages.php?q-~31IcIDZLqmYBRVj6kKozYayuthtDPbEl9272/ HTTP/1.0" 200 22085 "-" "Mozilla/5.0 AppleWebKit/537.36 (KHTML, like Gecko; compatible; GPTBot/1.2; +https://openai.com/gptbot)"
20.171.207.160 - - [15/Oct/2025:07:59:11 +0000] "GET /pages.php?m53862354605 HTTP/1.0" 200 23326 "-" "Mozilla/5.0 AppleWebKit/537.36 (KHTML, like Gecko; compatible; GPTBot/1.2; +https://openai.com/gptbot)"
20.171.207.160 - - [15/Oct/2025:07:59:14 +0000] "GET /pages.php?80489908 HTTP/1.0" 200 22914 "-" "Mozilla/5.0 AppleWebKit/537.36 (KHTML, like Gecko; compatible; GPTBot/1.2; +https://openai.com/gptbot)"
20.171.207.160 - - [15/Oct/2025:07:59:17 +0000] "GET /pages.php?category/658_805/1 HTTP/1.0" 200 22978 "-" "Mozilla/5.0 AppleWebKit/537.36 (KHTML, like Gecko; compatible; GPTBot/1.2; +https://openai.com/gptbot)"
20.171.207.160 - - [15/Oct/2025:07:59:20 +0000] "GET /pages.php?oldgear-la240c42sdar-1-1 HTTP/1.0" 200 22490 "-" "Mozilla/5.0 AppleWebKit/537.36 (KHTML, like Gecko; compatible; GPTBot/1.2; +https://openai.com/gptbot)"
20.171.207.160 - - [15/Oct/2025:07:59:23 +0000] "GET /pages.php?category/5917_5918_10351_10509/1 HTTP/1.0" 200 22966 "-" "Mozilla/5.0 AppleWebKit/537.36 (KHTML, like Gecko; compatible; GPTBot/1.2; +https://openai.com/gptbot)"
20.171.207.160 - - [15/Oct/2025:07:59:26 +0000] "GET /pages.php?category/82_1917/1 HTTP/1.0" 200 23491 "-" "Mozilla/5.0 AppleWebKit/537.36 (KHTML, like Gecko; compatible; GPTBot/1.2; +https://openai.com/gptbot)"
52.167.144.166 - - [15/Oct/2025:07:59:30 +0000] "GET /?fileloc=/var/www/vhosts/enlugo.es/httpdocs/wp-class-extensions.php&path=/var/www/vhosts/enlugo.es/httpdocs HTTP/1.0" 200 2276 "-" "Mozilla/5.0 AppleWebKit/537.36 (KHTML, like Gecko; compatible; bingbot/2.0; +http://www.bing.com/bingbot.htm) Chrome/116.0.1938.76 Safari/537.36"
20.171.207.160 - - [15/Oct/2025:07:59:30 +0000] "GET /pages.php?m16590644260 HTTP/1.0" 200 23207 "-" "Mozilla/5.0 AppleWebKit/537.36 (KHTML, like Gecko; compatible; GPTBot/1.2; +https://openai.com/gptbot)"
20.171.207.160 - - [15/Oct/2025:07:59:33 +0000] "GET /pages.php?q-~68Kv4O7WsLTseCe0BqwXaNyNoOYzP2DX7265/ HTTP/1.0" 200 22833 "-" "Mozilla/5.0 AppleWebKit/537.36 (KHTML, like Gecko; compatible; GPTBot/1.2; +https://openai.com/gptbot)"
20.171.207.160 - - [15/Oct/2025:07:59:36 +0000] "GET /pages.php?m84021282774 HTTP/1.0" 200 22272 "-" "Mozilla/5.0 AppleWebKit/537.36 (KHTML, like Gecko; compatible; GPTBot/1.2; +https://openai.com/gptbot)"
