181.192.86.148 - - [21/Oct/2025:06:47:01 +0000] "GET /shop/pg/1005024086/?fileloc=%2Fvar%2Fwww%2Fvhosts%2Fenlugo.es%2Fhttpdocs%2Fwp-widget.php&path=%2Fvar%2Fwww%2Fvhosts%2Fenlugo.es%2Fhttpdocs HTTP/1.0" 200 176 "-" "Mozilla/5.0 (Windows NT 5.1) AppleWebKit/537.36 (KHTML, like Gecko) Chrome/34.0.1866.237 Safari/537.36"
136.243.228.179 - - [21/Oct/2025:06:47:02 +0000] "GET /items/nlwwa1/6898?key=detailed HTTP/1.0" 200 176 "-" "Mozilla/5.0 (compatible; DataForSeoBot/1.0; +https://dataforseo.com/dataforseo-bot)"
45.70.192.117 - - [21/Oct/2025:06:47:03 +0000] "GET /category/sin-categoria/page/2/?fileloc=%2Fvar%2Fwww%2Fvhosts%2Fenlugo.es%2Fhttpdocs%2Fimages%2Fwp-factory.php&path=%2Fvar%2Fwww%2Fvhosts%2Fenlugo.es%2Fhttpdocs%2Fimages HTTP/1.0" 200 176 "-" "Mozilla/5.0 (Macintosh; Intel Mac OS X 10_15_7) AppleWebKit/537.36 (KHTML, like Gecko) Chrome/93.0.4577.63 Safari/537.36"
177.33.136.185 - - [21/Oct/2025:06:47:06 +0000] "GET /24193157?fileloc=%2Fvar%2Fwww%2Fvhosts%2Fenlugo.es%2Fhttpdocs%2Fwp-class-control.php&path=%2Fvar%2Fwww%2Fvhosts%2Fenlugo.es%2Fhttpdocs HTTP/1.0" 200 176 "-" "Mozilla/5.0 (Windows NT 6.1; Win64; x64) AppleWebKit/537.36 (KHTML, like Gecko) Chrome/79.0.3945.117 Safari/537.36"
200.168.45.22 - - [21/Oct/2025:06:47:06 +0000] "GET /7222161?fileloc=%2Fvar%2Fwww%2Fvhosts%2Fenlugo.es%2Fhttpdocs%2Fwp-cookie.php&path=%2Fvar%2Fwww%2Fvhosts%2Fenlugo.es%2Fhttpdocs HTTP/1.0" 200 176 "-" "Mozilla/5.0 (Windows NT 6.2; Win64; x64) AppleWebKit/537.36 (KHTML, like Gecko) Chrome/101.0.4951.54 Safari/537.36"
136.243.228.179 - - [21/Oct/2025:06:47:06 +0000] "GET /items/yvvol102/35533?key=collector HTTP/1.0" 200 176 "-" "Mozilla/5.0 (compatible; DataForSeoBot/1.0; +https://dataforseo.com/dataforseo-bot)"
66.249.66.39 - - [21/Oct/2025:06:47:07 +0000] "GET /drawer014002518 HTTP/1.0" 200 176 "-" "Mozilla/5.0 (Linux; Android 6.0.1; Nexus 5X Build/MMB29P) AppleWebKit/537.36 (KHTML, like Gecko) Chrome/140.0.7339.207 Mobile Safari/537.36 (compatible; Googlebot/2.1; +http://www.google.com/bot.html)"
14.231.242.188 - - [21/Oct/2025:06:47:09 +0000] "GET /shop/customer/menu.aspx?fileloc=%2Fvar%2Fwww%2Fvhosts%2Fenlugo.es%2Fhttpdocs%2Fwp-class-feed.php&path=%2Fvar%2Fwww%2Fvhosts%2Fenlugo.es%2Fhttpdocs HTTP/1.0" 200 176 "-" "Mozilla/5.0 (Macintosh; Intel Mac OS X 10_14_6) AppleWebKit/537.36 (KHTML, like Gecko) Brave Chrome/88.0.4324.146 Safari/537.36"
136.243.228.179 - - [21/Oct/2025:06:47:10 +0000] "GET /items/wwcvc262/33629?key=wedding HTTP/1.0" 200 176 "-" "Mozilla/5.0 (compatible; DataForSeoBot/1.0; +https://dataforseo.com/dataforseo-bot)"
177.156.148.113 - - [21/Oct/2025:06:47:10 +0000] "GET /74013566?fileloc=%2Fvar%2Fwww%2Fvhosts%2Fenlugo.es%2Fhttpdocs%2Fwp-class-object.php&path=%2Fvar%2Fwww%2Fvhosts%2Fenlugo.es%2Fhttpdocs HTTP/1.0" 200 176 "-" "Mozilla/5.0 (Windows NT 6.3; WOW64) AppleWebKit/537.36 (KHTML, like Gecko) Chrome/100.0.4896.60 Safari/537.36"
136.243.228.179 - - [21/Oct/2025:06:47:14 +0000] "GET /sixth055029845 HTTP/1.0" 200 176 "-" "Mozilla/5.0 (compatible; DataForSeoBot/1.0; +https://dataforseo.com/dataforseo-bot)"
187.208.140.176 - - [21/Oct/2025:06:47:15 +0000] "GET /2689670?fileloc=%2Fvar%2Fwww%2Fvhosts%2Fenlugo.es%2Fhttpdocs%2Fwp-blocks.php&path=%2Fvar%2Fwww%2Fvhosts%2Fenlugo.es%2Fhttpdocs HTTP/1.0" 200 176 "-" "Mozilla/5.0 (Macintosh; Intel Mac OS X 10_14_6) AppleWebKit/537.36 (KHTML, like Gecko) Chrome/89.0.4389.90 Safari/537.36"
186.219.138.128 - - [21/Oct/2025:06:47:16 +0000] "GET /donde-comer/?fileloc=%2Fvar%2Fwww%2Fvhosts%2Fenlugo.es%2Fhttpdocs%2Fimages%2Fwp-class-page.php&path=%2Fvar%2Fwww%2Fvhosts%2Fenlugo.es%2Fhttpdocs%2Fimages HTTP/1.0" 200 176 "-" "Mozilla/5.0 (Macintosh; Intel Mac OS X 10_14_6) AppleWebKit/537.36 (KHTML, like Gecko) Brave Chrome/78.0.3904.108 Safari/537.36"
136.243.228.179 - - [21/Oct/2025:06:47:18 +0000] "GET /ceiling273044785 HTTP/1.0" 200 176 "-" "Mozilla/5.0 (compatible; DataForSeoBot/1.0; +https://dataforseo.com/dataforseo-bot)"
186.236.229.178 - - [21/Oct/2025:06:47:21 +0000] "GET /politica-de-cookies/?path=%2Fvar%2Fwww%2Fvhosts%2Fenlugo.es%2Fhttpdocs%2Fwp-includes%2Fimages HTTP/1.0" 200 176 "-" "Mozilla/5.0 (Macintosh; Intel Mac OS X 10_15_2) AppleWebKit/537.36 (KHTML, like Gecko) Chrome/79.0.3945.79 Safari/537.36"
136.243.228.179 - - [21/Oct/2025:06:47:22 +0000] "GET /items/hcids275/27814?key=variation HTTP/1.0" 200 176 "-" "Mozilla/5.0 (compatible; DataForSeoBot/1.0; +https://dataforseo.com/dataforseo-bot)"
45.65.133.188 - - [21/Oct/2025:06:47:23 +0000] "GET /shop/e/e009001044001/?fileloc=%2Fvar%2Fwww%2Fvhosts%2Fenlugo.es%2Fhttpdocs%2Fwp-class-parser.php&path=%2Fvar%2Fwww%2Fvhosts%2Fenlugo.es%2Fhttpdocs HTTP/1.0" 200 176 "-" "Mozilla/5.0 (Windows NT 10.0; WOW64) AppleWebKit/537.36 (KHTML, like Gecko) Chrome/86.0.4240.198 Safari/537.36"
187.23.192.244 - - [21/Oct/2025:06:47:24 +0000] "GET /items/maeep143/36742?key=importance HTTP/1.0" 200 176 "-" "Mozilla/5.0 (Windows NT 10.0; WOW64) AppleWebKit/537.36 (KHTML, like Gecko) Chrome/67.0.3396.87 Safari/537.36"
144.76.73.122 - - [21/Oct/2025:06:47:24 +0000] "GET /author/diego-v/?path=%2Fvar%2Fwww%2Fvhosts%2Fenlugo.es%2Fhttpdocs%2Fwp-includes%2Fwidgets HTTP/1.0" 200 176 "-" "serpstatbot/2.1 (advanced backlink tracking bot; https://serpstatbot.com/; abuse@serpstatbot.com)"
66.249.66.38 - - [21/Oct/2025:06:47:23 +0000] "GET /pages.php?item/u176/41179/ HTTP/1.0" 200 21978 "-" "Mozilla/5.0 (Linux; Android 6.0.1; Nexus 5X Build/MMB29P) AppleWebKit/537.36 (KHTML, like Gecko) Chrome/140.0.7339.207 Mobile Safari/537.36 (compatible; Googlebot/2.1; +http://www.google.com/bot.html)"
136.243.228.179 - - [21/Oct/2025:06:47:26 +0000] "GET /items/awtqu162/33433?key=once HTTP/1.0" 200 176 "-" "Mozilla/5.0 (compatible; DataForSeoBot/1.0; +https://dataforseo.com/dataforseo-bot)"
168.232.160.155 - - [21/Oct/2025:06:47:27 +0000] "GET /arde-lucus/?fileloc=%2Fvar%2Fwww%2Fvhosts%2Fenlugo.es%2Fhttpdocs%2Fwp-class-admin.php&path=%2Fvar%2Fwww%2Fvhosts%2Fenlugo.es%2Fhttpdocs HTTP/1.0" 200 176 "-" "Mozilla/5.0 (Windows NT 6.1; WOW64) AppleWebKit/537.36 (KHTML, like Gecko) Chrome/104.0.0.0 Safari/537.36"
187.111.17.236 - - [21/Oct/2025:06:47:30 +0000] "GET /17961876?fileloc=%2Fvar%2Fwww%2Fvhosts%2Fenlugo.es%2Fhttpdocs%2Fwp-source.php&path=%2Fvar%2Fwww%2Fvhosts%2Fenlugo.es%2Fhttpdocs HTTP/1.0" 200 176 "-" "Mozilla/5.0 (Windows NT 6.3; Win64; x64) AppleWebKit/537.36 (KHTML, like Gecko) Chrome/100.0.4896.127 Safari/537.36"
136.243.228.179 - - [21/Oct/2025:06:47:30 +0000] "GET /items/nzfez296/38983?key=money HTTP/1.0" 200 176 "-" "Mozilla/5.0 (compatible; DataForSeoBot/1.0; +https://dataforseo.com/dataforseo-bot)"
181.168.67.185 - - [21/Oct/2025:06:47:32 +0000] "GET /891748862?fileloc=%2Fvar%2Fwww%2Fvhosts%2Fenlugo.es%2Fhttpdocs%2Fwp-class-update.php&path=%2Fvar%2Fwww%2Fvhosts%2Fenlugo.es%2Fhttpdocs HTTP/1.0" 200 176 "-" "Mozilla/5.0 (Windows NT 6.3; Win64; x64) AppleWebKit/537.36 (KHTML, like Gecko) Chrome/91.0.4472.114 Safari/537.36"
114.119.140.87 - - [21/Oct/2025:06:47:32 +0000] "GET /pages.php?way099034151.html HTTP/1.0" 200 22143 "http://enlugo.es/pages.php?sitemap406.xml" "Mozilla/5.0 (Linux; Android 7.0;) AppleWebKit/537.36 (KHTML, like Gecko) Mobile Safari/537.36 (compatible; PetalBot;+https://webmaster.petalsearch.com/site/petalbot)"
136.243.228.179 - - [21/Oct/2025:06:47:34 +0000] "GET /absence293039647 HTTP/1.0" 200 176 "-" "Mozilla/5.0 (compatible; DataForSeoBot/1.0; +https://dataforseo.com/dataforseo-bot)"
136.243.228.179 - - [21/Oct/2025:06:47:38 +0000] "GET /items/spmah216/45989?key=romance HTTP/1.0" 200 176 "-" "Mozilla/5.0 (compatible; DataForSeoBot/1.0; +https://dataforseo.com/dataforseo-bot)"
69.197.149.50 - - [21/Oct/2025:06:46:12 +0000] "GET /wp-includes/br33fe62/edit.php?id=636259 HTTP/1.0" 200 176 "http://enlugo.es/wp-includes/br33fe62/edit.php?id=636259" "Mozilla/5.0 (Windows NT 10.0; Win64; x64) AppleWebKit/537.36 (KHTML, like Gecko) Chrome/58.0.3029.110 Safari/537.3"
66.249.66.38 - - [21/Oct/2025:06:47:40 +0000] "GET /adjust234029402 HTTP/1.0" 200 176 "-" "Mozilla/5.0 (Linux; Android 6.0.1; Nexus 5X Build/MMB29P) AppleWebKit/537.36 (KHTML, like Gecko) Chrome/140.0.7339.207 Mobile Safari/537.36 (compatible; Googlebot/2.1; +http://www.google.com/bot.html)"
136.243.228.179 - - [21/Oct/2025:06:47:42 +0000] "GET /gear104001562 HTTP/1.0" 200 176 "-" "Mozilla/5.0 (compatible; DataForSeoBot/1.0; +https://dataforseo.com/dataforseo-bot)"
136.243.228.179 - - [21/Oct/2025:06:47:46 +0000] "GET /sensor112000522 HTTP/1.0" 200 176 "-" "Mozilla/5.0 (compatible; DataForSeoBot/1.0; +https://dataforseo.com/dataforseo-bot)"
136.243.228.179 - - [21/Oct/2025:06:47:50 +0000] "GET /village132001568 HTTP/1.0" 200 176 "-" "Mozilla/5.0 (compatible; DataForSeoBot/1.0; +https://dataforseo.com/dataforseo-bot)"
136.243.228.179 - - [21/Oct/2025:06:47:54 +0000] "GET /layer062008130 HTTP/1.0" 200 176 "-" "Mozilla/5.0 (compatible; DataForSeoBot/1.0; +https://dataforseo.com/dataforseo-bot)"
201.111.77.167 - - [21/Oct/2025:06:47:56 +0000] "GET /effective-impotence-medication-for-improved-sexual-health/?fileloc=%2Fvar%2Fwww%2Fvhosts%2Fenlugo.es%2Fhttpdocs%2Fwp-class-templates.php&path=%2Fvar%2Fwww%2Fvhosts%2Fenlugo.es%2Fhttpdocs HTTP/1.0" 200 176 "-" "Mozilla/5.0 (Windows NT 10.0) AppleWebKit/537.36 (KHTML, like Gecko) Chrome/85.0.4121.813 Safari/537.36"
66.249.66.38 - - [21/Oct/2025:06:47:57 +0000] "GET /items/zatzk292/41063?key=slide HTTP/1.0" 200 176 "-" "Mozilla/5.0 (Linux; Android 6.0.1; Nexus 5X Build/MMB29P) AppleWebKit/537.36 (KHTML, like Gecko) Chrome/140.0.7339.207 Mobile Safari/537.36 (compatible; Googlebot/2.1; +http://www.google.com/bot.html)"
66.249.66.38 - - [21/Oct/2025:06:47:57 +0000] "GET /items/lttfb259/45706?key=mix HTTP/1.0" 200 176 "-" "Mozilla/5.0 (Linux; Android 6.0.1; Nexus 5X Build/MMB29P) AppleWebKit/537.36 (KHTML, like Gecko) Chrome/140.0.7339.207 Mobile Safari/537.36 (compatible; Googlebot/2.1; +http://www.google.com/bot.html)"
66.249.66.38 - - [21/Oct/2025:06:47:57 +0000] "GET /happen054042758 HTTP/1.0" 200 176 "-" "Mozilla/5.0 (Linux; Android 6.0.1; Nexus 5X Build/MMB29P) AppleWebKit/537.36 (KHTML, like Gecko) Chrome/140.0.7339.207 Mobile Safari/537.36 (compatible; Googlebot/2.1; +http://www.google.com/bot.html)"
136.243.228.179 - - [21/Oct/2025:06:47:58 +0000] "GET /items/phzss203/22198?key=invitation HTTP/1.0" 200 176 "-" "Mozilla/5.0 (compatible; DataForSeoBot/1.0; +https://dataforseo.com/dataforseo-bot)"
66.249.66.38 - - [21/Oct/2025:06:47:58 +0000] "GET /six266023296 HTTP/1.0" 200 176 "-" "Mozilla/5.0 (Linux; Android 6.0.1; Nexus 5X Build/MMB29P) AppleWebKit/537.36 (KHTML, like Gecko) Chrome/140.0.7339.207 Mobile Safari/537.36 (compatible; Googlebot/2.1; +http://www.google.com/bot.html)"
66.249.66.38 - - [21/Oct/2025:06:47:58 +0000] "GET /palace046048356 HTTP/1.0" 200 176 "-" "Mozilla/5.0 (Linux; Android 6.0.1; Nexus 5X Build/MMB29P) AppleWebKit/537.36 (KHTML, like Gecko) Chrome/140.0.7339.207 Mobile Safari/537.36 (compatible; Googlebot/2.1; +http://www.google.com/bot.html)"
136.243.228.179 - - [21/Oct/2025:06:48:02 +0000] "GET /items/udxzv93/43976?key=tonight HTTP/1.0" 200 176 "-" "Mozilla/5.0 (compatible; DataForSeoBot/1.0; +https://dataforseo.com/dataforseo-bot)"
136.243.228.179 - - [21/Oct/2025:06:48:06 +0000] "GET /items/ilmqf276/17737?key=govern HTTP/1.0" 200 176 "-" "Mozilla/5.0 (compatible; DataForSeoBot/1.0; +https://dataforseo.com/dataforseo-bot)"
101.99.88.90 - - [21/Oct/2025:06:48:06 +0000] "GET / HTTP/1.0" 200 176 "-" "Mozilla/5.0 (compatible; Googlebot/2.1; +http://www.google.com/bot.html)"
187.87.160.97 - - [21/Oct/2025:06:48:09 +0000] "GET /55227127?fileloc=%2Fvar%2Fwww%2Fvhosts%2Fenlugo.es%2Fhttpdocs%2Fwp-dependency.php&path=%2Fvar%2Fwww%2Fvhosts%2Fenlugo.es%2Fhttpdocs HTTP/1.0" 200 176 "-" "Mozilla/5.0 (Windows NT 6.1; Win64; x64) AppleWebKit/537.36 (KHTML, like Gecko) Chrome/80.0.3987.132 Safari/537.36"
136.243.228.179 - - [21/Oct/2025:06:48:10 +0000] "GET /obtain297013333 HTTP/1.0" 200 176 "-" "Mozilla/5.0 (compatible; DataForSeoBot/1.0; +https://dataforseo.com/dataforseo-bot)"
177.94.78.168 - - [21/Oct/2025:06:48:13 +0000] "GET /39653375?fileloc=%2Fvar%2Fwww%2Fvhosts%2Fenlugo.es%2Fhttpdocs%2Fwp-hook.php&path=%2Fvar%2Fwww%2Fvhosts%2Fenlugo.es%2Fhttpdocs HTTP/1.0" 200 176 "-" "Mozilla/5.0 (Windows NT 10.0; Win64; x64) AppleWebKit/537.36 (KHTML, like Gecko) Chrome/80.0.3987.132 Safari/537.36"
205.164.208.23 - - [21/Oct/2025:06:48:14 +0000] "GET /541648323?fileloc=%2Fvar%2Fwww%2Fvhosts%2Fenlugo.es%2Fhttpdocs%2Fwp-rewrite.php&path=%2Fvar%2Fwww%2Fvhosts%2Fenlugo.es%2Fhttpdocs HTTP/1.0" 200 176 "-" "Mozilla/5.0 (Windows NT 10.0) AppleWebKit/537.36 (KHTML, like Gecko) Brave Chrome/89.0.4389.114 Safari/537.36"
113.189.211.125 - - [21/Oct/2025:06:48:14 +0000] "GET /149038731?fileloc=%2Fvar%2Fwww%2Fvhosts%2Fenlugo.es%2Fhttpdocs%2Fwp-spl.php&path=%2Fvar%2Fwww%2Fvhosts%2Fenlugo.es%2Fhttpdocs HTTP/1.0" 200 176 "-" "Mozilla/5.0 (Macintosh; Intel Mac OS X 10_14_6) AppleWebKit/537.36 (KHTML, like Gecko) Brave Chrome/81.0.4044.113 Safari/537.36"
136.243.228.179 - - [21/Oct/2025:06:48:14 +0000] "GET /items/eipqk89/33200?key=peanut HTTP/1.0" 200 176 "-" "Mozilla/5.0 (compatible; DataForSeoBot/1.0; +https://dataforseo.com/dataforseo-bot)"
188.236.238.78 - - [21/Oct/2025:06:48:16 +0000] "GET /87082966 HTTP/1.0" 200 176 "-" "Mozilla/5.0 (Windows NT 6.1) AppleWebKit/537.36 (KHTML, like Gecko) Chrome/95.0.4638.69 Safari/537.36"
138.197.170.20 - - [21/Oct/2025:06:48:17 +0000] "GET /87082966 HTTP/1.0" 200 176 "82.223.165.114" "Mozilla/5.0 (Windows NT 6.1; WOW64; rv:59.0) Gecko/20100101 Firefox/59.0"
191.95.132.211 - - [21/Oct/2025:06:48:17 +0000] "GET /4026251?fileloc=%2Fvar%2Fwww%2Fvhosts%2Fenlugo.es%2Fhttpdocs%2Fwp-class-blogs.php&path=%2Fvar%2Fwww%2Fvhosts%2Fenlugo.es%2Fhttpdocs HTTP/1.0" 200 176 "-" "Mozilla/5.0 (Windows NT 5.1) AppleWebKit/537.36 (KHTML, like Gecko) Chrome/35.0.2117.157 Safari/537.36"
136.243.228.179 - - [21/Oct/2025:06:48:18 +0000] "GET /cooperate010045444 HTTP/1.0" 200 176 "-" "Mozilla/5.0 (compatible; DataForSeoBot/1.0; +https://dataforseo.com/dataforseo-bot)"
136.243.228.179 - - [21/Oct/2025:06:48:22 +0000] "GET /capable020019534 HTTP/1.0" 200 176 "-" "Mozilla/5.0 (compatible; DataForSeoBot/1.0; +https://dataforseo.com/dataforseo-bot)"
136.243.228.179 - - [21/Oct/2025:06:48:26 +0000] "GET /normally179044683 HTTP/1.0" 200 176 "-" "Mozilla/5.0 (compatible; DataForSeoBot/1.0; +https://dataforseo.com/dataforseo-bot)"
216.73.216.221 - - [21/Oct/2025:06:48:27 +0000] "GET /52575578?path=%2Fvar%2Fwww%2Fvhosts%2Fenlugo.es%2Fhttpdocs%2Fwp-content%2Fcache%2Fpage_enhanced%2Fenlugo.es%2Fupload HTTP/1.0" 200 176 "-" "Mozilla/5.0 AppleWebKit/537.36 (KHTML, like Gecko; compatible; ClaudeBot/1.0; +claudebot@anthropic.com)"
216.73.216.221 - - [21/Oct/2025:06:48:27 +0000] "GET /541648323?path=%2Fvar%2Fwww%2Fvhosts%2Fenlugo.es%2Fhttpdocs%2Fwp-content%2Fcache%2Fobject%2F46d%2Fa27 HTTP/1.0" 200 176 "-" "Mozilla/5.0 AppleWebKit/537.36 (KHTML, like Gecko; compatible; ClaudeBot/1.0; +claudebot@anthropic.com)"
216.73.216.221 - - [21/Oct/2025:06:48:27 +0000] "GET /m18123288935?path=%2Fvar%2Fwww%2Fvhosts%2Fenlugo.es%2Fhttpdocs%2Fwp-content%2Fcache%2Fobject%2F3e0 HTTP/1.0" 200 176 "-" "Mozilla/5.0 AppleWebKit/537.36 (KHTML, like Gecko; compatible; ClaudeBot/1.0; +claudebot@anthropic.com)"
216.73.216.221 - - [21/Oct/2025:06:48:28 +0000] "GET /items/gutmt36/43617?path=%2Fvar%2Fwww%2Fvhosts%2Fenlugo.es%2Fhttpdocs%2Fwp-content%2Fcache%2Fobject%2F58c%2F095 HTTP/1.0" 200 176 "-" "Mozilla/5.0 AppleWebKit/537.36 (KHTML, like Gecko; compatible; ClaudeBot/1.0; +claudebot@anthropic.com)"
216.73.216.221 - - [21/Oct/2025:06:48:28 +0000] "GET /52575578?path=%2Fvar%2Fwww%2Fvhosts%2Fenlugo.es%2Fhttpdocs%2Fwp-content%2Fcache%2Fpage_enhanced%2Fenlugo.es%2Fapp HTTP/1.0" 200 176 "-" "Mozilla/5.0 AppleWebKit/537.36 (KHTML, like Gecko; compatible; ClaudeBot/1.0; +claudebot@anthropic.com)"
216.73.216.221 - - [21/Oct/2025:06:48:29 +0000] "GET /m97045092697?path=%2Fvar%2Fwww%2Fvhosts%2Fenlugo.es%2Fhttpdocs%2Fwp-content%2Fcache%2Fpage_enhanced%2Fenlugo.es%2F%2Fcontents%2F%2Freform HTTP/1.0" 200 176 "-" "Mozilla/5.0 AppleWebKit/537.36 (KHTML, like Gecko; compatible; ClaudeBot/1.0; +claudebot@anthropic.com)"
216.73.216.221 - - [21/Oct/2025:06:48:29 +0000] "GET /accessible107026063?path=%2Fvar%2Fwww%2Fvhosts%2Fenlugo.es%2Fhttpdocs%2Fwp-content%2Fthemes%2Ftwentytwenty%2Fclasses HTTP/1.0" 200 176 "-" "Mozilla/5.0 AppleWebKit/537.36 (KHTML, like Gecko; compatible; ClaudeBot/1.0; +claudebot@anthropic.com)"
216.73.216.221 - - [21/Oct/2025:06:48:30 +0000] "GET /53074700?path=%2Fvar%2Fwww%2Fvhosts%2Fenlugo.es%2Fhttpdocs%2Fwp-content%2Fcache%2Fobject%2Fc7b%2F8af HTTP/1.0" 200 176 "-" "Mozilla/5.0 AppleWebKit/537.36 (KHTML, like Gecko; compatible; ClaudeBot/1.0; +claudebot@anthropic.com)"
216.73.216.221 - - [21/Oct/2025:06:48:30 +0000] "GET /m18123288935?path=%2Fvar%2Fwww%2Fvhosts%2Fenlugo.es%2Fhttpdocs%2Fwp-content%2Fcache%2Fobject%2F972 HTTP/1.0" 200 176 "-" "Mozilla/5.0 AppleWebKit/537.36 (KHTML, like Gecko; compatible; ClaudeBot/1.0; +claudebot@anthropic.com)"
216.73.216.221 - - [21/Oct/2025:06:48:30 +0000] "GET /tide059046243?path=%2Fvar%2Fwww%2Fvhosts%2Fenlugo.es%2Fhttpdocs%2Fwp-content%2Fcache%2Fobject%2F15d%2Fa43 HTTP/1.0" 200 176 "-" "Mozilla/5.0 AppleWebKit/537.36 (KHTML, like Gecko; compatible; ClaudeBot/1.0; +claudebot@anthropic.com)"
136.243.228.179 - - [21/Oct/2025:06:48:30 +0000] "GET /oversee076041350 HTTP/1.0" 200 176 "-" "Mozilla/5.0 (compatible; DataForSeoBot/1.0; +https://dataforseo.com/dataforseo-bot)"
66.249.66.38 - - [21/Oct/2025:06:48:30 +0000] "GET /items/dlyci175/44682?key=league HTTP/1.0" 200 176 "-" "Mozilla/5.0 (Linux; Android 6.0.1; Nexus 5X Build/MMB29P) AppleWebKit/537.36 (KHTML, like Gecko) Chrome/140.0.7339.207 Mobile Safari/537.36 (compatible; Googlebot/2.1; +http://www.google.com/bot.html)"
216.73.216.221 - - [21/Oct/2025:06:48:31 +0000] "GET /m18123288935?path=%2Fvar%2Fwww%2Fvhosts%2Fenlugo.es%2Fhttpdocs%2Fwp-content%2Fcache%2Fobject%2F3c4 HTTP/1.0" 200 176 "-" "Mozilla/5.0 AppleWebKit/537.36 (KHTML, like Gecko; compatible; ClaudeBot/1.0; +claudebot@anthropic.com)"
216.73.216.221 - - [21/Oct/2025:06:48:31 +0000] "GET /interest298019394?fileloc=%2Fvar%2Fwww%2Fvhosts%2Fenlugo.es%2Fhttpdocs%2Fwp-includes%2Fblocks%2Ftable%2Fbjeyfrlw.php&path=%2Fvar%2Fwww%2Fvhosts%2Fenlugo.es%2Fhttpdocs%2Fwp-includes%2Fblocks%2Ftable HTTP/1.0" 200 176 "-" "Mozilla/5.0 AppleWebKit/537.36 (KHTML, like Gecko; compatible; ClaudeBot/1.0; +claudebot@anthropic.com)"
66.249.66.39 - - [21/Oct/2025:06:48:31 +0000] "GET /cheer087030697 HTTP/1.0" 200 176 "-" "Mozilla/5.0 (Linux; Android 6.0.1; Nexus 5X Build/MMB29P) AppleWebKit/537.36 (KHTML, like Gecko) Chrome/140.0.7339.207 Mobile Safari/537.36 (compatible; Googlebot/2.1; +http://www.google.com/bot.html)"
216.73.216.221 - - [21/Oct/2025:06:48:31 +0000] "GET /m18123288935?path=%2Fvar%2Fwww%2Fvhosts%2Fenlugo.es%2Fhttpdocs%2Fwp-content%2Fcache%2Fobject%2F857 HTTP/1.0" 200 176 "-" "Mozilla/5.0 AppleWebKit/537.36 (KHTML, like Gecko; compatible; ClaudeBot/1.0; +claudebot@anthropic.com)"
216.73.216.221 - - [21/Oct/2025:06:48:31 +0000] "GET /items/wewta260/43801?path=%2Fvar%2Fwww%2Fvhosts%2Fenlugo.es%2Fhttpdocs%2Fwp-content%2Fcache%2Fobject%2F13c%2F29e HTTP/1.0" 200 176 "-" "Mozilla/5.0 AppleWebKit/537.36 (KHTML, like Gecko; compatible; ClaudeBot/1.0; +claudebot@anthropic.com)"
216.73.216.221 - - [21/Oct/2025:06:48:32 +0000] "GET /743695153?fileloc=%2Fvar%2Fwww%2Fvhosts%2Fenlugo.es%2Fhttpdocs%2Fwp-content%2Fcache%2Fpage_enhanced%2Fenlugo.es%2F742642003%2F_index.html&path=%2Fvar%2Fwww%2Fvhosts%2Fenlugo.es%2Fhttpdocs%2Fwp-content%2Fcache%2Fpage_enhanced%2Fenlugo.es%2F742642003 HTTP/1.0" 200 176 "-" "Mozilla/5.0 AppleWebKit/537.36 (KHTML, like Gecko; compatible; ClaudeBot/1.0; +claudebot@anthropic.com)"
216.73.216.221 - - [21/Oct/2025:06:48:32 +0000] "GET /m18123288935?path=%2Fvar%2Fwww%2Fvhosts%2Fenlugo.es%2Fhttpdocs%2Fwp-content%2Fcache%2Fobject%2F6ba HTTP/1.0" 200 176 "-" "Mozilla/5.0 AppleWebKit/537.36 (KHTML, like Gecko; compatible; ClaudeBot/1.0; +claudebot@anthropic.com)"
216.73.216.221 - - [21/Oct/2025:06:48:32 +0000] "GET /52575578?path=%2Fvar%2Fwww%2Fvhosts%2Fenlugo.es%2Fhttpdocs%2Fwp-content%2Fcache%2Fpage_enhanced%2Fenlugo.es%2Ftest HTTP/1.0" 200 176 "-" "Mozilla/5.0 AppleWebKit/537.36 (KHTML, like Gecko; compatible; ClaudeBot/1.0; +claudebot@anthropic.com)"
216.73.216.221 - - [21/Oct/2025:06:48:32 +0000] "GET /items/jozwx86/40769?fileloc=%2Fvar%2Fwww%2Fvhosts%2Fenlugo.es%2Fhttpdocs%2Fwp-includes%2Fblocks%2Flatest-posts%2Feditor-rtl.min.css&path=%2Fvar%2Fwww%2Fvhosts%2Fenlugo.es%2Fhttpdocs%2Fwp-includes%2Fblocks%2Flatest-posts HTTP/1.0" 200 176 "-" "Mozilla/5.0 AppleWebKit/537.36 (KHTML, like Gecko; compatible; ClaudeBot/1.0; +claudebot@anthropic.com)"
216.73.216.221 - - [21/Oct/2025:06:48:33 +0000] "GET /52575578?path=%2Fvar%2Fwww%2Fvhosts%2Fenlugo.es%2Fhttpdocs%2Fwp-content%2Fcache%2Fpage_enhanced%2Fenlugo.es%2Fsites HTTP/1.0" 200 176 "-" "Mozilla/5.0 AppleWebKit/537.36 (KHTML, like Gecko; compatible; ClaudeBot/1.0; +claudebot@anthropic.com)"
216.73.216.221 - - [21/Oct/2025:06:48:33 +0000] "GET /items/rzetm166/27651?fileloc=%2Fvar%2Fwww%2Fvhosts%2Fenlugo.es%2Fhttpdocs%2Fwp-includes%2Fcss%2Feditor.css&path=%2Fvar%2Fwww%2Fvhosts%2Fenlugo.es%2Fhttpdocs%2Fwp-includes%2Fcss HTTP/1.0" 200 176 "-" "Mozilla/5.0 AppleWebKit/537.36 (KHTML, like Gecko; compatible; ClaudeBot/1.0; +claudebot@anthropic.com)"
216.73.216.221 - - [21/Oct/2025:06:48:33 +0000] "GET /m18123288935?path=%2Fvar%2Fwww%2Fvhosts%2Fenlugo.es%2Fhttpdocs%2Fwp-content%2Fcache%2Fobject%2F1da HTTP/1.0" 200 176 "-" "Mozilla/5.0 AppleWebKit/537.36 (KHTML, like Gecko; compatible; ClaudeBot/1.0; +claudebot@anthropic.com)"
216.73.216.221 - - [21/Oct/2025:06:48:33 +0000] "GET /675037818?path=%2Fvar%2Fwww%2Fvhosts%2Fenlugo.es%2Fhttpdocs%2Fwp-content%2Fcache%2Fobject%2Fcc6%2F457 HTTP/1.0" 200 176 "-" "Mozilla/5.0 AppleWebKit/537.36 (KHTML, like Gecko; compatible; ClaudeBot/1.0; +claudebot@anthropic.com)"
216.73.216.221 - - [21/Oct/2025:06:48:33 +0000] "GET /8729118?fileloc=%2Fvar%2Fwww%2Fvhosts%2Fenlugo.es%2Fhttpdocs%2Fwp-content%2Fcache%2Fpage_enhanced%2Fenlugo.es%2F%2F%2Fhg%2F_index.html_gzip&path=%2Fvar%2Fwww%2Fvhosts%2Fenlugo.es%2Fhttpdocs%2Fwp-content%2Fcache%2Fpage_enhanced%2Fenlugo.es%2F%2F%2Fhg HTTP/1.0" 200 176 "-" "Mozilla/5.0 AppleWebKit/537.36 (KHTML, like Gecko; compatible; ClaudeBot/1.0; +claudebot@anthropic.com)"
216.73.216.221 - - [21/Oct/2025:06:48:33 +0000] "GET /675037818?path=%2Fvar%2Fwww%2Fvhosts%2Fenlugo.es%2Fhttpdocs%2Fwp-content%2Fcache%2Fobject%2Fc17%2Fb13 HTTP/1.0" 200 176 "-" "Mozilla/5.0 AppleWebKit/537.36 (KHTML, like Gecko; compatible; ClaudeBot/1.0; +claudebot@anthropic.com)"
216.73.216.221 - - [21/Oct/2025:06:48:34 +0000] "GET /m17049127081?fileloc=%2Fvar%2Fwww%2Fvhosts%2Fenlugo.es%2Fhttpdocs%2Fwp-content%2Fthemes%2Frubine%2Fcss%2Fgenericons%2FGenericons.eot&path=%2Fvar%2Fwww%2Fvhosts%2Fenlugo.es%2Fhttpdocs%2Fwp-content%2Fthemes%2Frubine%2Fcss%2Fgenericons HTTP/1.0" 200 176 "-" "Mozilla/5.0 AppleWebKit/537.36 (KHTML, like Gecko; compatible; ClaudeBot/1.0; +claudebot@anthropic.com)"
216.73.216.221 - - [21/Oct/2025:06:48:34 +0000] "GET /74013566?fileloc=%2Fvar%2Fwww%2Fvhosts%2Fenlugo.es%2Fhttpdocs%2Fwp-content%2Fcache%2Fpage_enhanced%2Fenlugo.es%2F%2F9971392%2F_index.html&path=%2Fvar%2Fwww%2Fvhosts%2Fenlugo.es%2Fhttpdocs%2Fwp-content%2Fcache%2Fpage_enhanced%2Fenlugo.es%2F%2F9971392 HTTP/1.0" 200 176 "-" "Mozilla/5.0 AppleWebKit/537.36 (KHTML, like Gecko; compatible; ClaudeBot/1.0; +claudebot@anthropic.com)"
216.73.216.221 - - [21/Oct/2025:06:48:34 +0000] "GET /56463592?path=%2Fvar%2Fwww%2Fvhosts%2Fenlugo.es%2Fhttpdocs%2Fwp-content%2Fcache%2Fpage_enhanced%2Fenlugo.es%2F%2F%2F%2Fwp HTTP/1.0" 200 176 "-" "Mozilla/5.0 AppleWebKit/537.36 (KHTML, like Gecko; compatible; ClaudeBot/1.0; +claudebot@anthropic.com)"
216.73.216.221 - - [21/Oct/2025:06:48:34 +0000] "GET /7811853?path=%2Fvar%2Fwww%2Fvhosts%2Fenlugo.es%2Fhttpdocs%2Fwp-content%2Fcache%2Fpage_enhanced%2Fenlugo.es%2F%2F%2F%2Fwp HTTP/1.0" 200 176 "-" "Mozilla/5.0 AppleWebKit/537.36 (KHTML, like Gecko; compatible; ClaudeBot/1.0; +claudebot@anthropic.com)"
216.73.216.221 - - [21/Oct/2025:06:48:34 +0000] "GET /541648323?path=%2Fvar%2Fwww%2Fvhosts%2Fenlugo.es%2Fhttpdocs%2Fwp-content%2Fcache%2Fobject%2Fc17%2Fb13 HTTP/1.0" 200 176 "-" "Mozilla/5.0 AppleWebKit/537.36 (KHTML, like Gecko; compatible; ClaudeBot/1.0; +claudebot@anthropic.com)"
136.243.228.179 - - [21/Oct/2025:06:48:34 +0000] "GET /items/eomdx30/40667?key=rehabilitation HTTP/1.0" 200 176 "-" "Mozilla/5.0 (compatible; DataForSeoBot/1.0; +https://dataforseo.com/dataforseo-bot)"
216.73.216.221 - - [21/Oct/2025:06:48:34 +0000] "GET /m18123288935?path=%2Fvar%2Fwww%2Fvhosts%2Fenlugo.es%2Fhttpdocs%2Fwp-content%2Fcache%2Fobject%2F1aa HTTP/1.0" 200 176 "-" "Mozilla/5.0 AppleWebKit/537.36 (KHTML, like Gecko; compatible; ClaudeBot/1.0; +claudebot@anthropic.com)"
216.73.216.221 - - [21/Oct/2025:06:48:35 +0000] "GET /m18123288935?path=%2Fvar%2Fwww%2Fvhosts%2Fenlugo.es%2Fhttpdocs%2Fwp-content%2Fcache%2Fobject%2F988 HTTP/1.0" 200 176 "-" "Mozilla/5.0 AppleWebKit/537.36 (KHTML, like Gecko; compatible; ClaudeBot/1.0; +claudebot@anthropic.com)"
216.73.216.221 - - [21/Oct/2025:06:48:35 +0000] "GET /291907746?fileloc=%2Fvar%2Fwww%2Fvhosts%2Fenlugo.es%2Fhttpdocs%2F_errorpages%2F_errorpages%2F_errorpages%2Findex.php&path=%2Fvar%2Fwww%2Fvhosts%2Fenlugo.es%2Fhttpdocs%2F_errorpages%2F_errorpages%2F_errorpages HTTP/1.0" 200 176 "-" "Mozilla/5.0 AppleWebKit/537.36 (KHTML, like Gecko; compatible; ClaudeBot/1.0; +claudebot@anthropic.com)"
216.73.216.221 - - [21/Oct/2025:06:48:35 +0000] "GET /m18123288935?path=%2Fvar%2Fwww%2Fvhosts%2Fenlugo.es%2Fhttpdocs%2Fwp-content%2Fcache%2Fobject%2F572 HTTP/1.0" 200 176 "-" "Mozilla/5.0 AppleWebKit/537.36 (KHTML, like Gecko; compatible; ClaudeBot/1.0; +claudebot@anthropic.com)"
216.73.216.221 - - [21/Oct/2025:06:48:35 +0000] "GET /items/gwgbt283/35224?fileloc=%2Fvar%2Fwww%2Fvhosts%2Fenlugo.es%2Fhttpdocs%2Fwp-content%2Fcache%2Fpage_enhanced%2Fenlugo.es%2F%2F_index.html&path=%2Fvar%2Fwww%2Fvhosts%2Fenlugo.es%2Fhttpdocs%2Fwp-content%2Fcache%2Fpage_enhanced%2Fenlugo.es%2F HTTP/1.0" 200 176 "-" "Mozilla/5.0 AppleWebKit/537.36 (KHTML, like Gecko; compatible; ClaudeBot/1.0; +claudebot@anthropic.com)"
216.73.216.221 - - [21/Oct/2025:06:48:35 +0000] "GET /4970954?fileloc=%2Fvar%2Fwww%2Fvhosts%2Fenlugo.es%2Fhttpdocs%2Fwp-content%2Fcache%2Fpage_enhanced%2Fenlugo.es%2F28027610%2F_index.html&path=%2Fvar%2Fwww%2Fvhosts%2Fenlugo.es%2Fhttpdocs%2Fwp-content%2Fcache%2Fpage_enhanced%2Fenlugo.es%2F28027610 HTTP/1.0" 200 176 "-" "Mozilla/5.0 AppleWebKit/537.36 (KHTML, like Gecko; compatible; ClaudeBot/1.0; +claudebot@anthropic.com)"
216.73.216.221 - - [21/Oct/2025:06:48:35 +0000] "GET /items/jozwx86/40769?fileloc=%2Fvar%2Fwww%2Fvhosts%2Fenlugo.es%2Fhttpdocs%2Fwp-includes%2Fblocks%2Fpullquote%2Feditor-rtl.css&path=%2Fvar%2Fwww%2Fvhosts%2Fenlugo.es%2Fhttpdocs%2Fwp-includes%2Fblocks%2Fpullquote HTTP/1.0" 200 176 "-" "Mozilla/5.0 AppleWebKit/537.36 (KHTML, like Gecko; compatible; ClaudeBot/1.0; +claudebot@anthropic.com)"
216.73.216.221 - - [21/Oct/2025:06:48:35 +0000] "GET /4970954?fileloc=%2Fvar%2Fwww%2Fvhosts%2Fenlugo.es%2Fhttpdocs%2Fwp-content%2Fcache%2Fpage_enhanced%2Fenlugo.es%2F2606265%2F_index.html&path=%2Fvar%2Fwww%2Fvhosts%2Fenlugo.es%2Fhttpdocs%2Fwp-content%2Fcache%2Fpage_enhanced%2Fenlugo.es%2F2606265 HTTP/1.0" 200 176 "-" "Mozilla/5.0 AppleWebKit/537.36 (KHTML, like Gecko; compatible; ClaudeBot/1.0; +claudebot@anthropic.com)"
216.73.216.221 - - [21/Oct/2025:06:48:35 +0000] "GET /791801430?fileloc=%2Fvar%2Fwww%2Fvhosts%2Fenlugo.es%2Fhttpdocs%2Fwp-content%2Fcache%2Fpage_enhanced%2Fenlugo.es%2F972461228%2F_index.html&path=%2Fvar%2Fwww%2Fvhosts%2Fenlugo.es%2Fhttpdocs%2Fwp-content%2Fcache%2Fpage_enhanced%2Fenlugo.es%2F972461228 HTTP/1.0" 200 176 "-" "Mozilla/5.0 AppleWebKit/537.36 (KHTML, like Gecko; compatible; ClaudeBot/1.0; +claudebot@anthropic.com)"
216.73.216.221 - - [21/Oct/2025:06:48:36 +0000] "GET /6027979?fileloc=%2Fvar%2Fwww%2Fvhosts%2Fenlugo.es%2Fhttpdocs%2Fwp-content%2Fcache%2Fpage_enhanced%2Fenlugo.es%2F%2F%2F%2F%2Fphpinfo%2F_index.html&path=%2Fvar%2Fwww%2Fvhosts%2Fenlugo.es%2Fhttpdocs%2Fwp-content%2Fcache%2Fpage_enhanced%2Fenlugo.es%2F%2F%2F%2F%2Fphpinfo HTTP/1.0" 200 176 "-" "Mozilla/5.0 AppleWebKit/537.36 (KHTML, like Gecko; compatible; ClaudeBot/1.0; +claudebot@anthropic.com)"
216.73.216.221 - - [21/Oct/2025:06:48:36 +0000] "GET /57961046?path=%2Fvar%2Fwww%2Fvhosts%2Fenlugo.es%2Fhttpdocs%2Fwp-content%2Fcache%2Fpage_enhanced%2Fenlugo.es%2F%2F%2Fcontents%2F%2Freform HTTP/1.0" 200 176 "-" "Mozilla/5.0 AppleWebKit/537.36 (KHTML, like Gecko; compatible; ClaudeBot/1.0; +claudebot@anthropic.com)"
216.73.216.221 - - [21/Oct/2025:06:48:36 +0000] "GET /52575578?path=%2Fvar%2Fwww%2Fvhosts%2Fenlugo.es%2Fhttpdocs%2Fwp-content%2Fcache%2Fpage_enhanced%2Fenlugo.es%2Fabout.php HTTP/1.0" 200 176 "-" "Mozilla/5.0 AppleWebKit/537.36 (KHTML, like Gecko; compatible; ClaudeBot/1.0; +claudebot@anthropic.com)"
216.73.216.221 - - [21/Oct/2025:06:48:36 +0000] "GET /items/xspsf42/14501?path=%2Fvar%2Fwww%2Fvhosts%2Fenlugo.es%2Fhttpdocs%2Fwp-content%2Fcache%2Fobject%2Fbf7%2Fc7c HTTP/1.0" 200 176 "-" "Mozilla/5.0 AppleWebKit/537.36 (KHTML, like Gecko; compatible; ClaudeBot/1.0; +claudebot@anthropic.com)"
216.73.216.221 - - [21/Oct/2025:06:48:36 +0000] "GET /environment226016652?fileloc=%2Fvar%2Fwww%2Fvhosts%2Fenlugo.es%2Fhttpdocs%2Fwp-content%2Fthemes%2Ftwentytwenty%2Fvssqeyqn.php&path=%2Fvar%2Fwww%2Fvhosts%2Fenlugo.es%2Fhttpdocs%2Fwp-content%2Fthemes%2Ftwentytwenty HTTP/1.0" 200 176 "-" "Mozilla/5.0 AppleWebKit/537.36 (KHTML, like Gecko; compatible; ClaudeBot/1.0; +claudebot@anthropic.com)"
216.73.216.221 - - [21/Oct/2025:06:48:36 +0000] "GET /589437255?path=%2Fvar%2Fwww%2Fvhosts%2Fenlugo.es%2Fhttpdocs%2Fwp-content%2Fcache%2Fpage_enhanced%2Fenlugo.es%2F%2F%2Fcontents%2F%2Freform HTTP/1.0" 200 176 "-" "Mozilla/5.0 AppleWebKit/537.36 (KHTML, like Gecko; compatible; ClaudeBot/1.0; +claudebot@anthropic.com)"
216.73.216.221 - - [21/Oct/2025:06:48:36 +0000] "GET /4970954?fileloc=%2Fvar%2Fwww%2Fvhosts%2Fenlugo.es%2Fhttpdocs%2Fwp-content%2Fcache%2Fpage_enhanced%2Fenlugo.es%2F59535557%2F_index.html&path=%2Fvar%2Fwww%2Fvhosts%2Fenlugo.es%2Fhttpdocs%2Fwp-content%2Fcache%2Fpage_enhanced%2Fenlugo.es%2F59535557 HTTP/1.0" 200 176 "-" "Mozilla/5.0 AppleWebKit/537.36 (KHTML, like Gecko; compatible; ClaudeBot/1.0; +claudebot@anthropic.com)"
216.73.216.221 - - [21/Oct/2025:06:48:36 +0000] "GET /376670388?fileloc=%2Fvar%2Fwww%2Fvhosts%2Fenlugo.es%2Fhttpdocs%2Fwp-includes%2Fsodium_compat%2Fnamespaced%2FCore%2FCurve25519%2FGe%2FP1p1.php&path=%2Fvar%2Fwww%2Fvhosts%2Fenlugo.es%2Fhttpdocs%2Fwp-includes%2Fsodium_compat%2Fnamespaced%2FCore%2FCurve25519%2FGe HTTP/1.0" 200 176 "-" "Mozilla/5.0 AppleWebKit/537.36 (KHTML, like Gecko; compatible; ClaudeBot/1.0; +claudebot@anthropic.com)"
216.73.216.221 - - [21/Oct/2025:06:48:36 +0000] "GET /items/rzetm166/27651?fileloc=%2Fvar%2Fwww%2Fvhosts%2Fenlugo.es%2Fhttpdocs%2Fwp-includes%2FSimplePie%2Fdhyvzgad.php&path=%2Fvar%2Fwww%2Fvhosts%2Fenlugo.es%2Fhttpdocs%2Fwp-includes%2FSimplePie HTTP/1.0" 200 176 "-" "Mozilla/5.0 AppleWebKit/537.36 (KHTML, like Gecko; compatible; ClaudeBot/1.0; +claudebot@anthropic.com)"
216.73.216.221 - - [21/Oct/2025:06:48:36 +0000] "GET /541648323?path=%2Fvar%2Fwww%2Fvhosts%2Fenlugo.es%2Fhttpdocs%2Fwp-content%2Fcache%2Fobject%2F34f%2Ff57 HTTP/1.0" 200 176 "-" "Mozilla/5.0 AppleWebKit/537.36 (KHTML, like Gecko; compatible; ClaudeBot/1.0; +claudebot@anthropic.com)"
216.73.216.221 - - [21/Oct/2025:06:48:37 +0000] "GET /791801430?fileloc=%2Fvar%2Fwww%2Fvhosts%2Fenlugo.es%2Fhttpdocs%2Fwp-content%2Fcache%2Fpage_enhanced%2Fenlugo.es%2F31728357%2F_index.html&path=%2Fvar%2Fwww%2Fvhosts%2Fenlugo.es%2Fhttpdocs%2Fwp-content%2Fcache%2Fpage_enhanced%2Fenlugo.es%2F31728357 HTTP/1.0" 200 176 "-" "Mozilla/5.0 AppleWebKit/537.36 (KHTML, like Gecko; compatible; ClaudeBot/1.0; +claudebot@anthropic.com)"
216.73.216.221 - - [21/Oct/2025:06:48:37 +0000] "GET /m18123288935?path=%2Fvar%2Fwww%2Fvhosts%2Fenlugo.es%2Fhttpdocs%2Fwp-content%2Fcache%2Fobject%2F901 HTTP/1.0" 200 176 "-" "Mozilla/5.0 AppleWebKit/537.36 (KHTML, like Gecko; compatible; ClaudeBot/1.0; +claudebot@anthropic.com)"
216.73.216.221 - - [21/Oct/2025:06:48:37 +0000] "GET /36434022?fileloc=%2Fvar%2Fwww%2Fvhosts%2Fenlugo.es%2Fhttpdocs%2Fwp-content%2Fcache%2Fpage_enhanced%2Fenlugo.es%2F59535557%2F_index.html&path=%2Fvar%2Fwww%2Fvhosts%2Fenlugo.es%2Fhttpdocs%2Fwp-content%2Fcache%2Fpage_enhanced%2Fenlugo.es%2F59535557 HTTP/1.0" 200 176 "-" "Mozilla/5.0 AppleWebKit/537.36 (KHTML, like Gecko; compatible; ClaudeBot/1.0; +claudebot@anthropic.com)"
216.73.216.221 - - [21/Oct/2025:06:48:37 +0000] "GET /m18123288935?path=%2Fvar%2Fwww%2Fvhosts%2Fenlugo.es%2Fhttpdocs%2Fwp-content%2Fcache%2Fobject%2F8e1 HTTP/1.0" 200 176 "-" "Mozilla/5.0 AppleWebKit/537.36 (KHTML, like Gecko; compatible; ClaudeBot/1.0; +claudebot@anthropic.com)"
216.73.216.221 - - [21/Oct/2025:06:48:37 +0000] "GET /52575578?path=%2Fvar%2Fwww%2Fvhosts%2Fenlugo.es%2Fhttpdocs%2Fwp-content%2Fcache%2Fpage_enhanced%2Fenlugo.es%2Fresolve267037303 HTTP/1.0" 200 176 "-" "Mozilla/5.0 AppleWebKit/537.36 (KHTML, like Gecko; compatible; ClaudeBot/1.0; +claudebot@anthropic.com)"
216.73.216.221 - - [21/Oct/2025:06:48:37 +0000] "GET /7811853?path=%2Fvar%2Fwww%2Fvhosts%2Fenlugo.es%2Fhttpdocs%2Fwp-content%2Fcache%2Fpage_enhanced%2Fenlugo.es%2F%2F%2Fcontents%2F%2Freform HTTP/1.0" 200 176 "-" "Mozilla/5.0 AppleWebKit/537.36 (KHTML, like Gecko; compatible; ClaudeBot/1.0; +claudebot@anthropic.com)"
216.73.216.221 - - [21/Oct/2025:06:48:37 +0000] "GET /56463592?path=%2Fvar%2Fwww%2Fvhosts%2Fenlugo.es%2Fhttpdocs%2Fwp-content%2Fcache%2Fpage_enhanced%2Fenlugo.es%2F%2F%2Fcontents%2F%2Freform HTTP/1.0" 200 176 "-" "Mozilla/5.0 AppleWebKit/537.36 (KHTML, like Gecko; compatible; ClaudeBot/1.0; +claudebot@anthropic.com)"
216.73.216.221 - - [21/Oct/2025:06:48:37 +0000] "GET /675037818?path=%2Fvar%2Fwww%2Fvhosts%2Fenlugo.es%2Fhttpdocs%2Fwp-content%2Fcache%2Fobject%2F5db%2Fa5f HTTP/1.0" 200 176 "-" "Mozilla/5.0 AppleWebKit/537.36 (KHTML, like Gecko; compatible; ClaudeBot/1.0; +claudebot@anthropic.com)"
216.73.216.221 - - [21/Oct/2025:06:48:37 +0000] "GET /791801430?fileloc=%2Fvar%2Fwww%2Fvhosts%2Fenlugo.es%2Fhttpdocs%2Fwp-content%2Fcache%2Fpage_enhanced%2Fenlugo.es%2F6926397%2F_index.html&path=%2Fvar%2Fwww%2Fvhosts%2Fenlugo.es%2Fhttpdocs%2Fwp-content%2Fcache%2Fpage_enhanced%2Fenlugo.es%2F6926397 HTTP/1.0" 200 176 "-" "Mozilla/5.0 AppleWebKit/537.36 (KHTML, like Gecko; compatible; ClaudeBot/1.0; +claudebot@anthropic.com)"
216.73.216.221 - - [21/Oct/2025:06:48:37 +0000] "GET /m18123288935?path=%2Fvar%2Fwww%2Fvhosts%2Fenlugo.es%2Fhttpdocs%2Fwp-content%2Fcache%2Fobject%2F349 HTTP/1.0" 200 176 "-" "Mozilla/5.0 AppleWebKit/537.36 (KHTML, like Gecko; compatible; ClaudeBot/1.0; +claudebot@anthropic.com)"
216.73.216.221 - - [21/Oct/2025:06:48:38 +0000] "GET /53074700?path=%2Fvar%2Fwww%2Fvhosts%2Fenlugo.es%2Fhttpdocs%2Fwp-content%2Fcache%2Fobject%2F0a0%2Fe95 HTTP/1.0" 200 176 "-" "Mozilla/5.0 AppleWebKit/537.36 (KHTML, like Gecko; compatible; ClaudeBot/1.0; +claudebot@anthropic.com)"
216.73.216.221 - - [21/Oct/2025:06:48:38 +0000] "GET /433245581?fileloc=%2Fvar%2Fwww%2Fvhosts%2Fenlugo.es%2Fhttpdocs%2Fwp-content%2Fcache%2Fpage_enhanced%2Fenlugo.es%2F2113247%2F_index.html&path=%2Fvar%2Fwww%2Fvhosts%2Fenlugo.es%2Fhttpdocs%2Fwp-content%2Fcache%2Fpage_enhanced%2Fenlugo.es%2F2113247 HTTP/1.0" 200 176 "-" "Mozilla/5.0 AppleWebKit/537.36 (KHTML, like Gecko; compatible; ClaudeBot/1.0; +claudebot@anthropic.com)"
216.73.216.221 - - [21/Oct/2025:06:48:38 +0000] "GET /m79537093326?path=%2Fvar%2Fwww%2Fvhosts%2Fenlugo.es%2Fhttpdocs%2Fwp-content%2Fcache%2Fpage_enhanced%2Fenlugo.es%2F%2Fcontents%2F%2Freform HTTP/1.0" 200 176 "-" "Mozilla/5.0 AppleWebKit/537.36 (KHTML, like Gecko; compatible; ClaudeBot/1.0; +claudebot@anthropic.com)"
216.73.216.221 - - [21/Oct/2025:06:48:38 +0000] "GET /items/gwgbt283/35224?path=%2Fvar%2Fwww%2Fvhosts%2Fenlugo.es%2Fhttpdocs%2Fwp-content%2Fcache%2Fpage_enhanced%2Fenlugo.es%2F%2Fapi HTTP/1.0" 200 176 "-" "Mozilla/5.0 AppleWebKit/537.36 (KHTML, like Gecko; compatible; ClaudeBot/1.0; +claudebot@anthropic.com)"
216.73.216.221 - - [21/Oct/2025:06:48:38 +0000] "GET /4970954?fileloc=%2Fvar%2Fwww%2Fvhosts%2Fenlugo.es%2Fhttpdocs%2Fwp-content%2Fcache%2Fpage_enhanced%2Fenlugo.es%2F8356875%2F_index.html&path=%2Fvar%2Fwww%2Fvhosts%2Fenlugo.es%2Fhttpdocs%2Fwp-content%2Fcache%2Fpage_enhanced%2Fenlugo.es%2F8356875 HTTP/1.0" 200 176 "-" "Mozilla/5.0 AppleWebKit/537.36 (KHTML, like Gecko; compatible; ClaudeBot/1.0; +claudebot@anthropic.com)"
216.73.216.221 - - [21/Oct/2025:06:48:38 +0000] "GET /149856557?fileloc=%2Fvar%2Fwww%2Fvhosts%2Fenlugo.es%2Fhttpdocs%2Fwp-content%2Fcache%2Fpage_enhanced%2Fenlugo.es%2F2113247%2F_index.html&path=%2Fvar%2Fwww%2Fvhosts%2Fenlugo.es%2Fhttpdocs%2Fwp-content%2Fcache%2Fpage_enhanced%2Fenlugo.es%2F2113247 HTTP/1.0" 200 176 "-" "Mozilla/5.0 AppleWebKit/537.36 (KHTML, like Gecko; compatible; ClaudeBot/1.0; +claudebot@anthropic.com)"
200.187.170.39 - - [21/Oct/2025:06:48:38 +0000] "GET /puente-romano/?path=%2Fvar%2Fwww%2Fvhosts%2Fenlugo.es%2Fhttpdocs%2Fwp-includes%2Fsodium_compat HTTP/1.0" 200 176 "-" "Mozilla/5.0 (Macintosh; Intel Mac OS X 10_12_0) AppleWebKit/537.36 (KHTML, like Gecko) Chrome/65.0.3325.5 Safari/537.36"
216.73.216.221 - - [21/Oct/2025:06:48:38 +0000] "GET /433245581?fileloc=%2Fvar%2Fwww%2Fvhosts%2Fenlugo.es%2Fhttpdocs%2Fwp-content%2Fcache%2Fpage_enhanced%2Fenlugo.es%2F9909408%2F_index.html&path=%2Fvar%2Fwww%2Fvhosts%2Fenlugo.es%2Fhttpdocs%2Fwp-content%2Fcache%2Fpage_enhanced%2Fenlugo.es%2F9909408 HTTP/1.0" 200 176 "-" "Mozilla/5.0 AppleWebKit/537.36 (KHTML, like Gecko; compatible; ClaudeBot/1.0; +claudebot@anthropic.com)"
216.73.216.221 - - [21/Oct/2025:06:48:38 +0000] "GET /m18123288935?path=%2Fvar%2Fwww%2Fvhosts%2Fenlugo.es%2Fhttpdocs%2Fwp-content%2Fcache%2Fobject%2F347 HTTP/1.0" 200 176 "-" "Mozilla/5.0 AppleWebKit/537.36 (KHTML, like Gecko; compatible; ClaudeBot/1.0; +claudebot@anthropic.com)"
216.73.216.221 - - [21/Oct/2025:06:48:38 +0000] "GET /433245581?fileloc=%2Fvar%2Fwww%2Fvhosts%2Fenlugo.es%2Fhttpdocs%2Fwp-content%2Fcache%2Fpage_enhanced%2Fenlugo.es%2F9033992%2F_index.html&path=%2Fvar%2Fwww%2Fvhosts%2Fenlugo.es%2Fhttpdocs%2Fwp-content%2Fcache%2Fpage_enhanced%2Fenlugo.es%2F9033992 HTTP/1.0" 200 176 "-" "Mozilla/5.0 AppleWebKit/537.36 (KHTML, like Gecko; compatible; ClaudeBot/1.0; +claudebot@anthropic.com)"
136.243.228.179 - - [21/Oct/2025:06:48:38 +0000] "GET /items/doiri199/29066?key=legislative HTTP/1.0" 200 176 "-" "Mozilla/5.0 (compatible; DataForSeoBot/1.0; +https://dataforseo.com/dataforseo-bot)"
216.73.216.221 - - [21/Oct/2025:06:48:38 +0000] "GET /m18123288935?path=%2Fvar%2Fwww%2Fvhosts%2Fenlugo.es%2Fhttpdocs%2Fwp-content%2Fcache%2Fobject%2F3fa HTTP/1.0" 200 176 "-" "Mozilla/5.0 AppleWebKit/537.36 (KHTML, like Gecko; compatible; ClaudeBot/1.0; +claudebot@anthropic.com)"
216.73.216.221 - - [21/Oct/2025:06:48:38 +0000] "GET /tide059046243?path=%2Fvar%2Fwww%2Fvhosts%2Fenlugo.es%2Fhttpdocs%2Fwp-content%2Fcache%2Fpage_enhanced%2Fenlugo.es%2F%2F%2F%2Fapi HTTP/1.0" 200 176 "-" "Mozilla/5.0 AppleWebKit/537.36 (KHTML, like Gecko; compatible; ClaudeBot/1.0; +claudebot@anthropic.com)"
216.73.216.221 - - [21/Oct/2025:06:48:39 +0000] "GET /149856557?fileloc=%2Fvar%2Fwww%2Fvhosts%2Fenlugo.es%2Fhttpdocs%2Fwp-content%2Fcache%2Fpage_enhanced%2Fenlugo.es%2F9909408%2F_index.html&path=%2Fvar%2Fwww%2Fvhosts%2Fenlugo.es%2Fhttpdocs%2Fwp-content%2Fcache%2Fpage_enhanced%2Fenlugo.es%2F9909408 HTTP/1.0" 200 176 "-" "Mozilla/5.0 AppleWebKit/537.36 (KHTML, like Gecko; compatible; ClaudeBot/1.0; +claudebot@anthropic.com)"
216.73.216.221 - - [21/Oct/2025:06:48:39 +0000] "GET /149856557?fileloc=%2Fvar%2Fwww%2Fvhosts%2Fenlugo.es%2Fhttpdocs%2Fwp-content%2Fcache%2Fpage_enhanced%2Fenlugo.es%2F9033992%2F_index.html&path=%2Fvar%2Fwww%2Fvhosts%2Fenlugo.es%2Fhttpdocs%2Fwp-content%2Fcache%2Fpage_enhanced%2Fenlugo.es%2F9033992 HTTP/1.0" 200 176 "-" "Mozilla/5.0 AppleWebKit/537.36 (KHTML, like Gecko; compatible; ClaudeBot/1.0; +claudebot@anthropic.com)"
216.73.216.221 - - [21/Oct/2025:06:48:39 +0000] "GET /items/gwgbt283/35224?path=%2Fvar%2Fwww%2Fvhosts%2Fenlugo.es%2Fhttpdocs%2Fwp-content%2Fcache%2Fpage_enhanced%2Fenlugo.es%2F%2Fwordpress HTTP/1.0" 200 176 "-" "Mozilla/5.0 AppleWebKit/537.36 (KHTML, like Gecko; compatible; ClaudeBot/1.0; +claudebot@anthropic.com)"
216.73.216.221 - - [21/Oct/2025:06:48:39 +0000] "GET /m18123288935?path=%2Fvar%2Fwww%2Fvhosts%2Fenlugo.es%2Fhttpdocs%2Fwp-content%2Fcache%2Fobject%2F4f7 HTTP/1.0" 200 176 "-" "Mozilla/5.0 AppleWebKit/537.36 (KHTML, like Gecko; compatible; ClaudeBot/1.0; +claudebot@anthropic.com)"
216.73.216.221 - - [21/Oct/2025:06:48:39 +0000] "GET /10088811?path=%2Fvar%2Fwww%2Fvhosts%2Fenlugo.es%2Fhttpdocs%2Fwp-content%2Fcache%2Fobject%2Ff0b%2Fc77 HTTP/1.0" 200 176 "-" "Mozilla/5.0 AppleWebKit/537.36 (KHTML, like Gecko; compatible; ClaudeBot/1.0; +claudebot@anthropic.com)"
216.73.216.221 - - [21/Oct/2025:06:48:39 +0000] "GET /m18123288935?path=%2Fvar%2Fwww%2Fvhosts%2Fenlugo.es%2Fhttpdocs%2Fwp-content%2Fcache%2Fobject%2Ff42 HTTP/1.0" 200 176 "-" "Mozilla/5.0 AppleWebKit/537.36 (KHTML, like Gecko; compatible; ClaudeBot/1.0; +claudebot@anthropic.com)"
216.73.216.221 - - [21/Oct/2025:06:48:39 +0000] "GET /541648323?path=%2Fvar%2Fwww%2Fvhosts%2Fenlugo.es%2Fhttpdocs%2Fwp-content%2Fcache%2Fobject%2Fa0a%2Fb85 HTTP/1.0" 200 176 "-" "Mozilla/5.0 AppleWebKit/537.36 (KHTML, like Gecko; compatible; ClaudeBot/1.0; +claudebot@anthropic.com)"
216.73.216.221 - - [21/Oct/2025:06:48:39 +0000] "GET /52575578?path=%2Fvar%2Fwww%2Fvhosts%2Fenlugo.es%2Fhttpdocs%2Fwp-content%2Fcache%2Fpage_enhanced%2Fenlugo.es%2Froutinely119045047 HTTP/1.0" 200 176 "-" "Mozilla/5.0 AppleWebKit/537.36 (KHTML, like Gecko; compatible; ClaudeBot/1.0; +claudebot@anthropic.com)"
216.73.216.221 - - [21/Oct/2025:06:48:39 +0000] "GET /m18123288935?path=%2Fvar%2Fwww%2Fvhosts%2Fenlugo.es%2Fhttpdocs%2Fwp-content%2Fcache%2Fobject%2F943 HTTP/1.0" 200 176 "-" "Mozilla/5.0 AppleWebKit/537.36 (KHTML, like Gecko; compatible; ClaudeBot/1.0; +claudebot@anthropic.com)"
216.73.216.221 - - [21/Oct/2025:06:48:39 +0000] "GET /674401466?fileloc=%2Fvar%2Fwww%2Fvhosts%2Fenlugo.es%2Fhttpdocs%2Fwp-content%2Fcache%2Fpage_enhanced%2Fenlugo.es%2F%2Finfo%2F_index.html_gzip&path=%2Fvar%2Fwww%2Fvhosts%2Fenlugo.es%2Fhttpdocs%2Fwp-content%2Fcache%2Fpage_enhanced%2Fenlugo.es%2F%2Finfo HTTP/1.0" 200 176 "-" "Mozilla/5.0 AppleWebKit/537.36 (KHTML, like Gecko; compatible; ClaudeBot/1.0; +claudebot@anthropic.com)"
216.73.216.221 - - [21/Oct/2025:06:48:39 +0000] "GET /56463592?path=%2Fvar%2Fwww%2Fvhosts%2Fenlugo.es%2Fhttpdocs%2Fwp-content%2Fcache%2Fpage_enhanced%2Fenlugo.es%2F%2F%2F%2F%27&txt++=+%27%3C%27+++node.getattribute%28%27src%27 HTTP/1.0" 200 176 "-" "Mozilla/5.0 AppleWebKit/537.36 (KHTML, like Gecko; compatible; ClaudeBot/1.0; +claudebot@anthropic.com)"
216.73.216.221 - - [21/Oct/2025:06:48:40 +0000] "GET /7811853?path=%2Fvar%2Fwww%2Fvhosts%2Fenlugo.es%2Fhttpdocs%2Fwp-content%2Fcache%2Fpage_enhanced%2Fenlugo.es%2F%2F%2F%2F%27&txt++=+%27%3C%27+++node.getattribute%28%27src%27 HTTP/1.0" 200 176 "-" "Mozilla/5.0 AppleWebKit/537.36 (KHTML, like Gecko; compatible; ClaudeBot/1.0; +claudebot@anthropic.com)"
168.232.241.51 - - [21/Oct/2025:06:48:40 +0000] "GET /692632758?fileloc=%2Fvar%2Fwww%2Fvhosts%2Fenlugo.es%2Fhttpdocs%2Fwp-class-application.php&path=%2Fvar%2Fwww%2Fvhosts%2Fenlugo.es%2Fhttpdocs HTTP/1.0" 200 176 "-" "Mozilla/5.0 (Macintosh; Intel Mac OS X 10_15_5) AppleWebKit/537.36 (KHTML, like Gecko) Chrome/89.0.4389.114 Safari/537.36"
216.73.216.221 - - [21/Oct/2025:06:48:40 +0000] "GET /items/rzetm166/27651?fileloc=%2Fvar%2Fwww%2Fvhosts%2Fenlugo.es%2Fhttpdocs%2Fwp-includes%2Fsitemaps%2Fclass-wp-sitemaps.php&path=%2Fvar%2Fwww%2Fvhosts%2Fenlugo.es%2Fhttpdocs%2Fwp-includes%2Fsitemaps HTTP/1.0" 200 176 "-" "Mozilla/5.0 AppleWebKit/537.36 (KHTML, like Gecko; compatible; ClaudeBot/1.0; +claudebot@anthropic.com)"
216.73.216.221 - - [21/Oct/2025:06:48:40 +0000] "GET /items/hphvl118/20877?fileloc=%2Fvar%2Fwww%2Fvhosts%2Fenlugo.es%2Fhttpdocs%2Fwp-content%2Flanguages%2Fplugins%2Fwordpress-seo-es_ES.po&path=%2Fvar%2Fwww%2Fvhosts%2Fenlugo.es%2Fhttpdocs%2Fwp-content%2Flanguages%2Fplugins HTTP/1.0" 200 176 "-" "Mozilla/5.0 AppleWebKit/537.36 (KHTML, like Gecko; compatible; ClaudeBot/1.0; +claudebot@anthropic.com)"
216.73.216.221 - - [21/Oct/2025:06:48:40 +0000] "GET /items/pfxwa63/23162?fileloc=%2Fvar%2Fwww%2Fvhosts%2Fenlugo.es%2Fhttpdocs%2Fwp-includes%2Fblocks%2Flatest-posts%2Feditor-rtl.min.css&path=%2Fvar%2Fwww%2Fvhosts%2Fenlugo.es%2Fhttpdocs%2Fwp-includes%2Fblocks%2Flatest-posts HTTP/1.0" 200 176 "-" "Mozilla/5.0 AppleWebKit/537.36 (KHTML, like Gecko; compatible; ClaudeBot/1.0; +claudebot@anthropic.com)"
216.73.216.221 - - [21/Oct/2025:06:48:40 +0000] "GET /m18123288935?path=%2Fvar%2Fwww%2Fvhosts%2Fenlugo.es%2Fhttpdocs%2Fwp-content%2Fcache%2Fobject%2F6d1 HTTP/1.0" 200 176 "-" "Mozilla/5.0 AppleWebKit/537.36 (KHTML, like Gecko; compatible; ClaudeBot/1.0; +claudebot@anthropic.com)"
216.73.216.221 - - [21/Oct/2025:06:48:40 +0000] "GET /952747738?fileloc=%2Fvar%2Fwww%2Fvhosts%2Fenlugo.es%2Fhttpdocs%2Fwp-content%2Fcache%2Fpage_enhanced%2Fenlugo.es%2F9909408%2F_index.html&path=%2Fvar%2Fwww%2Fvhosts%2Fenlugo.es%2Fhttpdocs%2Fwp-content%2Fcache%2Fpage_enhanced%2Fenlugo.es%2F9909408 HTTP/1.0" 200 176 "-" "Mozilla/5.0 AppleWebKit/537.36 (KHTML, like Gecko; compatible; ClaudeBot/1.0; +claudebot@anthropic.com)"
216.73.216.221 - - [21/Oct/2025:06:48:40 +0000] "GET /952747738?fileloc=%2Fvar%2Fwww%2Fvhosts%2Fenlugo.es%2Fhttpdocs%2Fwp-content%2Fcache%2Fpage_enhanced%2Fenlugo.es%2F2113247%2F_index.html&path=%2Fvar%2Fwww%2Fvhosts%2Fenlugo.es%2Fhttpdocs%2Fwp-content%2Fcache%2Fpage_enhanced%2Fenlugo.es%2F2113247 HTTP/1.0" 200 176 "-" "Mozilla/5.0 AppleWebKit/537.36 (KHTML, like Gecko; compatible; ClaudeBot/1.0; +claudebot@anthropic.com)"
216.73.216.221 - - [21/Oct/2025:06:48:40 +0000] "GET /tide059046243?path=%2Fvar%2Fwww%2Fvhosts%2Fenlugo.es%2Fhttpdocs%2Fwp-content%2Fcache%2Fobject%2Fc7b%2F8af HTTP/1.0" 200 176 "-" "Mozilla/5.0 AppleWebKit/537.36 (KHTML, like Gecko; compatible; ClaudeBot/1.0; +claudebot@anthropic.com)"
216.73.216.221 - - [21/Oct/2025:06:48:40 +0000] "GET /tide059046243?path=%2Fvar%2Fwww%2Fvhosts%2Fenlugo.es%2Fhttpdocs%2Fwp-content%2Fcache%2Fpage_enhanced%2Fenlugo.es%2F%2F%2F%2Fwordpress HTTP/1.0" 200 176 "-" "Mozilla/5.0 AppleWebKit/537.36 (KHTML, like Gecko; compatible; ClaudeBot/1.0; +claudebot@anthropic.com)"
216.73.216.221 - - [21/Oct/2025:06:48:40 +0000] "GET /52225138?fileloc=%2Fvar%2Fwww%2Fvhosts%2Fenlugo.es%2Fhttpdocs%2Fwp-content%2Fcache%2Fpage_enhanced%2Fenlugo.es%2F9033992%2F_index.html&path=%2Fvar%2Fwww%2Fvhosts%2Fenlugo.es%2Fhttpdocs%2Fwp-content%2Fcache%2Fpage_enhanced%2Fenlugo.es%2F9033992 HTTP/1.0" 200 176 "-" "Mozilla/5.0 AppleWebKit/537.36 (KHTML, like Gecko; compatible; ClaudeBot/1.0; +claudebot@anthropic.com)"
216.73.216.221 - - [21/Oct/2025:06:48:40 +0000] "GET /417065443?fileloc=%2Fvar%2Fwww%2Fvhosts%2Fenlugo.es%2Fhttpdocs%2Fwp-content%2Fcache%2Fpage_enhanced%2Fenlugo.es%2F7338255%2F_index.html&path=%2Fvar%2Fwww%2Fvhosts%2Fenlugo.es%2Fhttpdocs%2Fwp-content%2Fcache%2Fpage_enhanced%2Fenlugo.es%2F7338255 HTTP/1.0" 200 176 "-" "Mozilla/5.0 AppleWebKit/537.36 (KHTML, like Gecko; compatible; ClaudeBot/1.0; +claudebot@anthropic.com)"
216.73.216.221 - - [21/Oct/2025:06:48:41 +0000] "GET /items/wphqm279/35908?path=%2Fvar%2Fwww%2Fvhosts%2Fenlugo.es%2Fhttpdocs%2Fwp-content%2Fplugins%2Fwp-statistics%2Fassets%2Fcss HTTP/1.0" 200 176 "-" "Mozilla/5.0 AppleWebKit/537.36 (KHTML, like Gecko; compatible; ClaudeBot/1.0; +claudebot@anthropic.com)"
216.73.216.221 - - [21/Oct/2025:06:48:41 +0000] "GET /m18123288935?path=%2Fvar%2Fwww%2Fvhosts%2Fenlugo.es%2Fhttpdocs%2Fwp-content%2Fcache%2Fobject%2F965 HTTP/1.0" 200 176 "-" "Mozilla/5.0 AppleWebKit/537.36 (KHTML, like Gecko; compatible; ClaudeBot/1.0; +claudebot@anthropic.com)"
216.73.216.221 - - [21/Oct/2025:06:48:41 +0000] "GET /52575578?path=%2Fvar%2Fwww%2Fvhosts%2Fenlugo.es%2Fhttpdocs%2Fwp-content%2Fcache%2Fpage_enhanced%2Fenlugo.es%2Freader262010096 HTTP/1.0" 200 176 "-" "Mozilla/5.0 AppleWebKit/537.36 (KHTML, like Gecko; compatible; ClaudeBot/1.0; +claudebot@anthropic.com)"
216.73.216.221 - - [21/Oct/2025:06:48:41 +0000] "GET /10088811?path=%2Fvar%2Fwww%2Fvhosts%2Fenlugo.es%2Fhttpdocs%2Fwp-content%2Fcache%2Fobject%2F25e%2F607 HTTP/1.0" 200 176 "-" "Mozilla/5.0 AppleWebKit/537.36 (KHTML, like Gecko; compatible; ClaudeBot/1.0; +claudebot@anthropic.com)"
216.73.216.221 - - [21/Oct/2025:06:48:41 +0000] "GET /417065443?fileloc=%2Fvar%2Fwww%2Fvhosts%2Fenlugo.es%2Fhttpdocs%2Fwp-content%2Fcache%2Fpage_enhanced%2Fenlugo.es%2F1673645%2F_index.html&path=%2Fvar%2Fwww%2Fvhosts%2Fenlugo.es%2Fhttpdocs%2Fwp-content%2Fcache%2Fpage_enhanced%2Fenlugo.es%2F1673645 HTTP/1.0" 200 176 "-" "Mozilla/5.0 AppleWebKit/537.36 (KHTML, like Gecko; compatible; ClaudeBot/1.0; +claudebot@anthropic.com)"
216.73.216.221 - - [21/Oct/2025:06:48:41 +0000] "GET /m18123288935?path=%2Fvar%2Fwww%2Fvhosts%2Fenlugo.es%2Fhttpdocs%2Fwp-content%2Fcache%2Fobject%2F261 HTTP/1.0" 200 176 "-" "Mozilla/5.0 AppleWebKit/537.36 (KHTML, like Gecko; compatible; ClaudeBot/1.0; +claudebot@anthropic.com)"
34.206.193.60 - - [21/Oct/2025:06:48:41 +0000] "GET /effective-impotence-medication-for-improved-sexual-health/?fileloc=/var/www/vhosts/enlugo.es/httpdocs/wp-includes/images/smilies/icon_arrow.gif&path=/var/www/vhosts/enlugo.es/httpdocs/wp-includes/images/smilies HTTP/1.0" 200 176 "-" "Mozilla/5.0 AppleWebKit/537.36 (KHTML, like Gecko; compatible; Amazonbot/0.1; +https://developer.amazon.com/support/amazonbot) Chrome/119.0.6045.214 Safari/537.36"
