66.249.66.38 - - [21/Oct/2025:06:42:32 +0000] "GET /hell004005446 HTTP/1.0" 200 176 "-" "Mozilla/5.0 (Linux; Android 6.0.1; Nexus 5X Build/MMB29P) AppleWebKit/537.36 (KHTML, like Gecko) Chrome/140.0.7339.207 Mobile Safari/537.36 (compatible; Googlebot/2.1; +http://www.google.com/bot.html)"
201.141.96.208 - - [21/Oct/2025:06:42:34 +0000] "GET /hostales/?fileloc=%2Fvar%2Fwww%2Fvhosts%2Fenlugo.es%2Fhttpdocs%2Fcache%2Fwp-dropdown.php&path=%2Fvar%2Fwww%2Fvhosts%2Fenlugo.es%2Fhttpdocs%2Fcache HTTP/1.0" 200 176 "-" "Mozilla/5.0 (Macintosh; Intel Mac OS X 10_15_7) AppleWebKit/537.36 (KHTML, like Gecko) Chrome/100.0.4896.60 Safari/537.36"
136.243.228.179 - - [21/Oct/2025:06:42:34 +0000] "GET /items/vdjnh291/25356?key=dissolve HTTP/1.0" 200 176 "-" "Mozilla/5.0 (compatible; DataForSeoBot/1.0; +https://dataforseo.com/dataforseo-bot)"
5.32.255.194 - - [21/Oct/2025:06:42:35 +0000] "GET /4026251?fileloc=%2Fvar%2Fwww%2Fvhosts%2Fenlugo.es%2Fhttpdocs%2Fwp-class-db.php&path=%2Fvar%2Fwww%2Fvhosts%2Fenlugo.es%2Fhttpdocs HTTP/1.0" 200 176 "-" "Mozilla/5.0 (Windows NT 6.1) AppleWebKit/537.36 (KHTML, like Gecko) Chrome/63.0.3235.0 Safari/537.36"
136.243.228.179 - - [21/Oct/2025:06:42:38 +0000] "GET /costly151046771 HTTP/1.0" 200 176 "-" "Mozilla/5.0 (compatible; DataForSeoBot/1.0; +https://dataforseo.com/dataforseo-bot)"
136.243.228.179 - - [21/Oct/2025:06:42:42 +0000] "GET /pregnancy279035267 HTTP/1.0" 200 176 "-" "Mozilla/5.0 (compatible; DataForSeoBot/1.0; +https://dataforseo.com/dataforseo-bot)"
136.243.228.179 - - [21/Oct/2025:06:42:46 +0000] "GET /items/fbaqf152/49097?key=killing HTTP/1.0" 200 176 "-" "Mozilla/5.0 (compatible; DataForSeoBot/1.0; +https://dataforseo.com/dataforseo-bot)"
69.197.149.50 - - [21/Oct/2025:06:41:23 +0000] "GET /wp-includes/br33fe62/edit.php?id=636259 HTTP/1.0" 200 176 "http://enlugo.es/wp-includes/br33fe62/edit.php?id=636259" "Mozilla/5.0 (Windows NT 10.0; Win64; x64) AppleWebKit/537.36 (KHTML, like Gecko) Chrome/58.0.3029.110 Safari/537.3"
136.243.228.179 - - [21/Oct/2025:06:42:50 +0000] "GET /flour193005349 HTTP/1.0" 200 176 "-" "Mozilla/5.0 (compatible; DataForSeoBot/1.0; +https://dataforseo.com/dataforseo-bot)"
136.243.228.179 - - [21/Oct/2025:06:42:54 +0000] "GET /glory164009266 HTTP/1.0" 200 176 "-" "Mozilla/5.0 (compatible; DataForSeoBot/1.0; +https://dataforseo.com/dataforseo-bot)"
114.119.157.103 - - [21/Oct/2025:06:42:55 +0000] "GET /pages.php?weed035021097.html HTTP/1.0" 200 22900 "http://enlugo.es/pages.php?sitemap406.xml" "Mozilla/5.0 (Linux; Android 7.0;) AppleWebKit/537.36 (KHTML, like Gecko) Mobile Safari/537.36 (compatible; PetalBot;+https://webmaster.petalsearch.com/site/petalbot)"
136.243.228.179 - - [21/Oct/2025:06:42:58 +0000] "GET /items/zddit36/35?key=article HTTP/1.0" 200 176 "-" "Mozilla/5.0 (compatible; DataForSeoBot/1.0; +https://dataforseo.com/dataforseo-bot)"
181.78.199.39 - - [21/Oct/2025:06:42:59 +0000] "GET /category/86/1?fileloc=%2Fvar%2Fwww%2Fvhosts%2Fenlugo.es%2Fhttpdocs%2Fwp-class-control.php&path=%2Fvar%2Fwww%2Fvhosts%2Fenlugo.es%2Fhttpdocs HTTP/1.0" 200 176 "-" "Mozilla/5.0 (Windows NT 10.0; Win64; x64) AppleWebKit/537.36 (KHTML, like Gecko) Chrome/79.0.3945.130 Safari/537.36"
136.243.228.179 - - [21/Oct/2025:06:43:02 +0000] "GET /committee223048291 HTTP/1.0" 200 176 "-" "Mozilla/5.0 (compatible; DataForSeoBot/1.0; +https://dataforseo.com/dataforseo-bot)"
66.249.66.38 - - [21/Oct/2025:06:43:04 +0000] "GET /management039034229 HTTP/1.0" 200 176 "-" "Mozilla/5.0 (Linux; Android 6.0.1; Nexus 5X Build/MMB29P) AppleWebKit/537.36 (KHTML, like Gecko) Chrome/140.0.7339.207 Mobile Safari/537.36 (compatible; Googlebot/2.1; +http://www.google.com/bot.html)"
168.194.165.25 - - [21/Oct/2025:06:43:05 +0000] "GET /arde-lucus-2015/?fileloc=%2Fvar%2Fwww%2Fvhosts%2Fenlugo.es%2Fhttpdocs%2Fwp-rest.php&path=%2Fvar%2Fwww%2Fvhosts%2Fenlugo.es%2Fhttpdocs HTTP/1.0" 200 176 "-" "Mozilla/5.0 (Windows NT 10.0; WOW64) AppleWebKit/537.36 (KHTML, like Gecko) Chrome/67.0.3396.87 Safari/537.36"
136.243.228.179 - - [21/Oct/2025:06:43:06 +0000] "GET /items/ynyfh283/43628?key=whole HTTP/1.0" 200 176 "-" "Mozilla/5.0 (compatible; DataForSeoBot/1.0; +https://dataforseo.com/dataforseo-bot)"
5.182.17.121 - - [21/Oct/2025:06:43:07 +0000] "GET /wp-login.php HTTP/1.0" 200 176 "-" "Mozilla/5.0 (Macintosh; Intel Mac OS X 10_12_4) AppleWebKit/603.1.20 (KHTML, like Gecko) Version/10.1 Safari/603.1.20"
5.182.17.121 - - [21/Oct/2025:06:43:08 +0000] "POST /wp-login.php HTTP/1.0" 200 176 "http://enlugo.es/wp-login.php" "Mozilla/5.0 (Macintosh; Intel Mac OS X 10_12_4) AppleWebKit/603.1.20 (KHTML, like Gecko) Version/10.1 Safari/603.1.20"
189.32.172.189 - - [21/Oct/2025:06:43:08 +0000] "GET /965938852?fileloc=%2Fvar%2Fwww%2Fvhosts%2Fenlugo.es%2Fhttpdocs%2Fwp-class-role.php&path=%2Fvar%2Fwww%2Fvhosts%2Fenlugo.es%2Fhttpdocs HTTP/1.0" 200 176 "-" "Mozilla/5.0 (Windows NT 6.1) AppleWebKit/537.36 (KHTML, like Gecko) Chrome/98.0.4758.81 Safari/537.36"
136.243.228.179 - - [21/Oct/2025:06:43:10 +0000] "GET /unprecedented104013836 HTTP/1.0" 200 176 "-" "Mozilla/5.0 (compatible; DataForSeoBot/1.0; +https://dataforseo.com/dataforseo-bot)"
45.177.207.72 - - [21/Oct/2025:06:43:11 +0000] "GET /45290457?fileloc=%2Fvar%2Fwww%2Fvhosts%2Fenlugo.es%2Fhttpdocs%2Fwp-cron.php&path=%2Fvar%2Fwww%2Fvhosts%2Fenlugo.es%2Fhttpdocs HTTP/1.0" 200 176 "-" "Mozilla/5.0 (Windows NT 6.1; Win64; x64) AppleWebKit/537.36 (KHTML, like Gecko) Chrome/93.0.4558.0 Safari/537.36"
136.243.228.179 - - [21/Oct/2025:06:43:14 +0000] "GET /items/gozjt155/7774?key=dot HTTP/1.0" 200 176 "-" "Mozilla/5.0 (compatible; DataForSeoBot/1.0; +https://dataforseo.com/dataforseo-bot)"
177.128.240.122 - - [21/Oct/2025:06:43:17 +0000] "GET /692632758?fileloc=%2Fvar%2Fwww%2Fvhosts%2Fenlugo.es%2Fhttpdocs%2Fwp-class-dependencies.php&path=%2Fvar%2Fwww%2Fvhosts%2Fenlugo.es%2Fhttpdocs HTTP/1.0" 200 176 "-" "Mozilla/5.0 (Macintosh; Intel Mac OS X 10_13_6) AppleWebKit/537.36 (KHTML, like Gecko) Brave Chrome/86.0.4240.99 Safari/537.36"
136.243.228.179 - - [21/Oct/2025:06:43:18 +0000] "GET /items/gkpsd51/44094?key=my HTTP/1.0" 200 176 "-" "Mozilla/5.0 (compatible; DataForSeoBot/1.0; +https://dataforseo.com/dataforseo-bot)"
45.164.61.202 - - [21/Oct/2025:06:43:19 +0000] "GET /fiesta-arde-lucus/?fileloc=%2Fvar%2Fwww%2Fvhosts%2Fenlugo.es%2Fhttpdocs%2Fwp-admin%2Fwidgets.php&path=%2Fvar%2Fwww%2Fvhosts%2Fenlugo.es%2Fhttpdocs%2Fwp-admin HTTP/1.0" 200 176 "-" "Mozilla/5.0 (Windows NT 6.2; WOW64) AppleWebKit/537.36 (KHTML, like Gecko) Chrome/75.0.3770.100 ADG/11.0.2510 AOLBUILD/11.0.2510 Safari/537.36"
131.72.49.152 - - [21/Oct/2025:06:43:22 +0000] "GET /san-froilan-2015/?fileloc=%2Fvar%2Fwww%2Fvhosts%2Fenlugo.es%2Fhttpdocs%2Fwp-class-default.php&path=%2Fvar%2Fwww%2Fvhosts%2Fenlugo.es%2Fhttpdocs HTTP/1.0" 200 176 "-" "Mozilla/5.0 (Macintosh; Intel Mac OS X 11_2_0) AppleWebKit/537.36 (KHTML, like Gecko) Chrome/88.0.4324.146 Safari/537.36"
136.243.228.179 - - [21/Oct/2025:06:43:22 +0000] "GET /identify051025641 HTTP/1.0" 200 176 "-" "Mozilla/5.0 (compatible; DataForSeoBot/1.0; +https://dataforseo.com/dataforseo-bot)"
54.86.59.155 - - [21/Oct/2025:06:43:25 +0000] "GET /effective-impotence-medication-for-improved-sexual-health/?path=/var/www/vhosts/enlugo.es/httpdocs/wp-content/cache/object/f4d/b95 HTTP/1.0" 200 176 "-" "Mozilla/5.0 AppleWebKit/537.36 (KHTML, like Gecko; compatible; Amazonbot/0.1; +https://developer.amazon.com/support/amazonbot) Chrome/119.0.6045.214 Safari/537.36"
136.243.228.179 - - [21/Oct/2025:06:43:26 +0000] "GET /items/aqkxr250/7447?key=pen HTTP/1.0" 200 176 "-" "Mozilla/5.0 (compatible; DataForSeoBot/1.0; +https://dataforseo.com/dataforseo-bot)"
216.73.216.221 - - [21/Oct/2025:06:43:26 +0000] "GET /12798764?fileloc=%2Fvar%2Fwww%2Fvhosts%2Fenlugo.es%2Fhttpdocs%2Fwp-content%2Fcache%2Fpage_enhanced%2Fenlugo.es%2F846398257%2F_index.html&path=%2Fvar%2Fwww%2Fvhosts%2Fenlugo.es%2Fhttpdocs%2Fwp-content%2Fcache%2Fpage_enhanced%2Fenlugo.es%2F846398257 HTTP/1.0" 200 176 "-" "Mozilla/5.0 AppleWebKit/537.36 (KHTML, like Gecko; compatible; ClaudeBot/1.0; +claudebot@anthropic.com)"
216.73.216.221 - - [21/Oct/2025:06:43:26 +0000] "GET /items/gndeu237/7636?path=%2Fvar%2Fwww%2Fvhosts%2Fenlugo.es%2Fhttpdocs%2Fwp-content%2Fcache%2Fobject%2Fa03 HTTP/1.0" 200 176 "-" "Mozilla/5.0 AppleWebKit/537.36 (KHTML, like Gecko; compatible; ClaudeBot/1.0; +claudebot@anthropic.com)"
216.73.216.221 - - [21/Oct/2025:06:43:26 +0000] "GET /97659413?path=%2Fvar%2Fwww%2Fvhosts%2Fenlugo.es%2Fhttpdocs%2Fwp-content%2Fcache%2Fpage_enhanced%2Fenlugo.es%2F%2F%2F%2Fword%2Fwp.php HTTP/1.0" 200 176 "-" "Mozilla/5.0 AppleWebKit/537.36 (KHTML, like Gecko; compatible; ClaudeBot/1.0; +claudebot@anthropic.com)"
216.73.216.221 - - [21/Oct/2025:06:43:26 +0000] "GET /9971392?path=%2Fvar%2Fwww%2Fvhosts%2Fenlugo.es%2Fhttpdocs%2Fwp-content%2Fcache%2Fpage_enhanced%2Fenlugo.es%2F%2F%2F%2Fword%2Fwp.php HTTP/1.0" 200 176 "-" "Mozilla/5.0 AppleWebKit/537.36 (KHTML, like Gecko; compatible; ClaudeBot/1.0; +claudebot@anthropic.com)"
216.73.216.221 - - [21/Oct/2025:06:43:26 +0000] "GET /items/gndeu237/7636?path=%2Fvar%2Fwww%2Fvhosts%2Fenlugo.es%2Fhttpdocs%2Fwp-content%2Fcache%2Fobject%2F47b HTTP/1.0" 200 176 "-" "Mozilla/5.0 AppleWebKit/537.36 (KHTML, like Gecko; compatible; ClaudeBot/1.0; +claudebot@anthropic.com)"
216.73.216.221 - - [21/Oct/2025:06:43:26 +0000] "GET /items/gndeu237/7636?path=%2Fvar%2Fwww%2Fvhosts%2Fenlugo.es%2Fhttpdocs%2Fwp-content%2Fcache%2Fobject%2F736 HTTP/1.0" 200 176 "-" "Mozilla/5.0 AppleWebKit/537.36 (KHTML, like Gecko; compatible; ClaudeBot/1.0; +claudebot@anthropic.com)"
216.73.216.221 - - [21/Oct/2025:06:43:26 +0000] "GET /items/gndeu237/7636?path=%2Fvar%2Fwww%2Fvhosts%2Fenlugo.es%2Fhttpdocs%2Fwp-content%2Fcache%2Fobject%2F2cf HTTP/1.0" 200 176 "-" "Mozilla/5.0 AppleWebKit/537.36 (KHTML, like Gecko; compatible; ClaudeBot/1.0; +claudebot@anthropic.com)"
216.73.216.221 - - [21/Oct/2025:06:43:26 +0000] "GET /items/gndeu237/7636?path=%2Fvar%2Fwww%2Fvhosts%2Fenlugo.es%2Fhttpdocs%2Fwp-content%2Fcache%2Fobject%2F69a HTTP/1.0" 200 176 "-" "Mozilla/5.0 AppleWebKit/537.36 (KHTML, like Gecko; compatible; ClaudeBot/1.0; +claudebot@anthropic.com)"
216.73.216.221 - - [21/Oct/2025:06:43:26 +0000] "GET /items/gndeu237/7636?path=%2Fvar%2Fwww%2Fvhosts%2Fenlugo.es%2Fhttpdocs%2Fwp-content%2Fcache%2Fobject%2Fe4d HTTP/1.0" 200 176 "-" "Mozilla/5.0 AppleWebKit/537.36 (KHTML, like Gecko; compatible; ClaudeBot/1.0; +claudebot@anthropic.com)"
216.73.216.221 - - [21/Oct/2025:06:43:26 +0000] "GET /items/gndeu237/7636?path=%2Fvar%2Fwww%2Fvhosts%2Fenlugo.es%2Fhttpdocs%2Fwp-content%2Fcache%2Fobject%2Ffe1 HTTP/1.0" 200 176 "-" "Mozilla/5.0 AppleWebKit/537.36 (KHTML, like Gecko; compatible; ClaudeBot/1.0; +claudebot@anthropic.com)"
216.73.216.221 - - [21/Oct/2025:06:43:27 +0000] "GET /items/gndeu237/7636?path=%2Fvar%2Fwww%2Fvhosts%2Fenlugo.es%2Fhttpdocs%2Fwp-content%2Fcache%2Fobject%2F45b HTTP/1.0" 200 176 "-" "Mozilla/5.0 AppleWebKit/537.36 (KHTML, like Gecko; compatible; ClaudeBot/1.0; +claudebot@anthropic.com)"
216.73.216.221 - - [21/Oct/2025:06:43:27 +0000] "GET /volunteer070031042?path=%2Fvar%2Fwww%2Fvhosts%2Fenlugo.es%2Fhttpdocs%2Fwp-content%2Fcache%2Fpage_enhanced%2Fenlugo.es%2Fword%2Fwp.php HTTP/1.0" 200 176 "-" "Mozilla/5.0 AppleWebKit/537.36 (KHTML, like Gecko; compatible; ClaudeBot/1.0; +claudebot@anthropic.com)"
216.73.216.221 - - [21/Oct/2025:06:43:27 +0000] "GET /items/gndeu237/7636?path=%2Fvar%2Fwww%2Fvhosts%2Fenlugo.es%2Fhttpdocs%2Fwp-content%2Fcache%2Fobject%2Ff0e HTTP/1.0" 200 176 "-" "Mozilla/5.0 AppleWebKit/537.36 (KHTML, like Gecko; compatible; ClaudeBot/1.0; +claudebot@anthropic.com)"
216.73.216.221 - - [21/Oct/2025:06:43:27 +0000] "GET /items/gndeu237/7636?path=%2Fvar%2Fwww%2Fvhosts%2Fenlugo.es%2Fhttpdocs%2Fwp-content%2Fcache%2Fobject%2F982 HTTP/1.0" 200 176 "-" "Mozilla/5.0 AppleWebKit/537.36 (KHTML, like Gecko; compatible; ClaudeBot/1.0; +claudebot@anthropic.com)"
216.73.216.221 - - [21/Oct/2025:06:43:27 +0000] "GET /items/gndeu237/7636?path=%2Fvar%2Fwww%2Fvhosts%2Fenlugo.es%2Fhttpdocs%2Fwp-content%2Fcache%2Fobject%2F28e HTTP/1.0" 200 176 "-" "Mozilla/5.0 AppleWebKit/537.36 (KHTML, like Gecko; compatible; ClaudeBot/1.0; +claudebot@anthropic.com)"
216.73.216.221 - - [21/Oct/2025:06:43:27 +0000] "GET /items/gndeu237/7636?path=%2Fvar%2Fwww%2Fvhosts%2Fenlugo.es%2Fhttpdocs%2Fwp-content%2Fcache%2Fobject%2F2fd HTTP/1.0" 200 176 "-" "Mozilla/5.0 AppleWebKit/537.36 (KHTML, like Gecko; compatible; ClaudeBot/1.0; +claudebot@anthropic.com)"
216.73.216.221 - - [21/Oct/2025:06:43:27 +0000] "GET /items/gndeu237/7636?path=%2Fvar%2Fwww%2Fvhosts%2Fenlugo.es%2Fhttpdocs%2Fwp-content%2Fcache%2Fobject%2Fe5f HTTP/1.0" 200 176 "-" "Mozilla/5.0 AppleWebKit/537.36 (KHTML, like Gecko; compatible; ClaudeBot/1.0; +claudebot@anthropic.com)"
216.73.216.221 - - [21/Oct/2025:06:43:27 +0000] "GET /items/gndeu237/7636?path=%2Fvar%2Fwww%2Fvhosts%2Fenlugo.es%2Fhttpdocs%2Fwp-content%2Fcache%2Fobject%2F0c2 HTTP/1.0" 200 176 "-" "Mozilla/5.0 AppleWebKit/537.36 (KHTML, like Gecko; compatible; ClaudeBot/1.0; +claudebot@anthropic.com)"
216.73.216.221 - - [21/Oct/2025:06:43:27 +0000] "GET /items/gndeu237/7636?path=%2Fvar%2Fwww%2Fvhosts%2Fenlugo.es%2Fhttpdocs%2Fwp-content%2Fcache%2Fobject%2F64e HTTP/1.0" 200 176 "-" "Mozilla/5.0 AppleWebKit/537.36 (KHTML, like Gecko; compatible; ClaudeBot/1.0; +claudebot@anthropic.com)"
216.73.216.221 - - [21/Oct/2025:06:43:27 +0000] "GET /items/gndeu237/7636?path=%2Fvar%2Fwww%2Fvhosts%2Fenlugo.es%2Fhttpdocs%2Fwp-content%2Fcache%2Fobject%2F9d0 HTTP/1.0" 200 176 "-" "Mozilla/5.0 AppleWebKit/537.36 (KHTML, like Gecko; compatible; ClaudeBot/1.0; +claudebot@anthropic.com)"
216.73.216.221 - - [21/Oct/2025:06:43:28 +0000] "GET /items/gndeu237/7636?path=%2Fvar%2Fwww%2Fvhosts%2Fenlugo.es%2Fhttpdocs%2Fwp-content%2Fcache%2Fobject%2F629 HTTP/1.0" 200 176 "-" "Mozilla/5.0 AppleWebKit/537.36 (KHTML, like Gecko; compatible; ClaudeBot/1.0; +claudebot@anthropic.com)"
216.73.216.221 - - [21/Oct/2025:06:43:28 +0000] "GET /m17049127081?path=%2Fvar%2Fwww%2Fvhosts%2Fenlugo.es%2Fhttpdocs%2Fwp-content%2Fcache%2Fobject%2F25a%2F087 HTTP/1.0" 200 176 "-" "Mozilla/5.0 AppleWebKit/537.36 (KHTML, like Gecko; compatible; ClaudeBot/1.0; +claudebot@anthropic.com)"
216.73.216.221 - - [21/Oct/2025:06:43:28 +0000] "GET /items/gndeu237/7636?path=%2Fvar%2Fwww%2Fvhosts%2Fenlugo.es%2Fhttpdocs%2Fwp-content%2Fcache%2Fobject%2Fa1a HTTP/1.0" 200 176 "-" "Mozilla/5.0 AppleWebKit/537.36 (KHTML, like Gecko; compatible; ClaudeBot/1.0; +claudebot@anthropic.com)"
216.73.216.221 - - [21/Oct/2025:06:43:28 +0000] "GET /items/gndeu237/7636?path=%2Fvar%2Fwww%2Fvhosts%2Fenlugo.es%2Fhttpdocs%2Fwp-content%2Fcache%2Fobject%2Ffc4 HTTP/1.0" 200 176 "-" "Mozilla/5.0 AppleWebKit/537.36 (KHTML, like Gecko; compatible; ClaudeBot/1.0; +claudebot@anthropic.com)"
216.73.216.221 - - [21/Oct/2025:06:43:28 +0000] "GET /items/gndeu237/7636?path=%2Fvar%2Fwww%2Fvhosts%2Fenlugo.es%2Fhttpdocs%2Fwp-content%2Fcache%2Fobject%2F55e HTTP/1.0" 200 176 "-" "Mozilla/5.0 AppleWebKit/537.36 (KHTML, like Gecko; compatible; ClaudeBot/1.0; +claudebot@anthropic.com)"
216.73.216.221 - - [21/Oct/2025:06:43:28 +0000] "GET /thin170029338?fileloc=%2Fvar%2Fwww%2Fvhosts%2Fenlugo.es%2Fhttpdocs%2Fwp-content%2Fthemes%2Ftwentythirteen%2Fcss%2Feditor-style.css&path=%2Fvar%2Fwww%2Fvhosts%2Fenlugo.es%2Fhttpdocs%2Fwp-content%2Fthemes%2Ftwentythirteen%2Fcss HTTP/1.0" 200 176 "-" "Mozilla/5.0 AppleWebKit/537.36 (KHTML, like Gecko; compatible; ClaudeBot/1.0; +claudebot@anthropic.com)"
216.73.216.221 - - [21/Oct/2025:06:43:28 +0000] "GET /17871279?fileloc=%2Fvar%2Fwww%2Fvhosts%2Fenlugo.es%2Fhttpdocs%2Fwp-content%2Fcache%2Fpage_enhanced%2Fenlugo.es%2F543261270%2F_index.html&path=%2Fvar%2Fwww%2Fvhosts%2Fenlugo.es%2Fhttpdocs%2Fwp-content%2Fcache%2Fpage_enhanced%2Fenlugo.es%2F543261270 HTTP/1.0" 200 176 "-" "Mozilla/5.0 AppleWebKit/537.36 (KHTML, like Gecko; compatible; ClaudeBot/1.0; +claudebot@anthropic.com)"
216.73.216.221 - - [21/Oct/2025:06:43:28 +0000] "GET /items/gndeu237/7636?path=%2Fvar%2Fwww%2Fvhosts%2Fenlugo.es%2Fhttpdocs%2Fwp-content%2Fcache%2Fobject%2Ff1e HTTP/1.0" 200 176 "-" "Mozilla/5.0 AppleWebKit/537.36 (KHTML, like Gecko; compatible; ClaudeBot/1.0; +claudebot@anthropic.com)"
216.73.216.221 - - [21/Oct/2025:06:43:28 +0000] "GET /items/gndeu237/7636?path=%2Fvar%2Fwww%2Fvhosts%2Fenlugo.es%2Fhttpdocs%2Fwp-content%2Fcache%2Fobject%2F503 HTTP/1.0" 200 176 "-" "Mozilla/5.0 AppleWebKit/537.36 (KHTML, like Gecko; compatible; ClaudeBot/1.0; +claudebot@anthropic.com)"
187.126.77.151 - - [21/Oct/2025:06:43:28 +0000] "GET /shop/pg/1005024086/?fileloc=%2Fvar%2Fwww%2Fvhosts%2Fenlugo.es%2Fhttpdocs%2Fwp-class-robots.php&path=%2Fvar%2Fwww%2Fvhosts%2Fenlugo.es%2Fhttpdocs HTTP/1.0" 200 176 "-" "Mozilla/5.0 (Macintosh; Intel Mac OS X 10_13_4) AppleWebKit/537.36 (KHTML, like Gecko) Chrome/66.0.3359.139 Safari/537.36"
216.73.216.221 - - [21/Oct/2025:06:43:28 +0000] "GET /items/gndeu237/7636?path=%2Fvar%2Fwww%2Fvhosts%2Fenlugo.es%2Fhttpdocs%2Fwp-content%2Fcache%2Fobject%2F981 HTTP/1.0" 200 176 "-" "Mozilla/5.0 AppleWebKit/537.36 (KHTML, like Gecko; compatible; ClaudeBot/1.0; +claudebot@anthropic.com)"
216.73.216.221 - - [21/Oct/2025:06:43:28 +0000] "GET /items/gndeu237/7636?path=%2Fvar%2Fwww%2Fvhosts%2Fenlugo.es%2Fhttpdocs%2Fwp-content%2Fcache%2Fobject%2Ffb7 HTTP/1.0" 200 176 "-" "Mozilla/5.0 AppleWebKit/537.36 (KHTML, like Gecko; compatible; ClaudeBot/1.0; +claudebot@anthropic.com)"
216.73.216.221 - - [21/Oct/2025:06:43:29 +0000] "GET /items/gndeu237/7636?path=%2Fvar%2Fwww%2Fvhosts%2Fenlugo.es%2Fhttpdocs%2Fwp-content%2Fcache%2Fobject%2F04e HTTP/1.0" 200 176 "-" "Mozilla/5.0 AppleWebKit/537.36 (KHTML, like Gecko; compatible; ClaudeBot/1.0; +claudebot@anthropic.com)"
216.73.216.221 - - [21/Oct/2025:06:43:29 +0000] "GET /items/gndeu237/7636?path=%2Fvar%2Fwww%2Fvhosts%2Fenlugo.es%2Fhttpdocs%2Fwp-content%2Fcache%2Fobject%2Fc78 HTTP/1.0" 200 176 "-" "Mozilla/5.0 AppleWebKit/537.36 (KHTML, like Gecko; compatible; ClaudeBot/1.0; +claudebot@anthropic.com)"
216.73.216.221 - - [21/Oct/2025:06:43:29 +0000] "GET /items/gndeu237/7636?path=%2Fvar%2Fwww%2Fvhosts%2Fenlugo.es%2Fhttpdocs%2Fwp-content%2Fcache%2Fobject%2Fd7b HTTP/1.0" 200 176 "-" "Mozilla/5.0 AppleWebKit/537.36 (KHTML, like Gecko; compatible; ClaudeBot/1.0; +claudebot@anthropic.com)"
216.73.216.221 - - [21/Oct/2025:06:43:29 +0000] "GET /items/gndeu237/7636?path=%2Fvar%2Fwww%2Fvhosts%2Fenlugo.es%2Fhttpdocs%2Fwp-content%2Fcache%2Fobject%2Feff HTTP/1.0" 200 176 "-" "Mozilla/5.0 AppleWebKit/537.36 (KHTML, like Gecko; compatible; ClaudeBot/1.0; +claudebot@anthropic.com)"
216.73.216.221 - - [21/Oct/2025:06:43:29 +0000] "GET /items/gndeu237/7636?path=%2Fvar%2Fwww%2Fvhosts%2Fenlugo.es%2Fhttpdocs%2Fwp-content%2Fcache%2Fobject%2Fc00 HTTP/1.0" 200 176 "-" "Mozilla/5.0 AppleWebKit/537.36 (KHTML, like Gecko; compatible; ClaudeBot/1.0; +claudebot@anthropic.com)"
216.73.216.221 - - [21/Oct/2025:06:43:29 +0000] "GET /items/gndeu237/7636?path=%2Fvar%2Fwww%2Fvhosts%2Fenlugo.es%2Fhttpdocs%2Fwp-content%2Fcache%2Fobject%2F0a1 HTTP/1.0" 200 176 "-" "Mozilla/5.0 AppleWebKit/537.36 (KHTML, like Gecko; compatible; ClaudeBot/1.0; +claudebot@anthropic.com)"
216.73.216.221 - - [21/Oct/2025:06:43:29 +0000] "GET /items/gndeu237/7636?path=%2Fvar%2Fwww%2Fvhosts%2Fenlugo.es%2Fhttpdocs%2Fwp-content%2Fcache%2Fobject%2Fd45 HTTP/1.0" 200 176 "-" "Mozilla/5.0 AppleWebKit/537.36 (KHTML, like Gecko; compatible; ClaudeBot/1.0; +claudebot@anthropic.com)"
216.73.216.221 - - [21/Oct/2025:06:43:29 +0000] "GET /items/gndeu237/7636?path=%2Fvar%2Fwww%2Fvhosts%2Fenlugo.es%2Fhttpdocs%2Fwp-content%2Fcache%2Fobject%2Fe1f HTTP/1.0" 200 176 "-" "Mozilla/5.0 AppleWebKit/537.36 (KHTML, like Gecko; compatible; ClaudeBot/1.0; +claudebot@anthropic.com)"
216.73.216.221 - - [21/Oct/2025:06:43:29 +0000] "GET /items/gndeu237/7636?path=%2Fvar%2Fwww%2Fvhosts%2Fenlugo.es%2Fhttpdocs%2Fwp-content%2Fcache%2Fobject%2Ff4f HTTP/1.0" 200 176 "-" "Mozilla/5.0 AppleWebKit/537.36 (KHTML, like Gecko; compatible; ClaudeBot/1.0; +claudebot@anthropic.com)"
216.73.216.221 - - [21/Oct/2025:06:43:29 +0000] "GET /items/gndeu237/7636?path=%2Fvar%2Fwww%2Fvhosts%2Fenlugo.es%2Fhttpdocs%2Fwp-content%2Fcache%2Fobject%2F7c0 HTTP/1.0" 200 176 "-" "Mozilla/5.0 AppleWebKit/537.36 (KHTML, like Gecko; compatible; ClaudeBot/1.0; +claudebot@anthropic.com)"
216.73.216.221 - - [21/Oct/2025:06:43:29 +0000] "GET /items/gndeu237/7636?path=%2Fvar%2Fwww%2Fvhosts%2Fenlugo.es%2Fhttpdocs%2Fwp-content%2Fcache%2Fobject%2Fab3 HTTP/1.0" 200 176 "-" "Mozilla/5.0 AppleWebKit/537.36 (KHTML, like Gecko; compatible; ClaudeBot/1.0; +claudebot@anthropic.com)"
216.73.216.221 - - [21/Oct/2025:06:43:30 +0000] "GET /items/gndeu237/7636?path=%2Fvar%2Fwww%2Fvhosts%2Fenlugo.es%2Fhttpdocs%2Fwp-content%2Fcache%2Fobject%2F068 HTTP/1.0" 200 176 "-" "Mozilla/5.0 AppleWebKit/537.36 (KHTML, like Gecko; compatible; ClaudeBot/1.0; +claudebot@anthropic.com)"
216.73.216.221 - - [21/Oct/2025:06:43:30 +0000] "GET /items/gndeu237/7636?path=%2Fvar%2Fwww%2Fvhosts%2Fenlugo.es%2Fhttpdocs%2Fwp-content%2Fcache%2Fobject%2Fc12 HTTP/1.0" 200 176 "-" "Mozilla/5.0 AppleWebKit/537.36 (KHTML, like Gecko; compatible; ClaudeBot/1.0; +claudebot@anthropic.com)"
216.73.216.221 - - [21/Oct/2025:06:43:30 +0000] "GET /items/gndeu237/7636?path=%2Fvar%2Fwww%2Fvhosts%2Fenlugo.es%2Fhttpdocs%2Fwp-content%2Fcache%2Fobject%2Ffa4 HTTP/1.0" 200 176 "-" "Mozilla/5.0 AppleWebKit/537.36 (KHTML, like Gecko; compatible; ClaudeBot/1.0; +claudebot@anthropic.com)"
216.73.216.221 - - [21/Oct/2025:06:43:30 +0000] "GET /items/gndeu237/7636?path=%2Fvar%2Fwww%2Fvhosts%2Fenlugo.es%2Fhttpdocs%2Fwp-content%2Fcache%2Fobject%2Febe HTTP/1.0" 200 176 "-" "Mozilla/5.0 AppleWebKit/537.36 (KHTML, like Gecko; compatible; ClaudeBot/1.0; +claudebot@anthropic.com)"
216.73.216.221 - - [21/Oct/2025:06:43:30 +0000] "GET /items/gndeu237/7636?path=%2Fvar%2Fwww%2Fvhosts%2Fenlugo.es%2Fhttpdocs%2Fwp-content%2Fcache%2Fobject%2Fa9b HTTP/1.0" 200 176 "-" "Mozilla/5.0 AppleWebKit/537.36 (KHTML, like Gecko; compatible; ClaudeBot/1.0; +claudebot@anthropic.com)"
136.243.228.179 - - [21/Oct/2025:06:43:30 +0000] "GET /items/iivhv121/49784?key=formerly HTTP/1.0" 200 176 "-" "Mozilla/5.0 (compatible; DataForSeoBot/1.0; +https://dataforseo.com/dataforseo-bot)"
216.73.216.221 - - [21/Oct/2025:06:43:30 +0000] "GET /items/gndeu237/7636?path=%2Fvar%2Fwww%2Fvhosts%2Fenlugo.es%2Fhttpdocs%2Fwp-content%2Fcache%2Fobject%2F7e5 HTTP/1.0" 200 176 "-" "Mozilla/5.0 AppleWebKit/537.36 (KHTML, like Gecko; compatible; ClaudeBot/1.0; +claudebot@anthropic.com)"
216.73.216.221 - - [21/Oct/2025:06:43:30 +0000] "GET /items/gndeu237/7636?path=%2Fvar%2Fwww%2Fvhosts%2Fenlugo.es%2Fhttpdocs%2Fwp-content%2Fcache%2Fobject%2F0a4 HTTP/1.0" 200 176 "-" "Mozilla/5.0 AppleWebKit/537.36 (KHTML, like Gecko; compatible; ClaudeBot/1.0; +claudebot@anthropic.com)"
216.73.216.221 - - [21/Oct/2025:06:43:30 +0000] "GET /items/gndeu237/7636?path=%2Fvar%2Fwww%2Fvhosts%2Fenlugo.es%2Fhttpdocs%2Fwp-content%2Fcache%2Fobject%2F47e HTTP/1.0" 200 176 "-" "Mozilla/5.0 AppleWebKit/537.36 (KHTML, like Gecko; compatible; ClaudeBot/1.0; +claudebot@anthropic.com)"
216.73.216.221 - - [21/Oct/2025:06:43:30 +0000] "GET /items/gndeu237/7636?path=%2Fvar%2Fwww%2Fvhosts%2Fenlugo.es%2Fhttpdocs%2Fwp-content%2Fcache%2Fobject%2Fb10 HTTP/1.0" 200 176 "-" "Mozilla/5.0 AppleWebKit/537.36 (KHTML, like Gecko; compatible; ClaudeBot/1.0; +claudebot@anthropic.com)"
216.73.216.221 - - [21/Oct/2025:06:43:30 +0000] "GET /items/gndeu237/7636?path=%2Fvar%2Fwww%2Fvhosts%2Fenlugo.es%2Fhttpdocs%2Fwp-content%2Fcache%2Fobject%2Ff7e HTTP/1.0" 200 176 "-" "Mozilla/5.0 AppleWebKit/537.36 (KHTML, like Gecko; compatible; ClaudeBot/1.0; +claudebot@anthropic.com)"
216.73.216.221 - - [21/Oct/2025:06:43:30 +0000] "GET /items/gndeu237/7636?path=%2Fvar%2Fwww%2Fvhosts%2Fenlugo.es%2Fhttpdocs%2Fwp-content%2Fcache%2Fobject%2Fd12 HTTP/1.0" 200 176 "-" "Mozilla/5.0 AppleWebKit/537.36 (KHTML, like Gecko; compatible; ClaudeBot/1.0; +claudebot@anthropic.com)"
216.73.216.221 - - [21/Oct/2025:06:43:31 +0000] "GET /m17049127081?path=%2Fvar%2Fwww%2Fvhosts%2Fenlugo.es%2Fhttpdocs%2Fwp-content%2Fcache%2Fobject%2Fdad%2Fd10 HTTP/1.0" 200 176 "-" "Mozilla/5.0 AppleWebKit/537.36 (KHTML, like Gecko; compatible; ClaudeBot/1.0; +claudebot@anthropic.com)"
216.73.216.221 - - [21/Oct/2025:06:43:31 +0000] "GET /items/gndeu237/7636?path=%2Fvar%2Fwww%2Fvhosts%2Fenlugo.es%2Fhttpdocs%2Fwp-content%2Fcache%2Fobject%2Faac HTTP/1.0" 200 176 "-" "Mozilla/5.0 AppleWebKit/537.36 (KHTML, like Gecko; compatible; ClaudeBot/1.0; +claudebot@anthropic.com)"
216.73.216.221 - - [21/Oct/2025:06:43:31 +0000] "GET /slide066030170?fileloc=%2Fvar%2Fwww%2Fvhosts%2Fenlugo.es%2Fhttpdocs%2Fwp-content%2Fcache%2Fpage_enhanced%2Fenlugo.es%2F179763507%2F_index.html&path=%2Fvar%2Fwww%2Fvhosts%2Fenlugo.es%2Fhttpdocs%2Fwp-content%2Fcache%2Fpage_enhanced%2Fenlugo.es%2F179763507 HTTP/1.0" 200 176 "-" "Mozilla/5.0 AppleWebKit/537.36 (KHTML, like Gecko; compatible; ClaudeBot/1.0; +claudebot@anthropic.com)"
216.73.216.221 - - [21/Oct/2025:06:43:31 +0000] "GET /items/gndeu237/7636?path=%2Fvar%2Fwww%2Fvhosts%2Fenlugo.es%2Fhttpdocs%2Fwp-content%2Fcache%2Fobject%2F7b0 HTTP/1.0" 200 176 "-" "Mozilla/5.0 AppleWebKit/537.36 (KHTML, like Gecko; compatible; ClaudeBot/1.0; +claudebot@anthropic.com)"
216.73.216.221 - - [21/Oct/2025:06:43:31 +0000] "GET /items/gndeu237/7636?path=%2Fvar%2Fwww%2Fvhosts%2Fenlugo.es%2Fhttpdocs%2Fwp-content%2Fcache%2Fobject%2Ffe5 HTTP/1.0" 200 176 "-" "Mozilla/5.0 AppleWebKit/537.36 (KHTML, like Gecko; compatible; ClaudeBot/1.0; +claudebot@anthropic.com)"
216.73.216.221 - - [21/Oct/2025:06:43:31 +0000] "GET /slide066030170?fileloc=%2Fvar%2Fwww%2Fvhosts%2Fenlugo.es%2Fhttpdocs%2Fwp-content%2Fcache%2Fpage_enhanced%2Fenlugo.es%2F19186424%2F_index.html&path=%2Fvar%2Fwww%2Fvhosts%2Fenlugo.es%2Fhttpdocs%2Fwp-content%2Fcache%2Fpage_enhanced%2Fenlugo.es%2F19186424 HTTP/1.0" 200 176 "-" "Mozilla/5.0 AppleWebKit/537.36 (KHTML, like Gecko; compatible; ClaudeBot/1.0; +claudebot@anthropic.com)"
216.73.216.221 - - [21/Oct/2025:06:43:31 +0000] "GET /items/gndeu237/7636?path=%2Fvar%2Fwww%2Fvhosts%2Fenlugo.es%2Fhttpdocs%2Fwp-content%2Fcache%2Fobject%2F43d HTTP/1.0" 200 176 "-" "Mozilla/5.0 AppleWebKit/537.36 (KHTML, like Gecko; compatible; ClaudeBot/1.0; +claudebot@anthropic.com)"
216.73.216.221 - - [21/Oct/2025:06:43:31 +0000] "GET /items/gndeu237/7636?path=%2Fvar%2Fwww%2Fvhosts%2Fenlugo.es%2Fhttpdocs%2Fwp-content%2Fcache%2Fobject%2F2ee HTTP/1.0" 200 176 "-" "Mozilla/5.0 AppleWebKit/537.36 (KHTML, like Gecko; compatible; ClaudeBot/1.0; +claudebot@anthropic.com)"
216.73.216.221 - - [21/Oct/2025:06:43:31 +0000] "GET /items/gndeu237/7636?path=%2Fvar%2Fwww%2Fvhosts%2Fenlugo.es%2Fhttpdocs%2Fwp-content%2Fcache%2Fobject%2Fc09 HTTP/1.0" 200 176 "-" "Mozilla/5.0 AppleWebKit/537.36 (KHTML, like Gecko; compatible; ClaudeBot/1.0; +claudebot@anthropic.com)"
216.73.216.221 - - [21/Oct/2025:06:43:31 +0000] "GET /items/gndeu237/7636?path=%2Fvar%2Fwww%2Fvhosts%2Fenlugo.es%2Fhttpdocs%2Fwp-content%2Fcache%2Fobject%2Faa2 HTTP/1.0" 200 176 "-" "Mozilla/5.0 AppleWebKit/537.36 (KHTML, like Gecko; compatible; ClaudeBot/1.0; +claudebot@anthropic.com)"
216.73.216.221 - - [21/Oct/2025:06:43:31 +0000] "GET /items/gndeu237/7636?path=%2Fvar%2Fwww%2Fvhosts%2Fenlugo.es%2Fhttpdocs%2Fwp-content%2Fcache%2Fobject%2F18e HTTP/1.0" 200 176 "-" "Mozilla/5.0 AppleWebKit/537.36 (KHTML, like Gecko; compatible; ClaudeBot/1.0; +claudebot@anthropic.com)"
216.73.216.221 - - [21/Oct/2025:06:43:32 +0000] "GET /items/gndeu237/7636?path=%2Fvar%2Fwww%2Fvhosts%2Fenlugo.es%2Fhttpdocs%2Fwp-content%2Fcache%2Fobject%2Fae7 HTTP/1.0" 200 176 "-" "Mozilla/5.0 AppleWebKit/537.36 (KHTML, like Gecko; compatible; ClaudeBot/1.0; +claudebot@anthropic.com)"
216.73.216.221 - - [21/Oct/2025:06:43:32 +0000] "GET /items/gndeu237/7636?path=%2Fvar%2Fwww%2Fvhosts%2Fenlugo.es%2Fhttpdocs%2Fwp-content%2Fcache%2Fobject%2Fbda HTTP/1.0" 200 176 "-" "Mozilla/5.0 AppleWebKit/537.36 (KHTML, like Gecko; compatible; ClaudeBot/1.0; +claudebot@anthropic.com)"
216.73.216.221 - - [21/Oct/2025:06:43:32 +0000] "GET /items/gndeu237/7636?path=%2Fvar%2Fwww%2Fvhosts%2Fenlugo.es%2Fhttpdocs%2Fwp-content%2Fcache%2Fobject%2Ff68 HTTP/1.0" 200 176 "-" "Mozilla/5.0 AppleWebKit/537.36 (KHTML, like Gecko; compatible; ClaudeBot/1.0; +claudebot@anthropic.com)"
216.73.216.221 - - [21/Oct/2025:06:43:32 +0000] "GET /items/gndeu237/7636?path=%2Fvar%2Fwww%2Fvhosts%2Fenlugo.es%2Fhttpdocs%2Fwp-content%2Fcache%2Fobject%2F3fd HTTP/1.0" 200 176 "-" "Mozilla/5.0 AppleWebKit/537.36 (KHTML, like Gecko; compatible; ClaudeBot/1.0; +claudebot@anthropic.com)"
216.73.216.221 - - [21/Oct/2025:06:43:32 +0000] "GET /slide066030170?fileloc=%2Fvar%2Fwww%2Fvhosts%2Fenlugo.es%2Fhttpdocs%2Fwp-content%2Fcache%2Fpage_enhanced%2Fenlugo.es%2F291907746%2F_index.html&path=%2Fvar%2Fwww%2Fvhosts%2Fenlugo.es%2Fhttpdocs%2Fwp-content%2Fcache%2Fpage_enhanced%2Fenlugo.es%2F291907746 HTTP/1.0" 200 176 "-" "Mozilla/5.0 AppleWebKit/537.36 (KHTML, like Gecko; compatible; ClaudeBot/1.0; +claudebot@anthropic.com)"
216.73.216.221 - - [21/Oct/2025:06:43:32 +0000] "GET /items/gndeu237/7636?path=%2Fvar%2Fwww%2Fvhosts%2Fenlugo.es%2Fhttpdocs%2Fwp-content%2Fcache%2Fobject%2Ff70 HTTP/1.0" 200 176 "-" "Mozilla/5.0 AppleWebKit/537.36 (KHTML, like Gecko; compatible; ClaudeBot/1.0; +claudebot@anthropic.com)"
216.73.216.221 - - [21/Oct/2025:06:43:32 +0000] "GET /items/gndeu237/7636?path=%2Fvar%2Fwww%2Fvhosts%2Fenlugo.es%2Fhttpdocs%2Fwp-content%2Fcache%2Fobject%2F29f HTTP/1.0" 200 176 "-" "Mozilla/5.0 AppleWebKit/537.36 (KHTML, like Gecko; compatible; ClaudeBot/1.0; +claudebot@anthropic.com)"
216.73.216.221 - - [21/Oct/2025:06:43:32 +0000] "GET /items/gndeu237/7636?path=%2Fvar%2Fwww%2Fvhosts%2Fenlugo.es%2Fhttpdocs%2Fwp-content%2Fcache%2Fobject%2F0d9 HTTP/1.0" 200 176 "-" "Mozilla/5.0 AppleWebKit/537.36 (KHTML, like Gecko; compatible; ClaudeBot/1.0; +claudebot@anthropic.com)"
216.73.216.221 - - [21/Oct/2025:06:43:32 +0000] "GET /items/gndeu237/7636?path=%2Fvar%2Fwww%2Fvhosts%2Fenlugo.es%2Fhttpdocs%2Fwp-content%2Fcache%2Fobject%2F40f HTTP/1.0" 200 176 "-" "Mozilla/5.0 AppleWebKit/537.36 (KHTML, like Gecko; compatible; ClaudeBot/1.0; +claudebot@anthropic.com)"
216.73.216.221 - - [21/Oct/2025:06:43:32 +0000] "GET /items/gndeu237/7636?path=%2Fvar%2Fwww%2Fvhosts%2Fenlugo.es%2Fhttpdocs%2Fwp-content%2Fcache%2Fobject%2F04b HTTP/1.0" 200 176 "-" "Mozilla/5.0 AppleWebKit/537.36 (KHTML, like Gecko; compatible; ClaudeBot/1.0; +claudebot@anthropic.com)"
216.73.216.221 - - [21/Oct/2025:06:43:32 +0000] "GET /items/gndeu237/7636?path=%2Fvar%2Fwww%2Fvhosts%2Fenlugo.es%2Fhttpdocs%2Fwp-content%2Fcache%2Fobject%2Faf0 HTTP/1.0" 200 176 "-" "Mozilla/5.0 AppleWebKit/537.36 (KHTML, like Gecko; compatible; ClaudeBot/1.0; +claudebot@anthropic.com)"
216.73.216.221 - - [21/Oct/2025:06:43:33 +0000] "GET /m17049127081?path=%2Fvar%2Fwww%2Fvhosts%2Fenlugo.es%2Fhttpdocs%2Fwp-content%2Fcache%2Fobject%2Fa92%2Fa4a HTTP/1.0" 200 176 "-" "Mozilla/5.0 AppleWebKit/537.36 (KHTML, like Gecko; compatible; ClaudeBot/1.0; +claudebot@anthropic.com)"
216.73.216.221 - - [21/Oct/2025:06:43:33 +0000] "GET /items/gndeu237/7636?path=%2Fvar%2Fwww%2Fvhosts%2Fenlugo.es%2Fhttpdocs%2Fwp-content%2Fcache%2Fobject%2Fd4b HTTP/1.0" 200 176 "-" "Mozilla/5.0 AppleWebKit/537.36 (KHTML, like Gecko; compatible; ClaudeBot/1.0; +claudebot@anthropic.com)"
216.73.216.221 - - [21/Oct/2025:06:43:33 +0000] "GET /12798764?fileloc=%2Fvar%2Fwww%2Fvhosts%2Fenlugo.es%2Fhttpdocs%2Fwp-content%2Fcache%2Fpage_enhanced%2Fenlugo.es%2F5647860%2F_index.html&path=%2Fvar%2Fwww%2Fvhosts%2Fenlugo.es%2Fhttpdocs%2Fwp-content%2Fcache%2Fpage_enhanced%2Fenlugo.es%2F5647860 HTTP/1.0" 200 176 "-" "Mozilla/5.0 AppleWebKit/537.36 (KHTML, like Gecko; compatible; ClaudeBot/1.0; +claudebot@anthropic.com)"
216.73.216.221 - - [21/Oct/2025:06:43:33 +0000] "GET /items/gndeu237/7636?path=%2Fvar%2Fwww%2Fvhosts%2Fenlugo.es%2Fhttpdocs%2Fwp-content%2Fcache%2Fobject%2Fd2a HTTP/1.0" 200 176 "-" "Mozilla/5.0 AppleWebKit/537.36 (KHTML, like Gecko; compatible; ClaudeBot/1.0; +claudebot@anthropic.com)"
216.73.216.221 - - [21/Oct/2025:06:43:33 +0000] "GET /items/gndeu237/7636?path=%2Fvar%2Fwww%2Fvhosts%2Fenlugo.es%2Fhttpdocs%2Fwp-content%2Fcache%2Fobject%2Ff3f HTTP/1.0" 200 176 "-" "Mozilla/5.0 AppleWebKit/537.36 (KHTML, like Gecko; compatible; ClaudeBot/1.0; +claudebot@anthropic.com)"
216.73.216.221 - - [21/Oct/2025:06:43:33 +0000] "GET /items/gndeu237/7636?path=%2Fvar%2Fwww%2Fvhosts%2Fenlugo.es%2Fhttpdocs%2Fwp-content%2Fcache%2Fobject%2F0ec HTTP/1.0" 200 176 "-" "Mozilla/5.0 AppleWebKit/537.36 (KHTML, like Gecko; compatible; ClaudeBot/1.0; +claudebot@anthropic.com)"
216.73.216.221 - - [21/Oct/2025:06:43:33 +0000] "GET /items/gndeu237/7636?path=%2Fvar%2Fwww%2Fvhosts%2Fenlugo.es%2Fhttpdocs%2Fwp-content%2Fcache%2Fobject%2Fae3 HTTP/1.0" 200 176 "-" "Mozilla/5.0 AppleWebKit/537.36 (KHTML, like Gecko; compatible; ClaudeBot/1.0; +claudebot@anthropic.com)"
216.73.216.221 - - [21/Oct/2025:06:43:33 +0000] "GET /items/gndeu237/7636?path=%2Fvar%2Fwww%2Fvhosts%2Fenlugo.es%2Fhttpdocs%2Fwp-content%2Fcache%2Fobject%2F0fa HTTP/1.0" 200 176 "-" "Mozilla/5.0 AppleWebKit/537.36 (KHTML, like Gecko; compatible; ClaudeBot/1.0; +claudebot@anthropic.com)"
216.73.216.221 - - [21/Oct/2025:06:43:33 +0000] "GET /items/gndeu237/7636?path=%2Fvar%2Fwww%2Fvhosts%2Fenlugo.es%2Fhttpdocs%2Fwp-content%2Fcache%2Fobject%2Fbeb HTTP/1.0" 200 176 "-" "Mozilla/5.0 AppleWebKit/537.36 (KHTML, like Gecko; compatible; ClaudeBot/1.0; +claudebot@anthropic.com)"
216.73.216.221 - - [21/Oct/2025:06:43:33 +0000] "GET /items/gndeu237/7636?path=%2Fvar%2Fwww%2Fvhosts%2Fenlugo.es%2Fhttpdocs%2Fwp-content%2Fcache%2Fobject%2F62b HTTP/1.0" 200 176 "-" "Mozilla/5.0 AppleWebKit/537.36 (KHTML, like Gecko; compatible; ClaudeBot/1.0; +claudebot@anthropic.com)"
216.73.216.221 - - [21/Oct/2025:06:43:33 +0000] "GET /items/gndeu237/7636?path=%2Fvar%2Fwww%2Fvhosts%2Fenlugo.es%2Fhttpdocs%2Fwp-content%2Fcache%2Fobject%2F8ef HTTP/1.0" 200 176 "-" "Mozilla/5.0 AppleWebKit/537.36 (KHTML, like Gecko; compatible; ClaudeBot/1.0; +claudebot@anthropic.com)"
216.73.216.221 - - [21/Oct/2025:06:43:34 +0000] "GET /items/gndeu237/7636?path=%2Fvar%2Fwww%2Fvhosts%2Fenlugo.es%2Fhttpdocs%2Fwp-content%2Fcache%2Fobject%2F68b HTTP/1.0" 200 176 "-" "Mozilla/5.0 AppleWebKit/537.36 (KHTML, like Gecko; compatible; ClaudeBot/1.0; +claudebot@anthropic.com)"
216.73.216.221 - - [21/Oct/2025:06:43:34 +0000] "GET /items/gndeu237/7636?path=%2Fvar%2Fwww%2Fvhosts%2Fenlugo.es%2Fhttpdocs%2Fwp-content%2Fcache%2Fobject%2Fba0 HTTP/1.0" 200 176 "-" "Mozilla/5.0 AppleWebKit/537.36 (KHTML, like Gecko; compatible; ClaudeBot/1.0; +claudebot@anthropic.com)"
216.73.216.221 - - [21/Oct/2025:06:43:34 +0000] "GET /items/gndeu237/7636?path=%2Fvar%2Fwww%2Fvhosts%2Fenlugo.es%2Fhttpdocs%2Fwp-content%2Fcache%2Fobject%2F462 HTTP/1.0" 200 176 "-" "Mozilla/5.0 AppleWebKit/537.36 (KHTML, like Gecko; compatible; ClaudeBot/1.0; +claudebot@anthropic.com)"
216.73.216.221 - - [21/Oct/2025:06:43:34 +0000] "GET /items/gndeu237/7636?path=%2Fvar%2Fwww%2Fvhosts%2Fenlugo.es%2Fhttpdocs%2Fwp-content%2Fcache%2Fobject%2Fe6f HTTP/1.0" 200 176 "-" "Mozilla/5.0 AppleWebKit/537.36 (KHTML, like Gecko; compatible; ClaudeBot/1.0; +claudebot@anthropic.com)"
216.73.216.221 - - [21/Oct/2025:06:43:34 +0000] "GET /slide066030170?fileloc=%2Fvar%2Fwww%2Fvhosts%2Fenlugo.es%2Fhttpdocs%2Fwp-content%2Fcache%2Fpage_enhanced%2Fenlugo.es%2F652992754%2F_index.html&path=%2Fvar%2Fwww%2Fvhosts%2Fenlugo.es%2Fhttpdocs%2Fwp-content%2Fcache%2Fpage_enhanced%2Fenlugo.es%2F652992754 HTTP/1.0" 200 176 "-" "Mozilla/5.0 AppleWebKit/537.36 (KHTML, like Gecko; compatible; ClaudeBot/1.0; +claudebot@anthropic.com)"
216.73.216.221 - - [21/Oct/2025:06:43:34 +0000] "GET /items/gndeu237/7636?path=%2Fvar%2Fwww%2Fvhosts%2Fenlugo.es%2Fhttpdocs%2Fwp-content%2Fcache%2Fobject%2Fd4d HTTP/1.0" 200 176 "-" "Mozilla/5.0 AppleWebKit/537.36 (KHTML, like Gecko; compatible; ClaudeBot/1.0; +claudebot@anthropic.com)"
136.243.228.179 - - [21/Oct/2025:06:43:34 +0000] "GET /items/tvvty2/34449?key=conventional HTTP/1.0" 200 176 "-" "Mozilla/5.0 (compatible; DataForSeoBot/1.0; +https://dataforseo.com/dataforseo-bot)"
216.73.216.221 - - [21/Oct/2025:06:43:34 +0000] "GET /items/gndeu237/7636?path=%2Fvar%2Fwww%2Fvhosts%2Fenlugo.es%2Fhttpdocs%2Fwp-content%2Fcache%2Fobject%2Fc4d HTTP/1.0" 200 176 "-" "Mozilla/5.0 AppleWebKit/537.36 (KHTML, like Gecko; compatible; ClaudeBot/1.0; +claudebot@anthropic.com)"
216.73.216.221 - - [21/Oct/2025:06:43:34 +0000] "GET /items/gndeu237/7636?path=%2Fvar%2Fwww%2Fvhosts%2Fenlugo.es%2Fhttpdocs%2Fwp-content%2Fcache%2Fobject%2F7fd HTTP/1.0" 200 176 "-" "Mozilla/5.0 AppleWebKit/537.36 (KHTML, like Gecko; compatible; ClaudeBot/1.0; +claudebot@anthropic.com)"
216.73.216.221 - - [21/Oct/2025:06:43:34 +0000] "GET /items/gndeu237/7636?path=%2Fvar%2Fwww%2Fvhosts%2Fenlugo.es%2Fhttpdocs%2Fwp-content%2Fcache%2Fobject%2Fbb1 HTTP/1.0" 200 176 "-" "Mozilla/5.0 AppleWebKit/537.36 (KHTML, like Gecko; compatible; ClaudeBot/1.0; +claudebot@anthropic.com)"
216.73.216.221 - - [21/Oct/2025:06:43:34 +0000] "GET /items/gndeu237/7636?path=%2Fvar%2Fwww%2Fvhosts%2Fenlugo.es%2Fhttpdocs%2Fwp-content%2Fcache%2Fobject%2F60f HTTP/1.0" 200 176 "-" "Mozilla/5.0 AppleWebKit/537.36 (KHTML, like Gecko; compatible; ClaudeBot/1.0; +claudebot@anthropic.com)"
216.73.216.221 - - [21/Oct/2025:06:43:34 +0000] "GET /items/gndeu237/7636?path=%2Fvar%2Fwww%2Fvhosts%2Fenlugo.es%2Fhttpdocs%2Fwp-content%2Fcache%2Fobject%2Fd6b HTTP/1.0" 200 176 "-" "Mozilla/5.0 AppleWebKit/537.36 (KHTML, like Gecko; compatible; ClaudeBot/1.0; +claudebot@anthropic.com)"
216.73.216.221 - - [21/Oct/2025:06:43:35 +0000] "GET /items/gndeu237/7636?path=%2Fvar%2Fwww%2Fvhosts%2Fenlugo.es%2Fhttpdocs%2Fwp-content%2Fcache%2Fobject%2Ff9d HTTP/1.0" 200 176 "-" "Mozilla/5.0 AppleWebKit/537.36 (KHTML, like Gecko; compatible; ClaudeBot/1.0; +claudebot@anthropic.com)"
216.73.216.221 - - [21/Oct/2025:06:43:35 +0000] "GET /items/gndeu237/7636?path=%2Fvar%2Fwww%2Fvhosts%2Fenlugo.es%2Fhttpdocs%2Fwp-content%2Fcache%2Fobject%2F80a HTTP/1.0" 200 176 "-" "Mozilla/5.0 AppleWebKit/537.36 (KHTML, like Gecko; compatible; ClaudeBot/1.0; +claudebot@anthropic.com)"
216.73.216.221 - - [21/Oct/2025:06:43:35 +0000] "GET /items/gndeu237/7636?path=%2Fvar%2Fwww%2Fvhosts%2Fenlugo.es%2Fhttpdocs%2Fwp-content%2Fcache%2Fobject%2F67b HTTP/1.0" 200 176 "-" "Mozilla/5.0 AppleWebKit/537.36 (KHTML, like Gecko; compatible; ClaudeBot/1.0; +claudebot@anthropic.com)"
216.73.216.221 - - [21/Oct/2025:06:43:35 +0000] "GET /items/gndeu237/7636?path=%2Fvar%2Fwww%2Fvhosts%2Fenlugo.es%2Fhttpdocs%2Fwp-content%2Fcache%2Fobject%2F59f HTTP/1.0" 200 176 "-" "Mozilla/5.0 AppleWebKit/537.36 (KHTML, like Gecko; compatible; ClaudeBot/1.0; +claudebot@anthropic.com)"
216.73.216.221 - - [21/Oct/2025:06:43:35 +0000] "GET /m17049127081?path=%2Fvar%2Fwww%2Fvhosts%2Fenlugo.es%2Fhttpdocs%2Fwp-content%2Fcache%2Fobject%2F286%2Feb1 HTTP/1.0" 200 176 "-" "Mozilla/5.0 AppleWebKit/537.36 (KHTML, like Gecko; compatible; ClaudeBot/1.0; +claudebot@anthropic.com)"
216.73.216.221 - - [21/Oct/2025:06:43:35 +0000] "GET /items/gndeu237/7636?path=%2Fvar%2Fwww%2Fvhosts%2Fenlugo.es%2Fhttpdocs%2Fwp-content%2Fcache%2Fobject%2Fdc8 HTTP/1.0" 200 176 "-" "Mozilla/5.0 AppleWebKit/537.36 (KHTML, like Gecko; compatible; ClaudeBot/1.0; +claudebot@anthropic.com)"
216.73.216.221 - - [21/Oct/2025:06:43:35 +0000] "GET /items/gndeu237/7636?path=%2Fvar%2Fwww%2Fvhosts%2Fenlugo.es%2Fhttpdocs%2Fwp-content%2Fcache%2Fobject%2F49d HTTP/1.0" 200 176 "-" "Mozilla/5.0 AppleWebKit/537.36 (KHTML, like Gecko; compatible; ClaudeBot/1.0; +claudebot@anthropic.com)"
216.73.216.221 - - [21/Oct/2025:06:43:35 +0000] "GET /items/gndeu237/7636?path=%2Fvar%2Fwww%2Fvhosts%2Fenlugo.es%2Fhttpdocs%2Fwp-content%2Fcache%2Fobject%2Ffab HTTP/1.0" 200 176 "-" "Mozilla/5.0 AppleWebKit/537.36 (KHTML, like Gecko; compatible; ClaudeBot/1.0; +claudebot@anthropic.com)"
216.73.216.221 - - [21/Oct/2025:06:43:35 +0000] "GET /items/gndeu237/7636?path=%2Fvar%2Fwww%2Fvhosts%2Fenlugo.es%2Fhttpdocs%2Fwp-content%2Fcache%2Fobject%2Ff0f HTTP/1.0" 200 176 "-" "Mozilla/5.0 AppleWebKit/537.36 (KHTML, like Gecko; compatible; ClaudeBot/1.0; +claudebot@anthropic.com)"
216.73.216.221 - - [21/Oct/2025:06:43:35 +0000] "GET /items/gndeu237/7636?path=%2Fvar%2Fwww%2Fvhosts%2Fenlugo.es%2Fhttpdocs%2Fwp-content%2Fcache%2Fobject%2Fd3b HTTP/1.0" 200 176 "-" "Mozilla/5.0 AppleWebKit/537.36 (KHTML, like Gecko; compatible; ClaudeBot/1.0; +claudebot@anthropic.com)"
216.73.216.221 - - [21/Oct/2025:06:43:35 +0000] "GET /items/gndeu237/7636?path=%2Fvar%2Fwww%2Fvhosts%2Fenlugo.es%2Fhttpdocs%2Fwp-content%2Fcache%2Fobject%2F0a2 HTTP/1.0" 200 176 "-" "Mozilla/5.0 AppleWebKit/537.36 (KHTML, like Gecko; compatible; ClaudeBot/1.0; +claudebot@anthropic.com)"
216.73.216.221 - - [21/Oct/2025:06:43:36 +0000] "GET /items/gndeu237/7636?path=%2Fvar%2Fwww%2Fvhosts%2Fenlugo.es%2Fhttpdocs%2Fwp-content%2Fcache%2Fobject%2Fc3b HTTP/1.0" 200 176 "-" "Mozilla/5.0 AppleWebKit/537.36 (KHTML, like Gecko; compatible; ClaudeBot/1.0; +claudebot@anthropic.com)"
216.73.216.221 - - [21/Oct/2025:06:43:36 +0000] "GET /items/gndeu237/7636?path=%2Fvar%2Fwww%2Fvhosts%2Fenlugo.es%2Fhttpdocs%2Fwp-content%2Fcache%2Fobject%2Fde1 HTTP/1.0" 200 176 "-" "Mozilla/5.0 AppleWebKit/537.36 (KHTML, like Gecko; compatible; ClaudeBot/1.0; +claudebot@anthropic.com)"
216.73.216.221 - - [21/Oct/2025:06:43:36 +0000] "GET /items/gndeu237/7636?path=%2Fvar%2Fwww%2Fvhosts%2Fenlugo.es%2Fhttpdocs%2Fwp-content%2Fcache%2Fobject%2F7fb HTTP/1.0" 200 176 "-" "Mozilla/5.0 AppleWebKit/537.36 (KHTML, like Gecko; compatible; ClaudeBot/1.0; +claudebot@anthropic.com)"
216.73.216.221 - - [21/Oct/2025:06:43:36 +0000] "GET /items/gndeu237/7636?path=%2Fvar%2Fwww%2Fvhosts%2Fenlugo.es%2Fhttpdocs%2Fwp-content%2Fcache%2Fobject%2Fcac HTTP/1.0" 200 176 "-" "Mozilla/5.0 AppleWebKit/537.36 (KHTML, like Gecko; compatible; ClaudeBot/1.0; +claudebot@anthropic.com)"
216.73.216.221 - - [21/Oct/2025:06:43:36 +0000] "GET /items/gndeu237/7636?path=%2Fvar%2Fwww%2Fvhosts%2Fenlugo.es%2Fhttpdocs%2Fwp-content%2Fcache%2Fobject%2Fbd4 HTTP/1.0" 200 176 "-" "Mozilla/5.0 AppleWebKit/537.36 (KHTML, like Gecko; compatible; ClaudeBot/1.0; +claudebot@anthropic.com)"
216.73.216.221 - - [21/Oct/2025:06:43:36 +0000] "GET /items/gndeu237/7636?path=%2Fvar%2Fwww%2Fvhosts%2Fenlugo.es%2Fhttpdocs%2Fwp-content%2Fcache%2Fobject%2F980 HTTP/1.0" 200 176 "-" "Mozilla/5.0 AppleWebKit/537.36 (KHTML, like Gecko; compatible; ClaudeBot/1.0; +claudebot@anthropic.com)"
216.73.216.221 - - [21/Oct/2025:06:43:36 +0000] "GET /items/gndeu237/7636?path=%2Fvar%2Fwww%2Fvhosts%2Fenlugo.es%2Fhttpdocs%2Fwp-content%2Fcache%2Fobject%2Fef2 HTTP/1.0" 200 176 "-" "Mozilla/5.0 AppleWebKit/537.36 (KHTML, like Gecko; compatible; ClaudeBot/1.0; +claudebot@anthropic.com)"
216.73.216.221 - - [21/Oct/2025:06:43:36 +0000] "GET /items/gndeu237/7636?path=%2Fvar%2Fwww%2Fvhosts%2Fenlugo.es%2Fhttpdocs%2Fwp-content%2Fcache%2Fobject%2F64a HTTP/1.0" 200 176 "-" "Mozilla/5.0 AppleWebKit/537.36 (KHTML, like Gecko; compatible; ClaudeBot/1.0; +claudebot@anthropic.com)"
216.73.216.221 - - [21/Oct/2025:06:43:36 +0000] "GET /items/gndeu237/7636?path=%2Fvar%2Fwww%2Fvhosts%2Fenlugo.es%2Fhttpdocs%2Fwp-content%2Fcache%2Fobject%2Fcb1 HTTP/1.0" 200 176 "-" "Mozilla/5.0 AppleWebKit/537.36 (KHTML, like Gecko; compatible; ClaudeBot/1.0; +claudebot@anthropic.com)"
66.249.66.39 - - [21/Oct/2025:06:43:36 +0000] "GET /lid194043398 HTTP/1.0" 200 176 "-" "Mozilla/5.0 (Linux; Android 6.0.1; Nexus 5X Build/MMB29P) AppleWebKit/537.36 (KHTML, like Gecko) Chrome/140.0.7339.207 Mobile Safari/537.36 (compatible; Googlebot/2.1; +http://www.google.com/bot.html)"
216.73.216.221 - - [21/Oct/2025:06:43:36 +0000] "GET /items/gndeu237/7636?path=%2Fvar%2Fwww%2Fvhosts%2Fenlugo.es%2Fhttpdocs%2Fwp-content%2Fcache%2Fobject%2Fa4d HTTP/1.0" 200 176 "-" "Mozilla/5.0 AppleWebKit/537.36 (KHTML, like Gecko; compatible; ClaudeBot/1.0; +claudebot@anthropic.com)"
216.73.216.221 - - [21/Oct/2025:06:43:36 +0000] "GET /items/gndeu237/7636?path=%2Fvar%2Fwww%2Fvhosts%2Fenlugo.es%2Fhttpdocs%2Fwp-content%2Fcache%2Fobject%2Fdb5 HTTP/1.0" 200 176 "-" "Mozilla/5.0 AppleWebKit/537.36 (KHTML, like Gecko; compatible; ClaudeBot/1.0; +claudebot@anthropic.com)"
216.73.216.221 - - [21/Oct/2025:06:43:37 +0000] "GET /items/gndeu237/7636?path=%2Fvar%2Fwww%2Fvhosts%2Fenlugo.es%2Fhttpdocs%2Fwp-content%2Fcache%2Fobject%2Fbe4 HTTP/1.0" 200 176 "-" "Mozilla/5.0 AppleWebKit/537.36 (KHTML, like Gecko; compatible; ClaudeBot/1.0; +claudebot@anthropic.com)"
216.73.216.221 - - [21/Oct/2025:06:43:37 +0000] "GET /items/gndeu237/7636?path=%2Fvar%2Fwww%2Fvhosts%2Fenlugo.es%2Fhttpdocs%2Fwp-content%2Fcache%2Fobject%2F83f HTTP/1.0" 200 176 "-" "Mozilla/5.0 AppleWebKit/537.36 (KHTML, like Gecko; compatible; ClaudeBot/1.0; +claudebot@anthropic.com)"
216.73.216.221 - - [21/Oct/2025:06:43:37 +0000] "GET /items/gndeu237/7636?path=%2Fvar%2Fwww%2Fvhosts%2Fenlugo.es%2Fhttpdocs%2Fwp-content%2Fcache%2Fobject%2Fbf3 HTTP/1.0" 200 176 "-" "Mozilla/5.0 AppleWebKit/537.36 (KHTML, like Gecko; compatible; ClaudeBot/1.0; +claudebot@anthropic.com)"
216.73.216.221 - - [21/Oct/2025:06:43:37 +0000] "GET /items/gndeu237/7636?path=%2Fvar%2Fwww%2Fvhosts%2Fenlugo.es%2Fhttpdocs%2Fwp-content%2Fcache%2Fobject%2F0b6 HTTP/1.0" 200 176 "-" "Mozilla/5.0 AppleWebKit/537.36 (KHTML, like Gecko; compatible; ClaudeBot/1.0; +claudebot@anthropic.com)"
216.73.216.221 - - [21/Oct/2025:06:43:37 +0000] "GET /items/gndeu237/7636?path=%2Fvar%2Fwww%2Fvhosts%2Fenlugo.es%2Fhttpdocs%2Fwp-content%2Fcache%2Fobject%2F63d HTTP/1.0" 200 176 "-" "Mozilla/5.0 AppleWebKit/537.36 (KHTML, like Gecko; compatible; ClaudeBot/1.0; +claudebot@anthropic.com)"
216.73.216.221 - - [21/Oct/2025:06:43:37 +0000] "GET /items/gndeu237/7636?path=%2Fvar%2Fwww%2Fvhosts%2Fenlugo.es%2Fhttpdocs%2Fwp-content%2Fcache%2Fobject%2F0b8 HTTP/1.0" 200 176 "-" "Mozilla/5.0 AppleWebKit/537.36 (KHTML, like Gecko; compatible; ClaudeBot/1.0; +claudebot@anthropic.com)"
216.73.216.221 - - [21/Oct/2025:06:43:37 +0000] "GET /items/gndeu237/7636?path=%2Fvar%2Fwww%2Fvhosts%2Fenlugo.es%2Fhttpdocs%2Fwp-content%2Fcache%2Fobject%2Fcb3 HTTP/1.0" 200 176 "-" "Mozilla/5.0 AppleWebKit/537.36 (KHTML, like Gecko; compatible; ClaudeBot/1.0; +claudebot@anthropic.com)"
216.73.216.221 - - [21/Oct/2025:06:43:37 +0000] "GET /interaction186045870?fileloc=%2Fvar%2Fwww%2Fvhosts%2Fenlugo.es%2Fhttpdocs%2Fwp-content%2Fuploads%2F2020%2F07%2Fwhtcoalb.php&path=%2Fvar%2Fwww%2Fvhosts%2Fenlugo.es%2Fhttpdocs%2Fwp-content%2Fuploads%2F2020%2F07 HTTP/1.0" 200 176 "-" "Mozilla/5.0 AppleWebKit/537.36 (KHTML, like Gecko; compatible; ClaudeBot/1.0; +claudebot@anthropic.com)"
216.73.216.221 - - [21/Oct/2025:06:43:37 +0000] "GET /items/gndeu237/7636?path=%2Fvar%2Fwww%2Fvhosts%2Fenlugo.es%2Fhttpdocs%2Fwp-content%2Fcache%2Fobject%2Ffcd HTTP/1.0" 200 176 "-" "Mozilla/5.0 AppleWebKit/537.36 (KHTML, like Gecko; compatible; ClaudeBot/1.0; +claudebot@anthropic.com)"
216.73.216.221 - - [21/Oct/2025:06:43:37 +0000] "GET /items/gndeu237/7636?path=%2Fvar%2Fwww%2Fvhosts%2Fenlugo.es%2Fhttpdocs%2Fwp-content%2Fcache%2Fobject%2F15d HTTP/1.0" 200 176 "-" "Mozilla/5.0 AppleWebKit/537.36 (KHTML, like Gecko; compatible; ClaudeBot/1.0; +claudebot@anthropic.com)"
216.73.216.221 - - [21/Oct/2025:06:43:37 +0000] "GET /items/gndeu237/7636?path=%2Fvar%2Fwww%2Fvhosts%2Fenlugo.es%2Fhttpdocs%2Fwp-content%2Fcache%2Fobject%2Fe3d HTTP/1.0" 200 176 "-" "Mozilla/5.0 AppleWebKit/537.36 (KHTML, like Gecko; compatible; ClaudeBot/1.0; +claudebot@anthropic.com)"
216.73.216.221 - - [21/Oct/2025:06:43:38 +0000] "GET /items/gndeu237/7636?path=%2Fvar%2Fwww%2Fvhosts%2Fenlugo.es%2Fhttpdocs%2Fwp-content%2Fcache%2Fobject%2F27f HTTP/1.0" 200 176 "-" "Mozilla/5.0 AppleWebKit/537.36 (KHTML, like Gecko; compatible; ClaudeBot/1.0; +claudebot@anthropic.com)"
216.73.216.221 - - [21/Oct/2025:06:43:38 +0000] "GET /items/gndeu237/7636?path=%2Fvar%2Fwww%2Fvhosts%2Fenlugo.es%2Fhttpdocs%2Fwp-content%2Fcache%2Fobject%2Ffce HTTP/1.0" 200 176 "-" "Mozilla/5.0 AppleWebKit/537.36 (KHTML, like Gecko; compatible; ClaudeBot/1.0; +claudebot@anthropic.com)"
216.73.216.221 - - [21/Oct/2025:06:43:38 +0000] "GET /items/gndeu237/7636?path=%2Fvar%2Fwww%2Fvhosts%2Fenlugo.es%2Fhttpdocs%2Fwp-content%2Fcache%2Fobject%2Fafd HTTP/1.0" 200 176 "-" "Mozilla/5.0 AppleWebKit/537.36 (KHTML, like Gecko; compatible; ClaudeBot/1.0; +claudebot@anthropic.com)"
216.73.216.221 - - [21/Oct/2025:06:43:38 +0000] "GET /items/gndeu237/7636?path=%2Fvar%2Fwww%2Fvhosts%2Fenlugo.es%2Fhttpdocs%2Fwp-content%2Fcache%2Fobject%2F0e6 HTTP/1.0" 200 176 "-" "Mozilla/5.0 AppleWebKit/537.36 (KHTML, like Gecko; compatible; ClaudeBot/1.0; +claudebot@anthropic.com)"
136.243.228.179 - - [21/Oct/2025:06:43:38 +0000] "GET /automatic260000884 HTTP/1.0" 200 176 "-" "Mozilla/5.0 (compatible; DataForSeoBot/1.0; +https://dataforseo.com/dataforseo-bot)"
216.73.216.221 - - [21/Oct/2025:06:43:38 +0000] "GET /items/gndeu237/7636?path=%2Fvar%2Fwww%2Fvhosts%2Fenlugo.es%2Fhttpdocs%2Fwp-content%2Fcache%2Fobject%2F91b HTTP/1.0" 200 176 "-" "Mozilla/5.0 AppleWebKit/537.36 (KHTML, like Gecko; compatible; ClaudeBot/1.0; +claudebot@anthropic.com)"
216.73.216.221 - - [21/Oct/2025:06:43:38 +0000] "GET /items/gndeu237/7636?path=%2Fvar%2Fwww%2Fvhosts%2Fenlugo.es%2Fhttpdocs%2Fwp-content%2Fcache%2Fobject%2Fdc5 HTTP/1.0" 200 176 "-" "Mozilla/5.0 AppleWebKit/537.36 (KHTML, like Gecko; compatible; ClaudeBot/1.0; +claudebot@anthropic.com)"
216.73.216.221 - - [21/Oct/2025:06:43:38 +0000] "GET /items/gndeu237/7636?path=%2Fvar%2Fwww%2Fvhosts%2Fenlugo.es%2Fhttpdocs%2Fwp-content%2Fcache%2Fobject%2F2ac HTTP/1.0" 200 176 "-" "Mozilla/5.0 AppleWebKit/537.36 (KHTML, like Gecko; compatible; ClaudeBot/1.0; +claudebot@anthropic.com)"
216.73.216.221 - - [21/Oct/2025:06:43:38 +0000] "GET /items/gndeu237/7636?path=%2Fvar%2Fwww%2Fvhosts%2Fenlugo.es%2Fhttpdocs%2Fwp-content%2Fcache%2Fobject%2Fdbf HTTP/1.0" 200 176 "-" "Mozilla/5.0 AppleWebKit/537.36 (KHTML, like Gecko; compatible; ClaudeBot/1.0; +claudebot@anthropic.com)"
