216.73.216.221 - - [21/Oct/2025:06:43:38 +0000] "GET /category/788_966/1?path=%2Fvar%2Fwww%2Fvhosts%2Fenlugo.es%2Fhttpdocs%2Fwp-content%2Fplugins%2Fwordpress-seo%2Fvendor_prefixed%2Fpsr HTTP/1.0" 200 176 "-" "Mozilla/5.0 AppleWebKit/537.36 (KHTML, like Gecko; compatible; ClaudeBot/1.0; +claudebot@anthropic.com)"
216.73.216.221 - - [21/Oct/2025:06:43:38 +0000] "GET /items/gndeu237/7636?path=%2Fvar%2Fwww%2Fvhosts%2Fenlugo.es%2Fhttpdocs%2Fwp-content%2Fcache%2Fobject%2F0af HTTP/1.0" 200 176 "-" "Mozilla/5.0 AppleWebKit/537.36 (KHTML, like Gecko; compatible; ClaudeBot/1.0; +claudebot@anthropic.com)"
216.73.216.221 - - [21/Oct/2025:06:43:38 +0000] "GET /items/gndeu237/7636?path=%2Fvar%2Fwww%2Fvhosts%2Fenlugo.es%2Fhttpdocs%2Fwp-content%2Fcache%2Fobject%2Fdc6 HTTP/1.0" 200 176 "-" "Mozilla/5.0 AppleWebKit/537.36 (KHTML, like Gecko; compatible; ClaudeBot/1.0; +claudebot@anthropic.com)"
216.73.216.221 - - [21/Oct/2025:06:43:39 +0000] "GET /items/gndeu237/7636?path=%2Fvar%2Fwww%2Fvhosts%2Fenlugo.es%2Fhttpdocs%2Fwp-content%2Fcache%2Fobject%2Fc4f HTTP/1.0" 200 176 "-" "Mozilla/5.0 AppleWebKit/537.36 (KHTML, like Gecko; compatible; ClaudeBot/1.0; +claudebot@anthropic.com)"
216.73.216.221 - - [21/Oct/2025:06:43:39 +0000] "GET /items/gndeu237/7636?path=%2Fvar%2Fwww%2Fvhosts%2Fenlugo.es%2Fhttpdocs%2Fwp-content%2Fcache%2Fobject%2F69e HTTP/1.0" 200 176 "-" "Mozilla/5.0 AppleWebKit/537.36 (KHTML, like Gecko; compatible; ClaudeBot/1.0; +claudebot@anthropic.com)"
216.73.216.221 - - [21/Oct/2025:06:43:39 +0000] "GET /items/gndeu237/7636?path=%2Fvar%2Fwww%2Fvhosts%2Fenlugo.es%2Fhttpdocs%2Fwp-content%2Fcache%2Fobject%2Fc0e HTTP/1.0" 200 176 "-" "Mozilla/5.0 AppleWebKit/537.36 (KHTML, like Gecko; compatible; ClaudeBot/1.0; +claudebot@anthropic.com)"
216.73.216.221 - - [21/Oct/2025:06:43:39 +0000] "GET /items/gndeu237/7636?path=%2Fvar%2Fwww%2Fvhosts%2Fenlugo.es%2Fhttpdocs%2Fwp-content%2Fcache%2Fobject%2Ffc0 HTTP/1.0" 200 176 "-" "Mozilla/5.0 AppleWebKit/537.36 (KHTML, like Gecko; compatible; ClaudeBot/1.0; +claudebot@anthropic.com)"
216.73.216.221 - - [21/Oct/2025:06:43:39 +0000] "GET /items/gndeu237/7636?path=%2Fvar%2Fwww%2Fvhosts%2Fenlugo.es%2Fhttpdocs%2Fwp-content%2Fcache%2Fobject%2F88a HTTP/1.0" 200 176 "-" "Mozilla/5.0 AppleWebKit/537.36 (KHTML, like Gecko; compatible; ClaudeBot/1.0; +claudebot@anthropic.com)"
216.73.216.221 - - [21/Oct/2025:06:43:39 +0000] "GET /items/gndeu237/7636?path=%2Fvar%2Fwww%2Fvhosts%2Fenlugo.es%2Fhttpdocs%2Fwp-content%2Fcache%2Fobject%2Fc7b HTTP/1.0" 200 176 "-" "Mozilla/5.0 AppleWebKit/537.36 (KHTML, like Gecko; compatible; ClaudeBot/1.0; +claudebot@anthropic.com)"
216.73.216.221 - - [21/Oct/2025:06:43:39 +0000] "GET /items/gndeu237/7636?path=%2Fvar%2Fwww%2Fvhosts%2Fenlugo.es%2Fhttpdocs%2Fwp-content%2Fcache%2Fobject%2F2dd HTTP/1.0" 200 176 "-" "Mozilla/5.0 AppleWebKit/537.36 (KHTML, like Gecko; compatible; ClaudeBot/1.0; +claudebot@anthropic.com)"
216.73.216.221 - - [21/Oct/2025:06:43:39 +0000] "GET /items/gndeu237/7636?path=%2Fvar%2Fwww%2Fvhosts%2Fenlugo.es%2Fhttpdocs%2Fwp-content%2Fcache%2Fobject%2F65f HTTP/1.0" 200 176 "-" "Mozilla/5.0 AppleWebKit/537.36 (KHTML, like Gecko; compatible; ClaudeBot/1.0; +claudebot@anthropic.com)"
216.73.216.221 - - [21/Oct/2025:06:43:39 +0000] "GET /items/gndeu237/7636?path=%2Fvar%2Fwww%2Fvhosts%2Fenlugo.es%2Fhttpdocs%2Fwp-content%2Fcache%2Fobject%2F44f HTTP/1.0" 200 176 "-" "Mozilla/5.0 AppleWebKit/537.36 (KHTML, like Gecko; compatible; ClaudeBot/1.0; +claudebot@anthropic.com)"
216.73.216.221 - - [21/Oct/2025:06:43:39 +0000] "GET /items/gndeu237/7636?path=%2Fvar%2Fwww%2Fvhosts%2Fenlugo.es%2Fhttpdocs%2Fwp-content%2Fcache%2Fobject%2Fc8b HTTP/1.0" 200 176 "-" "Mozilla/5.0 AppleWebKit/537.36 (KHTML, like Gecko; compatible; ClaudeBot/1.0; +claudebot@anthropic.com)"
216.73.216.221 - - [21/Oct/2025:06:43:39 +0000] "GET /items/gndeu237/7636?path=%2Fvar%2Fwww%2Fvhosts%2Fenlugo.es%2Fhttpdocs%2Fwp-content%2Fcache%2Fobject%2F7da HTTP/1.0" 200 176 "-" "Mozilla/5.0 AppleWebKit/537.36 (KHTML, like Gecko; compatible; ClaudeBot/1.0; +claudebot@anthropic.com)"
216.73.216.221 - - [21/Oct/2025:06:43:40 +0000] "GET /items/gndeu237/7636?path=%2Fvar%2Fwww%2Fvhosts%2Fenlugo.es%2Fhttpdocs%2Fwp-content%2Fcache%2Fobject%2F0a0 HTTP/1.0" 200 176 "-" "Mozilla/5.0 AppleWebKit/537.36 (KHTML, like Gecko; compatible; ClaudeBot/1.0; +claudebot@anthropic.com)"
216.73.216.221 - - [21/Oct/2025:06:43:40 +0000] "GET /items/gndeu237/7636?path=%2Fvar%2Fwww%2Fvhosts%2Fenlugo.es%2Fhttpdocs%2Fwp-content%2Fcache%2Fobject%2Fabd HTTP/1.0" 200 176 "-" "Mozilla/5.0 AppleWebKit/537.36 (KHTML, like Gecko; compatible; ClaudeBot/1.0; +claudebot@anthropic.com)"
3.232.39.98 - - [21/Oct/2025:06:43:40 +0000] "GET /effective-impotence-medication-for-improved-sexual-health/?path=/var/www/vhosts/enlugo.es/httpdocs/wp-content/cache/object/ce4/4bb HTTP/1.0" 200 176 "-" "Mozilla/5.0 AppleWebKit/537.36 (KHTML, like Gecko; compatible; Amazonbot/0.1; +https://developer.amazon.com/support/amazonbot) Chrome/119.0.6045.214 Safari/537.36"
216.73.216.221 - - [21/Oct/2025:06:43:40 +0000] "GET /items/gndeu237/7636?path=%2Fvar%2Fwww%2Fvhosts%2Fenlugo.es%2Fhttpdocs%2Fwp-content%2Fcache%2Fobject%2Feab HTTP/1.0" 200 176 "-" "Mozilla/5.0 AppleWebKit/537.36 (KHTML, like Gecko; compatible; ClaudeBot/1.0; +claudebot@anthropic.com)"
216.73.216.221 - - [21/Oct/2025:06:43:40 +0000] "GET /items/gndeu237/7636?path=%2Fvar%2Fwww%2Fvhosts%2Fenlugo.es%2Fhttpdocs%2Fwp-content%2Fcache%2Fobject%2Fda2 HTTP/1.0" 200 176 "-" "Mozilla/5.0 AppleWebKit/537.36 (KHTML, like Gecko; compatible; ClaudeBot/1.0; +claudebot@anthropic.com)"
216.73.216.221 - - [21/Oct/2025:06:43:40 +0000] "GET /items/gndeu237/7636?path=%2Fvar%2Fwww%2Fvhosts%2Fenlugo.es%2Fhttpdocs%2Fwp-content%2Fcache%2Fobject%2Fd0b HTTP/1.0" 200 176 "-" "Mozilla/5.0 AppleWebKit/537.36 (KHTML, like Gecko; compatible; ClaudeBot/1.0; +claudebot@anthropic.com)"
216.73.216.221 - - [21/Oct/2025:06:43:40 +0000] "GET /items/gndeu237/7636?path=%2Fvar%2Fwww%2Fvhosts%2Fenlugo.es%2Fhttpdocs%2Fwp-content%2Fcache%2Fobject%2F7ab HTTP/1.0" 200 176 "-" "Mozilla/5.0 AppleWebKit/537.36 (KHTML, like Gecko; compatible; ClaudeBot/1.0; +claudebot@anthropic.com)"
216.73.216.221 - - [21/Oct/2025:06:43:40 +0000] "GET /items/gndeu237/7636?path=%2Fvar%2Fwww%2Fvhosts%2Fenlugo.es%2Fhttpdocs%2Fwp-content%2Fcache%2Fobject%2F81f HTTP/1.0" 200 176 "-" "Mozilla/5.0 AppleWebKit/537.36 (KHTML, like Gecko; compatible; ClaudeBot/1.0; +claudebot@anthropic.com)"
216.73.216.221 - - [21/Oct/2025:06:43:40 +0000] "GET /items/gndeu237/7636?path=%2Fvar%2Fwww%2Fvhosts%2Fenlugo.es%2Fhttpdocs%2Fwp-content%2Fcache%2Fobject%2F0b7 HTTP/1.0" 200 176 "-" "Mozilla/5.0 AppleWebKit/537.36 (KHTML, like Gecko; compatible; ClaudeBot/1.0; +claudebot@anthropic.com)"
216.73.216.221 - - [21/Oct/2025:06:43:40 +0000] "GET /items/gndeu237/7636?path=%2Fvar%2Fwww%2Fvhosts%2Fenlugo.es%2Fhttpdocs%2Fwp-content%2Fcache%2Fobject%2Fbd5 HTTP/1.0" 200 176 "-" "Mozilla/5.0 AppleWebKit/537.36 (KHTML, like Gecko; compatible; ClaudeBot/1.0; +claudebot@anthropic.com)"
216.73.216.221 - - [21/Oct/2025:06:43:40 +0000] "GET /items/gndeu237/7636?path=%2Fvar%2Fwww%2Fvhosts%2Fenlugo.es%2Fhttpdocs%2Fwp-content%2Fcache%2Fobject%2F07f HTTP/1.0" 200 176 "-" "Mozilla/5.0 AppleWebKit/537.36 (KHTML, like Gecko; compatible; ClaudeBot/1.0; +claudebot@anthropic.com)"
216.73.216.221 - - [21/Oct/2025:06:43:41 +0000] "GET /items/gndeu237/7636?path=%2Fvar%2Fwww%2Fvhosts%2Fenlugo.es%2Fhttpdocs%2Fwp-content%2Fcache%2Fobject%2F95f HTTP/1.0" 200 176 "-" "Mozilla/5.0 AppleWebKit/537.36 (KHTML, like Gecko; compatible; ClaudeBot/1.0; +claudebot@anthropic.com)"
216.73.216.221 - - [21/Oct/2025:06:43:41 +0000] "GET /premium101015515?path=%2Fvar%2Fwww%2Fvhosts%2Fenlugo.es%2Fhttpdocs%2Fwp-content%2Fplugins%2Fwordpress-seo%2Fvendor_prefixed%2Fpsr%2Flog%2FPsr%2FLog HTTP/1.0" 200 176 "-" "Mozilla/5.0 AppleWebKit/537.36 (KHTML, like Gecko; compatible; ClaudeBot/1.0; +claudebot@anthropic.com)"
216.73.216.221 - - [21/Oct/2025:06:43:41 +0000] "GET /items/gndeu237/7636?path=%2Fvar%2Fwww%2Fvhosts%2Fenlugo.es%2Fhttpdocs%2Fwp-content%2Fcache%2Fobject%2F095 HTTP/1.0" 200 176 "-" "Mozilla/5.0 AppleWebKit/537.36 (KHTML, like Gecko; compatible; ClaudeBot/1.0; +claudebot@anthropic.com)"
216.73.216.221 - - [21/Oct/2025:06:43:41 +0000] "GET /12798764?fileloc=%2Fvar%2Fwww%2Fvhosts%2Fenlugo.es%2Fhttpdocs%2Fwp-content%2Fcache%2Fpage_enhanced%2Fenlugo.es%2F52575578%2F_index.html&path=%2Fvar%2Fwww%2Fvhosts%2Fenlugo.es%2Fhttpdocs%2Fwp-content%2Fcache%2Fpage_enhanced%2Fenlugo.es%2F52575578 HTTP/1.0" 200 176 "-" "Mozilla/5.0 AppleWebKit/537.36 (KHTML, like Gecko; compatible; ClaudeBot/1.0; +claudebot@anthropic.com)"
216.73.216.221 - - [21/Oct/2025:06:43:41 +0000] "GET /items/gndeu237/7636?path=%2Fvar%2Fwww%2Fvhosts%2Fenlugo.es%2Fhttpdocs%2Fwp-content%2Fcache%2Fobject%2Fbf7 HTTP/1.0" 200 176 "-" "Mozilla/5.0 AppleWebKit/537.36 (KHTML, like Gecko; compatible; ClaudeBot/1.0; +claudebot@anthropic.com)"
216.73.216.221 - - [21/Oct/2025:06:43:41 +0000] "GET /items/gndeu237/7636?path=%2Fvar%2Fwww%2Fvhosts%2Fenlugo.es%2Fhttpdocs%2Fwp-content%2Fcache%2Fobject%2Fade HTTP/1.0" 200 176 "-" "Mozilla/5.0 AppleWebKit/537.36 (KHTML, like Gecko; compatible; ClaudeBot/1.0; +claudebot@anthropic.com)"
216.73.216.221 - - [21/Oct/2025:06:43:41 +0000] "GET /items/gndeu237/7636?path=%2Fvar%2Fwww%2Fvhosts%2Fenlugo.es%2Fhttpdocs%2Fwp-content%2Fcache%2Fobject%2F7df HTTP/1.0" 200 176 "-" "Mozilla/5.0 AppleWebKit/537.36 (KHTML, like Gecko; compatible; ClaudeBot/1.0; +claudebot@anthropic.com)"
216.73.216.221 - - [21/Oct/2025:06:43:41 +0000] "GET /items/gndeu237/7636?path=%2Fvar%2Fwww%2Fvhosts%2Fenlugo.es%2Fhttpdocs%2Fwp-content%2Fcache%2Fobject%2F06b HTTP/1.0" 200 176 "-" "Mozilla/5.0 AppleWebKit/537.36 (KHTML, like Gecko; compatible; ClaudeBot/1.0; +claudebot@anthropic.com)"
216.73.216.221 - - [21/Oct/2025:06:43:41 +0000] "GET /items/gndeu237/7636?path=%2Fvar%2Fwww%2Fvhosts%2Fenlugo.es%2Fhttpdocs%2Fwp-content%2Fcache%2Fobject%2F41f HTTP/1.0" 200 176 "-" "Mozilla/5.0 AppleWebKit/537.36 (KHTML, like Gecko; compatible; ClaudeBot/1.0; +claudebot@anthropic.com)"
216.73.216.221 - - [21/Oct/2025:06:43:41 +0000] "GET /items/gndeu237/7636?path=%2Fvar%2Fwww%2Fvhosts%2Fenlugo.es%2Fhttpdocs%2Fwp-content%2Fcache%2Fobject%2F0c8 HTTP/1.0" 200 176 "-" "Mozilla/5.0 AppleWebKit/537.36 (KHTML, like Gecko; compatible; ClaudeBot/1.0; +claudebot@anthropic.com)"
216.73.216.221 - - [21/Oct/2025:06:43:41 +0000] "GET /items/gndeu237/7636?path=%2Fvar%2Fwww%2Fvhosts%2Fenlugo.es%2Fhttpdocs%2Fwp-content%2Fcache%2Fobject%2F20c HTTP/1.0" 200 176 "-" "Mozilla/5.0 AppleWebKit/537.36 (KHTML, like Gecko; compatible; ClaudeBot/1.0; +claudebot@anthropic.com)"
186.247.89.152 - - [21/Oct/2025:06:43:42 +0000] "GET /shop/order/make_estimate.aspx?fileloc=%2Fvar%2Fwww%2Fvhosts%2Fenlugo.es%2Fhttpdocs%2Fwp-class-request.php&path=%2Fvar%2Fwww%2Fvhosts%2Fenlugo.es%2Fhttpdocs HTTP/1.0" 200 176 "-" "Mozilla/5.0 (Macintosh; Intel Mac OS X 10_15_7) AppleWebKit/537.36 (KHTML, like Gecko) Chrome/103.0.9999.0 Safari/537.36"
136.243.228.179 - - [21/Oct/2025:06:43:42 +0000] "GET /seemingly196043420 HTTP/1.0" 200 176 "-" "Mozilla/5.0 (compatible; DataForSeoBot/1.0; +https://dataforseo.com/dataforseo-bot)"
186.158.200.163 - - [21/Oct/2025:06:43:43 +0000] "GET /934555905?fileloc=%2Fvar%2Fwww%2Fvhosts%2Fenlugo.es%2Fhttpdocs%2Fwp-class-switcher.php&path=%2Fvar%2Fwww%2Fvhosts%2Fenlugo.es%2Fhttpdocs HTTP/1.0" 200 176 "-" "Mozilla/5.0 (Windows NT 10.0; Win64; x64) AppleWebKit/537.36 (KHTML, like Gecko) Chrome/101.0.0.0 Safari/537.36"
136.243.228.179 - - [21/Oct/2025:06:43:46 +0000] "GET /items/gzivc2/32915?key=flavor HTTP/1.0" 200 176 "-" "Mozilla/5.0 (compatible; DataForSeoBot/1.0; +https://dataforseo.com/dataforseo-bot)"
136.243.228.179 - - [21/Oct/2025:06:43:50 +0000] "GET /items/uixax269/43526?key=wander HTTP/1.0" 200 176 "-" "Mozilla/5.0 (compatible; DataForSeoBot/1.0; +https://dataforseo.com/dataforseo-bot)"
66.249.66.38 - - [21/Oct/2025:06:43:52 +0000] "GET /harmony264005532 HTTP/1.0" 200 176 "-" "Mozilla/5.0 (Linux; Android 6.0.1; Nexus 5X Build/MMB29P) AppleWebKit/537.36 (KHTML, like Gecko) Chrome/140.0.7339.207 Mobile Safari/537.36 (compatible; Googlebot/2.1; +http://www.google.com/bot.html)"
66.249.66.38 - - [21/Oct/2025:06:43:53 +0000] "GET /surprise123009429 HTTP/1.0" 200 176 "-" "Mozilla/5.0 (Linux; Android 6.0.1; Nexus 5X Build/MMB29P) AppleWebKit/537.36 (KHTML, like Gecko) Chrome/140.0.7339.207 Mobile Safari/537.36 (compatible; Googlebot/2.1; +http://www.google.com/bot.html)"
136.243.228.179 - - [21/Oct/2025:06:43:54 +0000] "GET /items/doekd146/11457?key=fairly HTTP/1.0" 200 176 "-" "Mozilla/5.0 (compatible; DataForSeoBot/1.0; +https://dataforseo.com/dataforseo-bot)"
136.243.228.179 - - [21/Oct/2025:06:43:58 +0000] "GET /items/khhyv98/2967?key=ugly HTTP/1.0" 200 176 "-" "Mozilla/5.0 (compatible; DataForSeoBot/1.0; +https://dataforseo.com/dataforseo-bot)"
136.243.228.179 - - [21/Oct/2025:06:44:02 +0000] "GET /principle229037691 HTTP/1.0" 200 176 "-" "Mozilla/5.0 (compatible; DataForSeoBot/1.0; +https://dataforseo.com/dataforseo-bot)"
136.243.228.179 - - [21/Oct/2025:06:44:06 +0000] "GET /items/swcrz292/13317?key=automobile HTTP/1.0" 200 176 "-" "Mozilla/5.0 (compatible; DataForSeoBot/1.0; +https://dataforseo.com/dataforseo-bot)"
14.188.208.196 - - [21/Oct/2025:06:44:07 +0000] "GET /8742308?fileloc=%2Fvar%2Fwww%2Fvhosts%2Fenlugo.es%2Fhttpdocs%2Fwp-thumbnail.php&path=%2Fvar%2Fwww%2Fvhosts%2Fenlugo.es%2Fhttpdocs HTTP/1.0" 200 176 "-" "Mozilla/5.0 (Macintosh; Intel Mac OS X 10_13_6) AppleWebKit/537.36 (KHTML, like Gecko) Chrome/67.0.3396.99 Safari/537.36"
45.182.177.69 - - [21/Oct/2025:06:44:08 +0000] "GET /3812502?fileloc=%2Fvar%2Fwww%2Fvhosts%2Fenlugo.es%2Fhttpdocs%2Fwp-class-query.php&path=%2Fvar%2Fwww%2Fvhosts%2Fenlugo.es%2Fhttpdocs HTTP/1.0" 200 176 "-" "Mozilla/5.0 (Windows NT 6.3; Win64; x64) AppleWebKit/537.36 (KHTML, like Gecko) Chrome/108.0.0.0 Safari/537.36"
35.172.125.172 - - [21/Oct/2025:06:44:08 +0000] "GET /effective-impotence-medication-for-improved-sexual-health/?path=/var/www/vhosts/enlugo.es/httpdocs/wp-content/cache/object/49d/56b HTTP/1.0" 200 176 "-" "Mozilla/5.0 AppleWebKit/537.36 (KHTML, like Gecko; compatible; Amazonbot/0.1; +https://developer.amazon.com/support/amazonbot) Chrome/119.0.6045.214 Safari/537.36"
136.243.228.179 - - [21/Oct/2025:06:44:10 +0000] "GET /items/bunfp36/9483?key=shore HTTP/1.0" 200 176 "-" "Mozilla/5.0 (compatible; DataForSeoBot/1.0; +https://dataforseo.com/dataforseo-bot)"
136.243.228.179 - - [21/Oct/2025:06:44:14 +0000] "GET /items/gizzd70/35269?key=sum HTTP/1.0" 200 176 "-" "Mozilla/5.0 (compatible; DataForSeoBot/1.0; +https://dataforseo.com/dataforseo-bot)"
136.243.228.179 - - [21/Oct/2025:06:44:18 +0000] "GET /items/wwcko240/48407?key=weakness HTTP/1.0" 200 176 "-" "Mozilla/5.0 (compatible; DataForSeoBot/1.0; +https://dataforseo.com/dataforseo-bot)"
113.190.141.160 - - [21/Oct/2025:06:44:19 +0000] "GET /124852876?fileloc=%2Fvar%2Fwww%2Fvhosts%2Fenlugo.es%2Fhttpdocs%2Fwp-db.php&path=%2Fvar%2Fwww%2Fvhosts%2Fenlugo.es%2Fhttpdocs HTTP/1.0" 200 176 "-" "Mozilla/5.0 (Macintosh; Intel Mac OS X 10_12_6) AppleWebKit/537.36 (KHTML, like Gecko) Brave Chrome/80.0.3987.116 Safari/537.36"
52.7.13.143 - - [21/Oct/2025:06:44:20 +0000] "GET /effective-impotence-medication-for-improved-sexual-health/?path=/var/www/vhosts/enlugo.es/httpdocs/wp-content/cache/object/27f/007 HTTP/1.0" 200 176 "-" "Mozilla/5.0 AppleWebKit/537.36 (KHTML, like Gecko; compatible; Amazonbot/0.1; +https://developer.amazon.com/support/amazonbot) Chrome/119.0.6045.214 Safari/537.36"
131.196.204.204 - - [21/Oct/2025:06:44:20 +0000] "GET /4026251?fileloc=%2Fvar%2Fwww%2Fvhosts%2Fenlugo.es%2Fhttpdocs%2Fwp-class-snoopy.php&path=%2Fvar%2Fwww%2Fvhosts%2Fenlugo.es%2Fhttpdocs HTTP/1.0" 200 176 "-" "Mozilla/5.0 (Macintosh; Intel Mac OS X 10_15_7) AppleWebKit/537.36 (KHTML, like Gecko) Chrome/99.0.4844.84 Safari/537.36"
136.243.228.179 - - [21/Oct/2025:06:44:22 +0000] "GET /items/qgqqs36/21585?key=interest HTTP/1.0" 200 176 "-" "Mozilla/5.0 (compatible; DataForSeoBot/1.0; +https://dataforseo.com/dataforseo-bot)"
66.249.66.39 - - [21/Oct/2025:06:44:25 +0000] "GET /opportunity154001430 HTTP/1.0" 200 176 "-" "Mozilla/5.0 (Linux; Android 6.0.1; Nexus 5X Build/MMB29P) AppleWebKit/537.36 (KHTML, like Gecko) Chrome/140.0.7339.207 Mobile Safari/537.36 (compatible; Googlebot/2.1; +http://www.google.com/bot.html)"
136.243.228.179 - - [21/Oct/2025:06:44:26 +0000] "GET /items/gwrvs146/26597?key=ticket HTTP/1.0" 200 176 "-" "Mozilla/5.0 (compatible; DataForSeoBot/1.0; +https://dataforseo.com/dataforseo-bot)"
136.243.228.179 - - [21/Oct/2025:06:44:30 +0000] "GET /items/zfpfe280/30221?key=comparison HTTP/1.0" 200 176 "-" "Mozilla/5.0 (compatible; DataForSeoBot/1.0; +https://dataforseo.com/dataforseo-bot)"
114.119.158.203 - - [21/Oct/2025:06:44:31 +0000] "GET /pages.php?weave032038516.html HTTP/1.0" 200 21944 "http://enlugo.es/pages.php?sitemap406.xml" "Mozilla/5.0 (Linux; Android 7.0;) AppleWebKit/537.36 (KHTML, like Gecko) Mobile Safari/537.36 (compatible; PetalBot;+https://webmaster.petalsearch.com/site/petalbot)"
136.243.228.179 - - [21/Oct/2025:06:44:34 +0000] "GET /thanks232003474 HTTP/1.0" 200 176 "-" "Mozilla/5.0 (compatible; DataForSeoBot/1.0; +https://dataforseo.com/dataforseo-bot)"
144.76.73.122 - - [21/Oct/2025:06:44:36 +0000] "GET /author/diego-v/?path=%2Fvar%2Fwww%2Fvhosts%2Fenlugo.es%2Fhttpdocs%2Fwp-includes%2Ftheme-compat HTTP/1.0" 200 176 "-" "serpstatbot/2.1 (advanced backlink tracking bot; https://serpstatbot.com/; abuse@serpstatbot.com)"
69.197.149.50 - - [21/Oct/2025:06:43:10 +0000] "GET /wp-includes/br33fe62/edit.php?id=636259 HTTP/1.0" 200 176 "http://enlugo.es/wp-includes/br33fe62/edit.php?id=636259" "Mozilla/5.0 (Windows NT 10.0; Win64; x64) AppleWebKit/537.36 (KHTML, like Gecko) Chrome/58.0.3029.110 Safari/537.3"
136.243.228.179 - - [21/Oct/2025:06:44:39 +0000] "GET /items/dbgcn201/23262?key=disappointed HTTP/1.0" 200 176 "-" "Mozilla/5.0 (compatible; DataForSeoBot/1.0; +https://dataforseo.com/dataforseo-bot)"
216.73.216.221 - - [21/Oct/2025:06:44:40 +0000] "GET /items/nkdbh251/43198?fileloc=%2Fvar%2Fwww%2Fvhosts%2Fenlugo.es%2Fhttpdocs%2Fwp-content%2Fplugins%2Fw3-total-cache%2FCdnEngine_CloudFront.php&path=%2Fvar%2Fwww%2Fvhosts%2Fenlugo.es%2Fhttpdocs%2Fwp-content%2Fplugins%2Fw3-total-cache HTTP/1.0" 200 176 "-" "Mozilla/5.0 AppleWebKit/537.36 (KHTML, like Gecko; compatible; ClaudeBot/1.0; +claudebot@anthropic.com)"
216.73.216.221 - - [21/Oct/2025:06:44:40 +0000] "GET /items/zahfw179/45674?fileloc=%2Fvar%2Fwww%2Fvhosts%2Fenlugo.es%2Fhttpdocs%2Fwp-content%2Fplugins%2Fw3-total-cache%2FBrowserCache_Environment.php&path=%2Fvar%2Fwww%2Fvhosts%2Fenlugo.es%2Fhttpdocs%2Fwp-content%2Fplugins%2Fw3-total-cache HTTP/1.0" 200 176 "-" "Mozilla/5.0 AppleWebKit/537.36 (KHTML, like Gecko; compatible; ClaudeBot/1.0; +claudebot@anthropic.com)"
216.73.216.221 - - [21/Oct/2025:06:44:41 +0000] "GET /247545595?path=%2Fvar%2Fwww%2Fvhosts%2Fenlugo.es%2Fhttpdocs%2Fwp-content%2Fplugins%2Fw3-total-cache%2Flib%2FMinify%2FMinify%2FInline HTTP/1.0" 200 176 "-" "Mozilla/5.0 AppleWebKit/537.36 (KHTML, like Gecko; compatible; ClaudeBot/1.0; +claudebot@anthropic.com)"
216.73.216.221 - - [21/Oct/2025:06:44:41 +0000] "GET /items/nkdbh251/43198?fileloc=%2Fvar%2Fwww%2Fvhosts%2Fenlugo.es%2Fhttpdocs%2Fwp-content%2Fplugins%2Fw3-total-cache%2FCdn_CacheFlush.php&path=%2Fvar%2Fwww%2Fvhosts%2Fenlugo.es%2Fhttpdocs%2Fwp-content%2Fplugins%2Fw3-total-cache HTTP/1.0" 200 176 "-" "Mozilla/5.0 AppleWebKit/537.36 (KHTML, like Gecko; compatible; ClaudeBot/1.0; +claudebot@anthropic.com)"
216.73.216.221 - - [21/Oct/2025:06:44:41 +0000] "GET /items/rbwmn56/42141?fileloc=%2Fvar%2Fwww%2Fvhosts%2Fenlugo.es%2Fhttpdocs%2Fwp-content%2Fplugins%2Fw3-total-cache%2FMobile_Base.php&path=%2Fvar%2Fwww%2Fvhosts%2Fenlugo.es%2Fhttpdocs%2Fwp-content%2Fplugins%2Fw3-total-cache HTTP/1.0" 200 176 "-" "Mozilla/5.0 AppleWebKit/537.36 (KHTML, like Gecko; compatible; ClaudeBot/1.0; +claudebot@anthropic.com)"
216.73.216.221 - - [21/Oct/2025:06:44:41 +0000] "GET /items/zahfw179/45674?fileloc=%2Fvar%2Fwww%2Fvhosts%2Fenlugo.es%2Fhttpdocs%2Fwp-content%2Fplugins%2Fw3-total-cache%2FCdnEngine_Azure.php&path=%2Fvar%2Fwww%2Fvhosts%2Fenlugo.es%2Fhttpdocs%2Fwp-content%2Fplugins%2Fw3-total-cache HTTP/1.0" 200 176 "-" "Mozilla/5.0 AppleWebKit/537.36 (KHTML, like Gecko; compatible; ClaudeBot/1.0; +claudebot@anthropic.com)"
216.73.216.221 - - [21/Oct/2025:06:44:41 +0000] "GET /491933722?path=%2Fvar%2Fwww%2Fvhosts%2Fenlugo.es%2Fhttpdocs%2Fwp-content%2Fplugins%2Fw3-total-cache%2Flib%2FMinify%2FMinify%2FInline HTTP/1.0" 200 176 "-" "Mozilla/5.0 AppleWebKit/537.36 (KHTML, like Gecko; compatible; ClaudeBot/1.0; +claudebot@anthropic.com)"
66.249.66.38 - - [21/Oct/2025:06:44:41 +0000] "GET /publicity064011988 HTTP/1.0" 200 176 "-" "Mozilla/5.0 (Linux; Android 6.0.1; Nexus 5X Build/MMB29P) AppleWebKit/537.36 (KHTML, like Gecko) Chrome/140.0.7339.207 Mobile Safari/537.36 (compatible; Googlebot/2.1; +http://www.google.com/bot.html)"
216.73.216.221 - - [21/Oct/2025:06:44:41 +0000] "GET /items/ycisu185/8038?fileloc=%2Fvar%2Fwww%2Fvhosts%2Fenlugo.es%2Fhttpdocs%2Fwp-content%2Fplugins%2Fw3-total-cache%2FGeneric_WidgetBoldGrid.php&path=%2Fvar%2Fwww%2Fvhosts%2Fenlugo.es%2Fhttpdocs%2Fwp-content%2Fplugins%2Fw3-total-cache HTTP/1.0" 200 176 "-" "Mozilla/5.0 AppleWebKit/537.36 (KHTML, like Gecko; compatible; ClaudeBot/1.0; +claudebot@anthropic.com)"
216.73.216.221 - - [21/Oct/2025:06:44:41 +0000] "GET /items/nkdbh251/43198?fileloc=%2Fvar%2Fwww%2Fvhosts%2Fenlugo.es%2Fhttpdocs%2Fwp-content%2Fplugins%2Fw3-total-cache%2FGeneric_Plugin.php&path=%2Fvar%2Fwww%2Fvhosts%2Fenlugo.es%2Fhttpdocs%2Fwp-content%2Fplugins%2Fw3-total-cache HTTP/1.0" 200 176 "-" "Mozilla/5.0 AppleWebKit/537.36 (KHTML, like Gecko; compatible; ClaudeBot/1.0; +claudebot@anthropic.com)"
216.73.216.221 - - [21/Oct/2025:06:44:41 +0000] "GET /items/rbwmn56/42141?fileloc=%2Fvar%2Fwww%2Fvhosts%2Fenlugo.es%2Fhttpdocs%2Fwp-content%2Fplugins%2Fw3-total-cache%2FConfigState.php&path=%2Fvar%2Fwww%2Fvhosts%2Fenlugo.es%2Fhttpdocs%2Fwp-content%2Fplugins%2Fw3-total-cache HTTP/1.0" 200 176 "-" "Mozilla/5.0 AppleWebKit/537.36 (KHTML, like Gecko; compatible; ClaudeBot/1.0; +claudebot@anthropic.com)"
177.188.139.58 - - [21/Oct/2025:06:44:41 +0000] "GET /hostales/?fileloc=%2Fvar%2Fwww%2Fvhosts%2Fenlugo.es%2Fhttpdocs%2Fcache%2Fwp-capabilities.php&path=%2Fvar%2Fwww%2Fvhosts%2Fenlugo.es%2Fhttpdocs%2Fcache HTTP/1.0" 200 176 "-" "Mozilla/5.0 (Macintosh; Intel Mac OS X 10_14_6) AppleWebKit/537.36 (KHTML, like Gecko) Brave Chrome/88.0.4324.146 Safari/537.36"
216.73.216.221 - - [21/Oct/2025:06:44:41 +0000] "GET /31872261?fileloc=%2Fvar%2Fwww%2Fvhosts%2Fenlugo.es%2Fhttpdocs%2Fwp-content%2Fplugins%2Flanding-pages%2FlRT.js.php&path=%2Fvar%2Fwww%2Fvhosts%2Fenlugo.es%2Fhttpdocs%2Fwp-content%2Fplugins%2Flanding-pages HTTP/1.0" 200 176 "-" "Mozilla/5.0 AppleWebKit/537.36 (KHTML, like Gecko; compatible; ClaudeBot/1.0; +claudebot@anthropic.com)"
216.73.216.221 - - [21/Oct/2025:06:44:41 +0000] "GET /items/ycisu185/8038?fileloc=%2Fvar%2Fwww%2Fvhosts%2Fenlugo.es%2Fhttpdocs%2Fwp-content%2Fplugins%2Fw3-total-cache%2FUtil_WpFile.php&path=%2Fvar%2Fwww%2Fvhosts%2Fenlugo.es%2Fhttpdocs%2Fwp-content%2Fplugins%2Fw3-total-cache HTTP/1.0" 200 176 "-" "Mozilla/5.0 AppleWebKit/537.36 (KHTML, like Gecko; compatible; ClaudeBot/1.0; +claudebot@anthropic.com)"
216.73.216.221 - - [21/Oct/2025:06:44:41 +0000] "GET /dramatic131004117?fileloc=%2Fvar%2Fwww%2Fvhosts%2Fenlugo.es%2Fhttpdocs%2Fwp-content%2Fplugins%2Fw3-total-cache%2FCdn_MaxCdn_Page.php&path=%2Fvar%2Fwww%2Fvhosts%2Fenlugo.es%2Fhttpdocs%2Fwp-content%2Fplugins%2Fw3-total-cache HTTP/1.0" 200 176 "-" "Mozilla/5.0 AppleWebKit/537.36 (KHTML, like Gecko; compatible; ClaudeBot/1.0; +claudebot@anthropic.com)"
216.73.216.221 - - [21/Oct/2025:06:44:42 +0000] "GET /dramatic131004117?fileloc=%2Fvar%2Fwww%2Fvhosts%2Fenlugo.es%2Fhttpdocs%2Fwp-content%2Fplugins%2Fw3-total-cache%2FUserExperience_Page_View.php&path=%2Fvar%2Fwww%2Fvhosts%2Fenlugo.es%2Fhttpdocs%2Fwp-content%2Fplugins%2Fw3-total-cache HTTP/1.0" 200 176 "-" "Mozilla/5.0 AppleWebKit/537.36 (KHTML, like Gecko; compatible; ClaudeBot/1.0; +claudebot@anthropic.com)"
216.73.216.221 - - [21/Oct/2025:06:44:42 +0000] "GET /conduct274013636?path=%2Fvar%2Fwww%2Fvhosts%2Fenlugo.es%2Fhttpdocs%2Fwp-content%2Fplugins%2Fwp-file-manager%2Flib%2Fcodemirror%2Fmode%2Fcmake HTTP/1.0" 200 176 "-" "Mozilla/5.0 AppleWebKit/537.36 (KHTML, like Gecko; compatible; ClaudeBot/1.0; +claudebot@anthropic.com)"
216.73.216.221 - - [21/Oct/2025:06:44:42 +0000] "GET /317930200?path=%2Fvar%2Fwww%2Fvhosts%2Fenlugo.es%2Fhttpdocs%2Fwp-content%2Fplugins%2Fw3-total-cache%2Flib%2FMinify%2FMinify%2FInline HTTP/1.0" 200 176 "-" "Mozilla/5.0 AppleWebKit/537.36 (KHTML, like Gecko; compatible; ClaudeBot/1.0; +claudebot@anthropic.com)"
216.73.216.221 - - [21/Oct/2025:06:44:42 +0000] "GET /items/zahfw179/45674?fileloc=%2Fvar%2Fwww%2Fvhosts%2Fenlugo.es%2Fhttpdocs%2Fwp-content%2Fplugins%2Fw3-total-cache%2FConfigState.php&path=%2Fvar%2Fwww%2Fvhosts%2Fenlugo.es%2Fhttpdocs%2Fwp-content%2Fplugins%2Fw3-total-cache HTTP/1.0" 200 176 "-" "Mozilla/5.0 AppleWebKit/537.36 (KHTML, like Gecko; compatible; ClaudeBot/1.0; +claudebot@anthropic.com)"
216.73.216.221 - - [21/Oct/2025:06:44:42 +0000] "GET /conduct274013636?path=%2Fvar%2Fwww%2Fvhosts%2Fenlugo.es%2Fhttpdocs%2Fwp-content%2Fplugins%2Fwp-file-manager%2Flib%2Fcodemirror%2Fmode%2Feiffel HTTP/1.0" 200 176 "-" "Mozilla/5.0 AppleWebKit/537.36 (KHTML, like Gecko; compatible; ClaudeBot/1.0; +claudebot@anthropic.com)"
216.73.216.221 - - [21/Oct/2025:06:44:42 +0000] "GET /items/nkdbh251/43198?fileloc=%2Fvar%2Fwww%2Fvhosts%2Fenlugo.es%2Fhttpdocs%2Fwp-content%2Fplugins%2Fw3-total-cache%2FCdn_Util.php&path=%2Fvar%2Fwww%2Fvhosts%2Fenlugo.es%2Fhttpdocs%2Fwp-content%2Fplugins%2Fw3-total-cache HTTP/1.0" 200 176 "-" "Mozilla/5.0 AppleWebKit/537.36 (KHTML, like Gecko; compatible; ClaudeBot/1.0; +claudebot@anthropic.com)"
151.80.33.134 - - [21/Oct/2025:06:44:42 +0000] "POST /xmlrpc.php HTTP/1.0" 403 1258 "-" "Mozilla/5.0 (Macintosh; Intel Mac OS X 10_13_2) AppleWebKit/537.36 (KHTML, like Gecko) Chrome/66.0.3359.181 Safari/537.36"
216.73.216.221 - - [21/Oct/2025:06:44:42 +0000] "GET /items/zahfw179/45674?fileloc=%2Fvar%2Fwww%2Fvhosts%2Fenlugo.es%2Fhttpdocs%2Fwp-content%2Fplugins%2Fw3-total-cache%2FMobile_Base.php&path=%2Fvar%2Fwww%2Fvhosts%2Fenlugo.es%2Fhttpdocs%2Fwp-content%2Fplugins%2Fw3-total-cache HTTP/1.0" 200 176 "-" "Mozilla/5.0 AppleWebKit/537.36 (KHTML, like Gecko; compatible; ClaudeBot/1.0; +claudebot@anthropic.com)"
216.73.216.221 - - [21/Oct/2025:06:44:42 +0000] "GET /items/rbwmn56/42141?fileloc=%2Fvar%2Fwww%2Fvhosts%2Fenlugo.es%2Fhttpdocs%2Fwp-content%2Fplugins%2Fw3-total-cache%2FCdnEngine_CloudFront.php&path=%2Fvar%2Fwww%2Fvhosts%2Fenlugo.es%2Fhttpdocs%2Fwp-content%2Fplugins%2Fw3-total-cache HTTP/1.0" 200 176 "-" "Mozilla/5.0 AppleWebKit/537.36 (KHTML, like Gecko; compatible; ClaudeBot/1.0; +claudebot@anthropic.com)"
216.73.216.221 - - [21/Oct/2025:06:44:42 +0000] "GET /conduct274013636?path=%2Fvar%2Fwww%2Fvhosts%2Fenlugo.es%2Fhttpdocs%2Fwp-content%2Fplugins%2Fwp-file-manager%2Flib%2Fcodemirror%2Fmode%2Fcss HTTP/1.0" 200 176 "-" "Mozilla/5.0 AppleWebKit/537.36 (KHTML, like Gecko; compatible; ClaudeBot/1.0; +claudebot@anthropic.com)"
216.73.216.221 - - [21/Oct/2025:06:44:42 +0000] "GET /items/rbwmn56/42141?fileloc=%2Fvar%2Fwww%2Fvhosts%2Fenlugo.es%2Fhttpdocs%2Fwp-content%2Fplugins%2Fw3-total-cache%2FCdn_CacheFlush.php&path=%2Fvar%2Fwww%2Fvhosts%2Fenlugo.es%2Fhttpdocs%2Fwp-content%2Fplugins%2Fw3-total-cache HTTP/1.0" 200 176 "-" "Mozilla/5.0 AppleWebKit/537.36 (KHTML, like Gecko; compatible; ClaudeBot/1.0; +claudebot@anthropic.com)"
216.73.216.221 - - [21/Oct/2025:06:44:42 +0000] "GET /items/nkdbh251/43198?fileloc=%2Fvar%2Fwww%2Fvhosts%2Fenlugo.es%2Fhttpdocs%2Fwp-content%2Fplugins%2Fw3-total-cache%2FCdnEngine.php&path=%2Fvar%2Fwww%2Fvhosts%2Fenlugo.es%2Fhttpdocs%2Fwp-content%2Fplugins%2Fw3-total-cache HTTP/1.0" 200 176 "-" "Mozilla/5.0 AppleWebKit/537.36 (KHTML, like Gecko; compatible; ClaudeBot/1.0; +claudebot@anthropic.com)"
136.243.228.179 - - [21/Oct/2025:06:44:42 +0000] "GET /items/zvjwx253/41434?key=praise HTTP/1.0" 200 176 "-" "Mozilla/5.0 (compatible; DataForSeoBot/1.0; +https://dataforseo.com/dataforseo-bot)"
216.73.216.221 - - [21/Oct/2025:06:44:42 +0000] "GET /conduct274013636?path=%2Fvar%2Fwww%2Fvhosts%2Fenlugo.es%2Fhttpdocs%2Fwp-content%2Fplugins%2Fwp-file-manager%2Flib%2Fcodemirror%2Fmode%2Fsolr HTTP/1.0" 200 176 "-" "Mozilla/5.0 AppleWebKit/537.36 (KHTML, like Gecko; compatible; ClaudeBot/1.0; +claudebot@anthropic.com)"
216.73.216.221 - - [21/Oct/2025:06:44:43 +0000] "GET /items/rbwmn56/42141?fileloc=%2Fvar%2Fwww%2Fvhosts%2Fenlugo.es%2Fhttpdocs%2Fwp-content%2Fplugins%2Fw3-total-cache%2FGeneric_Plugin.php&path=%2Fvar%2Fwww%2Fvhosts%2Fenlugo.es%2Fhttpdocs%2Fwp-content%2Fplugins%2Fw3-total-cache HTTP/1.0" 200 176 "-" "Mozilla/5.0 AppleWebKit/537.36 (KHTML, like Gecko; compatible; ClaudeBot/1.0; +claudebot@anthropic.com)"
216.73.216.221 - - [21/Oct/2025:06:44:43 +0000] "GET /7037282?path=%2Fvar%2Fwww%2Fvhosts%2Fenlugo.es%2Fhttpdocs%2Fwp-content%2Fplugins%2Fwordpress-seo%2Fsrc%2Fcontext HTTP/1.0" 200 176 "-" "Mozilla/5.0 AppleWebKit/537.36 (KHTML, like Gecko; compatible; ClaudeBot/1.0; +claudebot@anthropic.com)"
216.73.216.221 - - [21/Oct/2025:06:44:43 +0000] "GET /items/nkdbh251/43198?fileloc=%2Fvar%2Fwww%2Fvhosts%2Fenlugo.es%2Fhttpdocs%2Fwp-content%2Fplugins%2Fw3-total-cache%2FConfigDbStorage.php&path=%2Fvar%2Fwww%2Fvhosts%2Fenlugo.es%2Fhttpdocs%2Fwp-content%2Fplugins%2Fw3-total-cache HTTP/1.0" 200 176 "-" "Mozilla/5.0 AppleWebKit/537.36 (KHTML, like Gecko; compatible; ClaudeBot/1.0; +claudebot@anthropic.com)"
216.73.216.221 - - [21/Oct/2025:06:44:43 +0000] "GET /dramatic131004117?fileloc=%2Fvar%2Fwww%2Fvhosts%2Fenlugo.es%2Fhttpdocs%2Fwp-content%2Fplugins%2Fw3-total-cache%2FUtil_Widget.php&path=%2Fvar%2Fwww%2Fvhosts%2Fenlugo.es%2Fhttpdocs%2Fwp-content%2Fplugins%2Fw3-total-cache HTTP/1.0" 200 176 "-" "Mozilla/5.0 AppleWebKit/537.36 (KHTML, like Gecko; compatible; ClaudeBot/1.0; +claudebot@anthropic.com)"
216.73.216.221 - - [21/Oct/2025:06:44:43 +0000] "GET /items/ycisu185/8038?fileloc=%2Fvar%2Fwww%2Fvhosts%2Fenlugo.es%2Fhttpdocs%2Fwp-content%2Fplugins%2Fw3-total-cache%2FCdnEngine_GoogleDrive.php&path=%2Fvar%2Fwww%2Fvhosts%2Fenlugo.es%2Fhttpdocs%2Fwp-content%2Fplugins%2Fw3-total-cache HTTP/1.0" 200 176 "-" "Mozilla/5.0 AppleWebKit/537.36 (KHTML, like Gecko; compatible; ClaudeBot/1.0; +claudebot@anthropic.com)"
216.73.216.221 - - [21/Oct/2025:06:44:43 +0000] "GET /items/rbwmn56/42141?fileloc=%2Fvar%2Fwww%2Fvhosts%2Fenlugo.es%2Fhttpdocs%2Fwp-content%2Fplugins%2Fw3-total-cache%2FCdn_Util.php&path=%2Fvar%2Fwww%2Fvhosts%2Fenlugo.es%2Fhttpdocs%2Fwp-content%2Fplugins%2Fw3-total-cache HTTP/1.0" 200 176 "-" "Mozilla/5.0 AppleWebKit/537.36 (KHTML, like Gecko; compatible; ClaudeBot/1.0; +claudebot@anthropic.com)"
216.73.216.221 - - [21/Oct/2025:06:44:43 +0000] "GET /items/zahfw179/45674?fileloc=%2Fvar%2Fwww%2Fvhosts%2Fenlugo.es%2Fhttpdocs%2Fwp-content%2Fplugins%2Fw3-total-cache%2FCdnEngine_CloudFront.php&path=%2Fvar%2Fwww%2Fvhosts%2Fenlugo.es%2Fhttpdocs%2Fwp-content%2Fplugins%2Fw3-total-cache HTTP/1.0" 200 176 "-" "Mozilla/5.0 AppleWebKit/537.36 (KHTML, like Gecko; compatible; ClaudeBot/1.0; +claudebot@anthropic.com)"
216.73.216.221 - - [21/Oct/2025:06:44:43 +0000] "GET /items/zahfw179/45674?fileloc=%2Fvar%2Fwww%2Fvhosts%2Fenlugo.es%2Fhttpdocs%2Fwp-content%2Fplugins%2Fw3-total-cache%2FCdn_CacheFlush.php&path=%2Fvar%2Fwww%2Fvhosts%2Fenlugo.es%2Fhttpdocs%2Fwp-content%2Fplugins%2Fw3-total-cache HTTP/1.0" 200 176 "-" "Mozilla/5.0 AppleWebKit/537.36 (KHTML, like Gecko; compatible; ClaudeBot/1.0; +claudebot@anthropic.com)"
216.73.216.221 - - [21/Oct/2025:06:44:43 +0000] "GET /items/rbwmn56/42141?fileloc=%2Fvar%2Fwww%2Fvhosts%2Fenlugo.es%2Fhttpdocs%2Fwp-content%2Fplugins%2Fw3-total-cache%2FCdnEngine.php&path=%2Fvar%2Fwww%2Fvhosts%2Fenlugo.es%2Fhttpdocs%2Fwp-content%2Fplugins%2Fw3-total-cache HTTP/1.0" 200 176 "-" "Mozilla/5.0 AppleWebKit/537.36 (KHTML, like Gecko; compatible; ClaudeBot/1.0; +claudebot@anthropic.com)"
216.73.216.221 - - [21/Oct/2025:06:44:43 +0000] "GET /items/ycisu185/8038?fileloc=%2Fvar%2Fwww%2Fvhosts%2Fenlugo.es%2Fhttpdocs%2Fwp-content%2Fplugins%2Fw3-total-cache%2FUsageStatistics_Page.php&path=%2Fvar%2Fwww%2Fvhosts%2Fenlugo.es%2Fhttpdocs%2Fwp-content%2Fplugins%2Fw3-total-cache HTTP/1.0" 200 176 "-" "Mozilla/5.0 AppleWebKit/537.36 (KHTML, like Gecko; compatible; ClaudeBot/1.0; +claudebot@anthropic.com)"
216.73.216.221 - - [21/Oct/2025:06:44:43 +0000] "GET /items/zahfw179/45674?fileloc=%2Fvar%2Fwww%2Fvhosts%2Fenlugo.es%2Fhttpdocs%2Fwp-content%2Fplugins%2Fw3-total-cache%2FGeneric_Plugin.php&path=%2Fvar%2Fwww%2Fvhosts%2Fenlugo.es%2Fhttpdocs%2Fwp-content%2Fplugins%2Fw3-total-cache HTTP/1.0" 200 176 "-" "Mozilla/5.0 AppleWebKit/537.36 (KHTML, like Gecko; compatible; ClaudeBot/1.0; +claudebot@anthropic.com)"
216.73.216.221 - - [21/Oct/2025:06:44:44 +0000] "GET /dramatic131004117?fileloc=%2Fvar%2Fwww%2Fvhosts%2Fenlugo.es%2Fhttpdocs%2Fwp-content%2Fplugins%2Fw3-total-cache%2FUtil_Bus.php&path=%2Fvar%2Fwww%2Fvhosts%2Fenlugo.es%2Fhttpdocs%2Fwp-content%2Fplugins%2Fw3-total-cache HTTP/1.0" 200 176 "-" "Mozilla/5.0 AppleWebKit/537.36 (KHTML, like Gecko; compatible; ClaudeBot/1.0; +claudebot@anthropic.com)"
216.73.216.221 - - [21/Oct/2025:06:44:44 +0000] "GET /items/nkdbh251/43198?fileloc=%2Fvar%2Fwww%2Fvhosts%2Fenlugo.es%2Fhttpdocs%2Fwp-content%2Fplugins%2Fw3-total-cache%2FUtil_Request.php&path=%2Fvar%2Fwww%2Fvhosts%2Fenlugo.es%2Fhttpdocs%2Fwp-content%2Fplugins%2Fw3-total-cache HTTP/1.0" 200 176 "-" "Mozilla/5.0 AppleWebKit/537.36 (KHTML, like Gecko; compatible; ClaudeBot/1.0; +claudebot@anthropic.com)"
216.73.216.221 - - [21/Oct/2025:06:44:44 +0000] "GET /dramatic131004117?fileloc=%2Fvar%2Fwww%2Fvhosts%2Fenlugo.es%2Fhttpdocs%2Fwp-content%2Fplugins%2Fw3-total-cache%2FCache_Redis.php&path=%2Fvar%2Fwww%2Fvhosts%2Fenlugo.es%2Fhttpdocs%2Fwp-content%2Fplugins%2Fw3-total-cache HTTP/1.0" 200 176 "-" "Mozilla/5.0 AppleWebKit/537.36 (KHTML, like Gecko; compatible; ClaudeBot/1.0; +claudebot@anthropic.com)"
216.73.216.221 - - [21/Oct/2025:06:44:44 +0000] "GET /items/nkdbh251/43198?fileloc=%2Fvar%2Fwww%2Fvhosts%2Fenlugo.es%2Fhttpdocs%2Fwp-content%2Fplugins%2Fw3-total-cache%2FSupport_AdminActions.php&path=%2Fvar%2Fwww%2Fvhosts%2Fenlugo.es%2Fhttpdocs%2Fwp-content%2Fplugins%2Fw3-total-cache HTTP/1.0" 200 176 "-" "Mozilla/5.0 AppleWebKit/537.36 (KHTML, like Gecko; compatible; ClaudeBot/1.0; +claudebot@anthropic.com)"
216.73.216.221 - - [21/Oct/2025:06:44:44 +0000] "GET /items/zahfw179/45674?fileloc=%2Fvar%2Fwww%2Fvhosts%2Fenlugo.es%2Fhttpdocs%2Fwp-content%2Fplugins%2Fw3-total-cache%2FCdn_Util.php&path=%2Fvar%2Fwww%2Fvhosts%2Fenlugo.es%2Fhttpdocs%2Fwp-content%2Fplugins%2Fw3-total-cache HTTP/1.0" 200 176 "-" "Mozilla/5.0 AppleWebKit/537.36 (KHTML, like Gecko; compatible; ClaudeBot/1.0; +claudebot@anthropic.com)"
216.73.216.221 - - [21/Oct/2025:06:44:44 +0000] "GET /items/ycisu185/8038?fileloc=%2Fvar%2Fwww%2Fvhosts%2Fenlugo.es%2Fhttpdocs%2Fwp-content%2Fplugins%2Fw3-total-cache%2FUtil_AttachToActions.php&path=%2Fvar%2Fwww%2Fvhosts%2Fenlugo.es%2Fhttpdocs%2Fwp-content%2Fplugins%2Fw3-total-cache HTTP/1.0" 200 176 "-" "Mozilla/5.0 AppleWebKit/537.36 (KHTML, like Gecko; compatible; ClaudeBot/1.0; +claudebot@anthropic.com)"
216.73.216.221 - - [21/Oct/2025:06:44:44 +0000] "GET /items/nkdbh251/43198?fileloc=%2Fvar%2Fwww%2Fvhosts%2Fenlugo.es%2Fhttpdocs%2Fwp-content%2Fplugins%2Fw3-total-cache%2FUtil_ConfigLabel.php&path=%2Fvar%2Fwww%2Fvhosts%2Fenlugo.es%2Fhttpdocs%2Fwp-content%2Fplugins%2Fw3-total-cache HTTP/1.0" 200 176 "-" "Mozilla/5.0 AppleWebKit/537.36 (KHTML, like Gecko; compatible; ClaudeBot/1.0; +claudebot@anthropic.com)"
216.73.216.221 - - [21/Oct/2025:06:44:44 +0000] "GET /29880016?fileloc=%2Fvar%2Fwww%2Fvhosts%2Fenlugo.es%2Fhttpdocs%2Fwp-content%2Fplugins%2Fwordpress-seo%2Fjs%2Fdist%2Fdynamic-blocks.js&path=%2Fvar%2Fwww%2Fvhosts%2Fenlugo.es%2Fhttpdocs%2Fwp-content%2Fplugins%2Fwordpress-seo%2Fjs%2Fdist HTTP/1.0" 200 176 "-" "Mozilla/5.0 AppleWebKit/537.36 (KHTML, like Gecko; compatible; ClaudeBot/1.0; +claudebot@anthropic.com)"
216.73.216.221 - - [21/Oct/2025:06:44:44 +0000] "GET /items/zahfw179/45674?fileloc=%2Fvar%2Fwww%2Fvhosts%2Fenlugo.es%2Fhttpdocs%2Fwp-content%2Fplugins%2Fw3-total-cache%2FCdnEngine.php&path=%2Fvar%2Fwww%2Fvhosts%2Fenlugo.es%2Fhttpdocs%2Fwp-content%2Fplugins%2Fw3-total-cache HTTP/1.0" 200 176 "-" "Mozilla/5.0 AppleWebKit/537.36 (KHTML, like Gecko; compatible; ClaudeBot/1.0; +claudebot@anthropic.com)"
216.73.216.221 - - [21/Oct/2025:06:44:44 +0000] "GET /m35428849660?fileloc=%2Fvar%2Fwww%2Fvhosts%2Fenlugo.es%2Fhttpdocs%2Fwp-content%2Fplugins%2Fgoogle-maps-ready%2Fmodules%2Fuser%2Fmod.php&path=%2Fvar%2Fwww%2Fvhosts%2Fenlugo.es%2Fhttpdocs%2Fwp-content%2Fplugins%2Fgoogle-maps-ready%2Fmodules%2Fuser HTTP/1.0" 200 176 "-" "Mozilla/5.0 AppleWebKit/537.36 (KHTML, like Gecko; compatible; ClaudeBot/1.0; +claudebot@anthropic.com)"
216.73.216.221 - - [21/Oct/2025:06:44:44 +0000] "GET /items/rbwmn56/42141?fileloc=%2Fvar%2Fwww%2Fvhosts%2Fenlugo.es%2Fhttpdocs%2Fwp-content%2Fplugins%2Fw3-total-cache%2FConfigDbStorage.php&path=%2Fvar%2Fwww%2Fvhosts%2Fenlugo.es%2Fhttpdocs%2Fwp-content%2Fplugins%2Fw3-total-cache HTTP/1.0" 200 176 "-" "Mozilla/5.0 AppleWebKit/537.36 (KHTML, like Gecko; compatible; ClaudeBot/1.0; +claudebot@anthropic.com)"
216.73.216.221 - - [21/Oct/2025:06:44:45 +0000] "GET /dramatic131004117?fileloc=%2Fvar%2Fwww%2Fvhosts%2Fenlugo.es%2Fhttpdocs%2Fwp-content%2Fplugins%2Fw3-total-cache%2FUserExperience_GeneralPage.php&path=%2Fvar%2Fwww%2Fvhosts%2Fenlugo.es%2Fhttpdocs%2Fwp-content%2Fplugins%2Fw3-total-cache HTTP/1.0" 200 176 "-" "Mozilla/5.0 AppleWebKit/537.36 (KHTML, like Gecko; compatible; ClaudeBot/1.0; +claudebot@anthropic.com)"
216.73.216.221 - - [21/Oct/2025:06:44:45 +0000] "GET /dramatic131004117?fileloc=%2Fvar%2Fwww%2Fvhosts%2Fenlugo.es%2Fhttpdocs%2Fwp-content%2Fplugins%2Fw3-total-cache%2FGeneric_WidgetCommunity.php&path=%2Fvar%2Fwww%2Fvhosts%2Fenlugo.es%2Fhttpdocs%2Fwp-content%2Fplugins%2Fw3-total-cache HTTP/1.0" 200 176 "-" "Mozilla/5.0 AppleWebKit/537.36 (KHTML, like Gecko; compatible; ClaudeBot/1.0; +claudebot@anthropic.com)"
216.73.216.221 - - [21/Oct/2025:06:44:45 +0000] "GET /items/ycisu185/8038?fileloc=%2Fvar%2Fwww%2Fvhosts%2Fenlugo.es%2Fhttpdocs%2Fwp-content%2Fplugins%2Fw3-total-cache%2FCdn_Page.php&path=%2Fvar%2Fwww%2Fvhosts%2Fenlugo.es%2Fhttpdocs%2Fwp-content%2Fplugins%2Fw3-total-cache HTTP/1.0" 200 176 "-" "Mozilla/5.0 AppleWebKit/537.36 (KHTML, like Gecko; compatible; ClaudeBot/1.0; +claudebot@anthropic.com)"
216.73.216.221 - - [21/Oct/2025:06:44:45 +0000] "GET /items/nkdbh251/43198?fileloc=%2Fvar%2Fwww%2Fvhosts%2Fenlugo.es%2Fhttpdocs%2Fwp-content%2Fplugins%2Fw3-total-cache%2FPgCache_Environment.php&path=%2Fvar%2Fwww%2Fvhosts%2Fenlugo.es%2Fhttpdocs%2Fwp-content%2Fplugins%2Fw3-total-cache HTTP/1.0" 200 176 "-" "Mozilla/5.0 AppleWebKit/537.36 (KHTML, like Gecko; compatible; ClaudeBot/1.0; +claudebot@anthropic.com)"
216.73.216.221 - - [21/Oct/2025:06:44:45 +0000] "GET /dramatic131004117?fileloc=%2Fvar%2Fwww%2Fvhosts%2Fenlugo.es%2Fhttpdocs%2Fwp-content%2Fplugins%2Fw3-total-cache%2FUtil_WpmuBlogmap.php&path=%2Fvar%2Fwww%2Fvhosts%2Fenlugo.es%2Fhttpdocs%2Fwp-content%2Fplugins%2Fw3-total-cache HTTP/1.0" 200 176 "-" "Mozilla/5.0 AppleWebKit/537.36 (KHTML, like Gecko; compatible; ClaudeBot/1.0; +claudebot@anthropic.com)"
216.73.216.221 - - [21/Oct/2025:06:44:45 +0000] "GET /items/nkdbh251/43198?fileloc=%2Fvar%2Fwww%2Fvhosts%2Fenlugo.es%2Fhttpdocs%2Fwp-content%2Fplugins%2Fw3-total-cache%2FUtil_Http.php&path=%2Fvar%2Fwww%2Fvhosts%2Fenlugo.es%2Fhttpdocs%2Fwp-content%2Fplugins%2Fw3-total-cache HTTP/1.0" 200 176 "-" "Mozilla/5.0 AppleWebKit/537.36 (KHTML, like Gecko; compatible; ClaudeBot/1.0; +claudebot@anthropic.com)"
216.73.216.221 - - [21/Oct/2025:06:44:45 +0000] "GET /dramatic131004117?fileloc=%2Fvar%2Fwww%2Fvhosts%2Fenlugo.es%2Fhttpdocs%2Fwp-content%2Fplugins%2Fw3-total-cache%2FUsageStatistics_Widget.php&path=%2Fvar%2Fwww%2Fvhosts%2Fenlugo.es%2Fhttpdocs%2Fwp-content%2Fplugins%2Fw3-total-cache HTTP/1.0" 200 176 "-" "Mozilla/5.0 AppleWebKit/537.36 (KHTML, like Gecko; compatible; ClaudeBot/1.0; +claudebot@anthropic.com)"
216.73.216.221 - - [21/Oct/2025:06:44:45 +0000] "GET /items/ycisu185/8038?fileloc=%2Fvar%2Fwww%2Fvhosts%2Fenlugo.es%2Fhttpdocs%2Fwp-content%2Fplugins%2Fw3-total-cache%2FGeneric_ConfigLabels.php&path=%2Fvar%2Fwww%2Fvhosts%2Fenlugo.es%2Fhttpdocs%2Fwp-content%2Fplugins%2Fw3-total-cache HTTP/1.0" 200 176 "-" "Mozilla/5.0 AppleWebKit/537.36 (KHTML, like Gecko; compatible; ClaudeBot/1.0; +claudebot@anthropic.com)"
216.73.216.221 - - [21/Oct/2025:06:44:45 +0000] "GET /items/rbwmn56/42141?fileloc=%2Fvar%2Fwww%2Fvhosts%2Fenlugo.es%2Fhttpdocs%2Fwp-content%2Fplugins%2Fw3-total-cache%2FUtil_ConfigLabel.php&path=%2Fvar%2Fwww%2Fvhosts%2Fenlugo.es%2Fhttpdocs%2Fwp-content%2Fplugins%2Fw3-total-cache HTTP/1.0" 200 176 "-" "Mozilla/5.0 AppleWebKit/537.36 (KHTML, like Gecko; compatible; ClaudeBot/1.0; +claudebot@anthropic.com)"
216.73.216.221 - - [21/Oct/2025:06:44:45 +0000] "GET /dramatic131004117?fileloc=%2Fvar%2Fwww%2Fvhosts%2Fenlugo.es%2Fhttpdocs%2Fwp-content%2Fplugins%2Fw3-total-cache%2FExtensions_Page.php&path=%2Fvar%2Fwww%2Fvhosts%2Fenlugo.es%2Fhttpdocs%2Fwp-content%2Fplugins%2Fw3-total-cache HTTP/1.0" 200 176 "-" "Mozilla/5.0 AppleWebKit/537.36 (KHTML, like Gecko; compatible; ClaudeBot/1.0; +claudebot@anthropic.com)"
216.73.216.221 - - [21/Oct/2025:06:44:45 +0000] "GET /items/rbwmn56/42141?fileloc=%2Fvar%2Fwww%2Fvhosts%2Fenlugo.es%2Fhttpdocs%2Fwp-content%2Fplugins%2Fw3-total-cache%2FPgCache_Environment.php&path=%2Fvar%2Fwww%2Fvhosts%2Fenlugo.es%2Fhttpdocs%2Fwp-content%2Fplugins%2Fw3-total-cache HTTP/1.0" 200 176 "-" "Mozilla/5.0 AppleWebKit/537.36 (KHTML, like Gecko; compatible; ClaudeBot/1.0; +claudebot@anthropic.com)"
216.73.216.221 - - [21/Oct/2025:06:44:46 +0000] "GET /items/rbwmn56/42141?fileloc=%2Fvar%2Fwww%2Fvhosts%2Fenlugo.es%2Fhttpdocs%2Fwp-content%2Fplugins%2Fw3-total-cache%2FUtil_Request.php&path=%2Fvar%2Fwww%2Fvhosts%2Fenlugo.es%2Fhttpdocs%2Fwp-content%2Fplugins%2Fw3-total-cache HTTP/1.0" 200 176 "-" "Mozilla/5.0 AppleWebKit/537.36 (KHTML, like Gecko; compatible; ClaudeBot/1.0; +claudebot@anthropic.com)"
216.73.216.221 - - [21/Oct/2025:06:44:46 +0000] "GET /items/zahfw179/45674?fileloc=%2Fvar%2Fwww%2Fvhosts%2Fenlugo.es%2Fhttpdocs%2Fwp-content%2Fplugins%2Fw3-total-cache%2FConfigDbStorage.php&path=%2Fvar%2Fwww%2Fvhosts%2Fenlugo.es%2Fhttpdocs%2Fwp-content%2Fplugins%2Fw3-total-cache HTTP/1.0" 200 176 "-" "Mozilla/5.0 AppleWebKit/537.36 (KHTML, like Gecko; compatible; ClaudeBot/1.0; +claudebot@anthropic.com)"
216.73.216.221 - - [21/Oct/2025:06:44:46 +0000] "GET /dramatic131004117?fileloc=%2Fvar%2Fwww%2Fvhosts%2Fenlugo.es%2Fhttpdocs%2Fwp-content%2Fplugins%2Fw3-total-cache%2FLicensing_Plugin_Admin.php&path=%2Fvar%2Fwww%2Fvhosts%2Fenlugo.es%2Fhttpdocs%2Fwp-content%2Fplugins%2Fw3-total-cache HTTP/1.0" 200 176 "-" "Mozilla/5.0 AppleWebKit/537.36 (KHTML, like Gecko; compatible; ClaudeBot/1.0; +claudebot@anthropic.com)"
136.243.228.179 - - [21/Oct/2025:06:44:46 +0000] "GET /county199013077 HTTP/1.0" 200 176 "-" "Mozilla/5.0 (compatible; DataForSeoBot/1.0; +https://dataforseo.com/dataforseo-bot)"
216.73.216.221 - - [21/Oct/2025:06:44:46 +0000] "GET /items/nkdbh251/43198?fileloc=%2Fvar%2Fwww%2Fvhosts%2Fenlugo.es%2Fhttpdocs%2Fwp-content%2Fplugins%2Fw3-total-cache%2FBrowserCache_Page.php&path=%2Fvar%2Fwww%2Fvhosts%2Fenlugo.es%2Fhttpdocs%2Fwp-content%2Fplugins%2Fw3-total-cache HTTP/1.0" 200 176 "-" "Mozilla/5.0 AppleWebKit/537.36 (KHTML, like Gecko; compatible; ClaudeBot/1.0; +claudebot@anthropic.com)"
216.73.216.221 - - [21/Oct/2025:06:44:46 +0000] "GET /dramatic131004117?fileloc=%2Fvar%2Fwww%2Fvhosts%2Fenlugo.es%2Fhttpdocs%2Fwp-content%2Fplugins%2Fw3-total-cache%2FCdn_GoogleDrive_Page_View.js&path=%2Fvar%2Fwww%2Fvhosts%2Fenlugo.es%2Fhttpdocs%2Fwp-content%2Fplugins%2Fw3-total-cache HTTP/1.0" 200 176 "-" "Mozilla/5.0 AppleWebKit/537.36 (KHTML, like Gecko; compatible; ClaudeBot/1.0; +claudebot@anthropic.com)"
216.73.216.221 - - [21/Oct/2025:06:44:46 +0000] "GET /dramatic131004117?fileloc=%2Fvar%2Fwww%2Fvhosts%2Fenlugo.es%2Fhttpdocs%2Fwp-content%2Fplugins%2Fw3-total-cache%2FExtension_Amp_Plugin_Admin.php&path=%2Fvar%2Fwww%2Fvhosts%2Fenlugo.es%2Fhttpdocs%2Fwp-content%2Fplugins%2Fw3-total-cache HTTP/1.0" 200 176 "-" "Mozilla/5.0 AppleWebKit/537.36 (KHTML, like Gecko; compatible; ClaudeBot/1.0; +claudebot@anthropic.com)"
216.73.216.221 - - [21/Oct/2025:06:44:46 +0000] "GET /dramatic131004117?fileloc=%2Fvar%2Fwww%2Fvhosts%2Fenlugo.es%2Fhttpdocs%2Fwp-content%2Fplugins%2Fw3-total-cache%2Fw3-total-cache.php&path=%2Fvar%2Fwww%2Fvhosts%2Fenlugo.es%2Fhttpdocs%2Fwp-content%2Fplugins%2Fw3-total-cache HTTP/1.0" 200 176 "-" "Mozilla/5.0 AppleWebKit/537.36 (KHTML, like Gecko; compatible; ClaudeBot/1.0; +claudebot@anthropic.com)"
216.73.216.221 - - [21/Oct/2025:06:44:46 +0000] "GET /items/nkdbh251/43198?fileloc=%2Fvar%2Fwww%2Fvhosts%2Fenlugo.es%2Fhttpdocs%2Fwp-content%2Fplugins%2Fw3-total-cache%2FUtil_Admin.php&path=%2Fvar%2Fwww%2Fvhosts%2Fenlugo.es%2Fhttpdocs%2Fwp-content%2Fplugins%2Fw3-total-cache HTTP/1.0" 200 176 "-" "Mozilla/5.0 AppleWebKit/537.36 (KHTML, like Gecko; compatible; ClaudeBot/1.0; +claudebot@anthropic.com)"
216.73.216.221 - - [21/Oct/2025:06:44:46 +0000] "GET /items/zahfw179/45674?fileloc=%2Fvar%2Fwww%2Fvhosts%2Fenlugo.es%2Fhttpdocs%2Fwp-content%2Fplugins%2Fw3-total-cache%2FUtil_ConfigLabel.php&path=%2Fvar%2Fwww%2Fvhosts%2Fenlugo.es%2Fhttpdocs%2Fwp-content%2Fplugins%2Fw3-total-cache HTTP/1.0" 200 176 "-" "Mozilla/5.0 AppleWebKit/537.36 (KHTML, like Gecko; compatible; ClaudeBot/1.0; +claudebot@anthropic.com)"
216.73.216.221 - - [21/Oct/2025:06:44:46 +0000] "GET /items/zahfw179/45674?fileloc=%2Fvar%2Fwww%2Fvhosts%2Fenlugo.es%2Fhttpdocs%2Fwp-content%2Fplugins%2Fw3-total-cache%2FPgCache_Environment.php&path=%2Fvar%2Fwww%2Fvhosts%2Fenlugo.es%2Fhttpdocs%2Fwp-content%2Fplugins%2Fw3-total-cache HTTP/1.0" 200 176 "-" "Mozilla/5.0 AppleWebKit/537.36 (KHTML, like Gecko; compatible; ClaudeBot/1.0; +claudebot@anthropic.com)"
216.73.216.221 - - [21/Oct/2025:06:44:47 +0000] "GET /items/rbwmn56/42141?fileloc=%2Fvar%2Fwww%2Fvhosts%2Fenlugo.es%2Fhttpdocs%2Fwp-content%2Fplugins%2Fw3-total-cache%2FUtil_Http.php&path=%2Fvar%2Fwww%2Fvhosts%2Fenlugo.es%2Fhttpdocs%2Fwp-content%2Fplugins%2Fw3-total-cache HTTP/1.0" 200 176 "-" "Mozilla/5.0 AppleWebKit/537.36 (KHTML, like Gecko; compatible; ClaudeBot/1.0; +claudebot@anthropic.com)"
216.73.216.221 - - [21/Oct/2025:06:44:47 +0000] "GET /items/rbwmn56/42141?fileloc=%2Fvar%2Fwww%2Fvhosts%2Fenlugo.es%2Fhttpdocs%2Fwp-content%2Fplugins%2Fw3-total-cache%2FSupport_AdminActions.php&path=%2Fvar%2Fwww%2Fvhosts%2Fenlugo.es%2Fhttpdocs%2Fwp-content%2Fplugins%2Fw3-total-cache HTTP/1.0" 200 176 "-" "Mozilla/5.0 AppleWebKit/537.36 (KHTML, like Gecko; compatible; ClaudeBot/1.0; +claudebot@anthropic.com)"
216.73.216.221 - - [21/Oct/2025:06:44:47 +0000] "GET /dramatic131004117?fileloc=%2Fvar%2Fwww%2Fvhosts%2Fenlugo.es%2Fhttpdocs%2Fwp-content%2Fplugins%2Fw3-total-cache%2FCache.php&path=%2Fvar%2Fwww%2Fvhosts%2Fenlugo.es%2Fhttpdocs%2Fwp-content%2Fplugins%2Fw3-total-cache HTTP/1.0" 200 176 "-" "Mozilla/5.0 AppleWebKit/537.36 (KHTML, like Gecko; compatible; ClaudeBot/1.0; +claudebot@anthropic.com)"
216.73.216.221 - - [21/Oct/2025:06:44:47 +0000] "GET /items/zahfw179/45674?fileloc=%2Fvar%2Fwww%2Fvhosts%2Fenlugo.es%2Fhttpdocs%2Fwp-content%2Fplugins%2Fw3-total-cache%2FUtil_Request.php&path=%2Fvar%2Fwww%2Fvhosts%2Fenlugo.es%2Fhttpdocs%2Fwp-content%2Fplugins%2Fw3-total-cache HTTP/1.0" 200 176 "-" "Mozilla/5.0 AppleWebKit/537.36 (KHTML, like Gecko; compatible; ClaudeBot/1.0; +claudebot@anthropic.com)"
216.73.216.221 - - [21/Oct/2025:06:44:47 +0000] "GET /items/nkdbh251/43198?fileloc=%2Fvar%2Fwww%2Fvhosts%2Fenlugo.es%2Fhttpdocs%2Fwp-content%2Fplugins%2Fw3-total-cache%2FConfigUtil.php&path=%2Fvar%2Fwww%2Fvhosts%2Fenlugo.es%2Fhttpdocs%2Fwp-content%2Fplugins%2Fw3-total-cache HTTP/1.0" 200 176 "-" "Mozilla/5.0 AppleWebKit/537.36 (KHTML, like Gecko; compatible; ClaudeBot/1.0; +claudebot@anthropic.com)"
216.73.216.221 - - [21/Oct/2025:06:44:47 +0000] "GET /items/rbwmn56/42141?fileloc=%2Fvar%2Fwww%2Fvhosts%2Fenlugo.es%2Fhttpdocs%2Fwp-content%2Fplugins%2Fw3-total-cache%2FBrowserCache_Page.php&path=%2Fvar%2Fwww%2Fvhosts%2Fenlugo.es%2Fhttpdocs%2Fwp-content%2Fplugins%2Fw3-total-cache HTTP/1.0" 200 176 "-" "Mozilla/5.0 AppleWebKit/537.36 (KHTML, like Gecko; compatible; ClaudeBot/1.0; +claudebot@anthropic.com)"
216.73.216.221 - - [21/Oct/2025:06:44:47 +0000] "GET /dramatic131004117?fileloc=%2Fvar%2Fwww%2Fvhosts%2Fenlugo.es%2Fhttpdocs%2Fwp-content%2Fplugins%2Fw3-total-cache%2FCdn_Highwinds_Widget_View.js&path=%2Fvar%2Fwww%2Fvhosts%2Fenlugo.es%2Fhttpdocs%2Fwp-content%2Fplugins%2Fw3-total-cache HTTP/1.0" 200 176 "-" "Mozilla/5.0 AppleWebKit/537.36 (KHTML, like Gecko; compatible; ClaudeBot/1.0; +claudebot@anthropic.com)"
216.73.216.221 - - [21/Oct/2025:06:44:47 +0000] "GET /dramatic131004117?fileloc=%2Fvar%2Fwww%2Fvhosts%2Fenlugo.es%2Fhttpdocs%2Fwp-content%2Fplugins%2Fw3-total-cache%2FGeneric_Plugin_WidgetForum.php&path=%2Fvar%2Fwww%2Fvhosts%2Fenlugo.es%2Fhttpdocs%2Fwp-content%2Fplugins%2Fw3-total-cache HTTP/1.0" 200 176 "-" "Mozilla/5.0 AppleWebKit/537.36 (KHTML, like Gecko; compatible; ClaudeBot/1.0; +claudebot@anthropic.com)"
216.73.216.221 - - [21/Oct/2025:06:44:47 +0000] "GET /dramatic131004117?fileloc=%2Fvar%2Fwww%2Fvhosts%2Fenlugo.es%2Fhttpdocs%2Fwp-content%2Fplugins%2Fw3-total-cache%2FCdn_ConfigLabels.php&path=%2Fvar%2Fwww%2Fvhosts%2Fenlugo.es%2Fhttpdocs%2Fwp-content%2Fplugins%2Fw3-total-cache HTTP/1.0" 200 176 "-" "Mozilla/5.0 AppleWebKit/537.36 (KHTML, like Gecko; compatible; ClaudeBot/1.0; +claudebot@anthropic.com)"
