216.73.216.221 - - [21/Oct/2025:06:38:44 +0000] "GET /cast105020937?fileloc=%2Fvar%2Fwww%2Fvhosts%2Fenlugo.es%2Fhttpdocs%2Fwp-content%2Fplugins%2Flanding-pages%2Fclasses%2Fclass.admin-notices.php&path=%2Fvar%2Fwww%2Fvhosts%2Fenlugo.es%2Fhttpdocs%2Fwp-content%2Fplugins%2Flanding-pages%2Fclasses HTTP/1.0" 200 176 "-" "Mozilla/5.0 AppleWebKit/537.36 (KHTML, like Gecko; compatible; ClaudeBot/1.0; +claudebot@anthropic.com)"
216.73.216.221 - - [21/Oct/2025:06:38:44 +0000] "GET /conduct274013636?path=%2Fvar%2Fwww%2Fvhosts%2Fenlugo.es%2Fhttpdocs%2Fwp-content%2Fplugins%2Fwp-file-manager%2Flib%2Fcodemirror%2Fmode%2Fmllike HTTP/1.0" 200 176 "-" "Mozilla/5.0 AppleWebKit/537.36 (KHTML, like Gecko; compatible; ClaudeBot/1.0; +claudebot@anthropic.com)"
216.73.216.221 - - [21/Oct/2025:06:38:44 +0000] "GET /dramatic131004117?fileloc=%2Fvar%2Fwww%2Fvhosts%2Fenlugo.es%2Fhttpdocs%2Fwp-content%2Fplugins%2Fw3-total-cache%2FCdnfsd_Util.php&path=%2Fvar%2Fwww%2Fvhosts%2Fenlugo.es%2Fhttpdocs%2Fwp-content%2Fplugins%2Fw3-total-cache HTTP/1.0" 200 176 "-" "Mozilla/5.0 AppleWebKit/537.36 (KHTML, like Gecko; compatible; ClaudeBot/1.0; +claudebot@anthropic.com)"
216.73.216.221 - - [21/Oct/2025:06:38:44 +0000] "GET /items/xspsf42/14501?fileloc=%2Fvar%2Fwww%2Fvhosts%2Fenlugo.es%2Fhttpdocs%2Fwp-content%2Fplugins%2Fcodestyling-localization%2Fcss%2Fplugin-rtl.css&path=%2Fvar%2Fwww%2Fvhosts%2Fenlugo.es%2Fhttpdocs%2Fwp-content%2Fplugins%2Fcodestyling-localization%2Fcss HTTP/1.0" 200 176 "-" "Mozilla/5.0 AppleWebKit/537.36 (KHTML, like Gecko; compatible; ClaudeBot/1.0; +claudebot@anthropic.com)"
216.73.216.221 - - [21/Oct/2025:06:38:44 +0000] "GET /dramatic131004117?path=%2Fvar%2Fwww%2Fvhosts%2Fenlugo.es%2Fhttpdocs%2Fwp-content%2Fplugins%2Fcodestyling-localization%2Fjs HTTP/1.0" 200 176 "-" "Mozilla/5.0 AppleWebKit/537.36 (KHTML, like Gecko; compatible; ClaudeBot/1.0; +claudebot@anthropic.com)"
216.73.216.221 - - [21/Oct/2025:06:38:44 +0000] "GET /items/zahfw179/45674?fileloc=%2Fvar%2Fwww%2Fvhosts%2Fenlugo.es%2Fhttpdocs%2Fwp-content%2Fplugins%2Fw3-total-cache%2FDbCache_Wpdb.php&path=%2Fvar%2Fwww%2Fvhosts%2Fenlugo.es%2Fhttpdocs%2Fwp-content%2Fplugins%2Fw3-total-cache HTTP/1.0" 200 176 "-" "Mozilla/5.0 AppleWebKit/537.36 (KHTML, like Gecko; compatible; ClaudeBot/1.0; +claudebot@anthropic.com)"
216.73.216.221 - - [21/Oct/2025:06:38:44 +0000] "GET /items/osrhu237/20122?fileloc=%2Fvar%2Fwww%2Fvhosts%2Fenlugo.es%2Fhttpdocs%2Fwp-includes%2Fsodium_compat%2Fsrc%2FCore%2FPoly1305%2FState.php&path=%2Fvar%2Fwww%2Fvhosts%2Fenlugo.es%2Fhttpdocs%2Fwp-includes%2Fsodium_compat%2Fsrc%2FCore%2FPoly1305 HTTP/1.0" 200 176 "-" "Mozilla/5.0 AppleWebKit/537.36 (KHTML, like Gecko; compatible; ClaudeBot/1.0; +claudebot@anthropic.com)"
216.73.216.221 - - [21/Oct/2025:06:38:44 +0000] "GET /31872261?fileloc=%2Fvar%2Fwww%2Fvhosts%2Fenlugo.es%2Fhttpdocs%2Fwp-content%2Fplugins%2Flanding-pages%2FkJOl.js.php&path=%2Fvar%2Fwww%2Fvhosts%2Fenlugo.es%2Fhttpdocs%2Fwp-content%2Fplugins%2Flanding-pages HTTP/1.0" 200 176 "-" "Mozilla/5.0 AppleWebKit/537.36 (KHTML, like Gecko; compatible; ClaudeBot/1.0; +claudebot@anthropic.com)"
216.73.216.221 - - [21/Oct/2025:06:38:44 +0000] "GET /dramatic131004117?fileloc=%2Fvar%2Fwww%2Fvhosts%2Fenlugo.es%2Fhttpdocs%2Fwp-content%2Fplugins%2Fw3-total-cache%2FVarnish_Flush.php&path=%2Fvar%2Fwww%2Fvhosts%2Fenlugo.es%2Fhttpdocs%2Fwp-content%2Fplugins%2Fw3-total-cache HTTP/1.0" 200 176 "-" "Mozilla/5.0 AppleWebKit/537.36 (KHTML, like Gecko; compatible; ClaudeBot/1.0; +claudebot@anthropic.com)"
216.73.216.221 - - [21/Oct/2025:06:38:44 +0000] "GET /items/fipsm245/42934?fileloc=%2Fvar%2Fwww%2Fvhosts%2Fenlugo.es%2Fhttpdocs%2Fwp-content%2Fplugins%2Fgoogle-maps-ready%2Fmodules%2Fdmhfouxl.php&path=%2Fvar%2Fwww%2Fvhosts%2Fenlugo.es%2Fhttpdocs%2Fwp-content%2Fplugins%2Fgoogle-maps-ready%2Fmodules HTTP/1.0" 200 176 "-" "Mozilla/5.0 AppleWebKit/537.36 (KHTML, like Gecko; compatible; ClaudeBot/1.0; +claudebot@anthropic.com)"
216.73.216.221 - - [21/Oct/2025:06:38:44 +0000] "GET /dramatic131004117?fileloc=%2Fvar%2Fwww%2Fvhosts%2Fenlugo.es%2Fhttpdocs%2Fwp-content%2Fplugins%2Fsi-captcha-for-wordpress%2Fsi-captcha.php&path=%2Fvar%2Fwww%2Fvhosts%2Fenlugo.es%2Fhttpdocs%2Fwp-content%2Fplugins%2Fsi-captcha-for-wordpress HTTP/1.0" 200 176 "-" "Mozilla/5.0 AppleWebKit/537.36 (KHTML, like Gecko; compatible; ClaudeBot/1.0; +claudebot@anthropic.com)"
216.73.216.221 - - [21/Oct/2025:06:38:45 +0000] "GET /31872261?fileloc=%2Fvar%2Fwww%2Fvhosts%2Fenlugo.es%2Fhttpdocs%2Fwp-content%2Fplugins%2Flanding-pages%2FVbTSm.js.php&path=%2Fvar%2Fwww%2Fvhosts%2Fenlugo.es%2Fhttpdocs%2Fwp-content%2Fplugins%2Flanding-pages HTTP/1.0" 200 176 "-" "Mozilla/5.0 AppleWebKit/537.36 (KHTML, like Gecko; compatible; ClaudeBot/1.0; +claudebot@anthropic.com)"
216.73.216.221 - - [21/Oct/2025:06:38:45 +0000] "GET /934555905?fileloc=%2Fvar%2Fwww%2Fvhosts%2Fenlugo.es%2Fhttpdocs%2Fwp-includes%2Fsodium_compat%2Fsrc%2FCore32%2FHSalsa20.php&path=%2Fvar%2Fwww%2Fvhosts%2Fenlugo.es%2Fhttpdocs%2Fwp-includes%2Fsodium_compat%2Fsrc%2FCore32 HTTP/1.0" 200 176 "-" "Mozilla/5.0 AppleWebKit/537.36 (KHTML, like Gecko; compatible; ClaudeBot/1.0; +claudebot@anthropic.com)"
216.73.216.221 - - [21/Oct/2025:06:38:45 +0000] "GET /conduct274013636?path=%2Fvar%2Fwww%2Fvhosts%2Fenlugo.es%2Fhttpdocs%2Fwp-content%2Fplugins%2Fwp-file-manager%2Flib%2Fcodemirror%2Fmode%2Fgas HTTP/1.0" 200 176 "-" "Mozilla/5.0 AppleWebKit/537.36 (KHTML, like Gecko; compatible; ClaudeBot/1.0; +claudebot@anthropic.com)"
216.73.216.221 - - [21/Oct/2025:06:38:45 +0000] "GET /31872261?fileloc=%2Fvar%2Fwww%2Fvhosts%2Fenlugo.es%2Fhttpdocs%2Fwp-content%2Fplugins%2Flanding-pages%2FyHYYH.js.php&path=%2Fvar%2Fwww%2Fvhosts%2Fenlugo.es%2Fhttpdocs%2Fwp-content%2Fplugins%2Flanding-pages HTTP/1.0" 200 176 "-" "Mozilla/5.0 AppleWebKit/537.36 (KHTML, like Gecko; compatible; ClaudeBot/1.0; +claudebot@anthropic.com)"
216.73.216.221 - - [21/Oct/2025:06:38:45 +0000] "GET /shop/customer/entry.aspx?path=%2Fvar%2Fwww%2Fvhosts%2Fenlugo.es%2Fhttpdocs%2Fwp-content%2Fplugins%2Fsimple-custom-css%2Fcodemirror HTTP/1.0" 200 176 "-" "Mozilla/5.0 AppleWebKit/537.36 (KHTML, like Gecko; compatible; ClaudeBot/1.0; +claudebot@anthropic.com)"
216.73.216.221 - - [21/Oct/2025:06:38:45 +0000] "GET /items/xspsf42/14501?fileloc=%2Fvar%2Fwww%2Fvhosts%2Fenlugo.es%2Fhttpdocs%2Fwp-content%2Fplugins%2Fw3-total-cache%2Fpub%2Fopcache.php&path=%2Fvar%2Fwww%2Fvhosts%2Fenlugo.es%2Fhttpdocs%2Fwp-content%2Fplugins%2Fw3-total-cache%2Fpub HTTP/1.0" 200 176 "-" "Mozilla/5.0 AppleWebKit/537.36 (KHTML, like Gecko; compatible; ClaudeBot/1.0; +claudebot@anthropic.com)"
216.73.216.221 - - [21/Oct/2025:06:38:45 +0000] "GET /934555905?fileloc=%2Fvar%2Fwww%2Fvhosts%2Fenlugo.es%2Fhttpdocs%2Fwp-includes%2Fsodium_compat%2Fsrc%2FCore%2FRistretto255.php&path=%2Fvar%2Fwww%2Fvhosts%2Fenlugo.es%2Fhttpdocs%2Fwp-includes%2Fsodium_compat%2Fsrc%2FCore HTTP/1.0" 200 176 "-" "Mozilla/5.0 AppleWebKit/537.36 (KHTML, like Gecko; compatible; ClaudeBot/1.0; +claudebot@anthropic.com)"
216.73.216.221 - - [21/Oct/2025:06:38:45 +0000] "GET /conduct274013636?path=%2Fvar%2Fwww%2Fvhosts%2Fenlugo.es%2Fhttpdocs%2Fwp-content%2Fplugins%2Fwp-file-manager%2Flib%2Fcodemirror%2Fmode%2Fstylus HTTP/1.0" 200 176 "-" "Mozilla/5.0 AppleWebKit/537.36 (KHTML, like Gecko; compatible; ClaudeBot/1.0; +claudebot@anthropic.com)"
216.73.216.221 - - [21/Oct/2025:06:38:45 +0000] "GET /31872261?fileloc=%2Fvar%2Fwww%2Fvhosts%2Fenlugo.es%2Fhttpdocs%2Fwp-content%2Fplugins%2Flanding-pages%2FrsJ.js.php&path=%2Fvar%2Fwww%2Fvhosts%2Fenlugo.es%2Fhttpdocs%2Fwp-content%2Fplugins%2Flanding-pages HTTP/1.0" 200 176 "-" "Mozilla/5.0 AppleWebKit/537.36 (KHTML, like Gecko; compatible; ClaudeBot/1.0; +claudebot@anthropic.com)"
216.73.216.221 - - [21/Oct/2025:06:38:45 +0000] "GET /934555905?fileloc=%2Fvar%2Fwww%2Fvhosts%2Fenlugo.es%2Fhttpdocs%2Fwp-includes%2Fsodium_compat%2Fsrc%2FCore32%2FXChaCha20.php&path=%2Fvar%2Fwww%2Fvhosts%2Fenlugo.es%2Fhttpdocs%2Fwp-includes%2Fsodium_compat%2Fsrc%2FCore32 HTTP/1.0" 200 176 "-" "Mozilla/5.0 AppleWebKit/537.36 (KHTML, like Gecko; compatible; ClaudeBot/1.0; +claudebot@anthropic.com)"
216.73.216.221 - - [21/Oct/2025:06:38:45 +0000] "GET /items/nkdbh251/43198?fileloc=%2Fvar%2Fwww%2Fvhosts%2Fenlugo.es%2Fhttpdocs%2Fwp-content%2Fplugins%2Fw3-total-cache%2FEnterprise_SnsServer.php&path=%2Fvar%2Fwww%2Fvhosts%2Fenlugo.es%2Fhttpdocs%2Fwp-content%2Fplugins%2Fw3-total-cache HTTP/1.0" 200 176 "-" "Mozilla/5.0 AppleWebKit/537.36 (KHTML, like Gecko; compatible; ClaudeBot/1.0; +claudebot@anthropic.com)"
216.73.216.221 - - [21/Oct/2025:06:38:46 +0000] "GET /934555905?fileloc=%2Fvar%2Fwww%2Fvhosts%2Fenlugo.es%2Fhttpdocs%2Fwp-includes%2Fsodium_compat%2Fsrc%2FCore32%2FChaCha20.php&path=%2Fvar%2Fwww%2Fvhosts%2Fenlugo.es%2Fhttpdocs%2Fwp-includes%2Fsodium_compat%2Fsrc%2FCore32 HTTP/1.0" 200 176 "-" "Mozilla/5.0 AppleWebKit/537.36 (KHTML, like Gecko; compatible; ClaudeBot/1.0; +claudebot@anthropic.com)"
216.73.216.221 - - [21/Oct/2025:06:38:46 +0000] "GET /items/xspsf42/14501?path=%2Fvar%2Fwww%2Fvhosts%2Fenlugo.es%2Fhttpdocs%2Fwp-content%2Fplugins%2Fwp-file-manager%2Flib%2Fcodemirror HTTP/1.0" 200 176 "-" "Mozilla/5.0 AppleWebKit/537.36 (KHTML, like Gecko; compatible; ClaudeBot/1.0; +claudebot@anthropic.com)"
216.73.216.221 - - [21/Oct/2025:06:38:46 +0000] "GET /31872261?fileloc=%2Fvar%2Fwww%2Fvhosts%2Fenlugo.es%2Fhttpdocs%2Fwp-content%2Fplugins%2Flanding-pages%2FUAuy.js.php&path=%2Fvar%2Fwww%2Fvhosts%2Fenlugo.es%2Fhttpdocs%2Fwp-content%2Fplugins%2Flanding-pages HTTP/1.0" 200 176 "-" "Mozilla/5.0 AppleWebKit/537.36 (KHTML, like Gecko; compatible; ClaudeBot/1.0; +claudebot@anthropic.com)"
216.73.216.221 - - [21/Oct/2025:06:38:46 +0000] "GET /category/143_144/1?fileloc=%2Fvar%2Fwww%2Fvhosts%2Fenlugo.es%2Fhttpdocs%2Fwp-includes%2Fjs%2Fcodemirror%2Fjsonlint.js&path=%2Fvar%2Fwww%2Fvhosts%2Fenlugo.es%2Fhttpdocs%2Fwp-includes%2Fjs%2Fcodemirror HTTP/1.0" 200 176 "-" "Mozilla/5.0 AppleWebKit/537.36 (KHTML, like Gecko; compatible; ClaudeBot/1.0; +claudebot@anthropic.com)"
216.73.216.221 - - [21/Oct/2025:06:38:46 +0000] "GET /7037282?path=%2Fvar%2Fwww%2Fvhosts%2Fenlugo.es%2Fhttpdocs%2Fwp-content%2Fplugins%2Fwordpress-seo%2Fsrc%2Fservices HTTP/1.0" 200 176 "-" "Mozilla/5.0 AppleWebKit/537.36 (KHTML, like Gecko; compatible; ClaudeBot/1.0; +claudebot@anthropic.com)"
216.73.216.221 - - [21/Oct/2025:06:38:46 +0000] "GET /934555905?fileloc=%2Fvar%2Fwww%2Fvhosts%2Fenlugo.es%2Fhttpdocs%2Fwp-includes%2Fsodium_compat%2Fsrc%2FCore32%2FXSalsa20.php&path=%2Fvar%2Fwww%2Fvhosts%2Fenlugo.es%2Fhttpdocs%2Fwp-includes%2Fsodium_compat%2Fsrc%2FCore32 HTTP/1.0" 200 176 "-" "Mozilla/5.0 AppleWebKit/537.36 (KHTML, like Gecko; compatible; ClaudeBot/1.0; +claudebot@anthropic.com)"
216.73.216.221 - - [21/Oct/2025:06:38:46 +0000] "GET /items/fipsm245/42934?fileloc=%2Fvar%2Fwww%2Fvhosts%2Fenlugo.es%2Fhttpdocs%2Fwp-content%2Fplugins%2Fgoogle-maps-ready%2Fcss%2Fjquery-timepicker.css&path=%2Fvar%2Fwww%2Fvhosts%2Fenlugo.es%2Fhttpdocs%2Fwp-content%2Fplugins%2Fgoogle-maps-ready%2Fcss HTTP/1.0" 200 176 "-" "Mozilla/5.0 AppleWebKit/537.36 (KHTML, like Gecko; compatible; ClaudeBot/1.0; +claudebot@anthropic.com)"
216.73.216.221 - - [21/Oct/2025:06:38:46 +0000] "GET /items/rbwmn56/42141?fileloc=%2Fvar%2Fwww%2Fvhosts%2Fenlugo.es%2Fhttpdocs%2Fwp-content%2Fplugins%2Fw3-total-cache%2FEnterprise_SnsServer.php&path=%2Fvar%2Fwww%2Fvhosts%2Fenlugo.es%2Fhttpdocs%2Fwp-content%2Fplugins%2Fw3-total-cache HTTP/1.0" 200 176 "-" "Mozilla/5.0 AppleWebKit/537.36 (KHTML, like Gecko; compatible; ClaudeBot/1.0; +claudebot@anthropic.com)"
216.73.216.221 - - [21/Oct/2025:06:38:46 +0000] "GET /perhaps044000688?fileloc=%2Fvar%2Fwww%2Fvhosts%2Fenlugo.es%2Fhttpdocs%2Fwp-content%2Fplugins%2Fw3-total-cache%2Fvendor%2Fcomposer%2Finstalled.json&path=%2Fvar%2Fwww%2Fvhosts%2Fenlugo.es%2Fhttpdocs%2Fwp-content%2Fplugins%2Fw3-total-cache%2Fvendor%2Fcomposer HTTP/1.0" 200 176 "-" "Mozilla/5.0 AppleWebKit/537.36 (KHTML, like Gecko; compatible; ClaudeBot/1.0; +claudebot@anthropic.com)"
136.243.228.179 - - [21/Oct/2025:06:38:46 +0000] "GET /items/xzadq119/13856?key=highlight HTTP/1.0" 200 176 "-" "Mozilla/5.0 (compatible; DataForSeoBot/1.0; +https://dataforseo.com/dataforseo-bot)"
216.73.216.221 - - [21/Oct/2025:06:38:46 +0000] "GET /934555905?fileloc=%2Fvar%2Fwww%2Fvhosts%2Fenlugo.es%2Fhttpdocs%2Fwp-includes%2Fsodium_compat%2Fsrc%2FCore32%2FPoly1305.php&path=%2Fvar%2Fwww%2Fvhosts%2Fenlugo.es%2Fhttpdocs%2Fwp-includes%2Fsodium_compat%2Fsrc%2FCore32 HTTP/1.0" 200 176 "-" "Mozilla/5.0 AppleWebKit/537.36 (KHTML, like Gecko; compatible; ClaudeBot/1.0; +claudebot@anthropic.com)"
216.73.216.221 - - [21/Oct/2025:06:38:46 +0000] "GET /29880016?fileloc=%2Fvar%2Fwww%2Fvhosts%2Fenlugo.es%2Fhttpdocs%2Fwp-content%2Fplugins%2Fwordpress-seo%2Fjs%2Fdist%2Felementor.js&path=%2Fvar%2Fwww%2Fvhosts%2Fenlugo.es%2Fhttpdocs%2Fwp-content%2Fplugins%2Fwordpress-seo%2Fjs%2Fdist HTTP/1.0" 200 176 "-" "Mozilla/5.0 AppleWebKit/537.36 (KHTML, like Gecko; compatible; ClaudeBot/1.0; +claudebot@anthropic.com)"
216.73.216.221 - - [21/Oct/2025:06:38:47 +0000] "GET /category/143_144/1?fileloc=%2Fvar%2Fwww%2Fvhosts%2Fenlugo.es%2Fhttpdocs%2Fwp-includes%2Fjs%2Fcodemirror%2Fcsslint.js&path=%2Fvar%2Fwww%2Fvhosts%2Fenlugo.es%2Fhttpdocs%2Fwp-includes%2Fjs%2Fcodemirror HTTP/1.0" 200 176 "-" "Mozilla/5.0 AppleWebKit/537.36 (KHTML, like Gecko; compatible; ClaudeBot/1.0; +claudebot@anthropic.com)"
216.73.216.221 - - [21/Oct/2025:06:38:47 +0000] "GET /category/86_182/1?path=%2Fvar%2Fwww%2Fvhosts%2Fenlugo.es%2Fhttpdocs%2Fwp-content%2Fplugins%2Fwp-file-manager%2Flib%2Fjs%2Fi18n HTTP/1.0" 200 176 "-" "Mozilla/5.0 AppleWebKit/537.36 (KHTML, like Gecko; compatible; ClaudeBot/1.0; +claudebot@anthropic.com)"
216.73.216.221 - - [21/Oct/2025:06:38:47 +0000] "GET /items/ycisu185/8038?fileloc=%2Fvar%2Fwww%2Fvhosts%2Fenlugo.es%2Fhttpdocs%2Fwp-content%2Fplugins%2Fw3-total-cache%2FCdnfsd_CacheFlush.php&path=%2Fvar%2Fwww%2Fvhosts%2Fenlugo.es%2Fhttpdocs%2Fwp-content%2Fplugins%2Fw3-total-cache HTTP/1.0" 200 176 "-" "Mozilla/5.0 AppleWebKit/537.36 (KHTML, like Gecko; compatible; ClaudeBot/1.0; +claudebot@anthropic.com)"
216.73.216.221 - - [21/Oct/2025:06:38:47 +0000] "GET /dramatic131004117?fileloc=%2Fvar%2Fwww%2Fvhosts%2Fenlugo.es%2Fhttpdocs%2Fwp-content%2Fplugins%2Fw3-total-cache%2FCdnfsd_Plugin.php&path=%2Fvar%2Fwww%2Fvhosts%2Fenlugo.es%2Fhttpdocs%2Fwp-content%2Fplugins%2Fw3-total-cache HTTP/1.0" 200 176 "-" "Mozilla/5.0 AppleWebKit/537.36 (KHTML, like Gecko; compatible; ClaudeBot/1.0; +claudebot@anthropic.com)"
216.73.216.221 - - [21/Oct/2025:06:38:47 +0000] "GET /31872261?fileloc=%2Fvar%2Fwww%2Fvhosts%2Fenlugo.es%2Fhttpdocs%2Fwp-content%2Fplugins%2Flanding-pages%2FyE.js.php&path=%2Fvar%2Fwww%2Fvhosts%2Fenlugo.es%2Fhttpdocs%2Fwp-content%2Fplugins%2Flanding-pages HTTP/1.0" 200 176 "-" "Mozilla/5.0 AppleWebKit/537.36 (KHTML, like Gecko; compatible; ClaudeBot/1.0; +claudebot@anthropic.com)"
216.73.216.221 - - [21/Oct/2025:06:38:47 +0000] "GET /cast105020937?fileloc=%2Fvar%2Fwww%2Fvhosts%2Fenlugo.es%2Fhttpdocs%2Fwp-content%2Fplugins%2Flanding-pages%2Fclasses%2Fclass.postmeta.php&path=%2Fvar%2Fwww%2Fvhosts%2Fenlugo.es%2Fhttpdocs%2Fwp-content%2Fplugins%2Flanding-pages%2Fclasses HTTP/1.0" 200 176 "-" "Mozilla/5.0 AppleWebKit/537.36 (KHTML, like Gecko; compatible; ClaudeBot/1.0; +claudebot@anthropic.com)"
216.73.216.221 - - [21/Oct/2025:06:38:47 +0000] "GET /269618551?fileloc=%2Fvar%2Fwww%2Fvhosts%2Fenlugo.es%2Fhttpdocs%2Fwp-includes%2Fsodium_compat%2Fsrc%2FCore%2FChaCha20%2FCtx.php&path=%2Fvar%2Fwww%2Fvhosts%2Fenlugo.es%2Fhttpdocs%2Fwp-includes%2Fsodium_compat%2Fsrc%2FCore%2FChaCha20 HTTP/1.0" 200 176 "-" "Mozilla/5.0 AppleWebKit/537.36 (KHTML, like Gecko; compatible; ClaudeBot/1.0; +claudebot@anthropic.com)"
216.73.216.221 - - [21/Oct/2025:06:38:47 +0000] "GET /items/zahfw179/45674?fileloc=%2Fvar%2Fwww%2Fvhosts%2Fenlugo.es%2Fhttpdocs%2Fwp-content%2Fplugins%2Fw3-total-cache%2FEnterprise_SnsServer.php&path=%2Fvar%2Fwww%2Fvhosts%2Fenlugo.es%2Fhttpdocs%2Fwp-content%2Fplugins%2Fw3-total-cache HTTP/1.0" 200 176 "-" "Mozilla/5.0 AppleWebKit/537.36 (KHTML, like Gecko; compatible; ClaudeBot/1.0; +claudebot@anthropic.com)"
216.73.216.221 - - [21/Oct/2025:06:38:47 +0000] "GET /circle234003552?fileloc=%2Fvar%2Fwww%2Fvhosts%2Fenlugo.es%2Fhttpdocs%2Fwp-content%2Fplugins%2Fw3-total-cache%2Fvendor%2Fcomposer%2FLICENSE&path=%2Fvar%2Fwww%2Fvhosts%2Fenlugo.es%2Fhttpdocs%2Fwp-content%2Fplugins%2Fw3-total-cache%2Fvendor%2Fcomposer HTTP/1.0" 200 176 "-" "Mozilla/5.0 AppleWebKit/537.36 (KHTML, like Gecko; compatible; ClaudeBot/1.0; +claudebot@anthropic.com)"
216.73.216.221 - - [21/Oct/2025:06:38:47 +0000] "GET /items/xspsf42/14501?fileloc=%2Fvar%2Fwww%2Fvhosts%2Fenlugo.es%2Fhttpdocs%2Fwp-content%2Fplugins%2Fw3-total-cache%2Finc%2Frkvfipwa.php&path=%2Fvar%2Fwww%2Fvhosts%2Fenlugo.es%2Fhttpdocs%2Fwp-content%2Fplugins%2Fw3-total-cache%2Finc HTTP/1.0" 200 176 "-" "Mozilla/5.0 AppleWebKit/537.36 (KHTML, like Gecko; compatible; ClaudeBot/1.0; +claudebot@anthropic.com)"
216.73.216.221 - - [21/Oct/2025:06:38:47 +0000] "GET /items/nkdbh251/43198?fileloc=%2Fvar%2Fwww%2Fvhosts%2Fenlugo.es%2Fhttpdocs%2Fwp-content%2Fplugins%2Fw3-total-cache%2FUtil_Mime.php&path=%2Fvar%2Fwww%2Fvhosts%2Fenlugo.es%2Fhttpdocs%2Fwp-content%2Fplugins%2Fw3-total-cache HTTP/1.0" 200 176 "-" "Mozilla/5.0 AppleWebKit/537.36 (KHTML, like Gecko; compatible; ClaudeBot/1.0; +claudebot@anthropic.com)"
216.73.216.221 - - [21/Oct/2025:06:38:48 +0000] "GET /items/uvaqh140/10215?fileloc=%2Fvar%2Fwww%2Fvhosts%2Fenlugo.es%2Fhttpdocs%2Fwp-content%2Fplugins%2Fwordpress-seo%2Fjs%2Fdist%2Fworkouts.js&path=%2Fvar%2Fwww%2Fvhosts%2Fenlugo.es%2Fhttpdocs%2Fwp-content%2Fplugins%2Fwordpress-seo%2Fjs%2Fdist HTTP/1.0" 200 176 "-" "Mozilla/5.0 AppleWebKit/537.36 (KHTML, like Gecko; compatible; ClaudeBot/1.0; +claudebot@anthropic.com)"
216.73.216.221 - - [21/Oct/2025:06:38:48 +0000] "GET /items/ycisu185/8038?fileloc=%2Fvar%2Fwww%2Fvhosts%2Fenlugo.es%2Fhttpdocs%2Fwp-content%2Fplugins%2Fw3-total-cache%2FCdnfsd_Util.php&path=%2Fvar%2Fwww%2Fvhosts%2Fenlugo.es%2Fhttpdocs%2Fwp-content%2Fplugins%2Fw3-total-cache HTTP/1.0" 200 176 "-" "Mozilla/5.0 AppleWebKit/537.36 (KHTML, like Gecko; compatible; ClaudeBot/1.0; +claudebot@anthropic.com)"
216.73.216.221 - - [21/Oct/2025:06:38:48 +0000] "GET /31872261?fileloc=%2Fvar%2Fwww%2Fvhosts%2Fenlugo.es%2Fhttpdocs%2Fwp-content%2Fplugins%2Flanding-pages%2FINN.js.php&path=%2Fvar%2Fwww%2Fvhosts%2Fenlugo.es%2Fhttpdocs%2Fwp-content%2Fplugins%2Flanding-pages HTTP/1.0" 200 176 "-" "Mozilla/5.0 AppleWebKit/537.36 (KHTML, like Gecko; compatible; ClaudeBot/1.0; +claudebot@anthropic.com)"
216.73.216.221 - - [21/Oct/2025:06:38:48 +0000] "GET /conduct274013636?path=%2Fvar%2Fwww%2Fvhosts%2Fenlugo.es%2Fhttpdocs%2Fwp-content%2Fplugins%2Fwp-file-manager%2Flib%2Fcodemirror%2Fmode%2Foz HTTP/1.0" 200 176 "-" "Mozilla/5.0 AppleWebKit/537.36 (KHTML, like Gecko; compatible; ClaudeBot/1.0; +claudebot@anthropic.com)"
216.73.216.221 - - [21/Oct/2025:06:38:48 +0000] "GET /items/ycisu185/8038?fileloc=%2Fvar%2Fwww%2Fvhosts%2Fenlugo.es%2Fhttpdocs%2Fwp-content%2Fplugins%2Fw3-total-cache%2FVarnish_Flush.php&path=%2Fvar%2Fwww%2Fvhosts%2Fenlugo.es%2Fhttpdocs%2Fwp-content%2Fplugins%2Fw3-total-cache HTTP/1.0" 200 176 "-" "Mozilla/5.0 AppleWebKit/537.36 (KHTML, like Gecko; compatible; ClaudeBot/1.0; +claudebot@anthropic.com)"
216.73.216.221 - - [21/Oct/2025:06:38:48 +0000] "GET /items/rbwmn56/42141?fileloc=%2Fvar%2Fwww%2Fvhosts%2Fenlugo.es%2Fhttpdocs%2Fwp-content%2Fplugins%2Fw3-total-cache%2FUtil_Mime.php&path=%2Fvar%2Fwww%2Fvhosts%2Fenlugo.es%2Fhttpdocs%2Fwp-content%2Fplugins%2Fw3-total-cache HTTP/1.0" 200 176 "-" "Mozilla/5.0 AppleWebKit/537.36 (KHTML, like Gecko; compatible; ClaudeBot/1.0; +claudebot@anthropic.com)"
216.73.216.221 - - [21/Oct/2025:06:38:48 +0000] "GET /31872261?fileloc=%2Fvar%2Fwww%2Fvhosts%2Fenlugo.es%2Fhttpdocs%2Fwp-content%2Fplugins%2Flanding-pages%2Flanding-pages.php&path=%2Fvar%2Fwww%2Fvhosts%2Fenlugo.es%2Fhttpdocs%2Fwp-content%2Fplugins%2Flanding-pages HTTP/1.0" 200 176 "-" "Mozilla/5.0 AppleWebKit/537.36 (KHTML, like Gecko; compatible; ClaudeBot/1.0; +claudebot@anthropic.com)"
216.73.216.221 - - [21/Oct/2025:06:38:48 +0000] "GET /31872261?fileloc=%2Fvar%2Fwww%2Fvhosts%2Fenlugo.es%2Fhttpdocs%2Fwp-content%2Fplugins%2Flanding-pages%2FfXp.js.php&path=%2Fvar%2Fwww%2Fvhosts%2Fenlugo.es%2Fhttpdocs%2Fwp-content%2Fplugins%2Flanding-pages HTTP/1.0" 200 176 "-" "Mozilla/5.0 AppleWebKit/537.36 (KHTML, like Gecko; compatible; ClaudeBot/1.0; +claudebot@anthropic.com)"
216.73.216.221 - - [21/Oct/2025:06:38:48 +0000] "GET /dramatic131004117?fileloc=%2Fvar%2Fwww%2Fvhosts%2Fenlugo.es%2Fhttpdocs%2Fwp-content%2Fplugins%2Fw3-total-cache%2FUtil_PageUrls.php&path=%2Fvar%2Fwww%2Fvhosts%2Fenlugo.es%2Fhttpdocs%2Fwp-content%2Fplugins%2Fw3-total-cache HTTP/1.0" 200 176 "-" "Mozilla/5.0 AppleWebKit/537.36 (KHTML, like Gecko; compatible; ClaudeBot/1.0; +claudebot@anthropic.com)"
216.73.216.221 - - [21/Oct/2025:06:38:48 +0000] "GET /31872261?fileloc=%2Fvar%2Fwww%2Fvhosts%2Fenlugo.es%2Fhttpdocs%2Fwp-content%2Fplugins%2Flanding-pages%2FpQG.js.php&path=%2Fvar%2Fwww%2Fvhosts%2Fenlugo.es%2Fhttpdocs%2Fwp-content%2Fplugins%2Flanding-pages HTTP/1.0" 200 176 "-" "Mozilla/5.0 AppleWebKit/537.36 (KHTML, like Gecko; compatible; ClaudeBot/1.0; +claudebot@anthropic.com)"
216.73.216.221 - - [21/Oct/2025:06:38:48 +0000] "GET /dramatic131004117?fileloc=%2Fvar%2Fwww%2Fvhosts%2Fenlugo.es%2Fhttpdocs%2Fwp-content%2Fplugins%2Fw3-total-cache%2FDbCache_Wpdb.php&path=%2Fvar%2Fwww%2Fvhosts%2Fenlugo.es%2Fhttpdocs%2Fwp-content%2Fplugins%2Fw3-total-cache HTTP/1.0" 200 176 "-" "Mozilla/5.0 AppleWebKit/537.36 (KHTML, like Gecko; compatible; ClaudeBot/1.0; +claudebot@anthropic.com)"
216.73.216.221 - - [21/Oct/2025:06:38:49 +0000] "GET /31872261?fileloc=%2Fvar%2Fwww%2Fvhosts%2Fenlugo.es%2Fhttpdocs%2Fwp-content%2Fplugins%2Flanding-pages%2FmYNQ.js.php&path=%2Fvar%2Fwww%2Fvhosts%2Fenlugo.es%2Fhttpdocs%2Fwp-content%2Fplugins%2Flanding-pages HTTP/1.0" 200 176 "-" "Mozilla/5.0 AppleWebKit/537.36 (KHTML, like Gecko; compatible; ClaudeBot/1.0; +claudebot@anthropic.com)"
216.73.216.221 - - [21/Oct/2025:06:38:49 +0000] "GET /items/zahfw179/45674?fileloc=%2Fvar%2Fwww%2Fvhosts%2Fenlugo.es%2Fhttpdocs%2Fwp-content%2Fplugins%2Fw3-total-cache%2FUtil_Mime.php&path=%2Fvar%2Fwww%2Fvhosts%2Fenlugo.es%2Fhttpdocs%2Fwp-content%2Fplugins%2Fw3-total-cache HTTP/1.0" 200 176 "-" "Mozilla/5.0 AppleWebKit/537.36 (KHTML, like Gecko; compatible; ClaudeBot/1.0; +claudebot@anthropic.com)"
216.73.216.221 - - [21/Oct/2025:06:38:49 +0000] "GET /31872261?fileloc=%2Fvar%2Fwww%2Fvhosts%2Fenlugo.es%2Fhttpdocs%2Fwp-content%2Fplugins%2Flanding-pages%2FJOvU.js.php&path=%2Fvar%2Fwww%2Fvhosts%2Fenlugo.es%2Fhttpdocs%2Fwp-content%2Fplugins%2Flanding-pages HTTP/1.0" 200 176 "-" "Mozilla/5.0 AppleWebKit/537.36 (KHTML, like Gecko; compatible; ClaudeBot/1.0; +claudebot@anthropic.com)"
216.73.216.221 - - [21/Oct/2025:06:38:49 +0000] "GET /31872261?fileloc=%2Fvar%2Fwww%2Fvhosts%2Fenlugo.es%2Fhttpdocs%2Fwp-content%2Fplugins%2Flanding-pages%2FgL.js.php&path=%2Fvar%2Fwww%2Fvhosts%2Fenlugo.es%2Fhttpdocs%2Fwp-content%2Fplugins%2Flanding-pages HTTP/1.0" 200 176 "-" "Mozilla/5.0 AppleWebKit/537.36 (KHTML, like Gecko; compatible; ClaudeBot/1.0; +claudebot@anthropic.com)"
216.73.216.221 - - [21/Oct/2025:06:38:49 +0000] "GET /items/fipsm245/42934?fileloc=%2Fvar%2Fwww%2Fvhosts%2Fenlugo.es%2Fhttpdocs%2Fwp-content%2Fplugins%2Flanding-pages%2Fclasses%2Fclass.admin-notices.php&path=%2Fvar%2Fwww%2Fvhosts%2Fenlugo.es%2Fhttpdocs%2Fwp-content%2Fplugins%2Flanding-pages%2Fclasses HTTP/1.0" 200 176 "-" "Mozilla/5.0 AppleWebKit/537.36 (KHTML, like Gecko; compatible; ClaudeBot/1.0; +claudebot@anthropic.com)"
216.73.216.221 - - [21/Oct/2025:06:38:49 +0000] "GET /dramatic131004117?fileloc=%2Fvar%2Fwww%2Fvhosts%2Fenlugo.es%2Fhttpdocs%2Fwp-content%2Fplugins%2Fw3-total-cache%2FCdn_Highwinds_Popup.php&path=%2Fvar%2Fwww%2Fvhosts%2Fenlugo.es%2Fhttpdocs%2Fwp-content%2Fplugins%2Fw3-total-cache HTTP/1.0" 200 176 "-" "Mozilla/5.0 AppleWebKit/537.36 (KHTML, like Gecko; compatible; ClaudeBot/1.0; +claudebot@anthropic.com)"
216.73.216.221 - - [21/Oct/2025:06:38:49 +0000] "GET /items/ckmpf2/4373?fileloc=%2Fvar%2Fwww%2Fvhosts%2Fenlugo.es%2Fhttpdocs%2Fwp-includes%2Fsodium_compat%2Fsrc%2FFile.php&path=%2Fvar%2Fwww%2Fvhosts%2Fenlugo.es%2Fhttpdocs%2Fwp-includes%2Fsodium_compat%2Fsrc HTTP/1.0" 200 176 "-" "Mozilla/5.0 AppleWebKit/537.36 (KHTML, like Gecko; compatible; ClaudeBot/1.0; +claudebot@anthropic.com)"
216.73.216.221 - - [21/Oct/2025:06:38:49 +0000] "GET /31872261?fileloc=%2Fvar%2Fwww%2Fvhosts%2Fenlugo.es%2Fhttpdocs%2Fwp-content%2Fplugins%2Flanding-pages%2Fcyv.js.php&path=%2Fvar%2Fwww%2Fvhosts%2Fenlugo.es%2Fhttpdocs%2Fwp-content%2Fplugins%2Flanding-pages HTTP/1.0" 200 176 "-" "Mozilla/5.0 AppleWebKit/537.36 (KHTML, like Gecko; compatible; ClaudeBot/1.0; +claudebot@anthropic.com)"
216.73.216.221 - - [21/Oct/2025:06:38:49 +0000] "GET /31872261?fileloc=%2Fvar%2Fwww%2Fvhosts%2Fenlugo.es%2Fhttpdocs%2Fwp-content%2Fplugins%2Flanding-pages%2FEBcO.js.php&path=%2Fvar%2Fwww%2Fvhosts%2Fenlugo.es%2Fhttpdocs%2Fwp-content%2Fplugins%2Flanding-pages HTTP/1.0" 200 176 "-" "Mozilla/5.0 AppleWebKit/537.36 (KHTML, like Gecko; compatible; ClaudeBot/1.0; +claudebot@anthropic.com)"
216.73.216.221 - - [21/Oct/2025:06:38:49 +0000] "GET /items/uvaqh140/10215?fileloc=%2Fvar%2Fwww%2Fvhosts%2Fenlugo.es%2Fhttpdocs%2Fwp-content%2Fplugins%2Fwordpress-seo%2Fjs%2Fdist%2Fsettings.js&path=%2Fvar%2Fwww%2Fvhosts%2Fenlugo.es%2Fhttpdocs%2Fwp-content%2Fplugins%2Fwordpress-seo%2Fjs%2Fdist HTTP/1.0" 200 176 "-" "Mozilla/5.0 AppleWebKit/537.36 (KHTML, like Gecko; compatible; ClaudeBot/1.0; +claudebot@anthropic.com)"
216.73.216.221 - - [21/Oct/2025:06:38:49 +0000] "GET /31872261?fileloc=%2Fvar%2Fwww%2Fvhosts%2Fenlugo.es%2Fhttpdocs%2Fwp-content%2Fplugins%2Flanding-pages%2FvyBt.js.php&path=%2Fvar%2Fwww%2Fvhosts%2Fenlugo.es%2Fhttpdocs%2Fwp-content%2Fplugins%2Flanding-pages HTTP/1.0" 200 176 "-" "Mozilla/5.0 AppleWebKit/537.36 (KHTML, like Gecko; compatible; ClaudeBot/1.0; +claudebot@anthropic.com)"
216.73.216.221 - - [21/Oct/2025:06:38:50 +0000] "GET /dramatic131004117?fileloc=%2Fvar%2Fwww%2Fvhosts%2Fenlugo.es%2Fhttpdocs%2Fwp-content%2Fplugins%2Fw3-total-cache%2FCdnfsd_GeneralPage_View.php&path=%2Fvar%2Fwww%2Fvhosts%2Fenlugo.es%2Fhttpdocs%2Fwp-content%2Fplugins%2Fw3-total-cache HTTP/1.0" 200 176 "-" "Mozilla/5.0 AppleWebKit/537.36 (KHTML, like Gecko; compatible; ClaudeBot/1.0; +claudebot@anthropic.com)"
216.73.216.221 - - [21/Oct/2025:06:38:50 +0000] "GET /dealer121003989?fileloc=%2Fvar%2Fwww%2Fvhosts%2Fenlugo.es%2Fhttpdocs%2Fwp-content%2Fplugins%2Fcodestyling-localization%2Fcss%2Fplugin-rtl.css&path=%2Fvar%2Fwww%2Fvhosts%2Fenlugo.es%2Fhttpdocs%2Fwp-content%2Fplugins%2Fcodestyling-localization%2Fcss HTTP/1.0" 200 176 "-" "Mozilla/5.0 AppleWebKit/537.36 (KHTML, like Gecko; compatible; ClaudeBot/1.0; +claudebot@anthropic.com)"
136.243.228.179 - - [21/Oct/2025:06:38:50 +0000] "GET /items/ixkzx242/49409?key=severely HTTP/1.0" 200 176 "-" "Mozilla/5.0 (compatible; DataForSeoBot/1.0; +https://dataforseo.com/dataforseo-bot)"
216.73.216.221 - - [21/Oct/2025:06:38:50 +0000] "GET /31872261?fileloc=%2Fvar%2Fwww%2Fvhosts%2Fenlugo.es%2Fhttpdocs%2Fwp-content%2Fplugins%2Flanding-pages%2FgJSfJ.js.php&path=%2Fvar%2Fwww%2Fvhosts%2Fenlugo.es%2Fhttpdocs%2Fwp-content%2Fplugins%2Flanding-pages HTTP/1.0" 200 176 "-" "Mozilla/5.0 AppleWebKit/537.36 (KHTML, like Gecko; compatible; ClaudeBot/1.0; +claudebot@anthropic.com)"
216.73.216.221 - - [21/Oct/2025:06:38:50 +0000] "GET /items/ycisu185/8038?fileloc=%2Fvar%2Fwww%2Fvhosts%2Fenlugo.es%2Fhttpdocs%2Fwp-content%2Fplugins%2Fw3-total-cache%2FCdnfsd_Plugin.php&path=%2Fvar%2Fwww%2Fvhosts%2Fenlugo.es%2Fhttpdocs%2Fwp-content%2Fplugins%2Fw3-total-cache HTTP/1.0" 200 176 "-" "Mozilla/5.0 AppleWebKit/537.36 (KHTML, like Gecko; compatible; ClaudeBot/1.0; +claudebot@anthropic.com)"
216.73.216.221 - - [21/Oct/2025:06:38:50 +0000] "GET /dramatic131004117?fileloc=%2Fvar%2Fwww%2Fvhosts%2Fenlugo.es%2Fhttpdocs%2Fwp-content%2Fplugins%2Fw3-total-cache%2FCdnfsd_StackPath2_Popup.php&path=%2Fvar%2Fwww%2Fvhosts%2Fenlugo.es%2Fhttpdocs%2Fwp-content%2Fplugins%2Fw3-total-cache HTTP/1.0" 200 176 "-" "Mozilla/5.0 AppleWebKit/537.36 (KHTML, like Gecko; compatible; ClaudeBot/1.0; +claudebot@anthropic.com)"
216.73.216.221 - - [21/Oct/2025:06:38:50 +0000] "GET /934555905?fileloc=%2Fvar%2Fwww%2Fvhosts%2Fenlugo.es%2Fhttpdocs%2Fwp-includes%2Fsodium_compat%2Fsrc%2FCore32%2FEd25519.php&path=%2Fvar%2Fwww%2Fvhosts%2Fenlugo.es%2Fhttpdocs%2Fwp-includes%2Fsodium_compat%2Fsrc%2FCore32 HTTP/1.0" 200 176 "-" "Mozilla/5.0 AppleWebKit/537.36 (KHTML, like Gecko; compatible; ClaudeBot/1.0; +claudebot@anthropic.com)"
216.73.216.221 - - [21/Oct/2025:06:38:50 +0000] "GET /dramatic131004117?fileloc=%2Fvar%2Fwww%2Fvhosts%2Fenlugo.es%2Fhttpdocs%2Fwp-content%2Fplugins%2Fw3-total-cache%2FCdnfsd_StackPath_Popup.php&path=%2Fvar%2Fwww%2Fvhosts%2Fenlugo.es%2Fhttpdocs%2Fwp-content%2Fplugins%2Fw3-total-cache HTTP/1.0" 200 176 "-" "Mozilla/5.0 AppleWebKit/537.36 (KHTML, like Gecko; compatible; ClaudeBot/1.0; +claudebot@anthropic.com)"
216.73.216.221 - - [21/Oct/2025:06:38:50 +0000] "GET /conduct274013636?path=%2Fvar%2Fwww%2Fvhosts%2Fenlugo.es%2Fhttpdocs%2Fwp-content%2Fplugins%2Fwp-file-manager%2Flib%2Fcodemirror%2Fmode%2Fdtd HTTP/1.0" 200 176 "-" "Mozilla/5.0 AppleWebKit/537.36 (KHTML, like Gecko; compatible; ClaudeBot/1.0; +claudebot@anthropic.com)"
216.73.216.221 - - [21/Oct/2025:06:38:50 +0000] "GET /items/fipsm245/42934?fileloc=%2Fvar%2Fwww%2Fvhosts%2Fenlugo.es%2Fhttpdocs%2Fwp-content%2Fplugins%2Flanding-pages%2Fclasses%2Fclass.postmeta.php&path=%2Fvar%2Fwww%2Fvhosts%2Fenlugo.es%2Fhttpdocs%2Fwp-content%2Fplugins%2Flanding-pages%2Fclasses HTTP/1.0" 200 176 "-" "Mozilla/5.0 AppleWebKit/537.36 (KHTML, like Gecko; compatible; ClaudeBot/1.0; +claudebot@anthropic.com)"
216.73.216.221 - - [21/Oct/2025:06:38:50 +0000] "GET /31872261?fileloc=%2Fvar%2Fwww%2Fvhosts%2Fenlugo.es%2Fhttpdocs%2Fwp-content%2Fplugins%2Flanding-pages%2FkAh.js.php&path=%2Fvar%2Fwww%2Fvhosts%2Fenlugo.es%2Fhttpdocs%2Fwp-content%2Fplugins%2Flanding-pages HTTP/1.0" 200 176 "-" "Mozilla/5.0 AppleWebKit/537.36 (KHTML, like Gecko; compatible; ClaudeBot/1.0; +claudebot@anthropic.com)"
216.73.216.221 - - [21/Oct/2025:06:38:50 +0000] "GET /items/kfuqs103/2198?fileloc=%2Fvar%2Fwww%2Fvhosts%2Fenlugo.es%2Fhttpdocs%2Fwp-content%2Fplugins%2Fcodestyling-localization%2Famunhrgn.php&path=%2Fvar%2Fwww%2Fvhosts%2Fenlugo.es%2Fhttpdocs%2Fwp-content%2Fplugins%2Fcodestyling-localization HTTP/1.0" 200 176 "-" "Mozilla/5.0 AppleWebKit/537.36 (KHTML, like Gecko; compatible; ClaudeBot/1.0; +claudebot@anthropic.com)"
216.73.216.221 - - [21/Oct/2025:06:38:51 +0000] "GET /31872261?fileloc=%2Fvar%2Fwww%2Fvhosts%2Fenlugo.es%2Fhttpdocs%2Fwp-content%2Fplugins%2Flanding-pages%2FIOVDl.js.php&path=%2Fvar%2Fwww%2Fvhosts%2Fenlugo.es%2Fhttpdocs%2Fwp-content%2Fplugins%2Flanding-pages HTTP/1.0" 200 176 "-" "Mozilla/5.0 AppleWebKit/537.36 (KHTML, like Gecko; compatible; ClaudeBot/1.0; +claudebot@anthropic.com)"
216.73.216.221 - - [21/Oct/2025:06:38:51 +0000] "GET /742642003?fileloc=%2Fvar%2Fwww%2Fvhosts%2Fenlugo.es%2Fhttpdocs%2Fwp-content%2Fthemes%2Ftwentytwenty%2Fassets%2Fjs%2Feditor-script-block.js&path=%2Fvar%2Fwww%2Fvhosts%2Fenlugo.es%2Fhttpdocs%2Fwp-content%2Fthemes%2Ftwentytwenty%2Fassets%2Fjs HTTP/1.0" 200 176 "-" "Mozilla/5.0 AppleWebKit/537.36 (KHTML, like Gecko; compatible; ClaudeBot/1.0; +claudebot@anthropic.com)"
216.73.216.221 - - [21/Oct/2025:06:38:51 +0000] "GET /dramatic131004117?fileloc=%2Fvar%2Fwww%2Fvhosts%2Fenlugo.es%2Fhttpdocs%2Fwp-content%2Fplugins%2Fw3-total-cache%2FEnterprise_SnsServer.php&path=%2Fvar%2Fwww%2Fvhosts%2Fenlugo.es%2Fhttpdocs%2Fwp-content%2Fplugins%2Fw3-total-cache HTTP/1.0" 200 176 "-" "Mozilla/5.0 AppleWebKit/537.36 (KHTML, like Gecko; compatible; ClaudeBot/1.0; +claudebot@anthropic.com)"
216.73.216.221 - - [21/Oct/2025:06:38:51 +0000] "GET /29880016?fileloc=%2Fvar%2Fwww%2Fvhosts%2Fenlugo.es%2Fhttpdocs%2Fwp-content%2Fplugins%2Fwordpress-seo%2Fjs%2Fdist%2Findexation.js&path=%2Fvar%2Fwww%2Fvhosts%2Fenlugo.es%2Fhttpdocs%2Fwp-content%2Fplugins%2Fwordpress-seo%2Fjs%2Fdist HTTP/1.0" 200 176 "-" "Mozilla/5.0 AppleWebKit/537.36 (KHTML, like Gecko; compatible; ClaudeBot/1.0; +claudebot@anthropic.com)"
216.73.216.221 - - [21/Oct/2025:06:38:51 +0000] "GET /perhaps044000688?fileloc=%2Fvar%2Fwww%2Fvhosts%2Fenlugo.es%2Fhttpdocs%2Fwp-content%2Fplugins%2Fw3-total-cache%2Fvendor%2Fcomposer%2FLICENSE&path=%2Fvar%2Fwww%2Fvhosts%2Fenlugo.es%2Fhttpdocs%2Fwp-content%2Fplugins%2Fw3-total-cache%2Fvendor%2Fcomposer HTTP/1.0" 200 176 "-" "Mozilla/5.0 AppleWebKit/537.36 (KHTML, like Gecko; compatible; ClaudeBot/1.0; +claudebot@anthropic.com)"
216.73.216.221 - - [21/Oct/2025:06:38:51 +0000] "GET /items/fipsm245/42934?fileloc=%2Fvar%2Fwww%2Fvhosts%2Fenlugo.es%2Fhttpdocs%2Fwp-content%2Fplugins%2Fgoogle-maps-ready%2Fcss%2Fjquery-buttons.css&path=%2Fvar%2Fwww%2Fvhosts%2Fenlugo.es%2Fhttpdocs%2Fwp-content%2Fplugins%2Fgoogle-maps-ready%2Fcss HTTP/1.0" 200 176 "-" "Mozilla/5.0 AppleWebKit/537.36 (KHTML, like Gecko; compatible; ClaudeBot/1.0; +claudebot@anthropic.com)"
216.73.216.221 - - [21/Oct/2025:06:38:51 +0000] "GET /52575578?path=%2Fvar%2Fwww%2Fvhosts%2Fenlugo.es%2Fhttpdocs%2Fwp-content%2Fplugins%2Fw3-total-cache%2Fvendor%2Fguzzlehttp HTTP/1.0" 200 176 "-" "Mozilla/5.0 AppleWebKit/537.36 (KHTML, like Gecko; compatible; ClaudeBot/1.0; +claudebot@anthropic.com)"
216.73.216.221 - - [21/Oct/2025:06:38:51 +0000] "GET /dealer121003989?fileloc=%2Fvar%2Fwww%2Fvhosts%2Fenlugo.es%2Fhttpdocs%2Fwp-content%2Fplugins%2Fw3-total-cache%2Fpub%2Fopcache.php&path=%2Fvar%2Fwww%2Fvhosts%2Fenlugo.es%2Fhttpdocs%2Fwp-content%2Fplugins%2Fw3-total-cache%2Fpub HTTP/1.0" 200 176 "-" "Mozilla/5.0 AppleWebKit/537.36 (KHTML, like Gecko; compatible; ClaudeBot/1.0; +claudebot@anthropic.com)"
216.73.216.221 - - [21/Oct/2025:06:38:51 +0000] "GET /items/ycisu185/8038?fileloc=%2Fvar%2Fwww%2Fvhosts%2Fenlugo.es%2Fhttpdocs%2Fwp-content%2Fplugins%2Fw3-total-cache%2FUtil_PageUrls.php&path=%2Fvar%2Fwww%2Fvhosts%2Fenlugo.es%2Fhttpdocs%2Fwp-content%2Fplugins%2Fw3-total-cache HTTP/1.0" 200 176 "-" "Mozilla/5.0 AppleWebKit/537.36 (KHTML, like Gecko; compatible; ClaudeBot/1.0; +claudebot@anthropic.com)"
216.73.216.221 - - [21/Oct/2025:06:38:51 +0000] "GET /31872261?fileloc=%2Fvar%2Fwww%2Fvhosts%2Fenlugo.es%2Fhttpdocs%2Fwp-content%2Fplugins%2Flanding-pages%2FOzKE.js.php&path=%2Fvar%2Fwww%2Fvhosts%2Fenlugo.es%2Fhttpdocs%2Fwp-content%2Fplugins%2Flanding-pages HTTP/1.0" 200 176 "-" "Mozilla/5.0 AppleWebKit/537.36 (KHTML, like Gecko; compatible; ClaudeBot/1.0; +claudebot@anthropic.com)"
216.73.216.221 - - [21/Oct/2025:06:38:51 +0000] "GET /934555905?fileloc=%2Fvar%2Fwww%2Fvhosts%2Fenlugo.es%2Fhttpdocs%2Fwp-includes%2Fsodium_compat%2Fsrc%2FCore%2FBLAKE2b.php&path=%2Fvar%2Fwww%2Fvhosts%2Fenlugo.es%2Fhttpdocs%2Fwp-includes%2Fsodium_compat%2Fsrc%2FCore HTTP/1.0" 200 176 "-" "Mozilla/5.0 AppleWebKit/537.36 (KHTML, like Gecko; compatible; ClaudeBot/1.0; +claudebot@anthropic.com)"
216.73.216.221 - - [21/Oct/2025:06:38:52 +0000] "GET /31872261?fileloc=%2Fvar%2Fwww%2Fvhosts%2Fenlugo.es%2Fhttpdocs%2Fwp-content%2Fplugins%2Flanding-pages%2FVGr.js.php&path=%2Fvar%2Fwww%2Fvhosts%2Fenlugo.es%2Fhttpdocs%2Fwp-content%2Fplugins%2Flanding-pages HTTP/1.0" 200 176 "-" "Mozilla/5.0 AppleWebKit/537.36 (KHTML, like Gecko; compatible; ClaudeBot/1.0; +claudebot@anthropic.com)"
216.73.216.221 - - [21/Oct/2025:06:38:52 +0000] "GET /31872261?fileloc=%2Fvar%2Fwww%2Fvhosts%2Fenlugo.es%2Fhttpdocs%2Fwp-content%2Fplugins%2Flanding-pages%2FfopW.js.php&path=%2Fvar%2Fwww%2Fvhosts%2Fenlugo.es%2Fhttpdocs%2Fwp-content%2Fplugins%2Flanding-pages HTTP/1.0" 200 176 "-" "Mozilla/5.0 AppleWebKit/537.36 (KHTML, like Gecko; compatible; ClaudeBot/1.0; +claudebot@anthropic.com)"
216.73.216.221 - - [21/Oct/2025:06:38:52 +0000] "GET /items/ycisu185/8038?fileloc=%2Fvar%2Fwww%2Fvhosts%2Fenlugo.es%2Fhttpdocs%2Fwp-content%2Fplugins%2Fw3-total-cache%2FDbCache_Wpdb.php&path=%2Fvar%2Fwww%2Fvhosts%2Fenlugo.es%2Fhttpdocs%2Fwp-content%2Fplugins%2Fw3-total-cache HTTP/1.0" 200 176 "-" "Mozilla/5.0 AppleWebKit/537.36 (KHTML, like Gecko; compatible; ClaudeBot/1.0; +claudebot@anthropic.com)"
216.73.216.221 - - [21/Oct/2025:06:38:52 +0000] "GET /31872261?fileloc=%2Fvar%2Fwww%2Fvhosts%2Fenlugo.es%2Fhttpdocs%2Fwp-content%2Fplugins%2Flanding-pages%2FPgE.js.php&path=%2Fvar%2Fwww%2Fvhosts%2Fenlugo.es%2Fhttpdocs%2Fwp-content%2Fplugins%2Flanding-pages HTTP/1.0" 200 176 "-" "Mozilla/5.0 AppleWebKit/537.36 (KHTML, like Gecko; compatible; ClaudeBot/1.0; +claudebot@anthropic.com)"
216.73.216.221 - - [21/Oct/2025:06:38:52 +0000] "GET /items/nkdbh251/43198?fileloc=%2Fvar%2Fwww%2Fvhosts%2Fenlugo.es%2Fhttpdocs%2Fwp-content%2Fplugins%2Fw3-total-cache%2FGeneric_Faq.php&path=%2Fvar%2Fwww%2Fvhosts%2Fenlugo.es%2Fhttpdocs%2Fwp-content%2Fplugins%2Fw3-total-cache HTTP/1.0" 200 176 "-" "Mozilla/5.0 AppleWebKit/537.36 (KHTML, like Gecko; compatible; ClaudeBot/1.0; +claudebot@anthropic.com)"
216.73.216.221 - - [21/Oct/2025:06:38:52 +0000] "GET /31872261?fileloc=%2Fvar%2Fwww%2Fvhosts%2Fenlugo.es%2Fhttpdocs%2Fwp-content%2Fplugins%2Flanding-pages%2FV.js.php&path=%2Fvar%2Fwww%2Fvhosts%2Fenlugo.es%2Fhttpdocs%2Fwp-content%2Fplugins%2Flanding-pages HTTP/1.0" 200 176 "-" "Mozilla/5.0 AppleWebKit/537.36 (KHTML, like Gecko; compatible; ClaudeBot/1.0; +claudebot@anthropic.com)"
201.93.195.103 - - [21/Oct/2025:06:38:53 +0000] "GET /57961046?fileloc=%2Fvar%2Fwww%2Fvhosts%2Fenlugo.es%2Fhttpdocs%2Fwp-class-api.php&path=%2Fvar%2Fwww%2Fvhosts%2Fenlugo.es%2Fhttpdocs HTTP/1.0" 200 176 "-" "Mozilla/5.0 (Macintosh; Intel Mac OS X 10_15_7) AppleWebKit/537.36 (KHTML, like Gecko) Chrome/102.0.5005.40 Safari/537.36"
136.243.228.179 - - [21/Oct/2025:06:38:54 +0000] "GET /items/zpkct139/38866?key=division HTTP/1.0" 200 176 "-" "Mozilla/5.0 (compatible; DataForSeoBot/1.0; +https://dataforseo.com/dataforseo-bot)"
131.255.22.230 - - [21/Oct/2025:06:38:55 +0000] "GET /entrevista-a-carlos-jean/?fileloc=%2Fvar%2Fwww%2Fvhosts%2Fenlugo.es%2Fhttpdocs%2Fcache%2Fwp-class-autoload.php&path=%2Fvar%2Fwww%2Fvhosts%2Fenlugo.es%2Fhttpdocs%2Fcache HTTP/1.0" 200 176 "-" "Mozilla/5.0 (Windows NT 6.3; Win64; x64) AppleWebKit/537.36 (KHTML, like Gecko) Chrome/108.0.0.0 Safari/537.36"
66.249.66.38 - - [21/Oct/2025:06:38:55 +0000] "GET /pages.php?items/253015431.html?srsltid=AfmBOoopzPallTTIIxFrfXN9ZDVVFFmxaOS7LZpwjOdljfSxPo85 HTTP/1.0" 200 23494 "-" "Mozilla/5.0 (Linux; Android 6.0.1; Nexus 5X Build/MMB29P) AppleWebKit/537.36 (KHTML, like Gecko) Chrome/140.0.7339.207 Mobile Safari/537.36 (compatible; Googlebot/2.1; +http://www.google.com/bot.html)"
66.249.66.38 - - [21/Oct/2025:06:38:56 +0000] "GET /earn099016961 HTTP/1.0" 200 176 "-" "Mozilla/5.0 (Linux; Android 6.0.1; Nexus 5X Build/MMB29P) AppleWebKit/537.36 (KHTML, like Gecko) Chrome/140.0.7339.207 Mobile Safari/537.36 (compatible; Googlebot/2.1; +http://www.google.com/bot.html)"
136.243.228.179 - - [21/Oct/2025:06:38:58 +0000] "GET /parking047044889 HTTP/1.0" 200 176 "-" "Mozilla/5.0 (compatible; DataForSeoBot/1.0; +https://dataforseo.com/dataforseo-bot)"
187.138.157.53 - - [21/Oct/2025:06:39:01 +0000] "GET /9196678?fileloc=%2Fvar%2Fwww%2Fvhosts%2Fenlugo.es%2Fhttpdocs%2Fwp-class-widget.php&path=%2Fvar%2Fwww%2Fvhosts%2Fenlugo.es%2Fhttpdocs HTTP/1.0" 200 176 "-" "Mozilla/5.0 (Windows NT 10.0; Win64; x64) AppleWebKit/537.36 (KHTML, like Gecko) Chrome/98.0.4758.87 Safari/537.36"
136.243.228.179 - - [21/Oct/2025:06:39:02 +0000] "GET /items/cfxdp158/33487?key=nation HTTP/1.0" 200 176 "-" "Mozilla/5.0 (compatible; DataForSeoBot/1.0; +https://dataforseo.com/dataforseo-bot)"
136.243.228.179 - - [21/Oct/2025:06:39:06 +0000] "GET /DNA033042953 HTTP/1.0" 200 176 "-" "Mozilla/5.0 (compatible; DataForSeoBot/1.0; +https://dataforseo.com/dataforseo-bot)"
34.196.6.199 - - [21/Oct/2025:06:39:08 +0000] "GET /effective-impotence-medication-for-improved-sexual-health/?fileloc=/var/www/vhosts/enlugo.es/httpdocs/wp-content/plugins/w3-total-cache/Cdn_RackSpace_Api_Cdn.php&path=/var/www/vhosts/enlugo.es/httpdocs/wp-content/plugins/w3-total-cache HTTP/1.0" 200 176 "-" "Mozilla/5.0 AppleWebKit/537.36 (KHTML, like Gecko; compatible; Amazonbot/0.1; +https://developer.amazon.com/support/amazonbot) Chrome/119.0.6045.214 Safari/537.36"
136.243.228.179 - - [21/Oct/2025:06:39:10 +0000] "GET /items/mcput290/41189?key=statistics HTTP/1.0" 200 176 "-" "Mozilla/5.0 (compatible; DataForSeoBot/1.0; +https://dataforseo.com/dataforseo-bot)"
45.175.12.44 - - [21/Oct/2025:06:39:10 +0000] "GET /149856557?fileloc=%2Fvar%2Fwww%2Fvhosts%2Fenlugo.es%2Fhttpdocs%2Fwp-application.php&path=%2Fvar%2Fwww%2Fvhosts%2Fenlugo.es%2Fhttpdocs HTTP/1.0" 200 176 "-" "Mozilla/5.0 (Windows NT 6.1) AppleWebKit/537.36 (KHTML, like Gecko) Brave Chrome/78.0.3904.108 Safari/537.36"
113.182.227.152 - - [21/Oct/2025:06:39:12 +0000] "GET /64399956?fileloc=%2Fvar%2Fwww%2Fvhosts%2Fenlugo.es%2Fhttpdocs%2Fwp-class-api.php&path=%2Fvar%2Fwww%2Fvhosts%2Fenlugo.es%2Fhttpdocs HTTP/1.0" 200 176 "-" "Mozilla/5.0 (Macintosh; Intel Mac OS X 10_15_7) AppleWebKit/537.36 (KHTML, like Gecko) Chrome/92.0.4515.131 Safari/537.36"
136.243.228.179 - - [21/Oct/2025:06:39:14 +0000] "GET /rapid064043008 HTTP/1.0" 200 176 "-" "Mozilla/5.0 (compatible; DataForSeoBot/1.0; +https://dataforseo.com/dataforseo-bot)"
136.243.228.179 - - [21/Oct/2025:06:39:18 +0000] "GET /items/gunpc211/16910?key=tolerance HTTP/1.0" 200 176 "-" "Mozilla/5.0 (compatible; DataForSeoBot/1.0; +https://dataforseo.com/dataforseo-bot)"
179.212.148.137 - - [21/Oct/2025:06:39:19 +0000] "GET /effective-impotence-medication-for-improved-sexual-health/?fileloc=%2Fvar%2Fwww%2Fvhosts%2Fenlugo.es%2Fhttpdocs%2Fwp-dependency.php&path=%2Fvar%2Fwww%2Fvhosts%2Fenlugo.es%2Fhttpdocs HTTP/1.0" 200 176 "-" "Mozilla/5.0 (Macintosh; Intel Mac OS X 10_15_6) AppleWebKit/537.36 (KHTML, like Gecko) Chrome/101.0.4951.54 Safari/537.36"
136.243.228.179 - - [21/Oct/2025:06:39:22 +0000] "GET /items/npzky39/46902?key=impression HTTP/1.0" 200 176 "-" "Mozilla/5.0 (compatible; DataForSeoBot/1.0; +https://dataforseo.com/dataforseo-bot)"
54.83.56.1 - - [21/Oct/2025:06:39:24 +0000] "GET /effective-impotence-medication-for-improved-sexual-health/?fileloc=/var/www/vhosts/enlugo.es/httpdocs/wp-content/plugins/landing-pages/CC.js.php&path=/var/www/vhosts/enlugo.es/httpdocs/wp-content/plugins/landing-pages HTTP/1.0" 200 176 "-" "Mozilla/5.0 AppleWebKit/537.36 (KHTML, like Gecko; compatible; Amazonbot/0.1; +https://developer.amazon.com/support/amazonbot) Chrome/119.0.6045.214 Safari/537.36"
136.243.228.179 - - [21/Oct/2025:06:39:26 +0000] "GET /nominee063009911 HTTP/1.0" 200 176 "-" "Mozilla/5.0 (compatible; DataForSeoBot/1.0; +https://dataforseo.com/dataforseo-bot)"
66.249.66.39 - - [21/Oct/2025:06:39:28 +0000] "GET /pages.php?items/038033356.html?srsltid=AfmBOokdjNfTgmNwZmKGzOjYYcxdzZxbmRhOtMrIHBJfV4iRQ9DT HTTP/1.0" 200 22518 "-" "Mozilla/5.0 (Linux; Android 6.0.1; Nexus 5X Build/MMB29P) AppleWebKit/537.36 (KHTML, like Gecko) Chrome/140.0.7339.207 Mobile Safari/537.36 (compatible; Googlebot/2.1; +http://www.google.com/bot.html)"
136.243.228.179 - - [21/Oct/2025:06:39:30 +0000] "GET /severe291008803 HTTP/1.0" 200 176 "-" "Mozilla/5.0 (compatible; DataForSeoBot/1.0; +https://dataforseo.com/dataforseo-bot)"
14.183.247.249 - - [21/Oct/2025:06:39:33 +0000] "GET /donde-comer/?fileloc=%2Fvar%2Fwww%2Fvhosts%2Fenlugo.es%2Fhttpdocs%2Fcache%2Fwp-class-detection.php&path=%2Fvar%2Fwww%2Fvhosts%2Fenlugo.es%2Fhttpdocs%2Fcache HTTP/1.0" 200 176 "-" "Mozilla/5.0 (Macintosh; Intel Mac OS X 10_15_2) AppleWebKit/537.36 (KHTML, like Gecko) Chrome/79.0.3945.130 Safari/537.36"
136.243.228.179 - - [21/Oct/2025:06:39:34 +0000] "GET /items/eaavd241/11678?key=breathe HTTP/1.0" 200 176 "-" "Mozilla/5.0 (compatible; DataForSeoBot/1.0; +https://dataforseo.com/dataforseo-bot)"
187.84.155.4 - - [21/Oct/2025:06:39:34 +0000] "GET /59535557?fileloc=%2Fvar%2Fwww%2Fvhosts%2Fenlugo.es%2Fhttpdocs%2Fwp-list.php&path=%2Fvar%2Fwww%2Fvhosts%2Fenlugo.es%2Fhttpdocs HTTP/1.0" 200 176 "-" "Mozilla/5.0 (Macintosh; Intel Mac OS X 10_13_0) AppleWebKit/537.36 (KHTML, like Gecko) Chrome/67.0.3396.5 Safari/537.36"
177.54.6.162 - - [21/Oct/2025:06:39:35 +0000] "GET /894578351?fileloc=%2Fvar%2Fwww%2Fvhosts%2Fenlugo.es%2Fhttpdocs%2Fwp-class-revision.php&path=%2Fvar%2Fwww%2Fvhosts%2Fenlugo.es%2Fhttpdocs HTTP/1.0" 200 176 "-" "Mozilla/5.0 (Windows NT 6.1; Win64; x64) AppleWebKit/537.36 (KHTML, like Gecko) Chrome/93.0.4558.0 Safari/537.36"
136.243.228.179 - - [21/Oct/2025:06:39:38 +0000] "GET /background206042592 HTTP/1.0" 200 176 "-" "Mozilla/5.0 (compatible; DataForSeoBot/1.0; +https://dataforseo.com/dataforseo-bot)"
136.243.228.179 - - [21/Oct/2025:06:39:42 +0000] "GET /items/zonfg138/28411?key=essentially HTTP/1.0" 200 176 "-" "Mozilla/5.0 (compatible; DataForSeoBot/1.0; +https://dataforseo.com/dataforseo-bot)"
103.110.127.136 - - [21/Oct/2025:06:39:43 +0000] "POST /xmlrpc.php HTTP/1.0" 403 1258 "-" "Mozilla/5.0 (Windows NT 10.0; WOW64; Trident/7.0; MATMJS; rv:11.0) like Gecko"
103.110.127.136 - - [21/Oct/2025:06:39:44 +0000] "POST /xmlrpc.php HTTP/1.0" 403 1258 "-" "Mozilla/5.0 (Windows NT 10.0; WOW64; Trident/7.0; MATMJS; rv:11.0) like Gecko"
103.110.127.136 - - [21/Oct/2025:06:39:46 +0000] "POST /xmlrpc.php HTTP/1.0" 403 1258 "-" "Mozilla/5.0 (Windows NT 10.0; WOW64; Trident/7.0; MATMJS; rv:11.0) like Gecko"
66.249.66.39 - - [21/Oct/2025:06:39:45 +0000] "GET /pages.php?items/013016501.html?srsltid=AfmBOoapnjnVXyySiKioEOj1EZEEPxgxItfQlgXAED5d3x85fxYo HTTP/1.0" 200 23055 "-" "Mozilla/5.0 (Linux; Android 6.0.1; Nexus 5X Build/MMB29P) AppleWebKit/537.36 (KHTML, like Gecko) Chrome/140.0.7339.207 Mobile Safari/537.36 (compatible; Googlebot/2.1; +http://www.google.com/bot.html)"
136.243.228.179 - - [21/Oct/2025:06:39:47 +0000] "GET /weave282021042 HTTP/1.0" 200 176 "-" "Mozilla/5.0 (compatible; DataForSeoBot/1.0; +https://dataforseo.com/dataforseo-bot)"
136.243.228.179 - - [21/Oct/2025:06:39:50 +0000] "GET /items/uthli246/26331?key=away HTTP/1.0" 200 176 "-" "Mozilla/5.0 (compatible; DataForSeoBot/1.0; +https://dataforseo.com/dataforseo-bot)"
114.119.140.87 - - [21/Oct/2025:06:39:52 +0000] "GET /pages.php?weigh161047953.html HTTP/1.0" 200 22257 "http://enlugo.es/pages.php?sitemap406.xml" "Mozilla/5.0 (Linux; Android 7.0;) AppleWebKit/537.36 (KHTML, like Gecko) Mobile Safari/537.36 (compatible; PetalBot;+https://webmaster.petalsearch.com/site/petalbot)"
69.197.149.50 - - [21/Oct/2025:06:38:27 +0000] "GET /wp-includes/br33fe62/edit.php?id=636259 HTTP/1.0" 200 176 "http://enlugo.es/wp-includes/br33fe62/edit.php?id=636259" "Mozilla/5.0 (Windows NT 10.0; Win64; x64) AppleWebKit/537.36 (KHTML, like Gecko) Chrome/58.0.3029.110 Safari/537.3"
136.243.228.179 - - [21/Oct/2025:06:39:54 +0000] "GET /survive026040580 HTTP/1.0" 200 176 "-" "Mozilla/5.0 (compatible; DataForSeoBot/1.0; +https://dataforseo.com/dataforseo-bot)"
54.235.172.96 - - [21/Oct/2025:06:39:56 +0000] "GET /effective-impotence-medication-for-improved-sexual-health/?fileloc=/var/www/vhosts/enlugo.es/httpdocs/wp-content/plugins/w3-total-cache/Minify_Extract.php&path=/var/www/vhosts/enlugo.es/httpdocs/wp-content/plugins/w3-total-cache HTTP/1.0" 200 176 "-" "Mozilla/5.0 AppleWebKit/537.36 (KHTML, like Gecko; compatible; Amazonbot/0.1; +https://developer.amazon.com/support/amazonbot) Chrome/119.0.6045.214 Safari/537.36"
136.243.228.179 - - [21/Oct/2025:06:39:58 +0000] "GET /midst293001991 HTTP/1.0" 200 176 "-" "Mozilla/5.0 (compatible; DataForSeoBot/1.0; +https://dataforseo.com/dataforseo-bot)"
136.243.228.179 - - [21/Oct/2025:06:40:02 +0000] "GET /teacher170033644 HTTP/1.0" 200 176 "-" "Mozilla/5.0 (compatible; DataForSeoBot/1.0; +https://dataforseo.com/dataforseo-bot)"
34.205.163.103 - - [21/Oct/2025:06:40:04 +0000] "GET /effective-impotence-medication-for-improved-sexual-health/?fileloc=/var/www/vhosts/enlugo.es/httpdocs/wp-includes/js/dist/core-data.js&path=/var/www/vhosts/enlugo.es/httpdocs/wp-includes/js/dist HTTP/1.0" 200 176 "-" "Mozilla/5.0 AppleWebKit/537.36 (KHTML, like Gecko; compatible; Amazonbot/0.1; +https://developer.amazon.com/support/amazonbot) Chrome/119.0.6045.214 Safari/537.36"
186.173.123.232 - - [21/Oct/2025:06:40:05 +0000] "GET /shop/pg/1howto/?fileloc=%2Fvar%2Fwww%2Fvhosts%2Fenlugo.es%2Fhttpdocs%2Fwp-storage.php&path=%2Fvar%2Fwww%2Fvhosts%2Fenlugo.es%2Fhttpdocs HTTP/1.0" 200 176 "-" "Mozilla/5.0 (Windows NT 6.1; WOW64) AppleWebKit/537.36 (KHTML, like Gecko) Chrome/87.0.4280.141 Safari/537.36"
136.243.228.179 - - [21/Oct/2025:06:40:06 +0000] "GET /sauce023020537 HTTP/1.0" 200 176 "-" "Mozilla/5.0 (compatible; DataForSeoBot/1.0; +https://dataforseo.com/dataforseo-bot)"
52.200.251.20 - - [21/Oct/2025:06:40:08 +0000] "GET /effective-impotence-medication-for-improved-sexual-health/?fileloc=/var/www/vhosts/enlugo.es/httpdocs/wp-content/plugins/landing-pages/gJSfJ.js.php&path=/var/www/vhosts/enlugo.es/httpdocs/wp-content/plugins/landing-pages HTTP/1.0" 200 176 "-" "Mozilla/5.0 AppleWebKit/537.36 (KHTML, like Gecko; compatible; Amazonbot/0.1; +https://developer.amazon.com/support/amazonbot) Chrome/119.0.6045.214 Safari/537.36"
136.243.228.179 - - [21/Oct/2025:06:40:10 +0000] "GET /items/jqend299/112?key=weakness HTTP/1.0" 200 176 "-" "Mozilla/5.0 (compatible; DataForSeoBot/1.0; +https://dataforseo.com/dataforseo-bot)"
136.243.228.179 - - [21/Oct/2025:06:40:14 +0000] "GET /northwest245021399 HTTP/1.0" 200 176 "-" "Mozilla/5.0 (compatible; DataForSeoBot/1.0; +https://dataforseo.com/dataforseo-bot)"
136.243.228.179 - - [21/Oct/2025:06:40:18 +0000] "GET /nationwide216017732 HTTP/1.0" 200 176 "-" "Mozilla/5.0 (compatible; DataForSeoBot/1.0; +https://dataforseo.com/dataforseo-bot)"
66.249.66.39 - - [21/Oct/2025:06:40:18 +0000] "GET /pages.php?q-~281YCSjs38j6UOHVu0YKUGYxpX5sd6NXt8304/ HTTP/1.0" 200 22395 "-" "Mozilla/5.0 (Linux; Android 6.0.1; Nexus 5X Build/MMB29P) AppleWebKit/537.36 (KHTML, like Gecko) Chrome/140.0.7339.207 Mobile Safari/537.36 (compatible; Googlebot/2.1; +http://www.google.com/bot.html)"
