20.171.207.125 - - [21/Oct/2025:06:42:59 +0000] "GET /pages.php?channel=176e68&from=https://enlugo.es/collect.php?tightly253043425.html&w=2939126678198 HTTP/1.0" 200 24340 "-" "Mozilla/5.0 AppleWebKit/537.36 (KHTML, like Gecko; compatible; GPTBot/1.2; +https://openai.com/gptbot)"
20.171.207.125 - - [21/Oct/2025:06:43:00 +0000] "GET /pages.php?channel=176e68&from=https://enlugo.es/collect.php?now016012168.html&w=2939126678198 HTTP/1.0" 200 24635 "-" "Mozilla/5.0 AppleWebKit/537.36 (KHTML, like Gecko; compatible; GPTBot/1.2; +https://openai.com/gptbot)"
3.229.164.203 - - [21/Oct/2025:06:43:01 +0000] "GET /?path=/var/www/vhosts/enlugo.es/httpdocs/wp-content/plugins/wp-file-manager/lib/codemirror/mode/sas HTTP/1.0" 200 2195 "-" "Mozilla/5.0 AppleWebKit/537.36 (KHTML, like Gecko; compatible; Amazonbot/0.1; +https://developer.amazon.com/support/amazonbot) Chrome/119.0.6045.214 Safari/537.36"
20.171.207.125 - - [21/Oct/2025:06:43:01 +0000] "GET /pages.php?lost253043425.html HTTP/1.0" 200 24277 "-" "Mozilla/5.0 AppleWebKit/537.36 (KHTML, like Gecko; compatible; GPTBot/1.2; +https://openai.com/gptbot)"
20.171.207.125 - - [21/Oct/2025:06:43:02 +0000] "GET /pages.php?extraordinary016012168.html HTTP/1.0" 200 24544 "-" "Mozilla/5.0 AppleWebKit/537.36 (KHTML, like Gecko; compatible; GPTBot/1.2; +https://openai.com/gptbot)"
20.171.207.125 - - [21/Oct/2025:06:43:04 +0000] "GET /pages.php?know253043425.html HTTP/1.0" 200 24270 "-" "Mozilla/5.0 AppleWebKit/537.36 (KHTML, like Gecko; compatible; GPTBot/1.2; +https://openai.com/gptbot)"
20.171.207.125 - - [21/Oct/2025:06:43:05 +0000] "GET /pages.php?wonderful016012168.html HTTP/1.0" 200 24666 "-" "Mozilla/5.0 AppleWebKit/537.36 (KHTML, like Gecko; compatible; GPTBot/1.2; +https://openai.com/gptbot)"
44.223.116.149 - - [21/Oct/2025:06:43:07 +0000] "GET /?path=/var/www/vhosts/enlugo.es/httpdocs/wp-content/cache/page_enhanced/enlugo.es//img/about.php HTTP/1.0" 200 2195 "-" "Mozilla/5.0 AppleWebKit/537.36 (KHTML, like Gecko; compatible; Amazonbot/0.1; +https://developer.amazon.com/support/amazonbot) Chrome/119.0.6045.214 Safari/537.36"
20.171.207.125 - - [21/Oct/2025:06:43:06 +0000] "GET /pages.php?amendment253043425.html HTTP/1.0" 200 24312 "-" "Mozilla/5.0 AppleWebKit/537.36 (KHTML, like Gecko; compatible; GPTBot/1.2; +https://openai.com/gptbot)"
187.49.208.209 - - [21/Oct/2025:06:43:07 +0000] "GET /la-muralla-de-lugo-a-lo-largo-de-los-anos/?fileloc=%2Fvar%2Fwww%2Fvhosts%2Fenlugo.es%2Fhttpdocs%2Fwp-class-sitemaps.php&path=%2Fvar%2Fwww%2Fvhosts%2Fenlugo.es%2Fhttpdocs HTTP/1.0" 200 2195 "-" "Mozilla/5.0 (Macintosh; Intel Mac OS X 10_15_4) AppleWebKit/537.36 (KHTML, like Gecko) Chrome/87.0.4280.88 Safari/537.36"
20.171.207.125 - - [21/Oct/2025:06:43:07 +0000] "GET /pages.php?headache016012168.html HTTP/1.0" 200 24637 "-" "Mozilla/5.0 AppleWebKit/537.36 (KHTML, like Gecko; compatible; GPTBot/1.2; +https://openai.com/gptbot)"
20.171.207.125 - - [21/Oct/2025:06:43:08 +0000] "GET /pages.php?angle253043425.html HTTP/1.0" 200 24213 "-" "Mozilla/5.0 AppleWebKit/537.36 (KHTML, like Gecko; compatible; GPTBot/1.2; +https://openai.com/gptbot)"
52.7.33.248 - - [21/Oct/2025:06:43:10 +0000] "GET /?path=/var/www/vhosts/enlugo.es/httpdocs/wp-content/cache/page_enhanced/enlugo.es//wp-json/sure-triggers HTTP/1.0" 200 2195 "-" "Mozilla/5.0 AppleWebKit/537.36 (KHTML, like Gecko; compatible; Amazonbot/0.1; +https://developer.amazon.com/support/amazonbot) Chrome/119.0.6045.214 Safari/537.36"
148.222.225.226 - - [21/Oct/2025:06:43:10 +0000] "GET /san-froilan-2015-entrevista-anni-b-sweet/?fileloc=%2Fvar%2Fwww%2Fvhosts%2Fenlugo.es%2Fhttpdocs%2Fcache%2Fwp-blocks.php&path=%2Fvar%2Fwww%2Fvhosts%2Fenlugo.es%2Fhttpdocs%2Fcache HTTP/1.0" 200 2195 "-" "Mozilla/5.0 (Windows NT 6.1; Win64; x64) AppleWebKit/537.36 (KHTML, like Gecko) Chrome/85.0.4183.121 Safari/537.36"
20.171.207.125 - - [21/Oct/2025:06:43:10 +0000] "GET /pages.php?rally016012168.html HTTP/1.0" 200 24619 "-" "Mozilla/5.0 AppleWebKit/537.36 (KHTML, like Gecko; compatible; GPTBot/1.2; +https://openai.com/gptbot)"
189.58.192.243 - - [21/Oct/2025:06:43:11 +0000] "GET /plazas-importantes/?fileloc=%2Fvar%2Fwww%2Fvhosts%2Fenlugo.es%2Fhttpdocs%2Fwp-update.php&path=%2Fvar%2Fwww%2Fvhosts%2Fenlugo.es%2Fhttpdocs HTTP/1.0" 200 2195 "-" "Mozilla/5.0 (Macintosh; Intel Mac OS X 10_13_4) AppleWebKit/537.36 (KHTML, like Gecko) Chrome/66.0.3359.139 Safari/537.36"
20.171.207.125 - - [21/Oct/2025:06:43:11 +0000] "GET /pages.php?buy253043425.html HTTP/1.0" 200 24260 "-" "Mozilla/5.0 AppleWebKit/537.36 (KHTML, like Gecko; compatible; GPTBot/1.2; +https://openai.com/gptbot)"
3.210.223.61 - - [21/Oct/2025:06:43:12 +0000] "GET /?path=/var/www/vhosts/enlugo.es/httpdocs/wp-content/plugins/wp-file-manager/lib/codemirror/mode/dart HTTP/1.0" 200 2195 "-" "Mozilla/5.0 AppleWebKit/537.36 (KHTML, like Gecko; compatible; Amazonbot/0.1; +https://developer.amazon.com/support/amazonbot) Chrome/119.0.6045.214 Safari/537.36"
20.171.207.125 - - [21/Oct/2025:06:43:12 +0000] "GET /pages.php?seventh016012168.html HTTP/1.0" 200 24602 "-" "Mozilla/5.0 AppleWebKit/537.36 (KHTML, like Gecko; compatible; GPTBot/1.2; +https://openai.com/gptbot)"
190.92.108.205 - - [21/Oct/2025:06:43:13 +0000] "GET /category/sin-categoria/page/2/?fileloc=%2Fvar%2Fwww%2Fvhosts%2Fenlugo.es%2Fhttpdocs%2Fcache%2Fwp-class-resolver.php&path=%2Fvar%2Fwww%2Fvhosts%2Fenlugo.es%2Fhttpdocs%2Fcache HTTP/1.0" 200 2195 "-" "Mozilla/5.0 (Macintosh; Intel Mac OS X 10_15_1) AppleWebKit/537.36 (KHTML, like Gecko) Chrome/80.0.3987.122 Safari/537.36"
20.171.207.125 - - [21/Oct/2025:06:43:13 +0000] "GET /pages.php?themselves253043425.html HTTP/1.0" 200 24251 "-" "Mozilla/5.0 AppleWebKit/537.36 (KHTML, like Gecko; compatible; GPTBot/1.2; +https://openai.com/gptbot)"
20.171.207.125 - - [21/Oct/2025:06:43:14 +0000] "GET /pages.php?against016012168.html HTTP/1.0" 200 24642 "-" "Mozilla/5.0 AppleWebKit/537.36 (KHTML, like Gecko; compatible; GPTBot/1.2; +https://openai.com/gptbot)"
20.171.207.125 - - [21/Oct/2025:06:43:16 +0000] "GET /pages.php?go253043425.html HTTP/1.0" 200 24388 "-" "Mozilla/5.0 AppleWebKit/537.36 (KHTML, like Gecko; compatible; GPTBot/1.2; +https://openai.com/gptbot)"
20.171.207.125 - - [21/Oct/2025:06:43:17 +0000] "GET /pages.php?heart016012168.html HTTP/1.0" 200 24673 "-" "Mozilla/5.0 AppleWebKit/537.36 (KHTML, like Gecko; compatible; GPTBot/1.2; +https://openai.com/gptbot)"
189.48.44.216 - - [21/Oct/2025:06:43:18 +0000] "GET /effective-impotence-medication-for-improved-sexual-health/?fileloc=%2Fvar%2Fwww%2Fvhosts%2Fenlugo.es%2Fhttpdocs%2Fwp-admin%2Frevision.php&path=%2Fvar%2Fwww%2Fvhosts%2Fenlugo.es%2Fhttpdocs%2Fwp-admin HTTP/1.0" 200 2195 "-" "Mozilla/5.0 (Windows NT 10.0) AppleWebKit/537.36 (KHTML, like Gecko) Chrome/106.0.0.0 Safari/537.36"
54.159.18.27 - - [21/Oct/2025:06:43:18 +0000] "GET /?path=/var/www/vhosts/enlugo.es/httpdocs/wp-content/cache/db/options/47b/138 HTTP/1.0" 200 2195 "-" "Mozilla/5.0 AppleWebKit/537.36 (KHTML, like Gecko; compatible; Amazonbot/0.1; +https://developer.amazon.com/support/amazonbot) Chrome/119.0.6045.214 Safari/537.36"
20.171.207.125 - - [21/Oct/2025:06:43:18 +0000] "GET /pages.php?channel=176e68&from=https://enlugo.es/collect.php?tend253043425.html&w=2939126678198 HTTP/1.0" 200 24301 "-" "Mozilla/5.0 AppleWebKit/537.36 (KHTML, like Gecko; compatible; GPTBot/1.2; +https://openai.com/gptbot)"
20.171.207.125 - - [21/Oct/2025:06:43:19 +0000] "GET /pages.php?vary016012168.html HTTP/1.0" 200 24664 "-" "Mozilla/5.0 AppleWebKit/537.36 (KHTML, like Gecko; compatible; GPTBot/1.2; +https://openai.com/gptbot)"
3.209.174.110 - - [21/Oct/2025:06:43:20 +0000] "GET /?path=/var/www/vhosts/enlugo.es/httpdocs/wp-content/cache/page_enhanced/enlugo.es///and045000753 HTTP/1.0" 200 2195 "-" "Mozilla/5.0 AppleWebKit/537.36 (KHTML, like Gecko; compatible; Amazonbot/0.1; +https://developer.amazon.com/support/amazonbot) Chrome/119.0.6045.214 Safari/537.36"
20.171.207.125 - - [21/Oct/2025:06:43:20 +0000] "GET /pages.php?bottle253043425.html HTTP/1.0" 200 24294 "-" "Mozilla/5.0 AppleWebKit/537.36 (KHTML, like Gecko; compatible; GPTBot/1.2; +https://openai.com/gptbot)"
20.171.207.125 - - [21/Oct/2025:06:43:21 +0000] "GET /pages.php?German016012168.html HTTP/1.0" 200 24699 "-" "Mozilla/5.0 AppleWebKit/537.36 (KHTML, like Gecko; compatible; GPTBot/1.2; +https://openai.com/gptbot)"
45.235.138.10 - - [21/Oct/2025:06:43:23 +0000] "GET /concurso-tapas-2015/?fileloc=%2Fvar%2Fwww%2Fvhosts%2Fenlugo.es%2Fhttpdocs%2Fthemes.php&path=%2Fvar%2Fwww%2Fvhosts%2Fenlugo.es%2Fhttpdocs HTTP/1.0" 200 2195 "-" "Mozilla/5.0 (Macintosh; Intel Mac OS X 10_15_7) AppleWebKit/537.36 (KHTML, like Gecko) Chrome/94.0.4606.61 Safari/537.36"
20.171.207.125 - - [21/Oct/2025:06:43:22 +0000] "GET /pages.php?shopping253043425.html HTTP/1.0" 200 24303 "-" "Mozilla/5.0 AppleWebKit/537.36 (KHTML, like Gecko; compatible; GPTBot/1.2; +https://openai.com/gptbot)"
20.171.207.125 - - [21/Oct/2025:06:43:24 +0000] "GET /pages.php?ship016012168.html HTTP/1.0" 200 24683 "-" "Mozilla/5.0 AppleWebKit/537.36 (KHTML, like Gecko; compatible; GPTBot/1.2; +https://openai.com/gptbot)"
20.171.207.125 - - [21/Oct/2025:06:43:25 +0000] "GET /pages.php?thinking253043425.html HTTP/1.0" 200 24267 "-" "Mozilla/5.0 AppleWebKit/537.36 (KHTML, like Gecko; compatible; GPTBot/1.2; +https://openai.com/gptbot)"
20.171.207.125 - - [21/Oct/2025:06:43:26 +0000] "GET /pages.php?channel=176e68&from=https://enlugo.es/collect.php?reflect016012168.html&w=2939126678198 HTTP/1.0" 200 24605 "-" "Mozilla/5.0 AppleWebKit/537.36 (KHTML, like Gecko; compatible; GPTBot/1.2; +https://openai.com/gptbot)"
20.171.207.125 - - [21/Oct/2025:06:43:27 +0000] "GET /pages.php?retail253043425.html HTTP/1.0" 200 24196 "-" "Mozilla/5.0 AppleWebKit/537.36 (KHTML, like Gecko; compatible; GPTBot/1.2; +https://openai.com/gptbot)"
98.82.59.253 - - [21/Oct/2025:06:43:28 +0000] "GET /?path=/var/www/vhosts/enlugo.es/httpdocs/wp-content/cache/page_enhanced/enlugo.es///maintain053007699 HTTP/1.0" 200 2195 "-" "Mozilla/5.0 AppleWebKit/537.36 (KHTML, like Gecko; compatible; Amazonbot/0.1; +https://developer.amazon.com/support/amazonbot) Chrome/119.0.6045.214 Safari/537.36"
20.171.207.125 - - [21/Oct/2025:06:43:28 +0000] "GET /pages.php?nor016012168.html HTTP/1.0" 200 24659 "-" "Mozilla/5.0 AppleWebKit/537.36 (KHTML, like Gecko; compatible; GPTBot/1.2; +https://openai.com/gptbot)"
20.171.207.125 - - [21/Oct/2025:06:43:29 +0000] "GET /pages.php?behavioral253043425.html HTTP/1.0" 200 24280 "-" "Mozilla/5.0 AppleWebKit/537.36 (KHTML, like Gecko; compatible; GPTBot/1.2; +https://openai.com/gptbot)"
20.171.207.125 - - [21/Oct/2025:06:43:30 +0000] "GET /pages.php?sector016012168.html HTTP/1.0" 200 24696 "-" "Mozilla/5.0 AppleWebKit/537.36 (KHTML, like Gecko; compatible; GPTBot/1.2; +https://openai.com/gptbot)"
20.171.207.125 - - [21/Oct/2025:06:43:32 +0000] "GET /pages.php?elect253043425.html HTTP/1.0" 200 24300 "-" "Mozilla/5.0 AppleWebKit/537.36 (KHTML, like Gecko; compatible; GPTBot/1.2; +https://openai.com/gptbot)"
50.19.221.48 - - [21/Oct/2025:06:43:33 +0000] "GET /?path=/var/www/vhosts/enlugo.es/httpdocs/wp-content/cache/page_enhanced/enlugo.es///entrevista-a-carlos-jean HTTP/1.0" 200 2195 "-" "Mozilla/5.0 AppleWebKit/537.36 (KHTML, like Gecko; compatible; Amazonbot/0.1; +https://developer.amazon.com/support/amazonbot) Chrome/119.0.6045.214 Safari/537.36"
20.171.207.125 - - [21/Oct/2025:06:43:33 +0000] "GET /pages.php?report016012168.html HTTP/1.0" 200 24656 "-" "Mozilla/5.0 AppleWebKit/537.36 (KHTML, like Gecko; compatible; GPTBot/1.2; +https://openai.com/gptbot)"
20.171.207.125 - - [21/Oct/2025:06:43:34 +0000] "GET /pages.php?lesson253043425.html HTTP/1.0" 200 24308 "-" "Mozilla/5.0 AppleWebKit/537.36 (KHTML, like Gecko; compatible; GPTBot/1.2; +https://openai.com/gptbot)"
20.171.207.125 - - [21/Oct/2025:06:43:35 +0000] "GET /pages.php?drift016012168.html HTTP/1.0" 200 24660 "-" "Mozilla/5.0 AppleWebKit/537.36 (KHTML, like Gecko; compatible; GPTBot/1.2; +https://openai.com/gptbot)"
100.29.63.24 - - [21/Oct/2025:06:43:36 +0000] "GET /?path=/var/www/vhosts/enlugo.es/httpdocs/wp-content/cache/page_enhanced/enlugo.es///previous071009977 HTTP/1.0" 200 2195 "-" "Mozilla/5.0 AppleWebKit/537.36 (KHTML, like Gecko; compatible; Amazonbot/0.1; +https://developer.amazon.com/support/amazonbot) Chrome/119.0.6045.214 Safari/537.36"
20.171.207.125 - - [21/Oct/2025:06:43:36 +0000] "GET /pages.php?stereotype253043425.html HTTP/1.0" 200 24194 "-" "Mozilla/5.0 AppleWebKit/537.36 (KHTML, like Gecko; compatible; GPTBot/1.2; +https://openai.com/gptbot)"
20.171.207.125 - - [21/Oct/2025:06:43:38 +0000] "GET /pages.php?item/u294/46003/ HTTP/1.0" 200 24207 "-" "Mozilla/5.0 AppleWebKit/537.36 (KHTML, like Gecko; compatible; GPTBot/1.2; +https://openai.com/gptbot)"
20.171.207.125 - - [21/Oct/2025:06:43:39 +0000] "GET /pages.php?syndrome253043425.html HTTP/1.0" 200 24249 "-" "Mozilla/5.0 AppleWebKit/537.36 (KHTML, like Gecko; compatible; GPTBot/1.2; +https://openai.com/gptbot)"
144.76.73.122 - - [21/Oct/2025:06:43:41 +0000] "GET /termas-romanas/?path=%2Fvar%2Fwww%2Fvhosts%2Fenlugo.es%2F.composer HTTP/1.0" 200 2195 "-" "serpstatbot/2.1 (advanced backlink tracking bot; https://serpstatbot.com/; abuse@serpstatbot.com)"
20.171.207.125 - - [21/Oct/2025:06:43:40 +0000] "GET /pages.php?item/u25/20684/ HTTP/1.0" 200 24587 "-" "Mozilla/5.0 AppleWebKit/537.36 (KHTML, like Gecko; compatible; GPTBot/1.2; +https://openai.com/gptbot)"
20.171.207.125 - - [21/Oct/2025:06:43:42 +0000] "GET /pages.php?elsewhere253043425.html HTTP/1.0" 200 24387 "-" "Mozilla/5.0 AppleWebKit/537.36 (KHTML, like Gecko; compatible; GPTBot/1.2; +https://openai.com/gptbot)"
20.171.207.125 - - [21/Oct/2025:06:43:43 +0000] "GET /pages.php?item/u166/40923/ HTTP/1.0" 200 23995 "-" "Mozilla/5.0 AppleWebKit/537.36 (KHTML, like Gecko; compatible; GPTBot/1.2; +https://openai.com/gptbot)"
54.80.185.200 - - [21/Oct/2025:06:43:44 +0000] "GET /?path=/var/www/vhosts/enlugo.es/httpdocs/wp-content/cache/page_enhanced/enlugo.es///standard004048036 HTTP/1.0" 200 2195 "-" "Mozilla/5.0 AppleWebKit/537.36 (KHTML, like Gecko; compatible; Amazonbot/0.1; +https://developer.amazon.com/support/amazonbot) Chrome/119.0.6045.214 Safari/537.36"
20.171.207.125 - - [21/Oct/2025:06:43:44 +0000] "GET /pages.php?channel=176e68&from=https://enlugo.es/collect.php?coast253043425.html&w=2939126678198 HTTP/1.0" 200 24268 "-" "Mozilla/5.0 AppleWebKit/537.36 (KHTML, like Gecko; compatible; GPTBot/1.2; +https://openai.com/gptbot)"
20.171.207.125 - - [21/Oct/2025:06:43:45 +0000] "GET /pages.php?transformation164031968.html HTTP/1.0" 200 23765 "-" "Mozilla/5.0 AppleWebKit/537.36 (KHTML, like Gecko; compatible; GPTBot/1.2; +https://openai.com/gptbot)"
20.171.207.125 - - [21/Oct/2025:06:43:46 +0000] "GET /pages.php?robot253043425.html HTTP/1.0" 200 24287 "-" "Mozilla/5.0 AppleWebKit/537.36 (KHTML, like Gecko; compatible; GPTBot/1.2; +https://openai.com/gptbot)"
52.204.37.237 - - [21/Oct/2025:06:43:48 +0000] "GET /?path=/var/www/vhosts/enlugo.es/httpdocs/wp-content/cache/page_enhanced/enlugo.es///occupation076024090 HTTP/1.0" 200 2195 "-" "Mozilla/5.0 AppleWebKit/537.36 (KHTML, like Gecko; compatible; Amazonbot/0.1; +https://developer.amazon.com/support/amazonbot) Chrome/119.0.6045.214 Safari/537.36"
20.171.207.125 - - [21/Oct/2025:06:43:48 +0000] "GET /pages.php?complete164031968.html HTTP/1.0" 200 23846 "-" "Mozilla/5.0 AppleWebKit/537.36 (KHTML, like Gecko; compatible; GPTBot/1.2; +https://openai.com/gptbot)"
20.171.207.125 - - [21/Oct/2025:06:43:49 +0000] "GET /pages.php?drawer253043425.html HTTP/1.0" 200 24278 "-" "Mozilla/5.0 AppleWebKit/537.36 (KHTML, like Gecko; compatible; GPTBot/1.2; +https://openai.com/gptbot)"
20.171.207.125 - - [21/Oct/2025:06:43:50 +0000] "GET /pages.php?cooperation164031968.html HTTP/1.0" 200 23815 "-" "Mozilla/5.0 AppleWebKit/537.36 (KHTML, like Gecko; compatible; GPTBot/1.2; +https://openai.com/gptbot)"
20.171.207.125 - - [21/Oct/2025:06:43:51 +0000] "GET /pages.php?parent253043425.html HTTP/1.0" 200 24287 "-" "Mozilla/5.0 AppleWebKit/537.36 (KHTML, like Gecko; compatible; GPTBot/1.2; +https://openai.com/gptbot)"
20.171.207.125 - - [21/Oct/2025:06:43:52 +0000] "GET /pages.php?scandal164031968.html HTTP/1.0" 200 23884 "-" "Mozilla/5.0 AppleWebKit/537.36 (KHTML, like Gecko; compatible; GPTBot/1.2; +https://openai.com/gptbot)"
44.195.50.71 - - [21/Oct/2025:06:43:54 +0000] "GET /?path=/var/www/vhosts/enlugo.es/httpdocs/wp-content/cache/page_enhanced/enlugo.es///makeup067027011 HTTP/1.0" 200 2195 "-" "Mozilla/5.0 AppleWebKit/537.36 (KHTML, like Gecko; compatible; Amazonbot/0.1; +https://developer.amazon.com/support/amazonbot) Chrome/119.0.6045.214 Safari/537.36"
20.171.207.125 - - [21/Oct/2025:06:43:54 +0000] "GET /pages.php?notion253043425.html HTTP/1.0" 200 24217 "-" "Mozilla/5.0 AppleWebKit/537.36 (KHTML, like Gecko; compatible; GPTBot/1.2; +https://openai.com/gptbot)"
20.171.207.125 - - [21/Oct/2025:06:43:55 +0000] "GET /pages.php?technological164031968.html HTTP/1.0" 200 23817 "-" "Mozilla/5.0 AppleWebKit/537.36 (KHTML, like Gecko; compatible; GPTBot/1.2; +https://openai.com/gptbot)"
20.171.207.125 - - [21/Oct/2025:06:43:56 +0000] "GET /pages.php?insurance253043425.html HTTP/1.0" 200 24313 "-" "Mozilla/5.0 AppleWebKit/537.36 (KHTML, like Gecko; compatible; GPTBot/1.2; +https://openai.com/gptbot)"
20.171.207.125 - - [21/Oct/2025:06:43:57 +0000] "GET /pages.php?adapt164031968.html HTTP/1.0" 200 23857 "-" "Mozilla/5.0 AppleWebKit/537.36 (KHTML, like Gecko; compatible; GPTBot/1.2; +https://openai.com/gptbot)"
52.45.92.83 - - [21/Oct/2025:06:43:58 +0000] "GET /?fileloc=/var/www/vhosts/enlugo.es/httpdocs/wp-content/plugins/landing-pages/assets/js/wordpress/index.php&path=/var/www/vhosts/enlugo.es/httpdocs/wp-content/plugins/landing-pages/assets/js/wordpress HTTP/1.0" 200 2195 "-" "Mozilla/5.0 AppleWebKit/537.36 (KHTML, like Gecko; compatible; Amazonbot/0.1; +https://developer.amazon.com/support/amazonbot) Chrome/119.0.6045.214 Safari/537.36"
20.171.207.125 - - [21/Oct/2025:06:43:58 +0000] "GET /pages.php?talk253043425.html HTTP/1.0" 200 24240 "-" "Mozilla/5.0 AppleWebKit/537.36 (KHTML, like Gecko; compatible; GPTBot/1.2; +https://openai.com/gptbot)"
20.171.207.125 - - [21/Oct/2025:06:44:00 +0000] "GET /pages.php?gently164031968.html HTTP/1.0" 200 23753 "-" "Mozilla/5.0 AppleWebKit/537.36 (KHTML, like Gecko; compatible; GPTBot/1.2; +https://openai.com/gptbot)"
18.206.47.187 - - [21/Oct/2025:06:44:01 +0000] "GET /?path=/var/www/vhosts/enlugo.es/httpdocs/wp-content/cache/page_enhanced/enlugo.es///try025047447 HTTP/1.0" 200 2195 "-" "Mozilla/5.0 AppleWebKit/537.36 (KHTML, like Gecko; compatible; Amazonbot/0.1; +https://developer.amazon.com/support/amazonbot) Chrome/119.0.6045.214 Safari/537.36"
20.171.207.125 - - [21/Oct/2025:06:44:01 +0000] "GET /pages.php?guess253043425.html HTTP/1.0" 200 24287 "-" "Mozilla/5.0 AppleWebKit/537.36 (KHTML, like Gecko; compatible; GPTBot/1.2; +https://openai.com/gptbot)"
20.171.207.125 - - [21/Oct/2025:06:44:02 +0000] "GET /pages.php?quick164031968.html HTTP/1.0" 200 23819 "-" "Mozilla/5.0 AppleWebKit/537.36 (KHTML, like Gecko; compatible; GPTBot/1.2; +https://openai.com/gptbot)"
23.21.228.180 - - [21/Oct/2025:06:44:04 +0000] "GET /?path=/var/www/vhosts/enlugo.es/httpdocs/wp-content/cache/page_enhanced/enlugo.es///norm084010808 HTTP/1.0" 200 2195 "-" "Mozilla/5.0 AppleWebKit/537.36 (KHTML, like Gecko; compatible; Amazonbot/0.1; +https://developer.amazon.com/support/amazonbot) Chrome/119.0.6045.214 Safari/537.36"
20.171.207.125 - - [21/Oct/2025:06:44:03 +0000] "GET /pages.php?involved253043425.html HTTP/1.0" 200 24397 "-" "Mozilla/5.0 AppleWebKit/537.36 (KHTML, like Gecko; compatible; GPTBot/1.2; +https://openai.com/gptbot)"
20.171.207.125 - - [21/Oct/2025:06:44:05 +0000] "GET /pages.php?mill164031968.html HTTP/1.0" 200 23793 "-" "Mozilla/5.0 AppleWebKit/537.36 (KHTML, like Gecko; compatible; GPTBot/1.2; +https://openai.com/gptbot)"
20.171.207.125 - - [21/Oct/2025:06:44:06 +0000] "GET /pages.php?item/u246/23077/ HTTP/1.0" 200 24137 "-" "Mozilla/5.0 AppleWebKit/537.36 (KHTML, like Gecko; compatible; GPTBot/1.2; +https://openai.com/gptbot)"
20.171.207.125 - - [21/Oct/2025:06:44:07 +0000] "GET /pages.php?channel=176e68&from=https://enlugo.es/collect.php?coach253043425.html&w=2939126678198 HTTP/1.0" 200 24288 "-" "Mozilla/5.0 AppleWebKit/537.36 (KHTML, like Gecko; compatible; GPTBot/1.2; +https://openai.com/gptbot)"
20.171.207.125 - - [21/Oct/2025:06:44:08 +0000] "GET /pages.php?recovery164031968.html HTTP/1.0" 200 23892 "-" "Mozilla/5.0 AppleWebKit/537.36 (KHTML, like Gecko; compatible; GPTBot/1.2; +https://openai.com/gptbot)"
20.171.207.125 - - [21/Oct/2025:06:44:10 +0000] "GET /pages.php?item/u192/27889/ HTTP/1.0" 200 24838 "-" "Mozilla/5.0 AppleWebKit/537.36 (KHTML, like Gecko; compatible; GPTBot/1.2; +https://openai.com/gptbot)"
20.171.207.125 - - [21/Oct/2025:06:44:11 +0000] "GET /pages.php?media253043425.html HTTP/1.0" 200 24300 "-" "Mozilla/5.0 AppleWebKit/537.36 (KHTML, like Gecko; compatible; GPTBot/1.2; +https://openai.com/gptbot)"
3.94.156.104 - - [21/Oct/2025:06:44:13 +0000] "GET /?path=/var/www/vhosts/enlugo.es/httpdocs/wp-content/cache/page_enhanced/enlugo.es///impact259006831 HTTP/1.0" 200 2195 "-" "Mozilla/5.0 AppleWebKit/537.36 (KHTML, like Gecko; compatible; Amazonbot/0.1; +https://developer.amazon.com/support/amazonbot) Chrome/119.0.6045.214 Safari/537.36"
20.171.207.125 - - [21/Oct/2025:06:44:12 +0000] "GET /pages.php?superior164031968.html HTTP/1.0" 200 23906 "-" "Mozilla/5.0 AppleWebKit/537.36 (KHTML, like Gecko; compatible; GPTBot/1.2; +https://openai.com/gptbot)"
20.171.207.125 - - [21/Oct/2025:06:44:14 +0000] "GET /pages.php?separation253043425.html HTTP/1.0" 200 24292 "-" "Mozilla/5.0 AppleWebKit/537.36 (KHTML, like Gecko; compatible; GPTBot/1.2; +https://openai.com/gptbot)"
20.171.207.125 - - [21/Oct/2025:06:44:15 +0000] "GET /pages.php?incredible164031968.html HTTP/1.0" 200 23792 "-" "Mozilla/5.0 AppleWebKit/537.36 (KHTML, like Gecko; compatible; GPTBot/1.2; +https://openai.com/gptbot)"
20.171.207.125 - - [21/Oct/2025:06:44:16 +0000] "GET /pages.php?presidential253043425.html HTTP/1.0" 200 24310 "-" "Mozilla/5.0 AppleWebKit/537.36 (KHTML, like Gecko; compatible; GPTBot/1.2; +https://openai.com/gptbot)"
113.173.66.139 - - [21/Oct/2025:06:44:17 +0000] "GET /effective-impotence-medication-for-improved-sexual-health/?fileloc=%2Fvar%2Fwww%2Fvhosts%2Fenlugo.es%2Fhttpdocs%2Fcache%2Fwp-comment.php&path=%2Fvar%2Fwww%2Fvhosts%2Fenlugo.es%2Fhttpdocs%2Fcache HTTP/1.0" 200 2195 "-" "Mozilla/5.0 (Macintosh; Intel Mac OS X 10_14_6) AppleWebKit/537.36 (KHTML, like Gecko) Chrome/100.0.4896.75 Safari/537.36"
3.208.146.193 - - [21/Oct/2025:06:44:17 +0000] "GET /?path=/var/www/vhosts/enlugo.es/httpdocs/wp-content/cache/page_enhanced/enlugo.es///king091022771 HTTP/1.0" 200 2195 "-" "Mozilla/5.0 AppleWebKit/537.36 (KHTML, like Gecko; compatible; Amazonbot/0.1; +https://developer.amazon.com/support/amazonbot) Chrome/119.0.6045.214 Safari/537.36"
20.171.207.125 - - [21/Oct/2025:06:44:17 +0000] "GET /pages.php?belly164031968.html HTTP/1.0" 200 23820 "-" "Mozilla/5.0 AppleWebKit/537.36 (KHTML, like Gecko; compatible; GPTBot/1.2; +https://openai.com/gptbot)"
20.171.207.125 - - [21/Oct/2025:06:44:18 +0000] "GET /pages.php?brake253043425.html HTTP/1.0" 200 24229 "-" "Mozilla/5.0 AppleWebKit/537.36 (KHTML, like Gecko; compatible; GPTBot/1.2; +https://openai.com/gptbot)"
113.165.50.141 - - [21/Oct/2025:06:44:20 +0000] "GET /effective-impotence-medication-for-improved-sexual-health/?fileloc=%2Fvar%2Fwww%2Fvhosts%2Fenlugo.es%2Fhttpdocs%2Fwp-includes%2Fclass-wp-network.php&path=%2Fvar%2Fwww%2Fvhosts%2Fenlugo.es%2Fhttpdocs%2Fwp-includes HTTP/1.0" 200 2195 "-" "Mozilla/5.0 (Macintosh; Intel Mac OS X 10_15_5) AppleWebKit/537.36 (KHTML, like Gecko) Chrome/90.0.4430.93 Safari/537.36"
20.171.207.125 - - [21/Oct/2025:06:44:20 +0000] "GET /pages.php?structure164031968.html HTTP/1.0" 200 23849 "-" "Mozilla/5.0 AppleWebKit/537.36 (KHTML, like Gecko; compatible; GPTBot/1.2; +https://openai.com/gptbot)"
20.171.207.125 - - [21/Oct/2025:06:44:21 +0000] "GET /pages.php?brick253043425.html HTTP/1.0" 200 24188 "-" "Mozilla/5.0 AppleWebKit/537.36 (KHTML, like Gecko; compatible; GPTBot/1.2; +https://openai.com/gptbot)"
20.171.207.125 - - [21/Oct/2025:06:44:22 +0000] "GET /pages.php?notice164031968.html HTTP/1.0" 200 23821 "-" "Mozilla/5.0 AppleWebKit/537.36 (KHTML, like Gecko; compatible; GPTBot/1.2; +https://openai.com/gptbot)"
20.171.207.125 - - [21/Oct/2025:06:44:23 +0000] "GET /pages.php?airport253043425.html HTTP/1.0" 200 24283 "-" "Mozilla/5.0 AppleWebKit/537.36 (KHTML, like Gecko; compatible; GPTBot/1.2; +https://openai.com/gptbot)"
20.171.207.125 - - [21/Oct/2025:06:44:25 +0000] "GET /pages.php?stage164031968.html HTTP/1.0" 200 23785 "-" "Mozilla/5.0 AppleWebKit/537.36 (KHTML, like Gecko; compatible; GPTBot/1.2; +https://openai.com/gptbot)"
100.28.57.133 - - [21/Oct/2025:06:44:26 +0000] "GET /?path=/var/www/vhosts/enlugo.es/httpdocs/wp-content/cache/page_enhanced/enlugo.es///trainer119027029 HTTP/1.0" 200 2195 "-" "Mozilla/5.0 AppleWebKit/537.36 (KHTML, like Gecko; compatible; Amazonbot/0.1; +https://developer.amazon.com/support/amazonbot) Chrome/119.0.6045.214 Safari/537.36"
20.171.207.125 - - [21/Oct/2025:06:44:26 +0000] "GET /pages.php?channel=176e68&from=https://enlugo.es/collect.php?candy253043425.html&w=2939126678198 HTTP/1.0" 200 24311 "-" "Mozilla/5.0 AppleWebKit/537.36 (KHTML, like Gecko; compatible; GPTBot/1.2; +https://openai.com/gptbot)"
20.171.207.125 - - [21/Oct/2025:06:44:27 +0000] "GET /pages.php?mortgage164031968.html HTTP/1.0" 200 23880 "-" "Mozilla/5.0 AppleWebKit/537.36 (KHTML, like Gecko; compatible; GPTBot/1.2; +https://openai.com/gptbot)"
23.21.119.232 - - [21/Oct/2025:06:44:28 +0000] "GET /?path=/var/www/vhosts/enlugo.es/httpdocs/wp-content/cache/page_enhanced/enlugo.es///site079009133 HTTP/1.0" 200 2195 "-" "Mozilla/5.0 AppleWebKit/537.36 (KHTML, like Gecko; compatible; Amazonbot/0.1; +https://developer.amazon.com/support/amazonbot) Chrome/119.0.6045.214 Safari/537.36"
20.171.207.125 - - [21/Oct/2025:06:44:28 +0000] "GET /pages.php?expect253043425.html HTTP/1.0" 200 24289 "-" "Mozilla/5.0 AppleWebKit/537.36 (KHTML, like Gecko; compatible; GPTBot/1.2; +https://openai.com/gptbot)"
20.171.207.125 - - [21/Oct/2025:06:44:29 +0000] "GET /pages.php?screen164031968.html HTTP/1.0" 200 23753 "-" "Mozilla/5.0 AppleWebKit/537.36 (KHTML, like Gecko; compatible; GPTBot/1.2; +https://openai.com/gptbot)"
20.171.207.125 - - [21/Oct/2025:06:44:31 +0000] "GET /pages.php?item/u200/18795/ HTTP/1.0" 200 24247 "-" "Mozilla/5.0 AppleWebKit/537.36 (KHTML, like Gecko; compatible; GPTBot/1.2; +https://openai.com/gptbot)"
18.232.36.1 - - [21/Oct/2025:06:44:32 +0000] "GET /?path=/var/www/vhosts/enlugo.es/httpdocs/wp-content/cache/page_enhanced/enlugo.es///changing002019550 HTTP/1.0" 200 2195 "-" "Mozilla/5.0 AppleWebKit/537.36 (KHTML, like Gecko; compatible; Amazonbot/0.1; +https://developer.amazon.com/support/amazonbot) Chrome/119.0.6045.214 Safari/537.36"
20.171.207.125 - - [21/Oct/2025:06:44:32 +0000] "GET /pages.php?busy164031968.html HTTP/1.0" 200 23763 "-" "Mozilla/5.0 AppleWebKit/537.36 (KHTML, like Gecko; compatible; GPTBot/1.2; +https://openai.com/gptbot)"
20.171.207.125 - - [21/Oct/2025:06:44:33 +0000] "GET /pages.php?item/u193/13802/ HTTP/1.0" 200 24301 "-" "Mozilla/5.0 AppleWebKit/537.36 (KHTML, like Gecko; compatible; GPTBot/1.2; +https://openai.com/gptbot)"
20.171.207.125 - - [21/Oct/2025:06:44:34 +0000] "GET /pages.php?drug164031968.html HTTP/1.0" 200 23840 "-" "Mozilla/5.0 AppleWebKit/537.36 (KHTML, like Gecko; compatible; GPTBot/1.2; +https://openai.com/gptbot)"
20.171.207.125 - - [21/Oct/2025:06:44:36 +0000] "GET /pages.php?violate285024099.html HTTP/1.0" 200 24343 "-" "Mozilla/5.0 AppleWebKit/537.36 (KHTML, like Gecko; compatible; GPTBot/1.2; +https://openai.com/gptbot)"
3.216.227.216 - - [21/Oct/2025:06:44:37 +0000] "GET /?path=/var/www/vhosts/enlugo.es/httpdocs/wp-content/cache/page_enhanced/enlugo.es///track254036916 HTTP/1.0" 200 2195 "-" "Mozilla/5.0 AppleWebKit/537.36 (KHTML, like Gecko; compatible; Amazonbot/0.1; +https://developer.amazon.com/support/amazonbot) Chrome/119.0.6045.214 Safari/537.36"
20.171.207.125 - - [21/Oct/2025:06:44:37 +0000] "GET /pages.php?may164031968.html HTTP/1.0" 200 23838 "-" "Mozilla/5.0 AppleWebKit/537.36 (KHTML, like Gecko; compatible; GPTBot/1.2; +https://openai.com/gptbot)"
20.171.207.125 - - [21/Oct/2025:06:44:38 +0000] "GET /pages.php?clothes285024099.html HTTP/1.0" 200 24350 "-" "Mozilla/5.0 AppleWebKit/537.36 (KHTML, like Gecko; compatible; GPTBot/1.2; +https://openai.com/gptbot)"
20.171.207.125 - - [21/Oct/2025:06:44:39 +0000] "GET /pages.php?chill164031968.html HTTP/1.0" 200 23957 "-" "Mozilla/5.0 AppleWebKit/537.36 (KHTML, like Gecko; compatible; GPTBot/1.2; +https://openai.com/gptbot)"
54.159.98.248 - - [21/Oct/2025:06:44:40 +0000] "GET /?path=/var/www/vhosts/enlugo.es/httpdocs/wp-content/cache/page_enhanced/enlugo.es///flower018039170 HTTP/1.0" 200 2195 "-" "Mozilla/5.0 AppleWebKit/537.36 (KHTML, like Gecko; compatible; Amazonbot/0.1; +https://developer.amazon.com/support/amazonbot) Chrome/119.0.6045.214 Safari/537.36"
20.171.207.125 - - [21/Oct/2025:06:44:40 +0000] "GET /pages.php?ankle285024099.html HTTP/1.0" 200 24352 "-" "Mozilla/5.0 AppleWebKit/537.36 (KHTML, like Gecko; compatible; GPTBot/1.2; +https://openai.com/gptbot)"
20.171.207.125 - - [21/Oct/2025:06:44:41 +0000] "GET /pages.php?channel=176e68&from=https://enlugo.es/collect.php?forty164031968.html&w=2939126678198 HTTP/1.0" 200 23786 "-" "Mozilla/5.0 AppleWebKit/537.36 (KHTML, like Gecko; compatible; GPTBot/1.2; +https://openai.com/gptbot)"
20.171.207.125 - - [21/Oct/2025:06:44:43 +0000] "GET /pages.php?closed285024099.html HTTP/1.0" 200 24389 "-" "Mozilla/5.0 AppleWebKit/537.36 (KHTML, like Gecko; compatible; GPTBot/1.2; +https://openai.com/gptbot)"
20.171.207.125 - - [21/Oct/2025:06:44:44 +0000] "GET /pages.php?fiction164031968.html HTTP/1.0" 200 23800 "-" "Mozilla/5.0 AppleWebKit/537.36 (KHTML, like Gecko; compatible; GPTBot/1.2; +https://openai.com/gptbot)"
20.171.207.125 - - [21/Oct/2025:06:44:45 +0000] "GET /pages.php?channel=176e68&from=https://enlugo.es/collect.php?rebuild285024099.html&w=2939126678198 HTTP/1.0" 200 24414 "-" "Mozilla/5.0 AppleWebKit/537.36 (KHTML, like Gecko; compatible; GPTBot/1.2; +https://openai.com/gptbot)"
52.5.232.250 - - [21/Oct/2025:06:44:46 +0000] "GET /?path=/var/www/vhosts/enlugo.es/httpdocs/wp-content/cache/page_enhanced/enlugo.es///training283018501 HTTP/1.0" 200 2195 "-" "Mozilla/5.0 AppleWebKit/537.36 (KHTML, like Gecko; compatible; Amazonbot/0.1; +https://developer.amazon.com/support/amazonbot) Chrome/119.0.6045.214 Safari/537.36"
20.171.207.125 - - [21/Oct/2025:06:44:46 +0000] "GET /pages.php?brake164031968.html HTTP/1.0" 200 23841 "-" "Mozilla/5.0 AppleWebKit/537.36 (KHTML, like Gecko; compatible; GPTBot/1.2; +https://openai.com/gptbot)"
20.171.207.125 - - [21/Oct/2025:06:44:47 +0000] "GET /pages.php?period285024099.html HTTP/1.0" 200 24345 "-" "Mozilla/5.0 AppleWebKit/537.36 (KHTML, like Gecko; compatible; GPTBot/1.2; +https://openai.com/gptbot)"
3.216.86.144 - - [21/Oct/2025:06:44:48 +0000] "GET /?path=/var/www/vhosts/enlugo.es/httpdocs/wp-content/cache/page_enhanced/enlugo.es///cream074043734 HTTP/1.0" 200 2195 "-" "Mozilla/5.0 AppleWebKit/537.36 (KHTML, like Gecko; compatible; Amazonbot/0.1; +https://developer.amazon.com/support/amazonbot) Chrome/119.0.6045.214 Safari/537.36"
20.171.207.125 - - [21/Oct/2025:06:44:48 +0000] "GET /pages.php?knowledge164031968.html HTTP/1.0" 200 23882 "-" "Mozilla/5.0 AppleWebKit/537.36 (KHTML, like Gecko; compatible; GPTBot/1.2; +https://openai.com/gptbot)"
20.171.207.125 - - [21/Oct/2025:06:44:50 +0000] "GET /pages.php?valley285024099.html HTTP/1.0" 200 24371 "-" "Mozilla/5.0 AppleWebKit/537.36 (KHTML, like Gecko; compatible; GPTBot/1.2; +https://openai.com/gptbot)"
20.171.207.125 - - [21/Oct/2025:06:44:51 +0000] "GET /pages.php?channel=176e68&from=https://enlugo.es/collect.php?criminal164031968.html&w=2939126678198 HTTP/1.0" 200 23920 "-" "Mozilla/5.0 AppleWebKit/537.36 (KHTML, like Gecko; compatible; GPTBot/1.2; +https://openai.com/gptbot)"
52.5.242.243 - - [21/Oct/2025:06:44:52 +0000] "GET /?path=/var/www/vhosts/enlugo.es/httpdocs/wp-content/cache/page_enhanced/enlugo.es///magnetic289008255 HTTP/1.0" 200 2195 "-" "Mozilla/5.0 AppleWebKit/537.36 (KHTML, like Gecko; compatible; Amazonbot/0.1; +https://developer.amazon.com/support/amazonbot) Chrome/119.0.6045.214 Safari/537.36"
20.171.207.125 - - [21/Oct/2025:06:44:52 +0000] "GET /pages.php?perceived285024099.html HTTP/1.0" 200 24345 "-" "Mozilla/5.0 AppleWebKit/537.36 (KHTML, like Gecko; compatible; GPTBot/1.2; +https://openai.com/gptbot)"
20.171.207.125 - - [21/Oct/2025:06:44:53 +0000] "GET /pages.php?channel=176e68&from=https://enlugo.es/collect.php?big164031968.html&w=2939126678198 HTTP/1.0" 200 23912 "-" "Mozilla/5.0 AppleWebKit/537.36 (KHTML, like Gecko; compatible; GPTBot/1.2; +https://openai.com/gptbot)"
20.171.207.125 - - [21/Oct/2025:06:44:54 +0000] "GET /pages.php?grade285024099.html HTTP/1.0" 200 24422 "-" "Mozilla/5.0 AppleWebKit/537.36 (KHTML, like Gecko; compatible; GPTBot/1.2; +https://openai.com/gptbot)"
3.225.9.97 - - [21/Oct/2025:06:44:56 +0000] "GET /?path=/var/www/vhosts/enlugo.es/httpdocs/wp-content/cache/page_enhanced/enlugo.es///ethnic092037292 HTTP/1.0" 200 2195 "-" "Mozilla/5.0 AppleWebKit/537.36 (KHTML, like Gecko; compatible; Amazonbot/0.1; +https://developer.amazon.com/support/amazonbot) Chrome/119.0.6045.214 Safari/537.36"
20.171.207.125 - - [21/Oct/2025:06:44:56 +0000] "GET /pages.php?everywhere164031968.html HTTP/1.0" 200 23793 "-" "Mozilla/5.0 AppleWebKit/537.36 (KHTML, like Gecko; compatible; GPTBot/1.2; +https://openai.com/gptbot)"
20.171.207.125 - - [21/Oct/2025:06:44:57 +0000] "GET /pages.php?sentiment285024099.html HTTP/1.0" 200 24363 "-" "Mozilla/5.0 AppleWebKit/537.36 (KHTML, like Gecko; compatible; GPTBot/1.2; +https://openai.com/gptbot)"
20.171.207.125 - - [21/Oct/2025:06:44:58 +0000] "GET /pages.php?column164031968.html HTTP/1.0" 200 23834 "-" "Mozilla/5.0 AppleWebKit/537.36 (KHTML, like Gecko; compatible; GPTBot/1.2; +https://openai.com/gptbot)"
34.194.233.48 - - [21/Oct/2025:06:45:00 +0000] "GET /?path=/var/www/vhosts/enlugo.es/httpdocs/wp-content/cache/page_enhanced/enlugo.es///toss088047764 HTTP/1.0" 200 2195 "-" "Mozilla/5.0 AppleWebKit/537.36 (KHTML, like Gecko; compatible; Amazonbot/0.1; +https://developer.amazon.com/support/amazonbot) Chrome/119.0.6045.214 Safari/537.36"
20.171.207.125 - - [21/Oct/2025:06:44:59 +0000] "GET /pages.php?confident285024099.html HTTP/1.0" 200 24399 "-" "Mozilla/5.0 AppleWebKit/537.36 (KHTML, like Gecko; compatible; GPTBot/1.2; +https://openai.com/gptbot)"
20.171.207.125 - - [21/Oct/2025:06:45:01 +0000] "GET /pages.php?spark164031968.html HTTP/1.0" 200 23824 "-" "Mozilla/5.0 AppleWebKit/537.36 (KHTML, like Gecko; compatible; GPTBot/1.2; +https://openai.com/gptbot)"
20.171.207.125 - - [21/Oct/2025:06:45:02 +0000] "GET /pages.php?officer285024099.html HTTP/1.0" 200 24306 "-" "Mozilla/5.0 AppleWebKit/537.36 (KHTML, like Gecko; compatible; GPTBot/1.2; +https://openai.com/gptbot)"
20.171.207.125 - - [21/Oct/2025:06:45:03 +0000] "GET /pages.php?propose164031968.html HTTP/1.0" 200 23797 "-" "Mozilla/5.0 AppleWebKit/537.36 (KHTML, like Gecko; compatible; GPTBot/1.2; +https://openai.com/gptbot)"
34.196.237.236 - - [21/Oct/2025:06:45:04 +0000] "GET /?path=/var/www/vhosts/enlugo.es/httpdocs/wp-content/cache/page_enhanced/enlugo.es//category/267_310 HTTP/1.0" 200 2195 "-" "Mozilla/5.0 AppleWebKit/537.36 (KHTML, like Gecko; compatible; Amazonbot/0.1; +https://developer.amazon.com/support/amazonbot) Chrome/119.0.6045.214 Safari/537.36"
20.171.207.125 - - [21/Oct/2025:06:45:04 +0000] "GET /pages.php?fur285024099.html HTTP/1.0" 200 24311 "-" "Mozilla/5.0 AppleWebKit/537.36 (KHTML, like Gecko; compatible; GPTBot/1.2; +https://openai.com/gptbot)"
20.171.207.125 - - [21/Oct/2025:06:45:06 +0000] "GET /pages.php?e-mail164031968.html HTTP/1.0" 200 23906 "-" "Mozilla/5.0 AppleWebKit/537.36 (KHTML, like Gecko; compatible; GPTBot/1.2; +https://openai.com/gptbot)"
20.171.207.125 - - [21/Oct/2025:06:45:07 +0000] "GET /pages.php?sexually285024099.html HTTP/1.0" 200 24390 "-" "Mozilla/5.0 AppleWebKit/537.36 (KHTML, like Gecko; compatible; GPTBot/1.2; +https://openai.com/gptbot)"
34.239.197.197 - - [21/Oct/2025:06:45:08 +0000] "GET /?path=/var/www/vhosts/enlugo.es/httpdocs/wp-content/cache/page_enhanced/enlugo.es///vendor056000720 HTTP/1.0" 200 2195 "-" "Mozilla/5.0 AppleWebKit/537.36 (KHTML, like Gecko; compatible; Amazonbot/0.1; +https://developer.amazon.com/support/amazonbot) Chrome/119.0.6045.214 Safari/537.36"
20.171.207.125 - - [21/Oct/2025:06:45:08 +0000] "GET /pages.php?tired164031968.html HTTP/1.0" 200 23830 "-" "Mozilla/5.0 AppleWebKit/537.36 (KHTML, like Gecko; compatible; GPTBot/1.2; +https://openai.com/gptbot)"
20.171.207.125 - - [21/Oct/2025:06:45:09 +0000] "GET /pages.php?endless285024099.html HTTP/1.0" 200 24400 "-" "Mozilla/5.0 AppleWebKit/537.36 (KHTML, like Gecko; compatible; GPTBot/1.2; +https://openai.com/gptbot)"
20.171.207.125 - - [21/Oct/2025:06:45:11 +0000] "GET /pages.php?seek164031968.html HTTP/1.0" 200 23861 "-" "Mozilla/5.0 AppleWebKit/537.36 (KHTML, like Gecko; compatible; GPTBot/1.2; +https://openai.com/gptbot)"
20.171.207.125 - - [21/Oct/2025:06:45:12 +0000] "GET /pages.php?have285024099.html HTTP/1.0" 200 24300 "-" "Mozilla/5.0 AppleWebKit/537.36 (KHTML, like Gecko; compatible; GPTBot/1.2; +https://openai.com/gptbot)"
3.209.174.110 - - [21/Oct/2025:06:45:13 +0000] "GET /?path=/var/www/vhosts/enlugo.es/httpdocs/wp-content/cache/page_enhanced/enlugo.es///next031024833 HTTP/1.0" 200 2195 "-" "Mozilla/5.0 AppleWebKit/537.36 (KHTML, like Gecko; compatible; Amazonbot/0.1; +https://developer.amazon.com/support/amazonbot) Chrome/119.0.6045.214 Safari/537.36"
20.171.207.125 - - [21/Oct/2025:06:45:13 +0000] "GET /pages.php?conclusion164031968.html HTTP/1.0" 200 23838 "-" "Mozilla/5.0 AppleWebKit/537.36 (KHTML, like Gecko; compatible; GPTBot/1.2; +https://openai.com/gptbot)"
20.171.207.125 - - [21/Oct/2025:06:45:14 +0000] "GET /pages.php?session285024099.html HTTP/1.0" 200 24354 "-" "Mozilla/5.0 AppleWebKit/537.36 (KHTML, like Gecko; compatible; GPTBot/1.2; +https://openai.com/gptbot)"
34.194.165.45 - - [21/Oct/2025:06:45:16 +0000] "GET /?path=/var/www/vhosts/enlugo.es/httpdocs/wp-content/cache/page_enhanced/enlugo.es///sharply029032879 HTTP/1.0" 200 2195 "-" "Mozilla/5.0 AppleWebKit/537.36 (KHTML, like Gecko; compatible; Amazonbot/0.1; +https://developer.amazon.com/support/amazonbot) Chrome/119.0.6045.214 Safari/537.36"
20.171.207.125 - - [21/Oct/2025:06:45:16 +0000] "GET /pages.php?resign164031968.html HTTP/1.0" 200 23883 "-" "Mozilla/5.0 AppleWebKit/537.36 (KHTML, like Gecko; compatible; GPTBot/1.2; +https://openai.com/gptbot)"
20.171.207.125 - - [21/Oct/2025:06:45:17 +0000] "GET /pages.php?library285024099.html HTTP/1.0" 200 24401 "-" "Mozilla/5.0 AppleWebKit/537.36 (KHTML, like Gecko; compatible; GPTBot/1.2; +https://openai.com/gptbot)"
20.171.207.125 - - [21/Oct/2025:06:45:18 +0000] "GET /pages.php?twice164031968.html HTTP/1.0" 200 23841 "-" "Mozilla/5.0 AppleWebKit/537.36 (KHTML, like Gecko; compatible; GPTBot/1.2; +https://openai.com/gptbot)"
20.171.207.125 - - [21/Oct/2025:06:45:19 +0000] "GET /pages.php?regulation285024099.html HTTP/1.0" 200 24447 "-" "Mozilla/5.0 AppleWebKit/537.36 (KHTML, like Gecko; compatible; GPTBot/1.2; +https://openai.com/gptbot)"
35.174.141.243 - - [21/Oct/2025:06:45:20 +0000] "GET /?path=/var/www/vhosts/enlugo.es/httpdocs/wp-content/cache/page_enhanced/enlugo.es///usual110019592 HTTP/1.0" 200 2195 "-" "Mozilla/5.0 AppleWebKit/537.36 (KHTML, like Gecko; compatible; Amazonbot/0.1; +https://developer.amazon.com/support/amazonbot) Chrome/119.0.6045.214 Safari/537.36"
20.171.207.125 - - [21/Oct/2025:06:45:20 +0000] "GET /pages.php?spring164031968.html HTTP/1.0" 200 23822 "-" "Mozilla/5.0 AppleWebKit/537.36 (KHTML, like Gecko; compatible; GPTBot/1.2; +https://openai.com/gptbot)"
20.171.207.125 - - [21/Oct/2025:06:45:21 +0000] "GET /pages.php?channel=176e68&from=https://enlugo.es/collect.php?vacuum285024099.html&w=2939126678198 HTTP/1.0" 200 24356 "-" "Mozilla/5.0 AppleWebKit/537.36 (KHTML, like Gecko; compatible; GPTBot/1.2; +https://openai.com/gptbot)"
20.171.207.125 - - [21/Oct/2025:06:45:23 +0000] "GET /pages.php?anxious164031968.html HTTP/1.0" 200 23842 "-" "Mozilla/5.0 AppleWebKit/537.36 (KHTML, like Gecko; compatible; GPTBot/1.2; +https://openai.com/gptbot)"
20.171.207.125 - - [21/Oct/2025:06:45:24 +0000] "GET /pages.php?popularity285024099.html HTTP/1.0" 200 24343 "-" "Mozilla/5.0 AppleWebKit/537.36 (KHTML, like Gecko; compatible; GPTBot/1.2; +https://openai.com/gptbot)"
98.82.59.253 - - [21/Oct/2025:06:45:25 +0000] "GET /?path=/var/www/vhosts/enlugo.es/httpdocs/wp-content/cache/page_enhanced/enlugo.es///native147031411 HTTP/1.0" 200 2195 "-" "Mozilla/5.0 AppleWebKit/537.36 (KHTML, like Gecko; compatible; Amazonbot/0.1; +https://developer.amazon.com/support/amazonbot) Chrome/119.0.6045.214 Safari/537.36"
20.171.207.125 - - [21/Oct/2025:06:45:25 +0000] "GET /pages.php?army164031968.html HTTP/1.0" 200 23821 "-" "Mozilla/5.0 AppleWebKit/537.36 (KHTML, like Gecko; compatible; GPTBot/1.2; +https://openai.com/gptbot)"
20.171.207.125 - - [21/Oct/2025:06:45:26 +0000] "GET /pages.php?initiate285024099.html HTTP/1.0" 200 24354 "-" "Mozilla/5.0 AppleWebKit/537.36 (KHTML, like Gecko; compatible; GPTBot/1.2; +https://openai.com/gptbot)"
23.22.59.87 - - [21/Oct/2025:06:45:28 +0000] "GET /?path=/var/www/vhosts/enlugo.es/httpdocs/wp-content/cache/page_enhanced/enlugo.es///acquire102033024 HTTP/1.0" 200 2195 "-" "Mozilla/5.0 AppleWebKit/537.36 (KHTML, like Gecko; compatible; Amazonbot/0.1; +https://developer.amazon.com/support/amazonbot) Chrome/119.0.6045.214 Safari/537.36"
20.171.207.125 - - [21/Oct/2025:06:45:27 +0000] "GET /pages.php?demonstration164031968.html HTTP/1.0" 200 23862 "-" "Mozilla/5.0 AppleWebKit/537.36 (KHTML, like Gecko; compatible; GPTBot/1.2; +https://openai.com/gptbot)"
20.171.207.125 - - [21/Oct/2025:06:45:29 +0000] "GET /pages.php?summer285024099.html HTTP/1.0" 200 24374 "-" "Mozilla/5.0 AppleWebKit/537.36 (KHTML, like Gecko; compatible; GPTBot/1.2; +https://openai.com/gptbot)"
20.171.207.125 - - [21/Oct/2025:06:45:30 +0000] "GET /pages.php?pepper164031968.html HTTP/1.0" 200 23850 "-" "Mozilla/5.0 AppleWebKit/537.36 (KHTML, like Gecko; compatible; GPTBot/1.2; +https://openai.com/gptbot)"
144.76.73.122 - - [21/Oct/2025:06:45:31 +0000] "GET /san-froilan/?path=%2Fvar%2Fwww%2Fvhosts%2Fenlugo.es%2Fhttpdocs%2Fwp-content%2Flanguages HTTP/1.0" 200 2195 "-" "serpstatbot/2.1 (advanced backlink tracking bot; https://serpstatbot.com/; abuse@serpstatbot.com)"
20.171.207.125 - - [21/Oct/2025:06:45:31 +0000] "GET /pages.php?beneath285024099.html HTTP/1.0" 200 24344 "-" "Mozilla/5.0 AppleWebKit/537.36 (KHTML, like Gecko; compatible; GPTBot/1.2; +https://openai.com/gptbot)"
20.171.207.125 - - [21/Oct/2025:06:45:32 +0000] "GET /pages.php?island164031968.html HTTP/1.0" 200 23864 "-" "Mozilla/5.0 AppleWebKit/537.36 (KHTML, like Gecko; compatible; GPTBot/1.2; +https://openai.com/gptbot)"
179.96.165.91 - - [21/Oct/2025:06:45:33 +0000] "GET /la-muralla-de-lugo-a-lo-largo-de-los-anos/?path=%2Fvar%2Fwww%2Fvhosts%2Fenlugo.es%2Fhttpdocs%2F_errorpages HTTP/1.0" 200 2195 "-" "Mozilla/5.0 (Macintosh; Intel Mac OS X 10_15_7) AppleWebKit/537.36 (KHTML, like Gecko) Brave Chrome/83.0.4103.116 Safari/537.36"
52.203.65.83 - - [21/Oct/2025:06:45:33 +0000] "GET /?path=/var/www/vhosts/enlugo.es/httpdocs/wp-content/cache/page_enhanced/enlugo.es///bunch151002929 HTTP/1.0" 200 2195 "-" "Mozilla/5.0 AppleWebKit/537.36 (KHTML, like Gecko; compatible; Amazonbot/0.1; +https://developer.amazon.com/support/amazonbot) Chrome/119.0.6045.214 Safari/537.36"
20.171.207.125 - - [21/Oct/2025:06:45:33 +0000] "GET /pages.php?sound285024099.html HTTP/1.0" 200 24418 "-" "Mozilla/5.0 AppleWebKit/537.36 (KHTML, like Gecko; compatible; GPTBot/1.2; +https://openai.com/gptbot)"
20.171.207.125 - - [21/Oct/2025:06:45:35 +0000] "GET /pages.php?channel=176e68&from=https://enlugo.es/collect.php?top164031968.html&w=2939126678198 HTTP/1.0" 200 23930 "-" "Mozilla/5.0 AppleWebKit/537.36 (KHTML, like Gecko; compatible; GPTBot/1.2; +https://openai.com/gptbot)"
20.171.207.125 - - [21/Oct/2025:06:45:36 +0000] "GET /pages.php?addition285024099.html HTTP/1.0" 200 24388 "-" "Mozilla/5.0 AppleWebKit/537.36 (KHTML, like Gecko; compatible; GPTBot/1.2; +https://openai.com/gptbot)"
52.45.92.83 - - [21/Oct/2025:06:45:37 +0000] "GET /?path=/var/www/vhosts/enlugo.es/httpdocs/wp-content/cache/page_enhanced/enlugo.es///push164006738 HTTP/1.0" 200 2195 "-" "Mozilla/5.0 AppleWebKit/537.36 (KHTML, like Gecko; compatible; Amazonbot/0.1; +https://developer.amazon.com/support/amazonbot) Chrome/119.0.6045.214 Safari/537.36"
20.171.207.125 - - [21/Oct/2025:06:45:37 +0000] "GET /pages.php?government164031968.html HTTP/1.0" 200 23881 "-" "Mozilla/5.0 AppleWebKit/537.36 (KHTML, like Gecko; compatible; GPTBot/1.2; +https://openai.com/gptbot)"
20.171.207.125 - - [21/Oct/2025:06:45:38 +0000] "GET /pages.php?channel=176e68&from=https://enlugo.es/collect.php?item/u180/42625/&w=2939126678198 HTTP/1.0" 200 24096 "-" "Mozilla/5.0 AppleWebKit/537.36 (KHTML, like Gecko; compatible; GPTBot/1.2; +https://openai.com/gptbot)"
20.171.207.125 - - [21/Oct/2025:06:45:39 +0000] "GET /pages.php?surely164031968.html HTTP/1.0" 200 23833 "-" "Mozilla/5.0 AppleWebKit/537.36 (KHTML, like Gecko; compatible; GPTBot/1.2; +https://openai.com/gptbot)"
3.235.215.92 - - [21/Oct/2025:06:45:41 +0000] "GET /?path=/var/www/vhosts/enlugo.es/httpdocs/wp-content/cache/page_enhanced/enlugo.es///concept148025884 HTTP/1.0" 200 2195 "-" "Mozilla/5.0 AppleWebKit/537.36 (KHTML, like Gecko; compatible; Amazonbot/0.1; +https://developer.amazon.com/support/amazonbot) Chrome/119.0.6045.214 Safari/537.36"
20.171.207.125 - - [21/Oct/2025:06:45:41 +0000] "GET /pages.php?item/u180/42625/ HTTP/1.0" 200 24068 "-" "Mozilla/5.0 AppleWebKit/537.36 (KHTML, like Gecko; compatible; GPTBot/1.2; +https://openai.com/gptbot)"
20.171.207.125 - - [21/Oct/2025:06:45:42 +0000] "GET /pages.php?threaten164031968.html HTTP/1.0" 200 23770 "-" "Mozilla/5.0 AppleWebKit/537.36 (KHTML, like Gecko; compatible; GPTBot/1.2; +https://openai.com/gptbot)"
20.171.207.125 - - [21/Oct/2025:06:45:43 +0000] "GET /pages.php?item/u75/9124/ HTTP/1.0" 200 24232 "-" "Mozilla/5.0 AppleWebKit/537.36 (KHTML, like Gecko; compatible; GPTBot/1.2; +https://openai.com/gptbot)"
20.171.207.125 - - [21/Oct/2025:06:45:44 +0000] "GET /pages.php?tail164031968.html HTTP/1.0" 200 23785 "-" "Mozilla/5.0 AppleWebKit/537.36 (KHTML, like Gecko; compatible; GPTBot/1.2; +https://openai.com/gptbot)"
54.83.180.239 - - [21/Oct/2025:06:45:45 +0000] "GET /?fileloc=/var/www/vhosts/enlugo.es/httpdocs/wp-content/cache/db/options/b2c/b9d/.htaccess&path=/var/www/vhosts/enlugo.es/httpdocs/wp-content/cache/db/options/b2c/b9d HTTP/1.0" 200 2195 "-" "Mozilla/5.0 AppleWebKit/537.36 (KHTML, like Gecko; compatible; Amazonbot/0.1; +https://developer.amazon.com/support/amazonbot) Chrome/119.0.6045.214 Safari/537.36"
20.171.207.125 - - [21/Oct/2025:06:45:45 +0000] "GET /pages.php?channel=176e68&from=https://enlugo.es/collect.php?item/u75/9124/&w=2939126678198 HTTP/1.0" 200 24002 "-" "Mozilla/5.0 AppleWebKit/537.36 (KHTML, like Gecko; compatible; GPTBot/1.2; +https://openai.com/gptbot)"
20.171.207.125 - - [21/Oct/2025:06:45:46 +0000] "GET /pages.php?inner164031968.html HTTP/1.0" 200 23858 "-" "Mozilla/5.0 AppleWebKit/537.36 (KHTML, like Gecko; compatible; GPTBot/1.2; +https://openai.com/gptbot)"
20.171.207.125 - - [21/Oct/2025:06:45:47 +0000] "GET /pages.php?vital235036945.html HTTP/1.0" 200 24254 "-" "Mozilla/5.0 AppleWebKit/537.36 (KHTML, like Gecko; compatible; GPTBot/1.2; +https://openai.com/gptbot)"
98.83.8.142 - - [21/Oct/2025:06:45:49 +0000] "GET /?path=/var/www/vhosts/enlugo.es/httpdocs/wp-content/cache/page_enhanced/enlugo.es///some124026120 HTTP/1.0" 200 2195 "-" "Mozilla/5.0 AppleWebKit/537.36 (KHTML, like Gecko; compatible; Amazonbot/0.1; +https://developer.amazon.com/support/amazonbot) Chrome/119.0.6045.214 Safari/537.36"
20.171.207.125 - - [21/Oct/2025:06:45:49 +0000] "GET /pages.php?confirm164031968.html HTTP/1.0" 200 23951 "-" "Mozilla/5.0 AppleWebKit/537.36 (KHTML, like Gecko; compatible; GPTBot/1.2; +https://openai.com/gptbot)"
20.171.207.125 - - [21/Oct/2025:06:45:50 +0000] "GET /pages.php?confront235036945.html HTTP/1.0" 200 24267 "-" "Mozilla/5.0 AppleWebKit/537.36 (KHTML, like Gecko; compatible; GPTBot/1.2; +https://openai.com/gptbot)"
177.142.215.182 - - [21/Oct/2025:06:45:51 +0000] "GET /san-froilan/?fileloc=%2Fvar%2Fwww%2Fvhosts%2Fenlugo.es%2Fhttpdocs%2Fwp-migration.php&path=%2Fvar%2Fwww%2Fvhosts%2Fenlugo.es%2Fhttpdocs HTTP/1.0" 200 2195 "-" "Mozilla/5.0 (Macintosh; Intel Mac OS X 10_13_6) AppleWebKit/537.36 (KHTML, like Gecko) Chrome/89.0.4389.114 Safari/537.36"
20.171.207.125 - - [21/Oct/2025:06:45:51 +0000] "GET /pages.php?channel=176e68&from=https://enlugo.es/collect.php?at164031968.html&w=2939126678198 HTTP/1.0" 200 23893 "-" "Mozilla/5.0 AppleWebKit/537.36 (KHTML, like Gecko; compatible; GPTBot/1.2; +https://openai.com/gptbot)"
3.211.105.134 - - [21/Oct/2025:06:45:52 +0000] "GET /?path=/var/www/vhosts/enlugo.es/httpdocs/wp-content/cache/page_enhanced/enlugo.es///swing197022199 HTTP/1.0" 200 2195 "-" "Mozilla/5.0 AppleWebKit/537.36 (KHTML, like Gecko; compatible; Amazonbot/0.1; +https://developer.amazon.com/support/amazonbot) Chrome/119.0.6045.214 Safari/537.36"
