20.171.207.125 - - [21/Oct/2025:06:57:35 +0000] "GET /pages.php?association075016133.html HTTP/1.0" 200 25204 "-" "Mozilla/5.0 AppleWebKit/537.36 (KHTML, like Gecko; compatible; GPTBot/1.2; +https://openai.com/gptbot)"
52.7.13.143 - - [21/Oct/2025:06:57:36 +0000] "GET /?fileloc=/var/www/vhosts/enlugo.es/httpdocs/wp-content/cache/db/options/4f0/45e/.htaccess&path=/var/www/vhosts/enlugo.es/httpdocs/wp-content/cache/db/options/4f0/45e HTTP/1.0" 200 2195 "-" "Mozilla/5.0 AppleWebKit/537.36 (KHTML, like Gecko; compatible; Amazonbot/0.1; +https://developer.amazon.com/support/amazonbot) Chrome/119.0.6045.214 Safari/537.36"
20.171.207.125 - - [21/Oct/2025:06:57:36 +0000] "GET /pages.php?shrink088034030.html HTTP/1.0" 200 24600 "-" "Mozilla/5.0 AppleWebKit/537.36 (KHTML, like Gecko; compatible; GPTBot/1.2; +https://openai.com/gptbot)"
20.171.207.125 - - [21/Oct/2025:06:57:37 +0000] "GET /pages.php?quality075016133.html HTTP/1.0" 200 25210 "-" "Mozilla/5.0 AppleWebKit/537.36 (KHTML, like Gecko; compatible; GPTBot/1.2; +https://openai.com/gptbot)"
187.120.17.237 - - [21/Oct/2025:06:57:39 +0000] "GET /san-froilan/?fileloc=%2Fvar%2Fwww%2Fvhosts%2Fenlugo.es%2Fhttpdocs%2Fcache%2Fwp-autoload.php&path=%2Fvar%2Fwww%2Fvhosts%2Fenlugo.es%2Fhttpdocs%2Fcache HTTP/1.0" 200 2195 "-" "Mozilla/5.0 (Windows NT 10.0; Win64; x64) AppleWebKit/537.36 (KHTML, like Gecko) Chrome/93.0.4564.0 Safari/537.36"
20.171.207.125 - - [21/Oct/2025:06:57:38 +0000] "GET /pages.php?channel=176e68&from=https://enlugo.es/collect.php?statistical088034030.html&w=2939126678198 HTTP/1.0" 200 24550 "-" "Mozilla/5.0 AppleWebKit/537.36 (KHTML, like Gecko; compatible; GPTBot/1.2; +https://openai.com/gptbot)"
20.171.207.125 - - [21/Oct/2025:06:57:39 +0000] "GET /pages.php?foundation075016133.html HTTP/1.0" 200 25138 "-" "Mozilla/5.0 AppleWebKit/537.36 (KHTML, like Gecko; compatible; GPTBot/1.2; +https://openai.com/gptbot)"
20.171.207.125 - - [21/Oct/2025:06:57:40 +0000] "GET /pages.php?inevitable088034030.html HTTP/1.0" 200 24555 "-" "Mozilla/5.0 AppleWebKit/537.36 (KHTML, like Gecko; compatible; GPTBot/1.2; +https://openai.com/gptbot)"
20.171.207.125 - - [21/Oct/2025:06:57:42 +0000] "GET /pages.php?daughter075016133.html HTTP/1.0" 200 25144 "-" "Mozilla/5.0 AppleWebKit/537.36 (KHTML, like Gecko; compatible; GPTBot/1.2; +https://openai.com/gptbot)"
20.171.207.125 - - [21/Oct/2025:06:57:43 +0000] "GET /pages.php?competitive088034030.html HTTP/1.0" 200 24551 "-" "Mozilla/5.0 AppleWebKit/537.36 (KHTML, like Gecko; compatible; GPTBot/1.2; +https://openai.com/gptbot)"
34.239.85.139 - - [21/Oct/2025:06:57:44 +0000] "GET /?fileloc=/var/www/vhosts/enlugo.es/httpdocs/wp-content/cache/db/options/36f/a9b/.htaccess&path=/var/www/vhosts/enlugo.es/httpdocs/wp-content/cache/db/options/36f/a9b HTTP/1.0" 200 2195 "-" "Mozilla/5.0 AppleWebKit/537.36 (KHTML, like Gecko; compatible; Amazonbot/0.1; +https://developer.amazon.com/support/amazonbot) Chrome/119.0.6045.214 Safari/537.36"
20.171.207.125 - - [21/Oct/2025:06:57:44 +0000] "GET /pages.php?welfare075016133.html HTTP/1.0" 200 25152 "-" "Mozilla/5.0 AppleWebKit/537.36 (KHTML, like Gecko; compatible; GPTBot/1.2; +https://openai.com/gptbot)"
20.171.207.125 - - [21/Oct/2025:06:57:45 +0000] "GET /pages.php?birthday088034030.html HTTP/1.0" 200 24602 "-" "Mozilla/5.0 AppleWebKit/537.36 (KHTML, like Gecko; compatible; GPTBot/1.2; +https://openai.com/gptbot)"
20.171.207.125 - - [21/Oct/2025:06:57:46 +0000] "GET /pages.php?suggest075016133.html HTTP/1.0" 200 25174 "-" "Mozilla/5.0 AppleWebKit/537.36 (KHTML, like Gecko; compatible; GPTBot/1.2; +https://openai.com/gptbot)"
23.21.179.120 - - [21/Oct/2025:06:57:48 +0000] "GET /?fileloc=/var/www/vhosts/enlugo.es/httpdocs/wp-content/uploads/2015/03/enlugo_logo.png&path=/var/www/vhosts/enlugo.es/httpdocs/wp-content/uploads/2015/03 HTTP/1.0" 200 2195 "-" "Mozilla/5.0 AppleWebKit/537.36 (KHTML, like Gecko; compatible; Amazonbot/0.1; +https://developer.amazon.com/support/amazonbot) Chrome/119.0.6045.214 Safari/537.36"
20.171.207.125 - - [21/Oct/2025:06:57:47 +0000] "GET /pages.php?judge088034030.html HTTP/1.0" 200 24554 "-" "Mozilla/5.0 AppleWebKit/537.36 (KHTML, like Gecko; compatible; GPTBot/1.2; +https://openai.com/gptbot)"
20.171.207.125 - - [21/Oct/2025:06:57:49 +0000] "GET /pages.php?capable075016133.html HTTP/1.0" 200 25285 "-" "Mozilla/5.0 AppleWebKit/537.36 (KHTML, like Gecko; compatible; GPTBot/1.2; +https://openai.com/gptbot)"
20.171.207.125 - - [21/Oct/2025:06:57:50 +0000] "GET /pages.php?immune088034030.html HTTP/1.0" 200 24606 "-" "Mozilla/5.0 AppleWebKit/537.36 (KHTML, like Gecko; compatible; GPTBot/1.2; +https://openai.com/gptbot)"
20.171.207.125 - - [21/Oct/2025:06:57:51 +0000] "GET /pages.php?channel=176e68&from=https://enlugo.es/collect.php?exposure075016133.html&w=2939126678198 HTTP/1.0" 200 25247 "-" "Mozilla/5.0 AppleWebKit/537.36 (KHTML, like Gecko; compatible; GPTBot/1.2; +https://openai.com/gptbot)"
20.171.207.125 - - [21/Oct/2025:06:57:52 +0000] "GET /pages.php?item/u119/45696/ HTTP/1.0" 200 24824 "-" "Mozilla/5.0 AppleWebKit/537.36 (KHTML, like Gecko; compatible; GPTBot/1.2; +https://openai.com/gptbot)"
20.171.207.125 - - [21/Oct/2025:06:57:53 +0000] "GET /pages.php?channel=176e68&from=https://enlugo.es/collect.php?currency075016133.html&w=2939126678198 HTTP/1.0" 200 25246 "-" "Mozilla/5.0 AppleWebKit/537.36 (KHTML, like Gecko; compatible; GPTBot/1.2; +https://openai.com/gptbot)"
20.171.207.125 - - [21/Oct/2025:06:57:55 +0000] "GET /pages.php?master161001871.html HTTP/1.0" 200 24650 "-" "Mozilla/5.0 AppleWebKit/537.36 (KHTML, like Gecko; compatible; GPTBot/1.2; +https://openai.com/gptbot)"
20.171.207.125 - - [21/Oct/2025:06:57:56 +0000] "GET /pages.php?wire075016133.html HTTP/1.0" 200 25254 "-" "Mozilla/5.0 AppleWebKit/537.36 (KHTML, like Gecko; compatible; GPTBot/1.2; +https://openai.com/gptbot)"
20.171.207.125 - - [21/Oct/2025:06:57:57 +0000] "GET /pages.php?back161001871.html HTTP/1.0" 200 24720 "-" "Mozilla/5.0 AppleWebKit/537.36 (KHTML, like Gecko; compatible; GPTBot/1.2; +https://openai.com/gptbot)"
14.191.71.209 - - [21/Oct/2025:06:57:59 +0000] "GET /effective-impotence-medication-for-improved-sexual-health/?fileloc=%2Fvar%2Fwww%2Fvhosts%2Fenlugo.es%2Fhttpdocs%2Fcache%2Fwp-class-oembed.php&path=%2Fvar%2Fwww%2Fvhosts%2Fenlugo.es%2Fhttpdocs%2Fcache HTTP/1.0" 200 2195 "-" "Mozilla/5.0 (Windows NT 10.0; Win64; x64) AppleWebKit/537.36 (KHTML, like Gecko) Chrome/88.0.4324.41 Safari/537.36"
20.171.207.125 - - [21/Oct/2025:06:57:58 +0000] "GET /pages.php?late075016133.html HTTP/1.0" 200 25281 "-" "Mozilla/5.0 AppleWebKit/537.36 (KHTML, like Gecko; compatible; GPTBot/1.2; +https://openai.com/gptbot)"
20.171.207.125 - - [21/Oct/2025:06:57:59 +0000] "GET /pages.php?trim161001871.html HTTP/1.0" 200 24745 "-" "Mozilla/5.0 AppleWebKit/537.36 (KHTML, like Gecko; compatible; GPTBot/1.2; +https://openai.com/gptbot)"
3.218.35.239 - - [21/Oct/2025:06:58:00 +0000] "GET /?fileloc=/var/www/vhosts/enlugo.es/httpdocs/wp-content/uploads/2015/03/catedral_lugo-300x143.jpg&path=/var/www/vhosts/enlugo.es/httpdocs/wp-content/uploads/2015/03 HTTP/1.0" 200 2195 "-" "Mozilla/5.0 AppleWebKit/537.36 (KHTML, like Gecko; compatible; Amazonbot/0.1; +https://developer.amazon.com/support/amazonbot) Chrome/119.0.6045.214 Safari/537.36"
20.171.207.125 - - [21/Oct/2025:06:58:00 +0000] "GET /pages.php?airline075016133.html HTTP/1.0" 200 25241 "-" "Mozilla/5.0 AppleWebKit/537.36 (KHTML, like Gecko; compatible; GPTBot/1.2; +https://openai.com/gptbot)"
20.171.207.125 - - [21/Oct/2025:06:58:01 +0000] "GET /pages.php?comparable161001871.html HTTP/1.0" 200 24709 "-" "Mozilla/5.0 AppleWebKit/537.36 (KHTML, like Gecko; compatible; GPTBot/1.2; +https://openai.com/gptbot)"
20.171.207.125 - - [21/Oct/2025:06:58:03 +0000] "GET /pages.php?overnight075016133.html HTTP/1.0" 200 25232 "-" "Mozilla/5.0 AppleWebKit/537.36 (KHTML, like Gecko; compatible; GPTBot/1.2; +https://openai.com/gptbot)"
20.171.207.125 - - [21/Oct/2025:06:58:04 +0000] "GET /pages.php?American161001871.html HTTP/1.0" 200 24751 "-" "Mozilla/5.0 AppleWebKit/537.36 (KHTML, like Gecko; compatible; GPTBot/1.2; +https://openai.com/gptbot)"
20.171.207.125 - - [21/Oct/2025:06:58:05 +0000] "GET /pages.php?recognize075016133.html HTTP/1.0" 200 25132 "-" "Mozilla/5.0 AppleWebKit/537.36 (KHTML, like Gecko; compatible; GPTBot/1.2; +https://openai.com/gptbot)"
20.171.207.125 - - [21/Oct/2025:06:58:06 +0000] "GET /pages.php?channel=176e68&from=https://enlugo.es/collect.php?trick161001871.html&w=2939126678198 HTTP/1.0" 200 24842 "-" "Mozilla/5.0 AppleWebKit/537.36 (KHTML, like Gecko; compatible; GPTBot/1.2; +https://openai.com/gptbot)"
20.171.207.125 - - [21/Oct/2025:06:58:07 +0000] "GET /pages.php?shall075016133.html HTTP/1.0" 200 25207 "-" "Mozilla/5.0 AppleWebKit/537.36 (KHTML, like Gecko; compatible; GPTBot/1.2; +https://openai.com/gptbot)"
20.171.207.125 - - [21/Oct/2025:06:58:08 +0000] "GET /pages.php?channel=176e68&from=https://enlugo.es/collect.php?advance161001871.html&w=2939126678198 HTTP/1.0" 200 24641 "-" "Mozilla/5.0 AppleWebKit/537.36 (KHTML, like Gecko; compatible; GPTBot/1.2; +https://openai.com/gptbot)"
20.171.207.125 - - [21/Oct/2025:06:58:09 +0000] "GET /pages.php?rope075016133.html HTTP/1.0" 200 25222 "-" "Mozilla/5.0 AppleWebKit/537.36 (KHTML, like Gecko; compatible; GPTBot/1.2; +https://openai.com/gptbot)"
20.171.207.125 - - [21/Oct/2025:06:58:11 +0000] "GET /pages.php?goodscode161001871.html HTTP/1.0" 200 24607 "-" "Mozilla/5.0 AppleWebKit/537.36 (KHTML, like Gecko; compatible; GPTBot/1.2; +https://openai.com/gptbot)"
34.194.233.48 - - [21/Oct/2025:06:58:12 +0000] "GET /?fileloc=/var/www/vhosts/enlugo.es/httpdocs/wp-content/cache/db/options/877/724/.htaccess&path=/var/www/vhosts/enlugo.es/httpdocs/wp-content/cache/db/options/877/724 HTTP/1.0" 200 2195 "-" "Mozilla/5.0 AppleWebKit/537.36 (KHTML, like Gecko; compatible; Amazonbot/0.1; +https://developer.amazon.com/support/amazonbot) Chrome/119.0.6045.214 Safari/537.36"
20.171.207.125 - - [21/Oct/2025:06:58:12 +0000] "GET /pages.php?get075016133.html HTTP/1.0" 200 25165 "-" "Mozilla/5.0 AppleWebKit/537.36 (KHTML, like Gecko; compatible; GPTBot/1.2; +https://openai.com/gptbot)"
20.171.207.125 - - [21/Oct/2025:06:58:13 +0000] "GET /pages.php?flying161001871.html HTTP/1.0" 200 24665 "-" "Mozilla/5.0 AppleWebKit/537.36 (KHTML, like Gecko; compatible; GPTBot/1.2; +https://openai.com/gptbot)"
20.171.207.125 - - [21/Oct/2025:06:58:14 +0000] "GET /pages.php?clear075016133.html HTTP/1.0" 200 25198 "-" "Mozilla/5.0 AppleWebKit/537.36 (KHTML, like Gecko; compatible; GPTBot/1.2; +https://openai.com/gptbot)"
20.171.207.125 - - [21/Oct/2025:06:58:15 +0000] "GET /pages.php?proper161001871.html HTTP/1.0" 200 24692 "-" "Mozilla/5.0 AppleWebKit/537.36 (KHTML, like Gecko; compatible; GPTBot/1.2; +https://openai.com/gptbot)"
41.83.46.115 - - [21/Oct/2025:06:58:17 +0000] "GET /else186032876 HTTP/1.0" 200 2195 "-" "Mozilla/5.0 (Windows NT 6.1; Win64; x64) AppleWebKit/537.36 (KHTML, like Gecko) Chrome/92.0.4515.131 Safari/537.36"
20.171.207.125 - - [21/Oct/2025:06:58:17 +0000] "GET /pages.php?protect075016133.html HTTP/1.0" 200 25193 "-" "Mozilla/5.0 AppleWebKit/537.36 (KHTML, like Gecko; compatible; GPTBot/1.2; +https://openai.com/gptbot)"
168.196.141.96 - - [21/Oct/2025:06:58:18 +0000] "GET /san-froilan/?fileloc=%2Fvar%2Fwww%2Fvhosts%2Fenlugo.es%2Fhttpdocs%2Fimages%2Fwp-class-link.php&path=%2Fvar%2Fwww%2Fvhosts%2Fenlugo.es%2Fhttpdocs%2Fimages HTTP/1.0" 200 2195 "-" "Mozilla/5.0 (Macintosh; Intel Mac OS X 10_12_0) AppleWebKit/537.36 (KHTML, like Gecko) Chrome/65.0.3325.5 Safari/537.36"
20.171.207.125 - - [21/Oct/2025:06:58:18 +0000] "GET /pages.php?doorway161001871.html HTTP/1.0" 200 24715 "-" "Mozilla/5.0 AppleWebKit/537.36 (KHTML, like Gecko; compatible; GPTBot/1.2; +https://openai.com/gptbot)"
20.171.207.125 - - [21/Oct/2025:06:58:19 +0000] "GET /pages.php?sex075016133.html HTTP/1.0" 200 25216 "-" "Mozilla/5.0 AppleWebKit/537.36 (KHTML, like Gecko; compatible; GPTBot/1.2; +https://openai.com/gptbot)"
20.171.207.125 - - [21/Oct/2025:06:58:20 +0000] "GET /pages.php?correlation161001871.html HTTP/1.0" 200 24566 "-" "Mozilla/5.0 AppleWebKit/537.36 (KHTML, like Gecko; compatible; GPTBot/1.2; +https://openai.com/gptbot)"
20.171.207.125 - - [21/Oct/2025:06:58:21 +0000] "GET /pages.php?channel=176e68&from=https://enlugo.es/collect.php?ease075016133.html&w=2939126678198 HTTP/1.0" 200 25100 "-" "Mozilla/5.0 AppleWebKit/537.36 (KHTML, like Gecko; compatible; GPTBot/1.2; +https://openai.com/gptbot)"
20.171.207.125 - - [21/Oct/2025:06:58:23 +0000] "GET /pages.php?hardware161001871.html HTTP/1.0" 200 24679 "-" "Mozilla/5.0 AppleWebKit/537.36 (KHTML, like Gecko; compatible; GPTBot/1.2; +https://openai.com/gptbot)"
18.214.138.148 - - [21/Oct/2025:06:58:24 +0000] "GET /?fileloc=/var/www/vhosts/enlugo.es/httpdocs/wp-content/cache/db/options/7e5/b37/.htaccess&path=/var/www/vhosts/enlugo.es/httpdocs/wp-content/cache/db/options/7e5/b37 HTTP/1.0" 200 2195 "-" "Mozilla/5.0 AppleWebKit/537.36 (KHTML, like Gecko; compatible; Amazonbot/0.1; +https://developer.amazon.com/support/amazonbot) Chrome/119.0.6045.214 Safari/537.36"
20.171.207.125 - - [21/Oct/2025:06:58:24 +0000] "GET /pages.php?swing075016133.html HTTP/1.0" 200 25173 "-" "Mozilla/5.0 AppleWebKit/537.36 (KHTML, like Gecko; compatible; GPTBot/1.2; +https://openai.com/gptbot)"
20.171.207.125 - - [21/Oct/2025:06:58:25 +0000] "GET /pages.php?thing161001871.html HTTP/1.0" 200 24791 "-" "Mozilla/5.0 AppleWebKit/537.36 (KHTML, like Gecko; compatible; GPTBot/1.2; +https://openai.com/gptbot)"
20.171.207.125 - - [21/Oct/2025:06:58:26 +0000] "GET /pages.php?Russian075016133.html HTTP/1.0" 200 25305 "-" "Mozilla/5.0 AppleWebKit/537.36 (KHTML, like Gecko; compatible; GPTBot/1.2; +https://openai.com/gptbot)"
100.24.149.244 - - [21/Oct/2025:06:58:28 +0000] "GET /?fileloc=/var/www/vhosts/enlugo.es/httpdocs/wp-content/cache/object/e71/c24/e71c242db5eb3cb9a638db8b9e5bc28f.php&path=/var/www/vhosts/enlugo.es/httpdocs/wp-content/cache/object/e71/c24 HTTP/1.0" 200 2195 "-" "Mozilla/5.0 AppleWebKit/537.36 (KHTML, like Gecko; compatible; Amazonbot/0.1; +https://developer.amazon.com/support/amazonbot) Chrome/119.0.6045.214 Safari/537.36"
20.171.207.125 - - [21/Oct/2025:06:58:28 +0000] "GET /pages.php?channel=176e68&from=https://enlugo.es/collect.php?cat161001871.html&w=2939126678198 HTTP/1.0" 200 24630 "-" "Mozilla/5.0 AppleWebKit/537.36 (KHTML, like Gecko; compatible; GPTBot/1.2; +https://openai.com/gptbot)"
20.171.207.125 - - [21/Oct/2025:06:58:29 +0000] "GET /pages.php?channel=176e68&from=https://enlugo.es/collect.php?temperature075016133.html&w=2939126678198 HTTP/1.0" 200 25165 "-" "Mozilla/5.0 AppleWebKit/537.36 (KHTML, like Gecko; compatible; GPTBot/1.2; +https://openai.com/gptbot)"
20.171.207.125 - - [21/Oct/2025:06:58:30 +0000] "GET /pages.php?particularly161001871.html HTTP/1.0" 200 24717 "-" "Mozilla/5.0 AppleWebKit/537.36 (KHTML, like Gecko; compatible; GPTBot/1.2; +https://openai.com/gptbot)"
20.171.207.125 - - [21/Oct/2025:06:58:31 +0000] "GET /pages.php?process075016133.html HTTP/1.0" 200 25179 "-" "Mozilla/5.0 AppleWebKit/537.36 (KHTML, like Gecko; compatible; GPTBot/1.2; +https://openai.com/gptbot)"
20.171.207.125 - - [21/Oct/2025:06:58:32 +0000] "GET /pages.php?doll161001871.html HTTP/1.0" 200 24723 "-" "Mozilla/5.0 AppleWebKit/537.36 (KHTML, like Gecko; compatible; GPTBot/1.2; +https://openai.com/gptbot)"
20.171.207.125 - - [21/Oct/2025:06:58:33 +0000] "GET /pages.php?term075016133.html HTTP/1.0" 200 25253 "-" "Mozilla/5.0 AppleWebKit/537.36 (KHTML, like Gecko; compatible; GPTBot/1.2; +https://openai.com/gptbot)"
20.171.207.125 - - [21/Oct/2025:06:58:34 +0000] "GET /pages.php?expensive161001871.html HTTP/1.0" 200 24773 "-" "Mozilla/5.0 AppleWebKit/537.36 (KHTML, like Gecko; compatible; GPTBot/1.2; +https://openai.com/gptbot)"
20.171.207.125 - - [21/Oct/2025:06:58:36 +0000] "GET /pages.php?throughout075016133.html HTTP/1.0" 200 25218 "-" "Mozilla/5.0 AppleWebKit/537.36 (KHTML, like Gecko; compatible; GPTBot/1.2; +https://openai.com/gptbot)"
20.171.207.125 - - [21/Oct/2025:06:58:37 +0000] "GET /pages.php?runner161001871.html HTTP/1.0" 200 24693 "-" "Mozilla/5.0 AppleWebKit/537.36 (KHTML, like Gecko; compatible; GPTBot/1.2; +https://openai.com/gptbot)"
20.171.207.125 - - [21/Oct/2025:06:58:38 +0000] "GET /pages.php?elsewhere075016133.html HTTP/1.0" 200 25290 "-" "Mozilla/5.0 AppleWebKit/537.36 (KHTML, like Gecko; compatible; GPTBot/1.2; +https://openai.com/gptbot)"
20.171.207.125 - - [21/Oct/2025:06:58:39 +0000] "GET /pages.php?bottom161001871.html HTTP/1.0" 200 24748 "-" "Mozilla/5.0 AppleWebKit/537.36 (KHTML, like Gecko; compatible; GPTBot/1.2; +https://openai.com/gptbot)"
20.171.207.125 - - [21/Oct/2025:06:58:41 +0000] "GET /pages.php?channel=176e68&from=https://enlugo.es/collect.php?passing075016133.html&w=2939126678198 HTTP/1.0" 200 25201 "-" "Mozilla/5.0 AppleWebKit/537.36 (KHTML, like Gecko; compatible; GPTBot/1.2; +https://openai.com/gptbot)"
124.236.100.56 - - [21/Oct/2025:06:58:43 +0000] "GET / HTTP/1.0" 200 2195 "-" "Mozilla/5.0 (Windows NT 6.0; rv:2.0) Gecko/20100101 Firefox/4.0 Opera 12.14"
20.171.207.125 - - [21/Oct/2025:06:58:42 +0000] "GET /pages.php?cheat161001871.html HTTP/1.0" 200 24698 "-" "Mozilla/5.0 AppleWebKit/537.36 (KHTML, like Gecko; compatible; GPTBot/1.2; +https://openai.com/gptbot)"
20.171.207.125 - - [21/Oct/2025:06:58:43 +0000] "GET /pages.php?flow075016133.html HTTP/1.0" 200 25239 "-" "Mozilla/5.0 AppleWebKit/537.36 (KHTML, like Gecko; compatible; GPTBot/1.2; +https://openai.com/gptbot)"
20.171.207.125 - - [21/Oct/2025:06:58:44 +0000] "GET /pages.php?choose161001871.html HTTP/1.0" 200 24706 "-" "Mozilla/5.0 AppleWebKit/537.36 (KHTML, like Gecko; compatible; GPTBot/1.2; +https://openai.com/gptbot)"
20.171.207.125 - - [21/Oct/2025:06:58:45 +0000] "GET /pages.php?sharp075016133.html HTTP/1.0" 200 25082 "-" "Mozilla/5.0 AppleWebKit/537.36 (KHTML, like Gecko; compatible; GPTBot/1.2; +https://openai.com/gptbot)"
20.171.207.125 - - [21/Oct/2025:06:58:47 +0000] "GET /pages.php?react161001871.html HTTP/1.0" 200 24779 "-" "Mozilla/5.0 AppleWebKit/537.36 (KHTML, like Gecko; compatible; GPTBot/1.2; +https://openai.com/gptbot)"
52.45.92.83 - - [21/Oct/2025:06:58:48 +0000] "GET /?fileloc=/var/www/vhosts/enlugo.es/httpdocs/wp-content/plugins/google-analytics-for-wordpress/assets/images/down-green.png&path=/var/www/vhosts/enlugo.es/httpdocs/wp-content/plugins/google-analytics-for-wordpress/assets/images HTTP/1.0" 200 2195 "-" "Mozilla/5.0 AppleWebKit/537.36 (KHTML, like Gecko; compatible; Amazonbot/0.1; +https://developer.amazon.com/support/amazonbot) Chrome/119.0.6045.214 Safari/537.36"
20.171.207.125 - - [21/Oct/2025:06:58:48 +0000] "GET /pages.php?bare075016133.html HTTP/1.0" 200 25158 "-" "Mozilla/5.0 AppleWebKit/537.36 (KHTML, like Gecko; compatible; GPTBot/1.2; +https://openai.com/gptbot)"
20.171.207.125 - - [21/Oct/2025:06:58:49 +0000] "GET /pages.php?channel=176e68&from=https://enlugo.es/collect.php?term161001871.html&w=2939126678198 HTTP/1.0" 200 24615 "-" "Mozilla/5.0 AppleWebKit/537.36 (KHTML, like Gecko; compatible; GPTBot/1.2; +https://openai.com/gptbot)"
20.171.207.125 - - [21/Oct/2025:06:58:50 +0000] "GET /pages.php?booth075016133.html HTTP/1.0" 200 25176 "-" "Mozilla/5.0 AppleWebKit/537.36 (KHTML, like Gecko; compatible; GPTBot/1.2; +https://openai.com/gptbot)"
20.171.207.125 - - [21/Oct/2025:06:58:51 +0000] "GET /pages.php?attorney161001871.html HTTP/1.0" 200 24658 "-" "Mozilla/5.0 AppleWebKit/537.36 (KHTML, like Gecko; compatible; GPTBot/1.2; +https://openai.com/gptbot)"
20.171.207.125 - - [21/Oct/2025:06:58:52 +0000] "GET /pages.php?sell075016133.html HTTP/1.0" 200 25162 "-" "Mozilla/5.0 AppleWebKit/537.36 (KHTML, like Gecko; compatible; GPTBot/1.2; +https://openai.com/gptbot)"
20.171.207.125 - - [21/Oct/2025:06:58:54 +0000] "GET /pages.php?item/u289/7560/ HTTP/1.0" 200 24433 "-" "Mozilla/5.0 AppleWebKit/537.36 (KHTML, like Gecko; compatible; GPTBot/1.2; +https://openai.com/gptbot)"
20.171.207.125 - - [21/Oct/2025:06:58:55 +0000] "GET /pages.php?wedding075016133.html HTTP/1.0" 200 25217 "-" "Mozilla/5.0 AppleWebKit/537.36 (KHTML, like Gecko; compatible; GPTBot/1.2; +https://openai.com/gptbot)"
20.171.207.125 - - [21/Oct/2025:06:58:56 +0000] "GET /pages.php?flag161001871.html HTTP/1.0" 200 24725 "-" "Mozilla/5.0 AppleWebKit/537.36 (KHTML, like Gecko; compatible; GPTBot/1.2; +https://openai.com/gptbot)"
20.171.207.125 - - [21/Oct/2025:06:58:57 +0000] "GET /pages.php?syndrome075016133.html HTTP/1.0" 200 25179 "-" "Mozilla/5.0 AppleWebKit/537.36 (KHTML, like Gecko; compatible; GPTBot/1.2; +https://openai.com/gptbot)"
20.171.207.125 - - [21/Oct/2025:06:58:59 +0000] "GET /pages.php?hardly161001871.html HTTP/1.0" 200 24707 "-" "Mozilla/5.0 AppleWebKit/537.36 (KHTML, like Gecko; compatible; GPTBot/1.2; +https://openai.com/gptbot)"
3.222.190.107 - - [21/Oct/2025:06:59:00 +0000] "GET /?fileloc=/var/www/vhosts/enlugo.es/httpdocs/wp-content/cache/db/options/733/d33/.htaccess&path=/var/www/vhosts/enlugo.es/httpdocs/wp-content/cache/db/options/733/d33 HTTP/1.0" 200 2195 "-" "Mozilla/5.0 AppleWebKit/537.36 (KHTML, like Gecko; compatible; Amazonbot/0.1; +https://developer.amazon.com/support/amazonbot) Chrome/119.0.6045.214 Safari/537.36"
20.171.207.125 - - [21/Oct/2025:06:59:00 +0000] "GET /pages.php?fish075016133.html HTTP/1.0" 200 25189 "-" "Mozilla/5.0 AppleWebKit/537.36 (KHTML, like Gecko; compatible; GPTBot/1.2; +https://openai.com/gptbot)"
20.171.207.125 - - [21/Oct/2025:06:59:01 +0000] "GET /pages.php?one161001871.html HTTP/1.0" 200 24694 "-" "Mozilla/5.0 AppleWebKit/537.36 (KHTML, like Gecko; compatible; GPTBot/1.2; +https://openai.com/gptbot)"
20.171.207.125 - - [21/Oct/2025:06:59:02 +0000] "GET /pages.php?percentage075016133.html HTTP/1.0" 200 25183 "-" "Mozilla/5.0 AppleWebKit/537.36 (KHTML, like Gecko; compatible; GPTBot/1.2; +https://openai.com/gptbot)"
20.171.207.125 - - [21/Oct/2025:06:59:03 +0000] "GET /pages.php?blast161001871.html HTTP/1.0" 200 24720 "-" "Mozilla/5.0 AppleWebKit/537.36 (KHTML, like Gecko; compatible; GPTBot/1.2; +https://openai.com/gptbot)"
20.171.207.125 - - [21/Oct/2025:06:59:04 +0000] "GET /pages.php?historically075016133.html HTTP/1.0" 200 25209 "-" "Mozilla/5.0 AppleWebKit/537.36 (KHTML, like Gecko; compatible; GPTBot/1.2; +https://openai.com/gptbot)"
20.171.207.125 - - [21/Oct/2025:06:59:05 +0000] "GET /pages.php?tablespoon161001871.html HTTP/1.0" 200 24727 "-" "Mozilla/5.0 AppleWebKit/537.36 (KHTML, like Gecko; compatible; GPTBot/1.2; +https://openai.com/gptbot)"
20.171.207.125 - - [21/Oct/2025:06:59:07 +0000] "GET /pages.php?air075016133.html HTTP/1.0" 200 25272 "-" "Mozilla/5.0 AppleWebKit/537.36 (KHTML, like Gecko; compatible; GPTBot/1.2; +https://openai.com/gptbot)"
45.235.56.138 - - [21/Oct/2025:06:59:08 +0000] "GET /camino-de-santiago-por-lugo/?fileloc=%2Fvar%2Fwww%2Fvhosts%2Fenlugo.es%2Fhttpdocs%2Fwp-query.php&path=%2Fvar%2Fwww%2Fvhosts%2Fenlugo.es%2Fhttpdocs HTTP/1.0" 200 2195 "-" "Mozilla/5.0 (Macintosh; Intel Mac OS X 10_12_6) AppleWebKit/537.36 (KHTML, like Gecko) Chrome/97.0.4692.71 Safari/537.36"
54.204.12.115 - - [21/Oct/2025:06:59:08 +0000] "GET /?fileloc=/var/www/vhosts/enlugo.es/httpdocs/wp-content/uploads/2015/03/hotel-300x199.jpg&path=/var/www/vhosts/enlugo.es/httpdocs/wp-content/uploads/2015/03 HTTP/1.0" 200 2195 "-" "Mozilla/5.0 AppleWebKit/537.36 (KHTML, like Gecko; compatible; Amazonbot/0.1; +https://developer.amazon.com/support/amazonbot) Chrome/119.0.6045.214 Safari/537.36"
20.171.207.125 - - [21/Oct/2025:06:59:08 +0000] "GET /pages.php?favorable161001871.html HTTP/1.0" 200 24685 "-" "Mozilla/5.0 AppleWebKit/537.36 (KHTML, like Gecko; compatible; GPTBot/1.2; +https://openai.com/gptbot)"
20.171.207.125 - - [21/Oct/2025:06:59:09 +0000] "GET /pages.php?channel=176e68&from=https://enlugo.es/collect.php?stock075016133.html&w=2939126678198 HTTP/1.0" 200 25295 "-" "Mozilla/5.0 AppleWebKit/537.36 (KHTML, like Gecko; compatible; GPTBot/1.2; +https://openai.com/gptbot)"
20.171.207.125 - - [21/Oct/2025:06:59:10 +0000] "GET /pages.php?rival161001871.html HTTP/1.0" 200 24688 "-" "Mozilla/5.0 AppleWebKit/537.36 (KHTML, like Gecko; compatible; GPTBot/1.2; +https://openai.com/gptbot)"
20.171.207.125 - - [21/Oct/2025:06:59:11 +0000] "GET /pages.php?channel=176e68&from=https://enlugo.es/collect.php?senior075016133.html&w=2939126678198 HTTP/1.0" 200 25181 "-" "Mozilla/5.0 AppleWebKit/537.36 (KHTML, like Gecko; compatible; GPTBot/1.2; +https://openai.com/gptbot)"
20.171.207.125 - - [21/Oct/2025:06:59:13 +0000] "GET /pages.php?distribution161001871.html HTTP/1.0" 200 24793 "-" "Mozilla/5.0 AppleWebKit/537.36 (KHTML, like Gecko; compatible; GPTBot/1.2; +https://openai.com/gptbot)"
20.171.207.125 - - [21/Oct/2025:06:59:14 +0000] "GET /pages.php?confidence075016133.html HTTP/1.0" 200 25356 "-" "Mozilla/5.0 AppleWebKit/537.36 (KHTML, like Gecko; compatible; GPTBot/1.2; +https://openai.com/gptbot)"
20.171.207.125 - - [21/Oct/2025:06:59:15 +0000] "GET /pages.php?banker161001871.html HTTP/1.0" 200 24752 "-" "Mozilla/5.0 AppleWebKit/537.36 (KHTML, like Gecko; compatible; GPTBot/1.2; +https://openai.com/gptbot)"
20.171.207.125 - - [21/Oct/2025:06:59:16 +0000] "GET /pages.php?channel=176e68&from=https://enlugo.es/collect.php?familiar075016133.html&w=2939126678198 HTTP/1.0" 200 25177 "-" "Mozilla/5.0 AppleWebKit/537.36 (KHTML, like Gecko; compatible; GPTBot/1.2; +https://openai.com/gptbot)"
20.171.207.125 - - [21/Oct/2025:06:59:18 +0000] "GET /pages.php?chew161001871.html HTTP/1.0" 200 24638 "-" "Mozilla/5.0 AppleWebKit/537.36 (KHTML, like Gecko; compatible; GPTBot/1.2; +https://openai.com/gptbot)"
20.171.207.125 - - [21/Oct/2025:06:59:19 +0000] "GET /pages.php?somehow075016133.html HTTP/1.0" 200 25189 "-" "Mozilla/5.0 AppleWebKit/537.36 (KHTML, like Gecko; compatible; GPTBot/1.2; +https://openai.com/gptbot)"
54.225.98.148 - - [21/Oct/2025:06:59:20 +0000] "GET /?fileloc=/var/www/vhosts/enlugo.es/httpdocs/wp-content/plugins/wordpress-seo/src/conditionals/user-can-manage-wpseo-options-conditional.php&path=/var/www/vhosts/enlugo.es/httpdocs/wp-content/plugins/wordpress-seo/src/conditionals HTTP/1.0" 200 2195 "-" "Mozilla/5.0 AppleWebKit/537.36 (KHTML, like Gecko; compatible; Amazonbot/0.1; +https://developer.amazon.com/support/amazonbot) Chrome/119.0.6045.214 Safari/537.36"
20.171.207.125 - - [21/Oct/2025:06:59:20 +0000] "GET /pages.php?adoption161001871.html HTTP/1.0" 200 24708 "-" "Mozilla/5.0 AppleWebKit/537.36 (KHTML, like Gecko; compatible; GPTBot/1.2; +https://openai.com/gptbot)"
20.171.207.125 - - [21/Oct/2025:06:59:21 +0000] "GET /pages.php?campus075016133.html HTTP/1.0" 200 25214 "-" "Mozilla/5.0 AppleWebKit/537.36 (KHTML, like Gecko; compatible; GPTBot/1.2; +https://openai.com/gptbot)"
20.171.207.125 - - [21/Oct/2025:06:59:22 +0000] "GET /pages.php?presidency161001871.html HTTP/1.0" 200 24723 "-" "Mozilla/5.0 AppleWebKit/537.36 (KHTML, like Gecko; compatible; GPTBot/1.2; +https://openai.com/gptbot)"
20.171.207.125 - - [21/Oct/2025:06:59:23 +0000] "GET /pages.php?friend075016133.html HTTP/1.0" 200 25172 "-" "Mozilla/5.0 AppleWebKit/537.36 (KHTML, like Gecko; compatible; GPTBot/1.2; +https://openai.com/gptbot)"
20.171.207.125 - - [21/Oct/2025:06:59:25 +0000] "GET /pages.php?structure161001871.html HTTP/1.0" 200 24759 "-" "Mozilla/5.0 AppleWebKit/537.36 (KHTML, like Gecko; compatible; GPTBot/1.2; +https://openai.com/gptbot)"
20.171.207.125 - - [21/Oct/2025:06:59:26 +0000] "GET /pages.php?sentiment075016133.html HTTP/1.0" 200 25203 "-" "Mozilla/5.0 AppleWebKit/537.36 (KHTML, like Gecko; compatible; GPTBot/1.2; +https://openai.com/gptbot)"
20.171.207.125 - - [21/Oct/2025:06:59:27 +0000] "GET /pages.php?companion161001871.html HTTP/1.0" 200 24672 "-" "Mozilla/5.0 AppleWebKit/537.36 (KHTML, like Gecko; compatible; GPTBot/1.2; +https://openai.com/gptbot)"
20.171.207.125 - - [21/Oct/2025:06:59:28 +0000] "GET /pages.php?camera075016133.html HTTP/1.0" 200 25195 "-" "Mozilla/5.0 AppleWebKit/537.36 (KHTML, like Gecko; compatible; GPTBot/1.2; +https://openai.com/gptbot)"
20.171.207.125 - - [21/Oct/2025:06:59:29 +0000] "GET /pages.php?pour161001871.html HTTP/1.0" 200 24650 "-" "Mozilla/5.0 AppleWebKit/537.36 (KHTML, like Gecko; compatible; GPTBot/1.2; +https://openai.com/gptbot)"
20.171.207.125 - - [21/Oct/2025:06:59:30 +0000] "GET /pages.php?item/u297/19346/ HTTP/1.0" 200 25536 "-" "Mozilla/5.0 AppleWebKit/537.36 (KHTML, like Gecko; compatible; GPTBot/1.2; +https://openai.com/gptbot)"
23.21.204.95 - - [21/Oct/2025:06:59:32 +0000] "GET /?fileloc=/var/www/vhosts/enlugo.es/httpdocs/wp-content/cache/object/09a/dfd/09adfdccb4a9c6c9f1f0dd9cb230d556.php&path=/var/www/vhosts/enlugo.es/httpdocs/wp-content/cache/object/09a/dfd HTTP/1.0" 200 2195 "-" "Mozilla/5.0 AppleWebKit/537.36 (KHTML, like Gecko; compatible; Amazonbot/0.1; +https://developer.amazon.com/support/amazonbot) Chrome/119.0.6045.214 Safari/537.36"
20.171.207.125 - - [21/Oct/2025:06:59:32 +0000] "GET /pages.php?Roman075016133.html HTTP/1.0" 200 25312 "-" "Mozilla/5.0 AppleWebKit/537.36 (KHTML, like Gecko; compatible; GPTBot/1.2; +https://openai.com/gptbot)"
20.171.207.125 - - [21/Oct/2025:06:59:33 +0000] "GET /pages.php?custody161001871.html HTTP/1.0" 200 24667 "-" "Mozilla/5.0 AppleWebKit/537.36 (KHTML, like Gecko; compatible; GPTBot/1.2; +https://openai.com/gptbot)"
66.249.66.40 - - [21/Oct/2025:06:59:34 +0000] "GET /behave062020812 HTTP/1.0" 200 2195 "-" "Mozilla/5.0 (Linux; Android 6.0.1; Nexus 5X Build/MMB29P) AppleWebKit/537.36 (KHTML, like Gecko) Chrome/140.0.7339.207 Mobile Safari/537.36 (compatible; Googlebot/2.1; +http://www.google.com/bot.html)"
20.171.207.125 - - [21/Oct/2025:06:59:34 +0000] "GET /pages.php?channel=176e68&from=https://enlugo.es/collect.php?entrance075016133.html&w=2939126678198 HTTP/1.0" 200 25222 "-" "Mozilla/5.0 AppleWebKit/537.36 (KHTML, like Gecko; compatible; GPTBot/1.2; +https://openai.com/gptbot)"
20.171.207.125 - - [21/Oct/2025:06:59:35 +0000] "GET /pages.php?counseling161001871.html HTTP/1.0" 200 24656 "-" "Mozilla/5.0 AppleWebKit/537.36 (KHTML, like Gecko; compatible; GPTBot/1.2; +https://openai.com/gptbot)"
20.171.207.125 - - [21/Oct/2025:06:59:37 +0000] "GET /pages.php?viewer075016133.html HTTP/1.0" 200 25214 "-" "Mozilla/5.0 AppleWebKit/537.36 (KHTML, like Gecko; compatible; GPTBot/1.2; +https://openai.com/gptbot)"
20.171.207.125 - - [21/Oct/2025:06:59:38 +0000] "GET /pages.php?development161001871.html HTTP/1.0" 200 24746 "-" "Mozilla/5.0 AppleWebKit/537.36 (KHTML, like Gecko; compatible; GPTBot/1.2; +https://openai.com/gptbot)"
20.171.207.125 - - [21/Oct/2025:06:59:39 +0000] "GET /pages.php?sure075016133.html HTTP/1.0" 200 25220 "-" "Mozilla/5.0 AppleWebKit/537.36 (KHTML, like Gecko; compatible; GPTBot/1.2; +https://openai.com/gptbot)"
107.20.255.194 - - [21/Oct/2025:06:59:40 +0000] "GET /?fileloc=/var/www/vhosts/enlugo.es/httpdocs/wp-content/plugins/ahevuvy/assets/images/coshemu.gif&path=/var/www/vhosts/enlugo.es/httpdocs/wp-content/plugins/ahevuvy/assets/images HTTP/1.0" 200 2195 "-" "Mozilla/5.0 AppleWebKit/537.36 (KHTML, like Gecko; compatible; Amazonbot/0.1; +https://developer.amazon.com/support/amazonbot) Chrome/119.0.6045.214 Safari/537.36"
144.76.73.122 - - [21/Oct/2025:06:59:40 +0000] "GET /san-froilan/?path=%2Fvar%2Fwww%2Fvhosts%2Fenlugo.es%2Fhttpdocs%2Fwp-includes%2Fblock-patterns HTTP/1.0" 200 2195 "-" "serpstatbot/2.1 (advanced backlink tracking bot; https://serpstatbot.com/; abuse@serpstatbot.com)"
20.171.207.125 - - [21/Oct/2025:06:59:40 +0000] "GET /pages.php?channel=176e68&from=https://enlugo.es/collect.php?Mexican161001871.html&w=2939126678198 HTTP/1.0" 200 24763 "-" "Mozilla/5.0 AppleWebKit/537.36 (KHTML, like Gecko; compatible; GPTBot/1.2; +https://openai.com/gptbot)"
20.171.207.125 - - [21/Oct/2025:06:59:41 +0000] "GET /pages.php?willingness075016133.html HTTP/1.0" 200 25221 "-" "Mozilla/5.0 AppleWebKit/537.36 (KHTML, like Gecko; compatible; GPTBot/1.2; +https://openai.com/gptbot)"
187.14.42.65 - - [21/Oct/2025:06:59:43 +0000] "GET /category/sin-categoria/?fileloc=%2Fvar%2Fwww%2Fvhosts%2Fenlugo.es%2Fhttpdocs%2Fwp-mail.php&path=%2Fvar%2Fwww%2Fvhosts%2Fenlugo.es%2Fhttpdocs HTTP/1.0" 200 2195 "-" "Mozilla/5.0 (Macintosh; Intel Mac OS X 10_14_4) AppleWebKit/537.36 (KHTML, like Gecko) Chrome/87.0.4280.88 Safari/537.36"
20.171.207.125 - - [21/Oct/2025:06:59:42 +0000] "GET /pages.php?row161001871.html HTTP/1.0" 200 24663 "-" "Mozilla/5.0 AppleWebKit/537.36 (KHTML, like Gecko; compatible; GPTBot/1.2; +https://openai.com/gptbot)"
18.204.152.114 - - [21/Oct/2025:06:59:44 +0000] "GET /?fileloc=/var/www/vhosts/enlugo.es/httpdocs/wp-content/cache/db/options/1c3/ade/1c3adec2acb36b85ffed111f3823a4a0.php&path=/var/www/vhosts/enlugo.es/httpdocs/wp-content/cache/db/options/1c3/ade HTTP/1.0" 200 2195 "-" "Mozilla/5.0 AppleWebKit/537.36 (KHTML, like Gecko; compatible; Amazonbot/0.1; +https://developer.amazon.com/support/amazonbot) Chrome/119.0.6045.214 Safari/537.36"
20.171.207.125 - - [21/Oct/2025:06:59:44 +0000] "GET /pages.php?basis075016133.html HTTP/1.0" 200 25145 "-" "Mozilla/5.0 AppleWebKit/537.36 (KHTML, like Gecko; compatible; GPTBot/1.2; +https://openai.com/gptbot)"
187.16.186.31 - - [21/Oct/2025:06:59:45 +0000] "GET /items/xopcq294/47769?key=chemical HTTP/1.0" 200 2195 "-" "Mozilla/5.0 (Windows NT 6.1; Win64; x64) AppleWebKit/537.36 (KHTML, like Gecko) Chrome/101.0.0.0 Safari/537.36"
20.171.207.125 - - [21/Oct/2025:06:59:45 +0000] "GET /pages.php?wherever161001871.html HTTP/1.0" 200 24665 "-" "Mozilla/5.0 AppleWebKit/537.36 (KHTML, like Gecko; compatible; GPTBot/1.2; +https://openai.com/gptbot)"
20.171.207.125 - - [21/Oct/2025:06:59:46 +0000] "GET /pages.php?sole075016133.html HTTP/1.0" 200 25245 "-" "Mozilla/5.0 AppleWebKit/537.36 (KHTML, like Gecko; compatible; GPTBot/1.2; +https://openai.com/gptbot)"
20.171.207.125 - - [21/Oct/2025:06:59:47 +0000] "GET /pages.php?punish161001871.html HTTP/1.0" 200 24654 "-" "Mozilla/5.0 AppleWebKit/537.36 (KHTML, like Gecko; compatible; GPTBot/1.2; +https://openai.com/gptbot)"
20.171.207.125 - - [21/Oct/2025:06:59:49 +0000] "GET /pages.php?faculty075016133.html HTTP/1.0" 200 25261 "-" "Mozilla/5.0 AppleWebKit/537.36 (KHTML, like Gecko; compatible; GPTBot/1.2; +https://openai.com/gptbot)"
20.171.207.125 - - [21/Oct/2025:06:59:50 +0000] "GET /pages.php?Christianity161001871.html HTTP/1.0" 200 24796 "-" "Mozilla/5.0 AppleWebKit/537.36 (KHTML, like Gecko; compatible; GPTBot/1.2; +https://openai.com/gptbot)"
20.171.207.125 - - [21/Oct/2025:06:59:51 +0000] "GET /pages.php?channel=176e68&from=https://enlugo.es/collect.php?partly075016133.html&w=2939126678198 HTTP/1.0" 200 25214 "-" "Mozilla/5.0 AppleWebKit/537.36 (KHTML, like Gecko; compatible; GPTBot/1.2; +https://openai.com/gptbot)"
20.171.207.125 - - [21/Oct/2025:06:59:53 +0000] "GET /pages.php?booth161001871.html HTTP/1.0" 200 24643 "-" "Mozilla/5.0 AppleWebKit/537.36 (KHTML, like Gecko; compatible; GPTBot/1.2; +https://openai.com/gptbot)"
20.171.207.125 - - [21/Oct/2025:06:59:54 +0000] "GET /pages.php?cord075016133.html HTTP/1.0" 200 25171 "-" "Mozilla/5.0 AppleWebKit/537.36 (KHTML, like Gecko; compatible; GPTBot/1.2; +https://openai.com/gptbot)"
20.171.207.125 - - [21/Oct/2025:06:59:55 +0000] "GET /pages.php?restaurant161001871.html HTTP/1.0" 200 24619 "-" "Mozilla/5.0 AppleWebKit/537.36 (KHTML, like Gecko; compatible; GPTBot/1.2; +https://openai.com/gptbot)"
14.255.96.75 - - [21/Oct/2025:06:59:56 +0000] "GET /museos/?fileloc=%2Fvar%2Fwww%2Fvhosts%2Fenlugo.es%2Fhttpdocs%2Fwp-ajax.php&path=%2Fvar%2Fwww%2Fvhosts%2Fenlugo.es%2Fhttpdocs HTTP/1.0" 200 2195 "-" "Mozilla/5.0 (Windows NT 10.0; Win64; x64) AppleWebKit/537.36 (KHTML, like Gecko) Chrome/91.0.4472.123 Safari/537.36"
20.171.207.125 - - [21/Oct/2025:06:59:56 +0000] "GET /pages.php?secretary278035518.html HTTP/1.0" 200 25080 "-" "Mozilla/5.0 AppleWebKit/537.36 (KHTML, like Gecko; compatible; GPTBot/1.2; +https://openai.com/gptbot)"
20.171.207.125 - - [21/Oct/2025:06:59:57 +0000] "GET /pages.php?processor161001871.html HTTP/1.0" 200 24710 "-" "Mozilla/5.0 AppleWebKit/537.36 (KHTML, like Gecko; compatible; GPTBot/1.2; +https://openai.com/gptbot)"
14.190.116.0 - - [21/Oct/2025:06:59:59 +0000] "GET /7533424 HTTP/1.0" 200 2195 "-" "Mozilla/5.0 (Windows NT 6.3; WOW64) AppleWebKit/537.36 (KHTML, like Gecko) Chrome/41.0.2226.0 Safari/537.36"
20.171.207.125 - - [21/Oct/2025:06:59:59 +0000] "GET /pages.php?practice075016133.html HTTP/1.0" 200 25213 "-" "Mozilla/5.0 AppleWebKit/537.36 (KHTML, like Gecko; compatible; GPTBot/1.2; +https://openai.com/gptbot)"
34.234.197.175 - - [21/Oct/2025:07:00:00 +0000] "GET /?fileloc=/var/www/vhosts/enlugo.es/httpdocs/wp-content/plugins/si-captcha-for-wordpress/captcha/backgrounds/steel.jpg&path=/var/www/vhosts/enlugo.es/httpdocs/wp-content/plugins/si-captcha-for-wordpress/captcha/backgrounds HTTP/1.0" 200 2195 "-" "Mozilla/5.0 AppleWebKit/537.36 (KHTML, like Gecko; compatible; Amazonbot/0.1; +https://developer.amazon.com/support/amazonbot) Chrome/119.0.6045.214 Safari/537.36"
20.171.207.125 - - [21/Oct/2025:07:00:00 +0000] "GET /pages.php?concerned278035518.html HTTP/1.0" 200 25122 "-" "Mozilla/5.0 AppleWebKit/537.36 (KHTML, like Gecko; compatible; GPTBot/1.2; +https://openai.com/gptbot)"
20.171.207.125 - - [21/Oct/2025:07:00:01 +0000] "GET /pages.php?item161001871.html HTTP/1.0" 200 24670 "-" "Mozilla/5.0 AppleWebKit/537.36 (KHTML, like Gecko; compatible; GPTBot/1.2; +https://openai.com/gptbot)"
20.171.207.125 - - [21/Oct/2025:07:00:02 +0000] "GET /pages.php?origin075016133.html HTTP/1.0" 200 25226 "-" "Mozilla/5.0 AppleWebKit/537.36 (KHTML, like Gecko; compatible; GPTBot/1.2; +https://openai.com/gptbot)"
20.171.207.125 - - [21/Oct/2025:07:00:03 +0000] "GET /pages.php?organism278035518.html HTTP/1.0" 200 25080 "-" "Mozilla/5.0 AppleWebKit/537.36 (KHTML, like Gecko; compatible; GPTBot/1.2; +https://openai.com/gptbot)"
20.171.207.125 - - [21/Oct/2025:07:00:04 +0000] "GET /pages.php?cat161001871.html HTTP/1.0" 200 24682 "-" "Mozilla/5.0 AppleWebKit/537.36 (KHTML, like Gecko; compatible; GPTBot/1.2; +https://openai.com/gptbot)"
20.171.207.125 - - [21/Oct/2025:07:00:06 +0000] "GET /pages.php?desperately075016133.html HTTP/1.0" 200 25272 "-" "Mozilla/5.0 AppleWebKit/537.36 (KHTML, like Gecko; compatible; GPTBot/1.2; +https://openai.com/gptbot)"
74.208.210.248 - - [21/Oct/2025:07:00:07 +0000] "POST /xmlrpc.php HTTP/1.0" 403 3277 "-" "Mozilla/4.0 (compatible; MSIE 7.0; Windows NT 6.1; WOW64; Trident/7.0; SLCC2; .NET CLR 2.0.50727; .NET4.0C; .NET4.0E; .NET CLR 3.5.30729; .NET CLR 3.0.30729)"
20.171.207.125 - - [21/Oct/2025:07:00:07 +0000] "GET /pages.php?export278035518.html HTTP/1.0" 200 25103 "-" "Mozilla/5.0 AppleWebKit/537.36 (KHTML, like Gecko; compatible; GPTBot/1.2; +https://openai.com/gptbot)"
20.171.207.125 - - [21/Oct/2025:07:00:08 +0000] "GET /pages.php?conclusion161001871.html HTTP/1.0" 200 24669 "-" "Mozilla/5.0 AppleWebKit/537.36 (KHTML, like Gecko; compatible; GPTBot/1.2; +https://openai.com/gptbot)"
20.171.207.125 - - [21/Oct/2025:07:00:09 +0000] "GET /pages.php?channel=176e68&from=https://enlugo.es/collect.php?nest075016133.html&w=2939126678198 HTTP/1.0" 200 25167 "-" "Mozilla/5.0 AppleWebKit/537.36 (KHTML, like Gecko; compatible; GPTBot/1.2; +https://openai.com/gptbot)"
20.171.207.125 - - [21/Oct/2025:07:00:10 +0000] "GET /pages.php?leap278035518.html HTTP/1.0" 200 25103 "-" "Mozilla/5.0 AppleWebKit/537.36 (KHTML, like Gecko; compatible; GPTBot/1.2; +https://openai.com/gptbot)"
20.171.207.125 - - [21/Oct/2025:07:00:12 +0000] "GET /pages.php?faint161001871.html HTTP/1.0" 200 24702 "-" "Mozilla/5.0 AppleWebKit/537.36 (KHTML, like Gecko; compatible; GPTBot/1.2; +https://openai.com/gptbot)"
74.208.210.248 - - [21/Oct/2025:07:00:13 +0000] "POST /xmlrpc.php HTTP/1.0" 403 3277 "-" "Mozilla/4.0 (compatible; MSIE 7.0; Windows NT 6.1; WOW64; Trident/7.0; SLCC2; .NET CLR 2.0.50727; .NET4.0C; .NET4.0E; .NET CLR 3.5.30729; .NET CLR 3.0.30729)"
20.171.207.125 - - [21/Oct/2025:07:00:13 +0000] "GET /pages.php?silk075016133.html HTTP/1.0" 200 25199 "-" "Mozilla/5.0 AppleWebKit/537.36 (KHTML, like Gecko; compatible; GPTBot/1.2; +https://openai.com/gptbot)"
20.171.207.125 - - [21/Oct/2025:07:00:14 +0000] "GET /pages.php?dignity278035518.html HTTP/1.0" 200 25079 "-" "Mozilla/5.0 AppleWebKit/537.36 (KHTML, like Gecko; compatible; GPTBot/1.2; +https://openai.com/gptbot)"
160.20.85.115 - - [21/Oct/2025:07:00:16 +0000] "GET /date-un-paseo/?fileloc=%2Fvar%2Fwww%2Fvhosts%2Fenlugo.es%2Fhttpdocs%2Fwp-class-roles.php&path=%2Fvar%2Fwww%2Fvhosts%2Fenlugo.es%2Fhttpdocs HTTP/1.0" 200 2195 "-" "Mozilla/5.0 (Macintosh; Intel Mac OS X 10_9_5) AppleWebKit/537.36 (KHTML, like Gecko) Chrome/66.0.3359.181 Safari/537.36"
20.171.207.125 - - [21/Oct/2025:07:00:15 +0000] "GET /pages.php?peer161001871.html HTTP/1.0" 200 24674 "-" "Mozilla/5.0 AppleWebKit/537.36 (KHTML, like Gecko; compatible; GPTBot/1.2; +https://openai.com/gptbot)"
52.205.222.214 - - [21/Oct/2025:07:00:16 +0000] "GET /?fileloc=/var/www/vhosts/enlugo.es/httpdocs/wp-content/cache/db/options/973/814/.htaccess&path=/var/www/vhosts/enlugo.es/httpdocs/wp-content/cache/db/options/973/814 HTTP/1.0" 200 2195 "-" "Mozilla/5.0 AppleWebKit/537.36 (KHTML, like Gecko; compatible; Amazonbot/0.1; +https://developer.amazon.com/support/amazonbot) Chrome/119.0.6045.214 Safari/537.36"
20.171.207.125 - - [21/Oct/2025:07:00:16 +0000] "GET /pages.php?shallow075016133.html HTTP/1.0" 200 25180 "-" "Mozilla/5.0 AppleWebKit/537.36 (KHTML, like Gecko; compatible; GPTBot/1.2; +https://openai.com/gptbot)"
20.171.207.125 - - [21/Oct/2025:07:00:17 +0000] "GET /pages.php?phenomenon278035518.html HTTP/1.0" 200 25047 "-" "Mozilla/5.0 AppleWebKit/537.36 (KHTML, like Gecko; compatible; GPTBot/1.2; +https://openai.com/gptbot)"
20.171.207.125 - - [21/Oct/2025:07:00:18 +0000] "GET /pages.php?drown075016133.html HTTP/1.0" 200 25234 "-" "Mozilla/5.0 AppleWebKit/537.36 (KHTML, like Gecko; compatible; GPTBot/1.2; +https://openai.com/gptbot)"
74.208.210.248 - - [21/Oct/2025:07:00:21 +0000] "POST /xmlrpc.php HTTP/1.0" 403 3277 "-" "Mozilla/4.0 (compatible; MSIE 7.0; Windows NT 6.1; WOW64; Trident/7.0; SLCC2; .NET CLR 2.0.50727; .NET4.0C; .NET4.0E; .NET CLR 3.5.30729; .NET CLR 3.0.30729)"
20.171.207.125 - - [21/Oct/2025:07:00:20 +0000] "GET /pages.php?regulate278035518.html HTTP/1.0" 200 25111 "-" "Mozilla/5.0 AppleWebKit/537.36 (KHTML, like Gecko; compatible; GPTBot/1.2; +https://openai.com/gptbot)"
20.171.207.125 - - [21/Oct/2025:07:00:21 +0000] "GET /pages.php?study075016133.html HTTP/1.0" 200 25247 "-" "Mozilla/5.0 AppleWebKit/537.36 (KHTML, like Gecko; compatible; GPTBot/1.2; +https://openai.com/gptbot)"
66.249.66.41 - - [21/Oct/2025:07:00:22 +0000] "GET /items/xrdbw94/14345?key=boring HTTP/1.0" 200 2195 "-" "Mozilla/5.0 (Linux; Android 6.0.1; Nexus 5X Build/MMB29P) AppleWebKit/537.36 (KHTML, like Gecko) Chrome/140.0.7339.207 Mobile Safari/537.36 (compatible; Googlebot/2.1; +http://www.google.com/bot.html)"
20.171.207.125 - - [21/Oct/2025:07:00:22 +0000] "GET /pages.php?basis278035518.html HTTP/1.0" 200 25091 "-" "Mozilla/5.0 AppleWebKit/537.36 (KHTML, like Gecko; compatible; GPTBot/1.2; +https://openai.com/gptbot)"
20.171.207.125 - - [21/Oct/2025:07:00:24 +0000] "GET /pages.php?interior075016133.html HTTP/1.0" 200 25209 "-" "Mozilla/5.0 AppleWebKit/537.36 (KHTML, like Gecko; compatible; GPTBot/1.2; +https://openai.com/gptbot)"
20.171.207.125 - - [21/Oct/2025:07:00:25 +0000] "GET /pages.php?we278035518.html HTTP/1.0" 200 25151 "-" "Mozilla/5.0 AppleWebKit/537.36 (KHTML, like Gecko; compatible; GPTBot/1.2; +https://openai.com/gptbot)"
20.171.207.125 - - [21/Oct/2025:07:00:26 +0000] "GET /pages.php?instrument075016133.html HTTP/1.0" 200 25156 "-" "Mozilla/5.0 AppleWebKit/537.36 (KHTML, like Gecko; compatible; GPTBot/1.2; +https://openai.com/gptbot)"
20.171.207.125 - - [21/Oct/2025:07:00:27 +0000] "GET /pages.php?fairly278035518.html HTTP/1.0" 200 25106 "-" "Mozilla/5.0 AppleWebKit/537.36 (KHTML, like Gecko; compatible; GPTBot/1.2; +https://openai.com/gptbot)"
20.171.207.125 - - [21/Oct/2025:07:00:28 +0000] "GET /pages.php?ironically075016133.html HTTP/1.0" 200 25249 "-" "Mozilla/5.0 AppleWebKit/537.36 (KHTML, like Gecko; compatible; GPTBot/1.2; +https://openai.com/gptbot)"
20.171.207.125 - - [21/Oct/2025:07:00:29 +0000] "GET /pages.php?item/u237/33472/ HTTP/1.0" 200 24061 "-" "Mozilla/5.0 AppleWebKit/537.36 (KHTML, like Gecko; compatible; GPTBot/1.2; +https://openai.com/gptbot)"
20.171.207.125 - - [21/Oct/2025:07:00:31 +0000] "GET /pages.php?title278035518.html HTTP/1.0" 200 25058 "-" "Mozilla/5.0 AppleWebKit/537.36 (KHTML, like Gecko; compatible; GPTBot/1.2; +https://openai.com/gptbot)"
20.171.207.125 - - [21/Oct/2025:07:00:32 +0000] "GET /pages.php?relief075016133.html HTTP/1.0" 200 25077 "-" "Mozilla/5.0 AppleWebKit/537.36 (KHTML, like Gecko; compatible; GPTBot/1.2; +https://openai.com/gptbot)"
177.223.236.152 - - [21/Oct/2025:07:00:33 +0000] "GET /author/diego-v/?fileloc=%2Fvar%2Fwww%2Fvhosts%2Fenlugo.es%2Fhttpdocs%2Fwp-admin%2Ferase-personal-data.php&path=%2Fvar%2Fwww%2Fvhosts%2Fenlugo.es%2Fhttpdocs%2Fwp-admin HTTP/1.0" 200 2195 "-" "Mozilla/5.0 (Macintosh; Intel Mac OS X 10_14_6) AppleWebKit/537.36 (KHTML, like Gecko) Chrome/89.0.4389.128 Safari/537.36"
20.171.207.125 - - [21/Oct/2025:07:00:33 +0000] "GET /pages.php?relax278035518.html HTTP/1.0" 200 25146 "-" "Mozilla/5.0 AppleWebKit/537.36 (KHTML, like Gecko; compatible; GPTBot/1.2; +https://openai.com/gptbot)"
20.171.207.125 - - [21/Oct/2025:07:00:34 +0000] "GET /pages.php?smooth075016133.html HTTP/1.0" 200 25175 "-" "Mozilla/5.0 AppleWebKit/537.36 (KHTML, like Gecko; compatible; GPTBot/1.2; +https://openai.com/gptbot)"
20.171.207.125 - - [21/Oct/2025:07:00:36 +0000] "GET /pages.php?steam278035518.html HTTP/1.0" 200 25215 "-" "Mozilla/5.0 AppleWebKit/537.36 (KHTML, like Gecko; compatible; GPTBot/1.2; +https://openai.com/gptbot)"
20.171.207.125 - - [21/Oct/2025:07:00:37 +0000] "GET /pages.php?excessive075016133.html HTTP/1.0" 200 25166 "-" "Mozilla/5.0 AppleWebKit/537.36 (KHTML, like Gecko; compatible; GPTBot/1.2; +https://openai.com/gptbot)"
144.76.73.122 - - [21/Oct/2025:07:00:38 +0000] "GET /termas-romanas/?path=%2Fvar%2Fwww%2Fvhosts%2Fenlugo.es%2Flogs HTTP/1.0" 200 2195 "-" "serpstatbot/2.1 (advanced backlink tracking bot; https://serpstatbot.com/; abuse@serpstatbot.com)"
20.171.207.125 - - [21/Oct/2025:07:00:38 +0000] "GET /pages.php?channel=176e68&from=https://enlugo.es/collect.php?labor278035518.html&w=2939126678198 HTTP/1.0" 200 25120 "-" "Mozilla/5.0 AppleWebKit/537.36 (KHTML, like Gecko; compatible; GPTBot/1.2; +https://openai.com/gptbot)"
200.4.97.157 - - [21/Oct/2025:07:00:39 +0000] "GET /museos/?fileloc=%2Fvar%2Fwww%2Fvhosts%2Fenlugo.es%2Fhttpdocs%2Fwp-class-utils.php&path=%2Fvar%2Fwww%2Fvhosts%2Fenlugo.es%2Fhttpdocs HTTP/1.0" 200 2195 "-" "Mozilla/5.0 (Macintosh; Intel Mac OS X 10_15_5) AppleWebKit/537.36 (KHTML, like Gecko) Brave Chrome/84.0.4147.105 Safari/537.36"
20.171.207.125 - - [21/Oct/2025:07:00:39 +0000] "GET /pages.php?public075016133.html HTTP/1.0" 200 25183 "-" "Mozilla/5.0 AppleWebKit/537.36 (KHTML, like Gecko; compatible; GPTBot/1.2; +https://openai.com/gptbot)"
20.171.207.125 - - [21/Oct/2025:07:00:40 +0000] "GET /pages.php?channel=176e68&from=https://enlugo.es/collect.php?aspect278035518.html&w=2939126678198 HTTP/1.0" 200 25169 "-" "Mozilla/5.0 AppleWebKit/537.36 (KHTML, like Gecko; compatible; GPTBot/1.2; +https://openai.com/gptbot)"
20.171.207.125 - - [21/Oct/2025:07:00:41 +0000] "GET /pages.php?philosophical075016133.html HTTP/1.0" 200 25202 "-" "Mozilla/5.0 AppleWebKit/537.36 (KHTML, like Gecko; compatible; GPTBot/1.2; +https://openai.com/gptbot)"
20.171.207.125 - - [21/Oct/2025:07:00:43 +0000] "GET /pages.php?tax278035518.html HTTP/1.0" 200 25152 "-" "Mozilla/5.0 AppleWebKit/537.36 (KHTML, like Gecko; compatible; GPTBot/1.2; +https://openai.com/gptbot)"
20.171.207.125 - - [21/Oct/2025:07:00:44 +0000] "GET /pages.php?observer075016133.html HTTP/1.0" 200 25206 "-" "Mozilla/5.0 AppleWebKit/537.36 (KHTML, like Gecko; compatible; GPTBot/1.2; +https://openai.com/gptbot)"
14.244.214.120 - - [21/Oct/2025:07:00:45 +0000] "GET /plazas-importantes/?fileloc=%2Fvar%2Fwww%2Fvhosts%2Fenlugo.es%2Fhttpdocs%2Fwp-api.php&path=%2Fvar%2Fwww%2Fvhosts%2Fenlugo.es%2Fhttpdocs HTTP/1.0" 200 2195 "-" "Mozilla/5.0 (Macintosh; Intel Mac OS X 11_2_3) AppleWebKit/537.36 (KHTML, like Gecko) Brave Chrome/89.0.4389.114 Safari/537.36"
20.171.207.125 - - [21/Oct/2025:07:00:45 +0000] "GET /pages.php?item/u237/18118/ HTTP/1.0" 200 24400 "-" "Mozilla/5.0 AppleWebKit/537.36 (KHTML, like Gecko; compatible; GPTBot/1.2; +https://openai.com/gptbot)"
20.171.207.125 - - [21/Oct/2025:07:00:46 +0000] "GET /pages.php?failure075016133.html HTTP/1.0" 200 25231 "-" "Mozilla/5.0 AppleWebKit/537.36 (KHTML, like Gecko; compatible; GPTBot/1.2; +https://openai.com/gptbot)"
20.171.207.125 - - [21/Oct/2025:07:00:47 +0000] "GET /pages.php?name296040574.html HTTP/1.0" 200 24914 "-" "Mozilla/5.0 AppleWebKit/537.36 (KHTML, like Gecko; compatible; GPTBot/1.2; +https://openai.com/gptbot)"
20.171.207.125 - - [21/Oct/2025:07:00:48 +0000] "GET /pages.php?channel=176e68&from=https://enlugo.es/collect.php?forbid075016133.html&w=2939126678198 HTTP/1.0" 200 25193 "-" "Mozilla/5.0 AppleWebKit/537.36 (KHTML, like Gecko; compatible; GPTBot/1.2; +https://openai.com/gptbot)"
20.171.207.125 - - [21/Oct/2025:07:00:50 +0000] "GET /pages.php?interest296040574.html HTTP/1.0" 200 24880 "-" "Mozilla/5.0 AppleWebKit/537.36 (KHTML, like Gecko; compatible; GPTBot/1.2; +https://openai.com/gptbot)"
20.171.207.125 - - [21/Oct/2025:07:00:51 +0000] "GET /pages.php?represent075016133.html HTTP/1.0" 200 25185 "-" "Mozilla/5.0 AppleWebKit/537.36 (KHTML, like Gecko; compatible; GPTBot/1.2; +https://openai.com/gptbot)"
