20.171.207.125 - - [21/Oct/2025:06:54:30 +0000] "GET /pages.php?tie260013442.html HTTP/1.0" 200 25359 "-" "Mozilla/5.0 AppleWebKit/537.36 (KHTML, like Gecko; compatible; GPTBot/1.2; +https://openai.com/gptbot)"
52.3.156.186 - - [21/Oct/2025:06:54:32 +0000] "GET /?fileloc=/var/www/vhosts/enlugo.es/httpdocs/wp-content/cache/db/options/68b/960/.htaccess&path=/var/www/vhosts/enlugo.es/httpdocs/wp-content/cache/db/options/68b/960 HTTP/1.0" 200 2195 "-" "Mozilla/5.0 AppleWebKit/537.36 (KHTML, like Gecko; compatible; Amazonbot/0.1; +https://developer.amazon.com/support/amazonbot) Chrome/119.0.6045.214 Safari/537.36"
20.171.207.125 - - [21/Oct/2025:06:54:31 +0000] "GET /pages.php?jump259038623.html HTTP/1.0" 200 24288 "-" "Mozilla/5.0 AppleWebKit/537.36 (KHTML, like Gecko; compatible; GPTBot/1.2; +https://openai.com/gptbot)"
20.171.207.125 - - [21/Oct/2025:06:54:33 +0000] "GET /pages.php?college260013442.html HTTP/1.0" 200 25319 "-" "Mozilla/5.0 AppleWebKit/537.36 (KHTML, like Gecko; compatible; GPTBot/1.2; +https://openai.com/gptbot)"
20.171.207.125 - - [21/Oct/2025:06:54:34 +0000] "GET /pages.php?height259038623.html HTTP/1.0" 200 24358 "-" "Mozilla/5.0 AppleWebKit/537.36 (KHTML, like Gecko; compatible; GPTBot/1.2; +https://openai.com/gptbot)"
107.20.25.33 - - [21/Oct/2025:06:54:36 +0000] "GET /?fileloc=/var/www/vhosts/enlugo.es/httpdocs/wp-content/plugins/wordpress-seo/packages/js/images/local_assistant.svg&path=/var/www/vhosts/enlugo.es/httpdocs/wp-content/plugins/wordpress-seo/packages/js/images HTTP/1.0" 200 2195 "-" "Mozilla/5.0 AppleWebKit/537.36 (KHTML, like Gecko; compatible; Amazonbot/0.1; +https://developer.amazon.com/support/amazonbot) Chrome/119.0.6045.214 Safari/537.36"
20.171.207.125 - - [21/Oct/2025:06:54:35 +0000] "GET /pages.php?tear260013442.html HTTP/1.0" 200 25322 "-" "Mozilla/5.0 AppleWebKit/537.36 (KHTML, like Gecko; compatible; GPTBot/1.2; +https://openai.com/gptbot)"
20.171.207.125 - - [21/Oct/2025:06:54:36 +0000] "GET /pages.php?tighten259038623.html HTTP/1.0" 200 24325 "-" "Mozilla/5.0 AppleWebKit/537.36 (KHTML, like Gecko; compatible; GPTBot/1.2; +https://openai.com/gptbot)"
170.81.60.229 - - [21/Oct/2025:06:54:38 +0000] "GET /items/zxjfy254/28553?key=reflect HTTP/1.0" 200 2195 "-" "Mozilla/5.0 (Macintosh; Intel Mac OS X 10_13_6) AppleWebKit/537.36 (KHTML, like Gecko) Chrome/99.0.3538.77 Safari/537.36"
20.171.207.125 - - [21/Oct/2025:06:54:38 +0000] "GET /pages.php?sand260013442.html HTTP/1.0" 200 25349 "-" "Mozilla/5.0 AppleWebKit/537.36 (KHTML, like Gecko; compatible; GPTBot/1.2; +https://openai.com/gptbot)"
20.171.207.125 - - [21/Oct/2025:06:54:39 +0000] "GET /pages.php?uncle259038623.html HTTP/1.0" 200 24386 "-" "Mozilla/5.0 AppleWebKit/537.36 (KHTML, like Gecko; compatible; GPTBot/1.2; +https://openai.com/gptbot)"
20.171.207.125 - - [21/Oct/2025:06:54:40 +0000] "GET /pages.php?photographer260013442.html HTTP/1.0" 200 25346 "-" "Mozilla/5.0 AppleWebKit/537.36 (KHTML, like Gecko; compatible; GPTBot/1.2; +https://openai.com/gptbot)"
34.225.243.131 - - [21/Oct/2025:06:54:41 +0000] "GET /?fileloc=/var/www/vhosts/enlugo.es/httpdocs/wp-content/uploads/2015/03/button.png&path=/var/www/vhosts/enlugo.es/httpdocs/wp-content/uploads/2015/03 HTTP/1.0" 200 2195 "-" "Mozilla/5.0 AppleWebKit/537.36 (KHTML, like Gecko; compatible; Amazonbot/0.1; +https://developer.amazon.com/support/amazonbot) Chrome/119.0.6045.214 Safari/537.36"
20.171.207.125 - - [21/Oct/2025:06:54:41 +0000] "GET /pages.php?spray259038623.html HTTP/1.0" 200 24416 "-" "Mozilla/5.0 AppleWebKit/537.36 (KHTML, like Gecko; compatible; GPTBot/1.2; +https://openai.com/gptbot)"
144.76.73.122 - - [21/Oct/2025:06:54:42 +0000] "GET /termas-romanas/?path=%2Fvar%2Fwww%2Fvhosts%2Fenlugo.es%2Ferror_docs HTTP/1.0" 200 2195 "-" "serpstatbot/2.1 (advanced backlink tracking bot; https://serpstatbot.com/; abuse@serpstatbot.com)"
20.171.207.125 - - [21/Oct/2025:06:54:42 +0000] "GET /pages.php?experienced260013442.html HTTP/1.0" 200 25363 "-" "Mozilla/5.0 AppleWebKit/537.36 (KHTML, like Gecko; compatible; GPTBot/1.2; +https://openai.com/gptbot)"
35.171.141.42 - - [21/Oct/2025:06:54:45 +0000] "GET /?fileloc=/var/www/vhosts/enlugo.es/httpdocs/wp-content/cache/db/options/bfb/806/.htaccess&path=/var/www/vhosts/enlugo.es/httpdocs/wp-content/cache/db/options/bfb/806 HTTP/1.0" 200 2195 "-" "Mozilla/5.0 AppleWebKit/537.36 (KHTML, like Gecko; compatible; Amazonbot/0.1; +https://developer.amazon.com/support/amazonbot) Chrome/119.0.6045.214 Safari/537.36"
20.171.207.125 - - [21/Oct/2025:06:54:44 +0000] "GET /pages.php?channel=176e68&from=https://enlugo.es/collect.php?abortion259038623.html&w=2939126678198 HTTP/1.0" 200 24373 "-" "Mozilla/5.0 AppleWebKit/537.36 (KHTML, like Gecko; compatible; GPTBot/1.2; +https://openai.com/gptbot)"
20.171.207.125 - - [21/Oct/2025:06:54:45 +0000] "GET /pages.php?rolling260013442.html HTTP/1.0" 200 25426 "-" "Mozilla/5.0 AppleWebKit/537.36 (KHTML, like Gecko; compatible; GPTBot/1.2; +https://openai.com/gptbot)"
20.171.207.125 - - [21/Oct/2025:06:54:47 +0000] "GET /pages.php?info088034030.html HTTP/1.0" 200 24497 "-" "Mozilla/5.0 AppleWebKit/537.36 (KHTML, like Gecko; compatible; GPTBot/1.2; +https://openai.com/gptbot)"
3.215.59.93 - - [21/Oct/2025:06:54:48 +0000] "GET /?path=/var/www/vhosts/enlugo.es/httpdocs/wp-content/cache/page_enhanced/enlugo.es///pink178040618 HTTP/1.0" 200 2195 "-" "Mozilla/5.0 AppleWebKit/537.36 (KHTML, like Gecko; compatible; Amazonbot/0.1; +https://developer.amazon.com/support/amazonbot) Chrome/119.0.6045.214 Safari/537.36"
20.171.207.125 - - [21/Oct/2025:06:54:48 +0000] "GET /pages.php?automobile259038623.html HTTP/1.0" 200 24344 "-" "Mozilla/5.0 AppleWebKit/537.36 (KHTML, like Gecko; compatible; GPTBot/1.2; +https://openai.com/gptbot)"
20.171.207.125 - - [21/Oct/2025:06:54:49 +0000] "GET /pages.php?channel=176e68&from=https://enlugo.es/collect.php?pepper260013442.html&w=2939126678198 HTTP/1.0" 200 25287 "-" "Mozilla/5.0 AppleWebKit/537.36 (KHTML, like Gecko; compatible; GPTBot/1.2; +https://openai.com/gptbot)"
20.171.207.125 - - [21/Oct/2025:06:54:50 +0000] "GET /pages.php?squeeze088034030.html HTTP/1.0" 200 24515 "-" "Mozilla/5.0 AppleWebKit/537.36 (KHTML, like Gecko; compatible; GPTBot/1.2; +https://openai.com/gptbot)"
20.171.207.125 - - [21/Oct/2025:06:54:51 +0000] "GET /pages.php?shoulder259038623.html HTTP/1.0" 200 24406 "-" "Mozilla/5.0 AppleWebKit/537.36 (KHTML, like Gecko; compatible; GPTBot/1.2; +https://openai.com/gptbot)"
20.171.207.125 - - [21/Oct/2025:06:54:52 +0000] "GET /pages.php?lot260013442.html HTTP/1.0" 200 25316 "-" "Mozilla/5.0 AppleWebKit/537.36 (KHTML, like Gecko; compatible; GPTBot/1.2; +https://openai.com/gptbot)"
54.159.98.248 - - [21/Oct/2025:06:54:53 +0000] "GET /?path=/var/www/vhosts/enlugo.es/httpdocs/wp-content/cache/page_enhanced/enlugo.es///overcome229011037 HTTP/1.0" 200 2195 "-" "Mozilla/5.0 AppleWebKit/537.36 (KHTML, like Gecko; compatible; Amazonbot/0.1; +https://developer.amazon.com/support/amazonbot) Chrome/119.0.6045.214 Safari/537.36"
20.171.207.125 - - [21/Oct/2025:06:54:54 +0000] "GET /pages.php?waist088034030.html HTTP/1.0" 200 24595 "-" "Mozilla/5.0 AppleWebKit/537.36 (KHTML, like Gecko; compatible; GPTBot/1.2; +https://openai.com/gptbot)"
20.171.207.125 - - [21/Oct/2025:06:54:55 +0000] "GET /pages.php?tray259038623.html HTTP/1.0" 200 24428 "-" "Mozilla/5.0 AppleWebKit/537.36 (KHTML, like Gecko; compatible; GPTBot/1.2; +https://openai.com/gptbot)"
50.19.79.213 - - [21/Oct/2025:06:54:57 +0000] "GET /?path=/var/www/vhosts/enlugo.es/httpdocs/wp-content/cache/page_enhanced/enlugo.es///container188008536 HTTP/1.0" 200 2195 "-" "Mozilla/5.0 AppleWebKit/537.36 (KHTML, like Gecko; compatible; Amazonbot/0.1; +https://developer.amazon.com/support/amazonbot) Chrome/119.0.6045.214 Safari/537.36"
20.171.207.125 - - [21/Oct/2025:06:54:56 +0000] "GET /pages.php?portray260013442.html HTTP/1.0" 200 25344 "-" "Mozilla/5.0 AppleWebKit/537.36 (KHTML, like Gecko; compatible; GPTBot/1.2; +https://openai.com/gptbot)"
20.171.207.125 - - [21/Oct/2025:06:54:58 +0000] "GET /pages.php?direct088034030.html HTTP/1.0" 200 24544 "-" "Mozilla/5.0 AppleWebKit/537.36 (KHTML, like Gecko; compatible; GPTBot/1.2; +https://openai.com/gptbot)"
20.171.207.125 - - [21/Oct/2025:06:54:59 +0000] "GET /pages.php?export259038623.html HTTP/1.0" 200 24299 "-" "Mozilla/5.0 AppleWebKit/537.36 (KHTML, like Gecko; compatible; GPTBot/1.2; +https://openai.com/gptbot)"
20.171.207.125 - - [21/Oct/2025:06:55:00 +0000] "GET /pages.php?error260013442.html HTTP/1.0" 200 25335 "-" "Mozilla/5.0 AppleWebKit/537.36 (KHTML, like Gecko; compatible; GPTBot/1.2; +https://openai.com/gptbot)"
20.171.207.125 - - [21/Oct/2025:06:55:02 +0000] "GET /pages.php?furniture088034030.html HTTP/1.0" 200 24547 "-" "Mozilla/5.0 AppleWebKit/537.36 (KHTML, like Gecko; compatible; GPTBot/1.2; +https://openai.com/gptbot)"
20.171.207.125 - - [21/Oct/2025:06:55:03 +0000] "GET /pages.php?aggressive259038623.html HTTP/1.0" 200 24327 "-" "Mozilla/5.0 AppleWebKit/537.36 (KHTML, like Gecko; compatible; GPTBot/1.2; +https://openai.com/gptbot)"
98.82.214.73 - - [21/Oct/2025:06:55:04 +0000] "GET /?fileloc=/var/www/vhosts/enlugo.es/httpdocs/wp-content/plugins/wp-statistics/assets/images/mini-chart-admin-bar-preview.png&path=/var/www/vhosts/enlugo.es/httpdocs/wp-content/plugins/wp-statistics/assets/images HTTP/1.0" 200 2195 "-" "Mozilla/5.0 AppleWebKit/537.36 (KHTML, like Gecko; compatible; Amazonbot/0.1; +https://developer.amazon.com/support/amazonbot) Chrome/119.0.6045.214 Safari/537.36"
20.171.207.125 - - [21/Oct/2025:06:55:04 +0000] "GET /pages.php?apology260013442.html HTTP/1.0" 200 25322 "-" "Mozilla/5.0 AppleWebKit/537.36 (KHTML, like Gecko; compatible; GPTBot/1.2; +https://openai.com/gptbot)"
20.171.207.125 - - [21/Oct/2025:06:55:05 +0000] "GET /pages.php?sing088034030.html HTTP/1.0" 200 24629 "-" "Mozilla/5.0 AppleWebKit/537.36 (KHTML, like Gecko; compatible; GPTBot/1.2; +https://openai.com/gptbot)"
20.171.207.125 - - [21/Oct/2025:06:55:07 +0000] "GET /pages.php?loop259038623.html HTTP/1.0" 200 24429 "-" "Mozilla/5.0 AppleWebKit/537.36 (KHTML, like Gecko; compatible; GPTBot/1.2; +https://openai.com/gptbot)"
20.171.207.125 - - [21/Oct/2025:06:55:08 +0000] "GET /pages.php?summary260013442.html HTTP/1.0" 200 25381 "-" "Mozilla/5.0 AppleWebKit/537.36 (KHTML, like Gecko; compatible; GPTBot/1.2; +https://openai.com/gptbot)"
20.171.207.125 - - [21/Oct/2025:06:55:09 +0000] "GET /pages.php?wonder088034030.html HTTP/1.0" 200 24634 "-" "Mozilla/5.0 AppleWebKit/537.36 (KHTML, like Gecko; compatible; GPTBot/1.2; +https://openai.com/gptbot)"
34.202.88.37 - - [21/Oct/2025:06:55:10 +0000] "GET /?fileloc=/var/www/vhosts/enlugo.es/httpdocs/wp-content/cache/db/options/a22/873/.htaccess&path=/var/www/vhosts/enlugo.es/httpdocs/wp-content/cache/db/options/a22/873 HTTP/1.0" 200 2195 "-" "Mozilla/5.0 AppleWebKit/537.36 (KHTML, like Gecko; compatible; Amazonbot/0.1; +https://developer.amazon.com/support/amazonbot) Chrome/119.0.6045.214 Safari/537.36"
20.171.207.125 - - [21/Oct/2025:06:55:10 +0000] "GET /pages.php?direct259038623.html HTTP/1.0" 200 24458 "-" "Mozilla/5.0 AppleWebKit/537.36 (KHTML, like Gecko; compatible; GPTBot/1.2; +https://openai.com/gptbot)"
20.171.207.125 - - [21/Oct/2025:06:55:11 +0000] "GET /pages.php?channel=176e68&from=https://enlugo.es/collect.php?supporter260013442.html&w=2939126678198 HTTP/1.0" 200 25294 "-" "Mozilla/5.0 AppleWebKit/537.36 (KHTML, like Gecko; compatible; GPTBot/1.2; +https://openai.com/gptbot)"
20.171.207.125 - - [21/Oct/2025:06:55:13 +0000] "GET /pages.php?channel=176e68&from=https://enlugo.es/collect.php?phase088034030.html&w=2939126678198 HTTP/1.0" 200 24585 "-" "Mozilla/5.0 AppleWebKit/537.36 (KHTML, like Gecko; compatible; GPTBot/1.2; +https://openai.com/gptbot)"
20.171.207.125 - - [21/Oct/2025:06:55:14 +0000] "GET /pages.php?pitch259038623.html HTTP/1.0" 200 24364 "-" "Mozilla/5.0 AppleWebKit/537.36 (KHTML, like Gecko; compatible; GPTBot/1.2; +https://openai.com/gptbot)"
20.171.207.125 - - [21/Oct/2025:06:55:15 +0000] "GET /pages.php?essay260013442.html HTTP/1.0" 200 25380 "-" "Mozilla/5.0 AppleWebKit/537.36 (KHTML, like Gecko; compatible; GPTBot/1.2; +https://openai.com/gptbot)"
23.21.250.48 - - [21/Oct/2025:06:55:16 +0000] "GET /?path=/var/www/vhosts/enlugo.es/httpdocs/wp-content/cache/page_enhanced/enlugo.es///rate246031130 HTTP/1.0" 200 2195 "-" "Mozilla/5.0 AppleWebKit/537.36 (KHTML, like Gecko; compatible; Amazonbot/0.1; +https://developer.amazon.com/support/amazonbot) Chrome/119.0.6045.214 Safari/537.36"
20.171.207.125 - - [21/Oct/2025:06:55:16 +0000] "GET /pages.php?delay088034030.html HTTP/1.0" 200 24580 "-" "Mozilla/5.0 AppleWebKit/537.36 (KHTML, like Gecko; compatible; GPTBot/1.2; +https://openai.com/gptbot)"
20.171.207.125 - - [21/Oct/2025:06:55:17 +0000] "GET /pages.php?fewer259038623.html HTTP/1.0" 200 24378 "-" "Mozilla/5.0 AppleWebKit/537.36 (KHTML, like Gecko; compatible; GPTBot/1.2; +https://openai.com/gptbot)"
20.171.207.125 - - [21/Oct/2025:06:55:18 +0000] "GET /pages.php?regain260013442.html HTTP/1.0" 200 25314 "-" "Mozilla/5.0 AppleWebKit/537.36 (KHTML, like Gecko; compatible; GPTBot/1.2; +https://openai.com/gptbot)"
52.71.218.25 - - [21/Oct/2025:06:55:20 +0000] "GET /?fileloc=/var/www/vhosts/enlugo.es/httpdocs/wp-content/themes/rubine/css/genericons/genericons.css&path=/var/www/vhosts/enlugo.es/httpdocs/wp-content/themes/rubine/css/genericons HTTP/1.0" 200 2195 "-" "Mozilla/5.0 AppleWebKit/537.36 (KHTML, like Gecko; compatible; Amazonbot/0.1; +https://developer.amazon.com/support/amazonbot) Chrome/119.0.6045.214 Safari/537.36"
20.171.207.125 - - [21/Oct/2025:06:55:20 +0000] "GET /pages.php?opposition088034030.html HTTP/1.0" 200 24529 "-" "Mozilla/5.0 AppleWebKit/537.36 (KHTML, like Gecko; compatible; GPTBot/1.2; +https://openai.com/gptbot)"
20.171.207.125 - - [21/Oct/2025:06:55:21 +0000] "GET /pages.php?level259038623.html HTTP/1.0" 200 24523 "-" "Mozilla/5.0 AppleWebKit/537.36 (KHTML, like Gecko; compatible; GPTBot/1.2; +https://openai.com/gptbot)"
20.171.207.125 - - [21/Oct/2025:06:55:22 +0000] "GET /pages.php?blink260013442.html HTTP/1.0" 200 25435 "-" "Mozilla/5.0 AppleWebKit/537.36 (KHTML, like Gecko; compatible; GPTBot/1.2; +https://openai.com/gptbot)"
52.71.216.196 - - [21/Oct/2025:06:55:24 +0000] "GET /?fileloc=/var/www/vhosts/enlugo.es/httpdocs/wp-content/cache/db/options/2b8/478/.htaccess&path=/var/www/vhosts/enlugo.es/httpdocs/wp-content/cache/db/options/2b8/478 HTTP/1.0" 200 2195 "-" "Mozilla/5.0 AppleWebKit/537.36 (KHTML, like Gecko; compatible; Amazonbot/0.1; +https://developer.amazon.com/support/amazonbot) Chrome/119.0.6045.214 Safari/537.36"
20.171.207.125 - - [21/Oct/2025:06:55:23 +0000] "GET /pages.php?shot088034030.html HTTP/1.0" 200 24615 "-" "Mozilla/5.0 AppleWebKit/537.36 (KHTML, like Gecko; compatible; GPTBot/1.2; +https://openai.com/gptbot)"
20.171.207.125 - - [21/Oct/2025:06:55:24 +0000] "GET /pages.php?channel=176e68&from=https://enlugo.es/collect.php?spare259038623.html&w=2939126678198 HTTP/1.0" 200 24368 "-" "Mozilla/5.0 AppleWebKit/537.36 (KHTML, like Gecko; compatible; GPTBot/1.2; +https://openai.com/gptbot)"
20.171.207.125 - - [21/Oct/2025:06:55:26 +0000] "GET /pages.php?channel=176e68&from=https://enlugo.es/collect.php?holy260013442.html&w=2939126678198 HTTP/1.0" 200 25275 "-" "Mozilla/5.0 AppleWebKit/537.36 (KHTML, like Gecko; compatible; GPTBot/1.2; +https://openai.com/gptbot)"
179.193.96.96 - - [21/Oct/2025:06:55:27 +0000] "GET /concurso-tapas-2015/?fileloc=%2Fvar%2Fwww%2Fvhosts%2Fenlugo.es%2Fhttpdocs%2Fwp-includes%2Fsitemaps.php&path=%2Fvar%2Fwww%2Fvhosts%2Fenlugo.es%2Fhttpdocs%2Fwp-includes HTTP/1.0" 200 2195 "-" "Mozilla/5.0 (Macintosh; Intel Mac OS X 10_14_6) AppleWebKit/537.36 (KHTML, like Gecko) Brave Chrome/87.0.4280.88 Safari/537.36"
20.171.207.125 - - [21/Oct/2025:06:55:27 +0000] "GET /pages.php?product088034030.html HTTP/1.0" 200 24622 "-" "Mozilla/5.0 AppleWebKit/537.36 (KHTML, like Gecko; compatible; GPTBot/1.2; +https://openai.com/gptbot)"
52.44.174.136 - - [21/Oct/2025:06:55:28 +0000] "GET /?fileloc=/var/www/vhosts/enlugo.es/httpdocs/wp-content/cache/db/options/5a8/3ca/.htaccess&path=/var/www/vhosts/enlugo.es/httpdocs/wp-content/cache/db/options/5a8/3ca HTTP/1.0" 200 2195 "-" "Mozilla/5.0 AppleWebKit/537.36 (KHTML, like Gecko; compatible; Amazonbot/0.1; +https://developer.amazon.com/support/amazonbot) Chrome/119.0.6045.214 Safari/537.36"
20.171.207.125 - - [21/Oct/2025:06:55:28 +0000] "GET /pages.php?gene259038623.html HTTP/1.0" 200 24380 "-" "Mozilla/5.0 AppleWebKit/537.36 (KHTML, like Gecko; compatible; GPTBot/1.2; +https://openai.com/gptbot)"
66.249.66.40 - - [21/Oct/2025:06:55:29 +0000] "GET /walking033015527 HTTP/1.0" 200 2195 "-" "Mozilla/5.0 (Linux; Android 6.0.1; Nexus 5X Build/MMB29P) AppleWebKit/537.36 (KHTML, like Gecko) Chrome/140.0.7339.207 Mobile Safari/537.36 (compatible; Googlebot/2.1; +http://www.google.com/bot.html)"
20.171.207.125 - - [21/Oct/2025:06:55:29 +0000] "GET /pages.php?British260013442.html HTTP/1.0" 200 25308 "-" "Mozilla/5.0 AppleWebKit/537.36 (KHTML, like Gecko; compatible; GPTBot/1.2; +https://openai.com/gptbot)"
20.171.207.125 - - [21/Oct/2025:06:55:30 +0000] "GET /pages.php?consider088034030.html HTTP/1.0" 200 24547 "-" "Mozilla/5.0 AppleWebKit/537.36 (KHTML, like Gecko; compatible; GPTBot/1.2; +https://openai.com/gptbot)"
3.89.176.255 - - [21/Oct/2025:06:55:32 +0000] "GET /?fileloc=/var/www/vhosts/enlugo.es/httpdocs/wp-content/cache/db/options/85e/1c4/.htaccess&path=/var/www/vhosts/enlugo.es/httpdocs/wp-content/cache/db/options/85e/1c4 HTTP/1.0" 200 2195 "-" "Mozilla/5.0 AppleWebKit/537.36 (KHTML, like Gecko; compatible; Amazonbot/0.1; +https://developer.amazon.com/support/amazonbot) Chrome/119.0.6045.214 Safari/537.36"
20.171.207.125 - - [21/Oct/2025:06:55:32 +0000] "GET /pages.php?economist259038623.html HTTP/1.0" 200 24357 "-" "Mozilla/5.0 AppleWebKit/537.36 (KHTML, like Gecko; compatible; GPTBot/1.2; +https://openai.com/gptbot)"
20.171.207.125 - - [21/Oct/2025:06:55:33 +0000] "GET /pages.php?option260013442.html HTTP/1.0" 200 25288 "-" "Mozilla/5.0 AppleWebKit/537.36 (KHTML, like Gecko; compatible; GPTBot/1.2; +https://openai.com/gptbot)"
20.171.207.125 - - [21/Oct/2025:06:55:34 +0000] "GET /pages.php?scent088034030.html HTTP/1.0" 200 24575 "-" "Mozilla/5.0 AppleWebKit/537.36 (KHTML, like Gecko; compatible; GPTBot/1.2; +https://openai.com/gptbot)"
144.76.73.122 - - [21/Oct/2025:06:55:35 +0000] "GET /category/sin-categoria/page/2/?path=%2Fvar%2Fwww%2Fvhosts%2Fenlugo.es%2Fhttpdocs%2Fwp-content%2Fcache HTTP/1.0" 200 2195 "-" "serpstatbot/2.1 (advanced backlink tracking bot; https://serpstatbot.com/; abuse@serpstatbot.com)"
20.171.207.125 - - [21/Oct/2025:06:55:35 +0000] "GET /pages.php?never259038623.html HTTP/1.0" 200 24467 "-" "Mozilla/5.0 AppleWebKit/537.36 (KHTML, like Gecko; compatible; GPTBot/1.2; +https://openai.com/gptbot)"
20.171.207.125 - - [21/Oct/2025:06:55:36 +0000] "GET /pages.php?room260013442.html HTTP/1.0" 200 25408 "-" "Mozilla/5.0 AppleWebKit/537.36 (KHTML, like Gecko; compatible; GPTBot/1.2; +https://openai.com/gptbot)"
14.178.204.164 - - [21/Oct/2025:06:55:38 +0000] "GET /317930200 HTTP/1.0" 200 2195 "-" "Mozilla/5.0 (Windows NT 6.2; Win64; x64) AppleWebKit/537.36 (KHTML, like Gecko) Chrome/101.0.4951.64 Safari/537.36"
20.171.207.125 - - [21/Oct/2025:06:55:38 +0000] "GET /pages.php?trading088034030.html HTTP/1.0" 200 24704 "-" "Mozilla/5.0 AppleWebKit/537.36 (KHTML, like Gecko; compatible; GPTBot/1.2; +https://openai.com/gptbot)"
20.171.207.125 - - [21/Oct/2025:06:55:39 +0000] "GET /pages.php?terrorism259038623.html HTTP/1.0" 200 24262 "-" "Mozilla/5.0 AppleWebKit/537.36 (KHTML, like Gecko; compatible; GPTBot/1.2; +https://openai.com/gptbot)"
20.171.207.125 - - [21/Oct/2025:06:55:40 +0000] "GET /pages.php?channel=176e68&from=https://enlugo.es/collect.php?bird260013442.html&w=2939126678198 HTTP/1.0" 200 25280 "-" "Mozilla/5.0 AppleWebKit/537.36 (KHTML, like Gecko; compatible; GPTBot/1.2; +https://openai.com/gptbot)"
20.171.207.125 - - [21/Oct/2025:06:55:41 +0000] "GET /pages.php?channel=176e68&from=https://enlugo.es/collect.php?finally088034030.html&w=2939126678198 HTTP/1.0" 200 24713 "-" "Mozilla/5.0 AppleWebKit/537.36 (KHTML, like Gecko; compatible; GPTBot/1.2; +https://openai.com/gptbot)"
20.171.207.125 - - [21/Oct/2025:06:55:42 +0000] "GET /pages.php?palm259038623.html HTTP/1.0" 200 24363 "-" "Mozilla/5.0 AppleWebKit/537.36 (KHTML, like Gecko; compatible; GPTBot/1.2; +https://openai.com/gptbot)"
20.171.207.125 - - [21/Oct/2025:06:55:43 +0000] "GET /pages.php?train260013442.html HTTP/1.0" 200 25251 "-" "Mozilla/5.0 AppleWebKit/537.36 (KHTML, like Gecko; compatible; GPTBot/1.2; +https://openai.com/gptbot)"
18.213.240.226 - - [21/Oct/2025:06:55:44 +0000] "GET /?fileloc=/var/www/vhosts/enlugo.es/httpdocs/wp-content/plugins/wp-file-manager/lib/img/volume_icon_googledrive.svg&path=/var/www/vhosts/enlugo.es/httpdocs/wp-content/plugins/wp-file-manager/lib/img HTTP/1.0" 200 2195 "-" "Mozilla/5.0 AppleWebKit/537.36 (KHTML, like Gecko; compatible; Amazonbot/0.1; +https://developer.amazon.com/support/amazonbot) Chrome/119.0.6045.214 Safari/537.36"
14.170.129.141 - - [21/Oct/2025:06:55:45 +0000] "GET /author/diego-v/?fileloc=%2Fvar%2Fwww%2Fvhosts%2Fenlugo.es%2Fhttpdocs%2Fwp-includes%2Fclass-wp-customize-manager.php&path=%2Fvar%2Fwww%2Fvhosts%2Fenlugo.es%2Fhttpdocs%2Fwp-includes HTTP/1.0" 200 2195 "-" "Mozilla/5.0 (Macintosh; Intel Mac OS X 10_12_5) AppleWebKit/537.36 (KHTML, like Gecko) Chrome/68.0.3440.106 Safari/537.36"
20.171.207.125 - - [21/Oct/2025:06:55:44 +0000] "GET /pages.php?channel=176e68&from=https://enlugo.es/collect.php?dig088034030.html&w=2939126678198 HTTP/1.0" 200 24596 "-" "Mozilla/5.0 AppleWebKit/537.36 (KHTML, like Gecko; compatible; GPTBot/1.2; +https://openai.com/gptbot)"
20.171.207.125 - - [21/Oct/2025:06:55:46 +0000] "GET /pages.php?force259038623.html HTTP/1.0" 200 24414 "-" "Mozilla/5.0 AppleWebKit/537.36 (KHTML, like Gecko; compatible; GPTBot/1.2; +https://openai.com/gptbot)"
20.171.207.125 - - [21/Oct/2025:06:55:47 +0000] "GET /pages.php?suburb260013442.html HTTP/1.0" 200 25331 "-" "Mozilla/5.0 AppleWebKit/537.36 (KHTML, like Gecko; compatible; GPTBot/1.2; +https://openai.com/gptbot)"
20.171.207.125 - - [21/Oct/2025:06:55:48 +0000] "GET /pages.php?midst088034030.html HTTP/1.0" 200 24562 "-" "Mozilla/5.0 AppleWebKit/537.36 (KHTML, like Gecko; compatible; GPTBot/1.2; +https://openai.com/gptbot)"
20.171.207.125 - - [21/Oct/2025:06:55:49 +0000] "GET /pages.php?fifty259038623.html HTTP/1.0" 200 24286 "-" "Mozilla/5.0 AppleWebKit/537.36 (KHTML, like Gecko; compatible; GPTBot/1.2; +https://openai.com/gptbot)"
20.171.207.125 - - [21/Oct/2025:06:55:50 +0000] "GET /pages.php?ten260013442.html HTTP/1.0" 200 25296 "-" "Mozilla/5.0 AppleWebKit/537.36 (KHTML, like Gecko; compatible; GPTBot/1.2; +https://openai.com/gptbot)"
20.171.207.125 - - [21/Oct/2025:06:55:51 +0000] "GET /pages.php?consult088034030.html HTTP/1.0" 200 24567 "-" "Mozilla/5.0 AppleWebKit/537.36 (KHTML, like Gecko; compatible; GPTBot/1.2; +https://openai.com/gptbot)"
20.171.207.125 - - [21/Oct/2025:06:55:52 +0000] "GET /pages.php?accomplish259038623.html HTTP/1.0" 200 24316 "-" "Mozilla/5.0 AppleWebKit/537.36 (KHTML, like Gecko; compatible; GPTBot/1.2; +https://openai.com/gptbot)"
20.171.207.125 - - [21/Oct/2025:06:55:54 +0000] "GET /pages.php?very260013442.html HTTP/1.0" 200 25342 "-" "Mozilla/5.0 AppleWebKit/537.36 (KHTML, like Gecko; compatible; GPTBot/1.2; +https://openai.com/gptbot)"
20.171.207.125 - - [21/Oct/2025:06:55:55 +0000] "GET /pages.php?rapidly088034030.html HTTP/1.0" 200 24564 "-" "Mozilla/5.0 AppleWebKit/537.36 (KHTML, like Gecko; compatible; GPTBot/1.2; +https://openai.com/gptbot)"
34.225.243.131 - - [21/Oct/2025:06:55:56 +0000] "GET /?path=/var/www/vhosts/enlugo.es/httpdocs/wp-content/cache/page_enhanced/enlugo.es///reaction204044716 HTTP/1.0" 200 2195 "-" "Mozilla/5.0 AppleWebKit/537.36 (KHTML, like Gecko; compatible; Amazonbot/0.1; +https://developer.amazon.com/support/amazonbot) Chrome/119.0.6045.214 Safari/537.36"
20.171.207.125 - - [21/Oct/2025:06:55:56 +0000] "GET /pages.php?remove259038623.html HTTP/1.0" 200 24363 "-" "Mozilla/5.0 AppleWebKit/537.36 (KHTML, like Gecko; compatible; GPTBot/1.2; +https://openai.com/gptbot)"
157.100.107.105 - - [21/Oct/2025:06:55:58 +0000] "GET /san-froilan-2015-entrevista-anni-b-sweet/?path=%2Fvar%2Fwww%2Fvhosts%2Fenlugo.es%2F.revisium_antivirus_cache HTTP/1.0" 200 2195 "-" "Mozilla/5.0 (Macintosh; Intel Mac OS X 11_0_1) AppleWebKit/537.36 (KHTML, like Gecko) Brave Chrome/88.0.4324.96 Safari/537.36"
20.171.207.125 - - [21/Oct/2025:06:55:57 +0000] "GET /pages.php?chip260013442.html HTTP/1.0" 200 25287 "-" "Mozilla/5.0 AppleWebKit/537.36 (KHTML, like Gecko; compatible; GPTBot/1.2; +https://openai.com/gptbot)"
20.171.207.125 - - [21/Oct/2025:06:55:58 +0000] "GET /pages.php?faint088034030.html HTTP/1.0" 200 24573 "-" "Mozilla/5.0 AppleWebKit/537.36 (KHTML, like Gecko; compatible; GPTBot/1.2; +https://openai.com/gptbot)"
54.209.100.30 - - [21/Oct/2025:06:56:00 +0000] "GET /?fileloc=/var/www/vhosts/enlugo.es/httpdocs/wp-content/uploads/2015/03/restaurante-300x200.jpg&path=/var/www/vhosts/enlugo.es/httpdocs/wp-content/uploads/2015/03 HTTP/1.0" 200 2195 "-" "Mozilla/5.0 AppleWebKit/537.36 (KHTML, like Gecko; compatible; Amazonbot/0.1; +https://developer.amazon.com/support/amazonbot) Chrome/119.0.6045.214 Safari/537.36"
20.171.207.125 - - [21/Oct/2025:06:56:00 +0000] "GET /pages.php?depressed259038623.html HTTP/1.0" 200 24401 "-" "Mozilla/5.0 AppleWebKit/537.36 (KHTML, like Gecko; compatible; GPTBot/1.2; +https://openai.com/gptbot)"
20.171.207.125 - - [21/Oct/2025:06:56:01 +0000] "GET /pages.php?attribute260013442.html HTTP/1.0" 200 25266 "-" "Mozilla/5.0 AppleWebKit/537.36 (KHTML, like Gecko; compatible; GPTBot/1.2; +https://openai.com/gptbot)"
20.171.207.125 - - [21/Oct/2025:06:56:02 +0000] "GET /pages.php?forget088034030.html HTTP/1.0" 200 24506 "-" "Mozilla/5.0 AppleWebKit/537.36 (KHTML, like Gecko; compatible; GPTBot/1.2; +https://openai.com/gptbot)"
20.171.207.125 - - [21/Oct/2025:06:56:03 +0000] "GET /pages.php?spare259038623.html HTTP/1.0" 200 24387 "-" "Mozilla/5.0 AppleWebKit/537.36 (KHTML, like Gecko; compatible; GPTBot/1.2; +https://openai.com/gptbot)"
3.215.59.93 - - [21/Oct/2025:06:56:04 +0000] "GET /?fileloc=/var/www/vhosts/enlugo.es/httpdocs/wp-content/cache/db/options/7d7/25c/.htaccess&path=/var/www/vhosts/enlugo.es/httpdocs/wp-content/cache/db/options/7d7/25c HTTP/1.0" 200 2195 "-" "Mozilla/5.0 AppleWebKit/537.36 (KHTML, like Gecko; compatible; Amazonbot/0.1; +https://developer.amazon.com/support/amazonbot) Chrome/119.0.6045.214 Safari/537.36"
20.171.207.125 - - [21/Oct/2025:06:56:05 +0000] "GET /pages.php?tactic260013442.html HTTP/1.0" 200 25372 "-" "Mozilla/5.0 AppleWebKit/537.36 (KHTML, like Gecko; compatible; GPTBot/1.2; +https://openai.com/gptbot)"
20.171.207.125 - - [21/Oct/2025:06:56:06 +0000] "GET /pages.php?instantly088034030.html HTTP/1.0" 200 24587 "-" "Mozilla/5.0 AppleWebKit/537.36 (KHTML, like Gecko; compatible; GPTBot/1.2; +https://openai.com/gptbot)"
20.171.207.125 - - [21/Oct/2025:06:56:07 +0000] "GET /pages.php?always259038623.html HTTP/1.0" 200 24443 "-" "Mozilla/5.0 AppleWebKit/537.36 (KHTML, like Gecko; compatible; GPTBot/1.2; +https://openai.com/gptbot)"
34.206.193.60 - - [21/Oct/2025:06:56:08 +0000] "GET /?fileloc=/var/www/vhosts/enlugo.es/httpdocs/wp-content/cache/db/options/140/335/.htaccess&path=/var/www/vhosts/enlugo.es/httpdocs/wp-content/cache/db/options/140/335 HTTP/1.0" 200 2195 "-" "Mozilla/5.0 AppleWebKit/537.36 (KHTML, like Gecko; compatible; Amazonbot/0.1; +https://developer.amazon.com/support/amazonbot) Chrome/119.0.6045.214 Safari/537.36"
20.171.207.125 - - [21/Oct/2025:06:56:08 +0000] "GET /pages.php?copy260013442.html HTTP/1.0" 200 25331 "-" "Mozilla/5.0 AppleWebKit/537.36 (KHTML, like Gecko; compatible; GPTBot/1.2; +https://openai.com/gptbot)"
20.171.207.125 - - [21/Oct/2025:06:56:10 +0000] "GET /pages.php?sorry088034030.html HTTP/1.0" 200 24568 "-" "Mozilla/5.0 AppleWebKit/537.36 (KHTML, like Gecko; compatible; GPTBot/1.2; +https://openai.com/gptbot)"
20.171.207.125 - - [21/Oct/2025:06:56:11 +0000] "GET /pages.php?east259038623.html HTTP/1.0" 200 24371 "-" "Mozilla/5.0 AppleWebKit/537.36 (KHTML, like Gecko; compatible; GPTBot/1.2; +https://openai.com/gptbot)"
20.171.207.125 - - [21/Oct/2025:06:56:12 +0000] "GET /pages.php?model260013442.html HTTP/1.0" 200 25324 "-" "Mozilla/5.0 AppleWebKit/537.36 (KHTML, like Gecko; compatible; GPTBot/1.2; +https://openai.com/gptbot)"
20.171.207.125 - - [21/Oct/2025:06:56:13 +0000] "GET /pages.php?tall088034030.html HTTP/1.0" 200 24513 "-" "Mozilla/5.0 AppleWebKit/537.36 (KHTML, like Gecko; compatible; GPTBot/1.2; +https://openai.com/gptbot)"
20.171.207.125 - - [21/Oct/2025:06:56:14 +0000] "GET /pages.php?so-called259038623.html HTTP/1.0" 200 24435 "-" "Mozilla/5.0 AppleWebKit/537.36 (KHTML, like Gecko; compatible; GPTBot/1.2; +https://openai.com/gptbot)"
52.4.213.199 - - [21/Oct/2025:06:56:16 +0000] "GET /?fileloc=/var/www/vhosts/enlugo.es/httpdocs/wp-content/cache/db/options/072/a62/.htaccess&path=/var/www/vhosts/enlugo.es/httpdocs/wp-content/cache/db/options/072/a62 HTTP/1.0" 200 2195 "-" "Mozilla/5.0 AppleWebKit/537.36 (KHTML, like Gecko; compatible; Amazonbot/0.1; +https://developer.amazon.com/support/amazonbot) Chrome/119.0.6045.214 Safari/537.36"
20.171.207.125 - - [21/Oct/2025:06:56:16 +0000] "GET /pages.php?bury088034030.html HTTP/1.0" 200 24575 "-" "Mozilla/5.0 AppleWebKit/537.36 (KHTML, like Gecko; compatible; GPTBot/1.2; +https://openai.com/gptbot)"
20.171.207.125 - - [21/Oct/2025:06:56:17 +0000] "GET /pages.php?channel=176e68&from=https://enlugo.es/collect.php?work259038623.html&w=2939126678198 HTTP/1.0" 200 24369 "-" "Mozilla/5.0 AppleWebKit/537.36 (KHTML, like Gecko; compatible; GPTBot/1.2; +https://openai.com/gptbot)"
20.171.207.125 - - [21/Oct/2025:06:56:18 +0000] "GET /pages.php?cotton088034030.html HTTP/1.0" 200 24681 "-" "Mozilla/5.0 AppleWebKit/537.36 (KHTML, like Gecko; compatible; GPTBot/1.2; +https://openai.com/gptbot)"
20.171.207.125 - - [21/Oct/2025:06:56:19 +0000] "GET /pages.php?bank259038623.html HTTP/1.0" 200 24402 "-" "Mozilla/5.0 AppleWebKit/537.36 (KHTML, like Gecko; compatible; GPTBot/1.2; +https://openai.com/gptbot)"
44.223.193.255 - - [21/Oct/2025:06:56:20 +0000] "GET /?fileloc=/var/www/vhosts/enlugo.es/httpdocs/wp-content/cache/db/options/51a/669/.htaccess&path=/var/www/vhosts/enlugo.es/httpdocs/wp-content/cache/db/options/51a/669 HTTP/1.0" 200 2195 "-" "Mozilla/5.0 AppleWebKit/537.36 (KHTML, like Gecko; compatible; Amazonbot/0.1; +https://developer.amazon.com/support/amazonbot) Chrome/119.0.6045.214 Safari/537.36"
20.171.207.125 - - [21/Oct/2025:06:56:20 +0000] "GET /pages.php?defender088034030.html HTTP/1.0" 200 24612 "-" "Mozilla/5.0 AppleWebKit/537.36 (KHTML, like Gecko; compatible; GPTBot/1.2; +https://openai.com/gptbot)"
20.171.207.125 - - [21/Oct/2025:06:56:21 +0000] "GET /pages.php?breathe259038623.html HTTP/1.0" 200 24419 "-" "Mozilla/5.0 AppleWebKit/537.36 (KHTML, like Gecko; compatible; GPTBot/1.2; +https://openai.com/gptbot)"
20.171.207.125 - - [21/Oct/2025:06:56:23 +0000] "GET /pages.php?racial088034030.html HTTP/1.0" 200 24549 "-" "Mozilla/5.0 AppleWebKit/537.36 (KHTML, like Gecko; compatible; GPTBot/1.2; +https://openai.com/gptbot)"
54.163.169.168 - - [21/Oct/2025:06:56:24 +0000] "GET /?fileloc=/var/www/vhosts/enlugo.es/httpdocs/wp-content/cache/db/options/82d/635/.htaccess&path=/var/www/vhosts/enlugo.es/httpdocs/wp-content/cache/db/options/82d/635 HTTP/1.0" 200 2195 "-" "Mozilla/5.0 AppleWebKit/537.36 (KHTML, like Gecko; compatible; Amazonbot/0.1; +https://developer.amazon.com/support/amazonbot) Chrome/119.0.6045.214 Safari/537.36"
20.171.207.125 - - [21/Oct/2025:06:56:24 +0000] "GET /pages.php?reliable259038623.html HTTP/1.0" 200 24378 "-" "Mozilla/5.0 AppleWebKit/537.36 (KHTML, like Gecko; compatible; GPTBot/1.2; +https://openai.com/gptbot)"
20.171.207.125 - - [21/Oct/2025:06:56:25 +0000] "GET /pages.php?protocol088034030.html HTTP/1.0" 200 24512 "-" "Mozilla/5.0 AppleWebKit/537.36 (KHTML, like Gecko; compatible; GPTBot/1.2; +https://openai.com/gptbot)"
20.171.207.125 - - [21/Oct/2025:06:56:26 +0000] "GET /pages.php?descend259038623.html HTTP/1.0" 200 24314 "-" "Mozilla/5.0 AppleWebKit/537.36 (KHTML, like Gecko; compatible; GPTBot/1.2; +https://openai.com/gptbot)"
144.76.73.122 - - [21/Oct/2025:06:56:28 +0000] "GET /san-froilan/?path=%2Fvar%2Fwww%2Fvhosts%2Fenlugo.es%2Fhttpdocs%2Fwp-content%2Fuploads HTTP/1.0" 200 2195 "-" "serpstatbot/2.1 (advanced backlink tracking bot; https://serpstatbot.com/; abuse@serpstatbot.com)"
52.71.46.142 - - [21/Oct/2025:06:56:28 +0000] "GET /?fileloc=/var/www/vhosts/enlugo.es/httpdocs/wp-content/cache/db/options/726/640/.htaccess&path=/var/www/vhosts/enlugo.es/httpdocs/wp-content/cache/db/options/726/640 HTTP/1.0" 200 2195 "-" "Mozilla/5.0 AppleWebKit/537.36 (KHTML, like Gecko; compatible; Amazonbot/0.1; +https://developer.amazon.com/support/amazonbot) Chrome/119.0.6045.214 Safari/537.36"
20.171.207.125 - - [21/Oct/2025:06:56:27 +0000] "GET /pages.php?tent075016133.html HTTP/1.0" 200 25260 "-" "Mozilla/5.0 AppleWebKit/537.36 (KHTML, like Gecko; compatible; GPTBot/1.2; +https://openai.com/gptbot)"
20.171.207.125 - - [21/Oct/2025:06:56:28 +0000] "GET /pages.php?surgery088034030.html HTTP/1.0" 200 24554 "-" "Mozilla/5.0 AppleWebKit/537.36 (KHTML, like Gecko; compatible; GPTBot/1.2; +https://openai.com/gptbot)"
20.171.207.125 - - [21/Oct/2025:06:56:30 +0000] "GET /pages.php?flexible259038623.html HTTP/1.0" 200 24389 "-" "Mozilla/5.0 AppleWebKit/537.36 (KHTML, like Gecko; compatible; GPTBot/1.2; +https://openai.com/gptbot)"
20.171.207.125 - - [21/Oct/2025:06:56:31 +0000] "GET /pages.php?channel=176e68&from=https://enlugo.es/collect.php?midnight075016133.html&w=2939126678198 HTTP/1.0" 200 25238 "-" "Mozilla/5.0 AppleWebKit/537.36 (KHTML, like Gecko; compatible; GPTBot/1.2; +https://openai.com/gptbot)"
18.233.24.238 - - [21/Oct/2025:06:56:32 +0000] "GET /?fileloc=/var/www/vhosts/enlugo.es/httpdocs/wp-content/uploads/2015/03/catedral_lugo1.jpg&path=/var/www/vhosts/enlugo.es/httpdocs/wp-content/uploads/2015/03 HTTP/1.0" 200 2195 "-" "Mozilla/5.0 AppleWebKit/537.36 (KHTML, like Gecko; compatible; Amazonbot/0.1; +https://developer.amazon.com/support/amazonbot) Chrome/119.0.6045.214 Safari/537.36"
20.171.207.125 - - [21/Oct/2025:06:56:32 +0000] "GET /pages.php?enthusiasm088034030.html HTTP/1.0" 200 24607 "-" "Mozilla/5.0 AppleWebKit/537.36 (KHTML, like Gecko; compatible; GPTBot/1.2; +https://openai.com/gptbot)"
20.171.207.125 - - [21/Oct/2025:06:56:33 +0000] "GET /pages.php?channel=176e68&from=https://enlugo.es/collect.php?depth259038623.html&w=2939126678198 HTTP/1.0" 200 24361 "-" "Mozilla/5.0 AppleWebKit/537.36 (KHTML, like Gecko; compatible; GPTBot/1.2; +https://openai.com/gptbot)"
20.171.207.125 - - [21/Oct/2025:06:56:34 +0000] "GET /pages.php?efficient075016133.html HTTP/1.0" 200 25158 "-" "Mozilla/5.0 AppleWebKit/537.36 (KHTML, like Gecko; compatible; GPTBot/1.2; +https://openai.com/gptbot)"
20.171.207.125 - - [21/Oct/2025:06:56:36 +0000] "GET /pages.php?lower088034030.html HTTP/1.0" 200 24619 "-" "Mozilla/5.0 AppleWebKit/537.36 (KHTML, like Gecko; compatible; GPTBot/1.2; +https://openai.com/gptbot)"
20.171.207.125 - - [21/Oct/2025:06:56:37 +0000] "GET /pages.php?highlight259038623.html HTTP/1.0" 200 24492 "-" "Mozilla/5.0 AppleWebKit/537.36 (KHTML, like Gecko; compatible; GPTBot/1.2; +https://openai.com/gptbot)"
20.171.207.125 - - [21/Oct/2025:06:56:38 +0000] "GET /pages.php?finance075016133.html HTTP/1.0" 200 25239 "-" "Mozilla/5.0 AppleWebKit/537.36 (KHTML, like Gecko; compatible; GPTBot/1.2; +https://openai.com/gptbot)"
20.171.207.125 - - [21/Oct/2025:06:56:39 +0000] "GET /pages.php?channel=176e68&from=https://enlugo.es/collect.php?streak088034030.html&w=2939126678198 HTTP/1.0" 200 24602 "-" "Mozilla/5.0 AppleWebKit/537.36 (KHTML, like Gecko; compatible; GPTBot/1.2; +https://openai.com/gptbot)"
20.171.207.125 - - [21/Oct/2025:06:56:40 +0000] "GET /pages.php?channel=176e68&from=https://enlugo.es/collect.php?jury259038623.html&w=2939126678198 HTTP/1.0" 200 24289 "-" "Mozilla/5.0 AppleWebKit/537.36 (KHTML, like Gecko; compatible; GPTBot/1.2; +https://openai.com/gptbot)"
20.171.207.125 - - [21/Oct/2025:06:56:41 +0000] "GET /pages.php?agricultural075016133.html HTTP/1.0" 200 25205 "-" "Mozilla/5.0 AppleWebKit/537.36 (KHTML, like Gecko; compatible; GPTBot/1.2; +https://openai.com/gptbot)"
20.171.207.125 - - [21/Oct/2025:06:56:43 +0000] "GET /pages.php?test088034030.html HTTP/1.0" 200 24480 "-" "Mozilla/5.0 AppleWebKit/537.36 (KHTML, like Gecko; compatible; GPTBot/1.2; +https://openai.com/gptbot)"
54.157.84.74 - - [21/Oct/2025:06:56:44 +0000] "GET /?fileloc=/var/www/vhosts/enlugo.es/httpdocs/wp-content/cache/db/options/b3b/773/.htaccess&path=/var/www/vhosts/enlugo.es/httpdocs/wp-content/cache/db/options/b3b/773 HTTP/1.0" 200 2195 "-" "Mozilla/5.0 AppleWebKit/537.36 (KHTML, like Gecko; compatible; Amazonbot/0.1; +https://developer.amazon.com/support/amazonbot) Chrome/119.0.6045.214 Safari/537.36"
20.171.207.125 - - [21/Oct/2025:06:56:44 +0000] "GET /pages.php?intend259038623.html HTTP/1.0" 200 24413 "-" "Mozilla/5.0 AppleWebKit/537.36 (KHTML, like Gecko; compatible; GPTBot/1.2; +https://openai.com/gptbot)"
20.171.207.125 - - [21/Oct/2025:06:56:45 +0000] "GET /pages.php?include075016133.html HTTP/1.0" 200 25187 "-" "Mozilla/5.0 AppleWebKit/537.36 (KHTML, like Gecko; compatible; GPTBot/1.2; +https://openai.com/gptbot)"
20.171.207.125 - - [21/Oct/2025:06:56:46 +0000] "GET /pages.php?burn088034030.html HTTP/1.0" 200 24551 "-" "Mozilla/5.0 AppleWebKit/537.36 (KHTML, like Gecko; compatible; GPTBot/1.2; +https://openai.com/gptbot)"
54.225.181.161 - - [21/Oct/2025:06:56:48 +0000] "GET /?fileloc=/var/www/vhosts/enlugo.es/httpdocs/wp-content/cache/db/options/c36/4d2/.htaccess&path=/var/www/vhosts/enlugo.es/httpdocs/wp-content/cache/db/options/c36/4d2 HTTP/1.0" 200 2195 "-" "Mozilla/5.0 AppleWebKit/537.36 (KHTML, like Gecko; compatible; Amazonbot/0.1; +https://developer.amazon.com/support/amazonbot) Chrome/119.0.6045.214 Safari/537.36"
20.171.207.125 - - [21/Oct/2025:06:56:48 +0000] "GET /pages.php?building259038623.html HTTP/1.0" 200 24319 "-" "Mozilla/5.0 AppleWebKit/537.36 (KHTML, like Gecko; compatible; GPTBot/1.2; +https://openai.com/gptbot)"
20.171.207.125 - - [21/Oct/2025:06:56:49 +0000] "GET /pages.php?suburban075016133.html HTTP/1.0" 200 25243 "-" "Mozilla/5.0 AppleWebKit/537.36 (KHTML, like Gecko; compatible; GPTBot/1.2; +https://openai.com/gptbot)"
20.171.207.125 - - [21/Oct/2025:06:56:50 +0000] "GET /pages.php?them088034030.html HTTP/1.0" 200 24618 "-" "Mozilla/5.0 AppleWebKit/537.36 (KHTML, like Gecko; compatible; GPTBot/1.2; +https://openai.com/gptbot)"
34.194.233.48 - - [21/Oct/2025:06:56:52 +0000] "GET /?fileloc=/var/www/vhosts/enlugo.es/httpdocs/wp-content/plugins/google-analytics-for-wordpress/assets/images/plugin-all-in-one-seo.png&path=/var/www/vhosts/enlugo.es/httpdocs/wp-content/plugins/google-analytics-for-wordpress/assets/images HTTP/1.0" 200 2195 "-" "Mozilla/5.0 AppleWebKit/537.36 (KHTML, like Gecko; compatible; Amazonbot/0.1; +https://developer.amazon.com/support/amazonbot) Chrome/119.0.6045.214 Safari/537.36"
20.171.207.125 - - [21/Oct/2025:06:56:51 +0000] "GET /pages.php?rather259038623.html HTTP/1.0" 200 24385 "-" "Mozilla/5.0 AppleWebKit/537.36 (KHTML, like Gecko; compatible; GPTBot/1.2; +https://openai.com/gptbot)"
20.171.207.125 - - [21/Oct/2025:06:56:53 +0000] "GET /pages.php?garbage075016133.html HTTP/1.0" 200 25176 "-" "Mozilla/5.0 AppleWebKit/537.36 (KHTML, like Gecko; compatible; GPTBot/1.2; +https://openai.com/gptbot)"
20.171.207.125 - - [21/Oct/2025:06:56:54 +0000] "GET /pages.php?projection088034030.html HTTP/1.0" 200 24541 "-" "Mozilla/5.0 AppleWebKit/537.36 (KHTML, like Gecko; compatible; GPTBot/1.2; +https://openai.com/gptbot)"
34.193.2.57 - - [21/Oct/2025:06:56:56 +0000] "GET /?fileloc=/var/www/vhosts/enlugo.es/httpdocs/wp-content/uploads/2015/03/mosqueira.jpg&path=/var/www/vhosts/enlugo.es/httpdocs/wp-content/uploads/2015/03 HTTP/1.0" 200 2195 "-" "Mozilla/5.0 AppleWebKit/537.36 (KHTML, like Gecko; compatible; Amazonbot/0.1; +https://developer.amazon.com/support/amazonbot) Chrome/119.0.6045.214 Safari/537.36"
20.171.207.125 - - [21/Oct/2025:06:56:55 +0000] "GET /pages.php?symptom259038623.html HTTP/1.0" 200 24430 "-" "Mozilla/5.0 AppleWebKit/537.36 (KHTML, like Gecko; compatible; GPTBot/1.2; +https://openai.com/gptbot)"
20.171.207.125 - - [21/Oct/2025:06:56:56 +0000] "GET /pages.php?bankruptcy075016133.html HTTP/1.0" 200 25186 "-" "Mozilla/5.0 AppleWebKit/537.36 (KHTML, like Gecko; compatible; GPTBot/1.2; +https://openai.com/gptbot)"
20.171.207.125 - - [21/Oct/2025:06:56:58 +0000] "GET /pages.php?tour088034030.html HTTP/1.0" 200 24584 "-" "Mozilla/5.0 AppleWebKit/537.36 (KHTML, like Gecko; compatible; GPTBot/1.2; +https://openai.com/gptbot)"
20.171.207.125 - - [21/Oct/2025:06:56:59 +0000] "GET /pages.php?black259038623.html HTTP/1.0" 200 24365 "-" "Mozilla/5.0 AppleWebKit/537.36 (KHTML, like Gecko; compatible; GPTBot/1.2; +https://openai.com/gptbot)"
52.3.104.214 - - [21/Oct/2025:06:57:00 +0000] "GET /?fileloc=/var/www/vhosts/enlugo.es/httpdocs/wp-content/cache/db/options/54c/b6e/.htaccess&path=/var/www/vhosts/enlugo.es/httpdocs/wp-content/cache/db/options/54c/b6e HTTP/1.0" 200 2195 "-" "Mozilla/5.0 AppleWebKit/537.36 (KHTML, like Gecko; compatible; Amazonbot/0.1; +https://developer.amazon.com/support/amazonbot) Chrome/119.0.6045.214 Safari/537.36"
20.171.207.125 - - [21/Oct/2025:06:57:00 +0000] "GET /pages.php?task075016133.html HTTP/1.0" 200 25222 "-" "Mozilla/5.0 AppleWebKit/537.36 (KHTML, like Gecko; compatible; GPTBot/1.2; +https://openai.com/gptbot)"
20.171.207.125 - - [21/Oct/2025:06:57:02 +0000] "GET /pages.php?what088034030.html HTTP/1.0" 200 24577 "-" "Mozilla/5.0 AppleWebKit/537.36 (KHTML, like Gecko; compatible; GPTBot/1.2; +https://openai.com/gptbot)"
20.171.207.125 - - [21/Oct/2025:06:57:03 +0000] "GET /pages.php?shame259038623.html HTTP/1.0" 200 24380 "-" "Mozilla/5.0 AppleWebKit/537.36 (KHTML, like Gecko; compatible; GPTBot/1.2; +https://openai.com/gptbot)"
20.171.207.125 - - [21/Oct/2025:06:57:04 +0000] "GET /pages.php?supposed075016133.html HTTP/1.0" 200 25224 "-" "Mozilla/5.0 AppleWebKit/537.36 (KHTML, like Gecko; compatible; GPTBot/1.2; +https://openai.com/gptbot)"
20.171.207.125 - - [21/Oct/2025:06:57:05 +0000] "GET /pages.php?crop088034030.html HTTP/1.0" 200 24548 "-" "Mozilla/5.0 AppleWebKit/537.36 (KHTML, like Gecko; compatible; GPTBot/1.2; +https://openai.com/gptbot)"
20.171.207.125 - - [21/Oct/2025:06:57:06 +0000] "GET /pages.php?divorce259038623.html HTTP/1.0" 200 24383 "-" "Mozilla/5.0 AppleWebKit/537.36 (KHTML, like Gecko; compatible; GPTBot/1.2; +https://openai.com/gptbot)"
54.210.152.179 - - [21/Oct/2025:06:57:08 +0000] "GET /?fileloc=/var/www/vhosts/enlugo.es/httpdocs/wp-content/cache/db/options/72e/d9a/.htaccess&path=/var/www/vhosts/enlugo.es/httpdocs/wp-content/cache/db/options/72e/d9a HTTP/1.0" 200 2195 "-" "Mozilla/5.0 AppleWebKit/537.36 (KHTML, like Gecko; compatible; Amazonbot/0.1; +https://developer.amazon.com/support/amazonbot) Chrome/119.0.6045.214 Safari/537.36"
20.171.207.125 - - [21/Oct/2025:06:57:07 +0000] "GET /pages.php?channel=176e68&from=https://enlugo.es/collect.php?examination075016133.html&w=2939126678198 HTTP/1.0" 200 25178 "-" "Mozilla/5.0 AppleWebKit/537.36 (KHTML, like Gecko; compatible; GPTBot/1.2; +https://openai.com/gptbot)"
20.171.207.125 - - [21/Oct/2025:06:57:09 +0000] "GET /pages.php?seriously088034030.html HTTP/1.0" 200 24592 "-" "Mozilla/5.0 AppleWebKit/537.36 (KHTML, like Gecko; compatible; GPTBot/1.2; +https://openai.com/gptbot)"
20.171.207.125 - - [21/Oct/2025:06:57:10 +0000] "GET /pages.php?gentleman259038623.html HTTP/1.0" 200 24387 "-" "Mozilla/5.0 AppleWebKit/537.36 (KHTML, like Gecko; compatible; GPTBot/1.2; +https://openai.com/gptbot)"
20.171.207.125 - - [21/Oct/2025:06:57:11 +0000] "GET /pages.php?army075016133.html HTTP/1.0" 200 25202 "-" "Mozilla/5.0 AppleWebKit/537.36 (KHTML, like Gecko; compatible; GPTBot/1.2; +https://openai.com/gptbot)"
3.224.205.25 - - [21/Oct/2025:06:57:12 +0000] "GET /?fileloc=/var/www/vhosts/enlugo.es/httpdocs/wp-content/cache/db/options/9d1/a17/.htaccess&path=/var/www/vhosts/enlugo.es/httpdocs/wp-content/cache/db/options/9d1/a17 HTTP/1.0" 200 2195 "-" "Mozilla/5.0 AppleWebKit/537.36 (KHTML, like Gecko; compatible; Amazonbot/0.1; +https://developer.amazon.com/support/amazonbot) Chrome/119.0.6045.214 Safari/537.36"
20.171.207.125 - - [21/Oct/2025:06:57:12 +0000] "GET /pages.php?justice088034030.html HTTP/1.0" 200 24538 "-" "Mozilla/5.0 AppleWebKit/537.36 (KHTML, like Gecko; compatible; GPTBot/1.2; +https://openai.com/gptbot)"
20.171.207.125 - - [21/Oct/2025:06:57:13 +0000] "GET /pages.php?availability259038623.html HTTP/1.0" 200 24393 "-" "Mozilla/5.0 AppleWebKit/537.36 (KHTML, like Gecko; compatible; GPTBot/1.2; +https://openai.com/gptbot)"
20.171.207.125 - - [21/Oct/2025:06:57:15 +0000] "GET /pages.php?timber075016133.html HTTP/1.0" 200 25159 "-" "Mozilla/5.0 AppleWebKit/537.36 (KHTML, like Gecko; compatible; GPTBot/1.2; +https://openai.com/gptbot)"
20.171.207.125 - - [21/Oct/2025:06:57:16 +0000] "GET /pages.php?stuff088034030.html HTTP/1.0" 200 24561 "-" "Mozilla/5.0 AppleWebKit/537.36 (KHTML, like Gecko; compatible; GPTBot/1.2; +https://openai.com/gptbot)"
20.171.207.125 - - [21/Oct/2025:06:57:17 +0000] "GET /pages.php?motion259038623.html HTTP/1.0" 200 24371 "-" "Mozilla/5.0 AppleWebKit/537.36 (KHTML, like Gecko; compatible; GPTBot/1.2; +https://openai.com/gptbot)"
20.171.207.125 - - [21/Oct/2025:06:57:19 +0000] "GET /pages.php?dog075016133.html HTTP/1.0" 200 25104 "-" "Mozilla/5.0 AppleWebKit/537.36 (KHTML, like Gecko; compatible; GPTBot/1.2; +https://openai.com/gptbot)"
20.171.207.125 - - [21/Oct/2025:06:57:20 +0000] "GET /pages.php?priest088034030.html HTTP/1.0" 200 24714 "-" "Mozilla/5.0 AppleWebKit/537.36 (KHTML, like Gecko; compatible; GPTBot/1.2; +https://openai.com/gptbot)"
20.171.207.125 - - [21/Oct/2025:06:57:21 +0000] "GET /pages.php?bug259038623.html HTTP/1.0" 200 24310 "-" "Mozilla/5.0 AppleWebKit/537.36 (KHTML, like Gecko; compatible; GPTBot/1.2; +https://openai.com/gptbot)"
20.171.207.125 - - [21/Oct/2025:06:57:22 +0000] "GET /pages.php?exception075016133.html HTTP/1.0" 200 25164 "-" "Mozilla/5.0 AppleWebKit/537.36 (KHTML, like Gecko; compatible; GPTBot/1.2; +https://openai.com/gptbot)"
20.171.207.125 - - [21/Oct/2025:06:57:23 +0000] "GET /pages.php?channel=176e68&from=https://enlugo.es/collect.php?chairman088034030.html&w=2939126678198 HTTP/1.0" 200 24605 "-" "Mozilla/5.0 AppleWebKit/537.36 (KHTML, like Gecko; compatible; GPTBot/1.2; +https://openai.com/gptbot)"
20.171.207.125 - - [21/Oct/2025:06:57:24 +0000] "GET /pages.php?speak075016133.html HTTP/1.0" 200 25238 "-" "Mozilla/5.0 AppleWebKit/537.36 (KHTML, like Gecko; compatible; GPTBot/1.2; +https://openai.com/gptbot)"
20.171.207.125 - - [21/Oct/2025:06:57:26 +0000] "GET /pages.php?yeah088034030.html HTTP/1.0" 200 24582 "-" "Mozilla/5.0 AppleWebKit/537.36 (KHTML, like Gecko; compatible; GPTBot/1.2; +https://openai.com/gptbot)"
18.213.102.186 - - [21/Oct/2025:06:57:28 +0000] "GET /?fileloc=/var/www/vhosts/enlugo.es/httpdocs/wp-content/plugins/google-analytics-for-wordpress/assets/images/plugin-seedprod.png&path=/var/www/vhosts/enlugo.es/httpdocs/wp-content/plugins/google-analytics-for-wordpress/assets/images HTTP/1.0" 200 2195 "-" "Mozilla/5.0 AppleWebKit/537.36 (KHTML, like Gecko; compatible; Amazonbot/0.1; +https://developer.amazon.com/support/amazonbot) Chrome/119.0.6045.214 Safari/537.36"
20.171.207.125 - - [21/Oct/2025:06:57:28 +0000] "GET /pages.php?weird075016133.html HTTP/1.0" 200 25227 "-" "Mozilla/5.0 AppleWebKit/537.36 (KHTML, like Gecko; compatible; GPTBot/1.2; +https://openai.com/gptbot)"
177.12.81.246 - - [21/Oct/2025:06:57:29 +0000] "GET /muralla-romana/?fileloc=%2Fvar%2Fwww%2Fvhosts%2Fenlugo.es%2Fhttpdocs%2Fwp-includes%2Fplugin.php&path=%2Fvar%2Fwww%2Fvhosts%2Fenlugo.es%2Fhttpdocs%2Fwp-includes HTTP/1.0" 200 2195 "-" "Mozilla/5.0 (Windows NT 6.1) AppleWebKit/537.36 (KHTML, like Gecko) Chrome/74.0.3729.131 Safari/537.36"
20.171.207.125 - - [21/Oct/2025:06:57:29 +0000] "GET /pages.php?badly088034030.html HTTP/1.0" 200 24685 "-" "Mozilla/5.0 AppleWebKit/537.36 (KHTML, like Gecko; compatible; GPTBot/1.2; +https://openai.com/gptbot)"
20.171.207.125 - - [21/Oct/2025:06:57:30 +0000] "GET /pages.php?date075016133.html HTTP/1.0" 200 25221 "-" "Mozilla/5.0 AppleWebKit/537.36 (KHTML, like Gecko; compatible; GPTBot/1.2; +https://openai.com/gptbot)"
20.171.207.125 - - [21/Oct/2025:06:57:31 +0000] "GET /pages.php?channel=176e68&from=https://enlugo.es/collect.php?disappear088034030.html&w=2939126678198 HTTP/1.0" 200 24593 "-" "Mozilla/5.0 AppleWebKit/537.36 (KHTML, like Gecko; compatible; GPTBot/1.2; +https://openai.com/gptbot)"
52.44.229.124 - - [21/Oct/2025:06:57:32 +0000] "GET /?fileloc=/var/www/vhosts/enlugo.es/httpdocs/wp-content/plugins/wordpress-seo/admin/taxonomy/class-taxonomy-fields.php&path=/var/www/vhosts/enlugo.es/httpdocs/wp-content/plugins/wordpress-seo/admin/taxonomy HTTP/1.0" 200 2195 "-" "Mozilla/5.0 AppleWebKit/537.36 (KHTML, like Gecko; compatible; Amazonbot/0.1; +https://developer.amazon.com/support/amazonbot) Chrome/119.0.6045.214 Safari/537.36"
20.171.207.125 - - [21/Oct/2025:06:57:32 +0000] "GET /pages.php?mechanical075016133.html HTTP/1.0" 200 25232 "-" "Mozilla/5.0 AppleWebKit/537.36 (KHTML, like Gecko; compatible; GPTBot/1.2; +https://openai.com/gptbot)"
20.171.207.125 - - [21/Oct/2025:06:57:33 +0000] "GET /pages.php?village088034030.html HTTP/1.0" 200 24513 "-" "Mozilla/5.0 AppleWebKit/537.36 (KHTML, like Gecko; compatible; GPTBot/1.2; +https://openai.com/gptbot)"
