35.174.141.243 - - [21/Oct/2025:06:39:52 +0000] "GET /?path=/var/www/vhosts/enlugo.es/httpdocs/wp-content/cache/page_enhanced/enlugo.es///hurry263020737 HTTP/1.0" 200 2195 "-" "Mozilla/5.0 AppleWebKit/537.36 (KHTML, like Gecko; compatible; Amazonbot/0.1; +https://developer.amazon.com/support/amazonbot) Chrome/119.0.6045.214 Safari/537.36"
20.171.207.125 - - [21/Oct/2025:06:39:52 +0000] "GET /pages.php?challenge253043425.html HTTP/1.0" 200 24222 "-" "Mozilla/5.0 AppleWebKit/537.36 (KHTML, like Gecko; compatible; GPTBot/1.2; +https://openai.com/gptbot)"
20.171.207.125 - - [21/Oct/2025:06:39:53 +0000] "GET /pages.php?safety173044415.html HTTP/1.0" 200 23848 "-" "Mozilla/5.0 AppleWebKit/537.36 (KHTML, like Gecko; compatible; GPTBot/1.2; +https://openai.com/gptbot)"
20.171.207.125 - - [21/Oct/2025:06:39:54 +0000] "GET /pages.php?Hispanic016012168.html HTTP/1.0" 200 24691 "-" "Mozilla/5.0 AppleWebKit/537.36 (KHTML, like Gecko; compatible; GPTBot/1.2; +https://openai.com/gptbot)"
20.171.207.125 - - [21/Oct/2025:06:39:55 +0000] "GET /pages.php?tea253043425.html HTTP/1.0" 200 24144 "-" "Mozilla/5.0 AppleWebKit/537.36 (KHTML, like Gecko; compatible; GPTBot/1.2; +https://openai.com/gptbot)"
20.171.207.125 - - [21/Oct/2025:06:39:57 +0000] "GET /pages.php?historic173044415.html HTTP/1.0" 200 23870 "-" "Mozilla/5.0 AppleWebKit/537.36 (KHTML, like Gecko; compatible; GPTBot/1.2; +https://openai.com/gptbot)"
20.171.207.125 - - [21/Oct/2025:06:39:58 +0000] "GET /pages.php?pour016012168.html HTTP/1.0" 200 24698 "-" "Mozilla/5.0 AppleWebKit/537.36 (KHTML, like Gecko; compatible; GPTBot/1.2; +https://openai.com/gptbot)"
20.171.207.125 - - [21/Oct/2025:06:39:59 +0000] "GET /pages.php?outfit253043425.html HTTP/1.0" 200 24202 "-" "Mozilla/5.0 AppleWebKit/537.36 (KHTML, like Gecko; compatible; GPTBot/1.2; +https://openai.com/gptbot)"
184.73.195.18 - - [21/Oct/2025:06:40:00 +0000] "GET /?path=/var/www/vhosts/enlugo.es/httpdocs/wp-content/cache/page_enhanced/enlugo.es//unlikely037045519 HTTP/1.0" 200 2195 "-" "Mozilla/5.0 AppleWebKit/537.36 (KHTML, like Gecko; compatible; Amazonbot/0.1; +https://developer.amazon.com/support/amazonbot) Chrome/119.0.6045.214 Safari/537.36"
144.76.73.122 - - [21/Oct/2025:06:40:00 +0000] "GET /termas-romanas/?path=%2Fvar%2Fwww%2Fvhosts%2Fenlugo.es%2F.analytic HTTP/1.0" 200 2195 "-" "serpstatbot/2.1 (advanced backlink tracking bot; https://serpstatbot.com/; abuse@serpstatbot.com)"
20.171.207.125 - - [21/Oct/2025:06:40:00 +0000] "GET /pages.php?rank173044415.html HTTP/1.0" 200 23866 "-" "Mozilla/5.0 AppleWebKit/537.36 (KHTML, like Gecko; compatible; GPTBot/1.2; +https://openai.com/gptbot)"
20.171.207.125 - - [21/Oct/2025:06:40:01 +0000] "GET /pages.php?channel=176e68&from=https://enlugo.es/collect.php?vendor016012168.html&w=2939126678198 HTTP/1.0" 200 24681 "-" "Mozilla/5.0 AppleWebKit/537.36 (KHTML, like Gecko; compatible; GPTBot/1.2; +https://openai.com/gptbot)"
20.171.207.125 - - [21/Oct/2025:06:40:02 +0000] "GET /pages.php?integrate253043425.html HTTP/1.0" 200 24357 "-" "Mozilla/5.0 AppleWebKit/537.36 (KHTML, like Gecko; compatible; GPTBot/1.2; +https://openai.com/gptbot)"
20.171.207.125 - - [21/Oct/2025:06:40:04 +0000] "GET /pages.php?jar173044415.html HTTP/1.0" 200 23948 "-" "Mozilla/5.0 AppleWebKit/537.36 (KHTML, like Gecko; compatible; GPTBot/1.2; +https://openai.com/gptbot)"
20.171.207.125 - - [21/Oct/2025:06:40:05 +0000] "GET /pages.php?perspective016012168.html HTTP/1.0" 200 24564 "-" "Mozilla/5.0 AppleWebKit/537.36 (KHTML, like Gecko; compatible; GPTBot/1.2; +https://openai.com/gptbot)"
20.171.207.125 - - [21/Oct/2025:06:40:06 +0000] "GET /pages.php?substance253043425.html HTTP/1.0" 200 24236 "-" "Mozilla/5.0 AppleWebKit/537.36 (KHTML, like Gecko; compatible; GPTBot/1.2; +https://openai.com/gptbot)"
20.171.207.125 - - [21/Oct/2025:06:40:07 +0000] "GET /pages.php?reduction173044415.html HTTP/1.0" 200 23872 "-" "Mozilla/5.0 AppleWebKit/537.36 (KHTML, like Gecko; compatible; GPTBot/1.2; +https://openai.com/gptbot)"
20.171.207.125 - - [21/Oct/2025:06:40:09 +0000] "GET /pages.php?suicide016012168.html HTTP/1.0" 200 24685 "-" "Mozilla/5.0 AppleWebKit/537.36 (KHTML, like Gecko; compatible; GPTBot/1.2; +https://openai.com/gptbot)"
20.171.207.125 - - [21/Oct/2025:06:40:10 +0000] "GET /pages.php?permit253043425.html HTTP/1.0" 200 24372 "-" "Mozilla/5.0 AppleWebKit/537.36 (KHTML, like Gecko; compatible; GPTBot/1.2; +https://openai.com/gptbot)"
20.171.207.125 - - [21/Oct/2025:06:40:11 +0000] "GET /pages.php?brave173044415.html HTTP/1.0" 200 23918 "-" "Mozilla/5.0 AppleWebKit/537.36 (KHTML, like Gecko; compatible; GPTBot/1.2; +https://openai.com/gptbot)"
3.94.199.128 - - [21/Oct/2025:06:40:12 +0000] "GET /?path=/var/www/vhosts/enlugo.es/httpdocs/wp-content/cache/page_enhanced/enlugo.es//universe197006067 HTTP/1.0" 200 2195 "-" "Mozilla/5.0 AppleWebKit/537.36 (KHTML, like Gecko; compatible; Amazonbot/0.1; +https://developer.amazon.com/support/amazonbot) Chrome/119.0.6045.214 Safari/537.36"
20.171.207.125 - - [21/Oct/2025:06:40:12 +0000] "GET /pages.php?foster016012168.html HTTP/1.0" 200 24667 "-" "Mozilla/5.0 AppleWebKit/537.36 (KHTML, like Gecko; compatible; GPTBot/1.2; +https://openai.com/gptbot)"
20.171.207.125 - - [21/Oct/2025:06:40:13 +0000] "GET /pages.php?channel=176e68&from=https://enlugo.es/collect.php?object253043425.html&w=2939126678198 HTTP/1.0" 200 24267 "-" "Mozilla/5.0 AppleWebKit/537.36 (KHTML, like Gecko; compatible; GPTBot/1.2; +https://openai.com/gptbot)"
20.171.207.125 - - [21/Oct/2025:06:40:15 +0000] "GET /pages.php?piece173044415.html HTTP/1.0" 200 23933 "-" "Mozilla/5.0 AppleWebKit/537.36 (KHTML, like Gecko; compatible; GPTBot/1.2; +https://openai.com/gptbot)"
20.171.207.125 - - [21/Oct/2025:06:40:16 +0000] "GET /pages.php?chest016012168.html HTTP/1.0" 200 24633 "-" "Mozilla/5.0 AppleWebKit/537.36 (KHTML, like Gecko; compatible; GPTBot/1.2; +https://openai.com/gptbot)"
54.144.185.255 - - [21/Oct/2025:06:40:17 +0000] "GET /?fileloc=/var/www/vhosts/enlugo.es/httpdocs/wp-content/plugins/wp-maintenance-mode/assets/js/jquery-ui-timepicker-addon.js&path=/var/www/vhosts/enlugo.es/httpdocs/wp-content/plugins/wp-maintenance-mode/assets/js HTTP/1.0" 200 2195 "-" "Mozilla/5.0 AppleWebKit/537.36 (KHTML, like Gecko; compatible; Amazonbot/0.1; +https://developer.amazon.com/support/amazonbot) Chrome/119.0.6045.214 Safari/537.36"
20.171.207.125 - - [21/Oct/2025:06:40:17 +0000] "GET /pages.php?tired253043425.html HTTP/1.0" 200 24352 "-" "Mozilla/5.0 AppleWebKit/537.36 (KHTML, like Gecko; compatible; GPTBot/1.2; +https://openai.com/gptbot)"
20.171.207.125 - - [21/Oct/2025:06:40:19 +0000] "GET /pages.php?difficulty173044415.html HTTP/1.0" 200 23851 "-" "Mozilla/5.0 AppleWebKit/537.36 (KHTML, like Gecko; compatible; GPTBot/1.2; +https://openai.com/gptbot)"
20.171.207.125 - - [21/Oct/2025:06:40:20 +0000] "GET /pages.php?despite016012168.html HTTP/1.0" 200 24683 "-" "Mozilla/5.0 AppleWebKit/537.36 (KHTML, like Gecko; compatible; GPTBot/1.2; +https://openai.com/gptbot)"
20.171.207.125 - - [21/Oct/2025:06:40:21 +0000] "GET /pages.php?yield253043425.html HTTP/1.0" 200 24274 "-" "Mozilla/5.0 AppleWebKit/537.36 (KHTML, like Gecko; compatible; GPTBot/1.2; +https://openai.com/gptbot)"
20.171.207.125 - - [21/Oct/2025:06:40:22 +0000] "GET /pages.php?seldom173044415.html HTTP/1.0" 200 23826 "-" "Mozilla/5.0 AppleWebKit/537.36 (KHTML, like Gecko; compatible; GPTBot/1.2; +https://openai.com/gptbot)"
20.171.207.125 - - [21/Oct/2025:06:40:23 +0000] "GET /pages.php?channel=176e68&from=https://enlugo.es/collect.php?rose016012168.html&w=2939126678198 HTTP/1.0" 200 24660 "-" "Mozilla/5.0 AppleWebKit/537.36 (KHTML, like Gecko; compatible; GPTBot/1.2; +https://openai.com/gptbot)"
20.171.207.125 - - [21/Oct/2025:06:40:25 +0000] "GET /pages.php?shut253043425.html HTTP/1.0" 200 24369 "-" "Mozilla/5.0 AppleWebKit/537.36 (KHTML, like Gecko; compatible; GPTBot/1.2; +https://openai.com/gptbot)"
20.171.207.125 - - [21/Oct/2025:06:40:26 +0000] "GET /pages.php?feather173044415.html HTTP/1.0" 200 23924 "-" "Mozilla/5.0 AppleWebKit/537.36 (KHTML, like Gecko; compatible; GPTBot/1.2; +https://openai.com/gptbot)"
20.171.207.125 - - [21/Oct/2025:06:40:27 +0000] "GET /pages.php?bolt016012168.html HTTP/1.0" 200 24630 "-" "Mozilla/5.0 AppleWebKit/537.36 (KHTML, like Gecko; compatible; GPTBot/1.2; +https://openai.com/gptbot)"
20.171.207.125 - - [21/Oct/2025:06:40:28 +0000] "GET /pages.php?blue253043425.html HTTP/1.0" 200 24285 "-" "Mozilla/5.0 AppleWebKit/537.36 (KHTML, like Gecko; compatible; GPTBot/1.2; +https://openai.com/gptbot)"
66.249.66.41 - - [21/Oct/2025:06:40:29 +0000] "GET /items/twjqg65/570?key=sit HTTP/1.0" 200 2195 "-" "Mozilla/5.0 (Linux; Android 6.0.1; Nexus 5X Build/MMB29P) AppleWebKit/537.36 (KHTML, like Gecko) Chrome/140.0.7339.207 Mobile Safari/537.36 (compatible; Googlebot/2.1; +http://www.google.com/bot.html)"
20.171.207.125 - - [21/Oct/2025:06:40:29 +0000] "GET /pages.php?below173044415.html HTTP/1.0" 200 23878 "-" "Mozilla/5.0 AppleWebKit/537.36 (KHTML, like Gecko; compatible; GPTBot/1.2; +https://openai.com/gptbot)"
20.171.207.125 - - [21/Oct/2025:06:40:30 +0000] "GET /pages.php?stable016012168.html HTTP/1.0" 200 24669 "-" "Mozilla/5.0 AppleWebKit/537.36 (KHTML, like Gecko; compatible; GPTBot/1.2; +https://openai.com/gptbot)"
20.171.207.125 - - [21/Oct/2025:06:40:32 +0000] "GET /pages.php?real253043425.html HTTP/1.0" 200 24355 "-" "Mozilla/5.0 AppleWebKit/537.36 (KHTML, like Gecko; compatible; GPTBot/1.2; +https://openai.com/gptbot)"
20.171.207.125 - - [21/Oct/2025:06:40:33 +0000] "GET /pages.php?viewer173044415.html HTTP/1.0" 200 23933 "-" "Mozilla/5.0 AppleWebKit/537.36 (KHTML, like Gecko; compatible; GPTBot/1.2; +https://openai.com/gptbot)"
20.171.207.125 - - [21/Oct/2025:06:40:34 +0000] "GET /pages.php?ban016012168.html HTTP/1.0" 200 24628 "-" "Mozilla/5.0 AppleWebKit/537.36 (KHTML, like Gecko; compatible; GPTBot/1.2; +https://openai.com/gptbot)"
20.171.207.125 - - [21/Oct/2025:06:40:35 +0000] "GET /pages.php?channel=176e68&from=https://enlugo.es/collect.php?ship253043425.html&w=2939126678198 HTTP/1.0" 200 24227 "-" "Mozilla/5.0 AppleWebKit/537.36 (KHTML, like Gecko; compatible; GPTBot/1.2; +https://openai.com/gptbot)"
54.90.244.132 - - [21/Oct/2025:06:40:36 +0000] "GET /?fileloc=/var/www/vhosts/enlugo.es/httpdocs/wp-content/cache/db/options/ba2/11b/.htaccess&path=/var/www/vhosts/enlugo.es/httpdocs/wp-content/cache/db/options/ba2/11b HTTP/1.0" 200 2195 "-" "Mozilla/5.0 AppleWebKit/537.36 (KHTML, like Gecko; compatible; Amazonbot/0.1; +https://developer.amazon.com/support/amazonbot) Chrome/119.0.6045.214 Safari/537.36"
66.249.66.40 - - [21/Oct/2025:06:40:36 +0000] "GET /crisis134008340 HTTP/1.0" 200 2195 "-" "Mozilla/5.0 (Linux; Android 6.0.1; Nexus 5X Build/MMB29P) AppleWebKit/537.36 (KHTML, like Gecko) Chrome/140.0.7339.207 Mobile Safari/537.36 (compatible; Googlebot/2.1; +http://www.google.com/bot.html)"
20.171.207.125 - - [21/Oct/2025:06:40:36 +0000] "GET /pages.php?channel=176e68&from=https://enlugo.es/collect.php?swing173044415.html&w=2939126678198 HTTP/1.0" 200 23798 "-" "Mozilla/5.0 AppleWebKit/537.36 (KHTML, like Gecko; compatible; GPTBot/1.2; +https://openai.com/gptbot)"
20.171.207.125 - - [21/Oct/2025:06:40:37 +0000] "GET /pages.php?short016012168.html HTTP/1.0" 200 24715 "-" "Mozilla/5.0 AppleWebKit/537.36 (KHTML, like Gecko; compatible; GPTBot/1.2; +https://openai.com/gptbot)"
20.171.207.125 - - [21/Oct/2025:06:40:38 +0000] "GET /pages.php?flame253043425.html HTTP/1.0" 200 24303 "-" "Mozilla/5.0 AppleWebKit/537.36 (KHTML, like Gecko; compatible; GPTBot/1.2; +https://openai.com/gptbot)"
20.171.207.125 - - [21/Oct/2025:06:40:40 +0000] "GET /pages.php?faith173044415.html HTTP/1.0" 200 23873 "-" "Mozilla/5.0 AppleWebKit/537.36 (KHTML, like Gecko; compatible; GPTBot/1.2; +https://openai.com/gptbot)"
20.171.207.125 - - [21/Oct/2025:06:40:41 +0000] "GET /pages.php?channel=176e68&from=https://enlugo.es/collect.php?largely016012168.html&w=2939126678198 HTTP/1.0" 200 24727 "-" "Mozilla/5.0 AppleWebKit/537.36 (KHTML, like Gecko; compatible; GPTBot/1.2; +https://openai.com/gptbot)"
20.171.207.125 - - [21/Oct/2025:06:40:42 +0000] "GET /pages.php?channel=176e68&from=https://enlugo.es/collect.php?equip253043425.html&w=2939126678198 HTTP/1.0" 200 24336 "-" "Mozilla/5.0 AppleWebKit/537.36 (KHTML, like Gecko; compatible; GPTBot/1.2; +https://openai.com/gptbot)"
20.171.207.125 - - [21/Oct/2025:06:40:43 +0000] "GET /pages.php?cabin173044415.html HTTP/1.0" 200 23867 "-" "Mozilla/5.0 AppleWebKit/537.36 (KHTML, like Gecko; compatible; GPTBot/1.2; +https://openai.com/gptbot)"
52.2.191.202 - - [21/Oct/2025:06:40:44 +0000] "GET /?fileloc=/var/www/vhosts/enlugo.es/httpdocs/wp-content/plugins/landing-pages/assets/images/leads-install.png&path=/var/www/vhosts/enlugo.es/httpdocs/wp-content/plugins/landing-pages/assets/images HTTP/1.0" 200 2195 "-" "Mozilla/5.0 AppleWebKit/537.36 (KHTML, like Gecko; compatible; Amazonbot/0.1; +https://developer.amazon.com/support/amazonbot) Chrome/119.0.6045.214 Safari/537.36"
66.249.66.40 - - [21/Oct/2025:06:40:45 +0000] "GET /m56542335621 HTTP/1.0" 200 2195 "-" "Mozilla/5.0 (Linux; Android 6.0.1; Nexus 5X Build/MMB29P) AppleWebKit/537.36 (KHTML, like Gecko) Chrome/140.0.7339.207 Mobile Safari/537.36 (compatible; Googlebot/2.1; +http://www.google.com/bot.html)"
20.171.207.125 - - [21/Oct/2025:06:40:44 +0000] "GET /pages.php?somehow016012168.html HTTP/1.0" 200 24640 "-" "Mozilla/5.0 AppleWebKit/537.36 (KHTML, like Gecko; compatible; GPTBot/1.2; +https://openai.com/gptbot)"
20.171.207.125 - - [21/Oct/2025:06:40:46 +0000] "GET /pages.php?midst253043425.html HTTP/1.0" 200 24267 "-" "Mozilla/5.0 AppleWebKit/537.36 (KHTML, like Gecko; compatible; GPTBot/1.2; +https://openai.com/gptbot)"
20.171.207.125 - - [21/Oct/2025:06:40:47 +0000] "GET /pages.php?tent173044415.html HTTP/1.0" 200 23923 "-" "Mozilla/5.0 AppleWebKit/537.36 (KHTML, like Gecko; compatible; GPTBot/1.2; +https://openai.com/gptbot)"
54.159.18.27 - - [21/Oct/2025:06:40:48 +0000] "GET /?path=/var/www/vhosts/enlugo.es/httpdocs/wp-content/cache/page_enhanced/enlugo.es//4970954 HTTP/1.0" 200 2195 "-" "Mozilla/5.0 AppleWebKit/537.36 (KHTML, like Gecko; compatible; Amazonbot/0.1; +https://developer.amazon.com/support/amazonbot) Chrome/119.0.6045.214 Safari/537.36"
20.171.207.125 - - [21/Oct/2025:06:40:48 +0000] "GET /pages.php?adviser016012168.html HTTP/1.0" 200 24650 "-" "Mozilla/5.0 AppleWebKit/537.36 (KHTML, like Gecko; compatible; GPTBot/1.2; +https://openai.com/gptbot)"
20.171.207.125 - - [21/Oct/2025:06:40:49 +0000] "GET /pages.php?accept253043425.html HTTP/1.0" 200 24337 "-" "Mozilla/5.0 AppleWebKit/537.36 (KHTML, like Gecko; compatible; GPTBot/1.2; +https://openai.com/gptbot)"
20.171.207.125 - - [21/Oct/2025:06:40:50 +0000] "GET /pages.php?mass173044415.html HTTP/1.0" 200 23949 "-" "Mozilla/5.0 AppleWebKit/537.36 (KHTML, like Gecko; compatible; GPTBot/1.2; +https://openai.com/gptbot)"
52.71.218.25 - - [21/Oct/2025:06:40:52 +0000] "GET /?fileloc=/var/www/vhosts/enlugo.es/httpdocs/wp-content/plugins/wordpress-seo/src/builders/indexable-link-builder.php&path=/var/www/vhosts/enlugo.es/httpdocs/wp-content/plugins/wordpress-seo/src/builders HTTP/1.0" 200 2195 "-" "Mozilla/5.0 AppleWebKit/537.36 (KHTML, like Gecko; compatible; Amazonbot/0.1; +https://developer.amazon.com/support/amazonbot) Chrome/119.0.6045.214 Safari/537.36"
20.171.207.125 - - [21/Oct/2025:06:40:52 +0000] "GET /pages.php?observation016012168.html HTTP/1.0" 200 24655 "-" "Mozilla/5.0 AppleWebKit/537.36 (KHTML, like Gecko; compatible; GPTBot/1.2; +https://openai.com/gptbot)"
20.171.207.125 - - [21/Oct/2025:06:40:53 +0000] "GET /pages.php?burst253043425.html HTTP/1.0" 200 24253 "-" "Mozilla/5.0 AppleWebKit/537.36 (KHTML, like Gecko; compatible; GPTBot/1.2; +https://openai.com/gptbot)"
144.76.73.122 - - [21/Oct/2025:06:40:55 +0000] "GET /catedral/?path=%2Fvar%2Fwww%2Fvhosts%2Fenlugo.es%2Fhttpdocs%2Fwp-admin%2Fnetwork HTTP/1.0" 200 2195 "-" "serpstatbot/2.1 (advanced backlink tracking bot; https://serpstatbot.com/; abuse@serpstatbot.com)"
20.171.207.125 - - [21/Oct/2025:06:40:54 +0000] "GET /pages.php?doll173044415.html HTTP/1.0" 200 23837 "-" "Mozilla/5.0 AppleWebKit/537.36 (KHTML, like Gecko; compatible; GPTBot/1.2; +https://openai.com/gptbot)"
34.231.45.47 - - [21/Oct/2025:06:40:57 +0000] "GET /?path=/var/www/vhosts/enlugo.es/httpdocs/wp-content/cache/page_enhanced/enlugo.es/category/151_2059 HTTP/1.0" 200 2195 "-" "Mozilla/5.0 AppleWebKit/537.36 (KHTML, like Gecko; compatible; Amazonbot/0.1; +https://developer.amazon.com/support/amazonbot) Chrome/119.0.6045.214 Safari/537.36"
20.171.207.125 - - [21/Oct/2025:06:40:56 +0000] "GET /pages.php?business016012168.html HTTP/1.0" 200 24748 "-" "Mozilla/5.0 AppleWebKit/537.36 (KHTML, like Gecko; compatible; GPTBot/1.2; +https://openai.com/gptbot)"
20.171.207.125 - - [21/Oct/2025:06:40:57 +0000] "GET /pages.php?print253043425.html HTTP/1.0" 200 24278 "-" "Mozilla/5.0 AppleWebKit/537.36 (KHTML, like Gecko; compatible; GPTBot/1.2; +https://openai.com/gptbot)"
20.171.207.125 - - [21/Oct/2025:06:40:58 +0000] "GET /pages.php?winner173044415.html HTTP/1.0" 200 23879 "-" "Mozilla/5.0 AppleWebKit/537.36 (KHTML, like Gecko; compatible; GPTBot/1.2; +https://openai.com/gptbot)"
20.171.207.125 - - [21/Oct/2025:06:40:59 +0000] "GET /pages.php?channel=176e68&from=https://enlugo.es/collect.php?affair016012168.html&w=2939126678198 HTTP/1.0" 200 24660 "-" "Mozilla/5.0 AppleWebKit/537.36 (KHTML, like Gecko; compatible; GPTBot/1.2; +https://openai.com/gptbot)"
34.224.9.144 - - [21/Oct/2025:06:41:01 +0000] "GET /?fileloc=/var/www/vhosts/enlugo.es/httpdocs/wp-content/plugins/si-captcha-for-wordpress/captcha/backgrounds/22.gif&path=/var/www/vhosts/enlugo.es/httpdocs/wp-content/plugins/si-captcha-for-wordpress/captcha/backgrounds HTTP/1.0" 200 2195 "-" "Mozilla/5.0 AppleWebKit/537.36 (KHTML, like Gecko; compatible; Amazonbot/0.1; +https://developer.amazon.com/support/amazonbot) Chrome/119.0.6045.214 Safari/537.36"
20.171.207.125 - - [21/Oct/2025:06:41:01 +0000] "GET /pages.php?grab253043425.html HTTP/1.0" 200 24285 "-" "Mozilla/5.0 AppleWebKit/537.36 (KHTML, like Gecko; compatible; GPTBot/1.2; +https://openai.com/gptbot)"
20.171.207.125 - - [21/Oct/2025:06:41:02 +0000] "GET /pages.php?customer173044415.html HTTP/1.0" 200 23874 "-" "Mozilla/5.0 AppleWebKit/537.36 (KHTML, like Gecko; compatible; GPTBot/1.2; +https://openai.com/gptbot)"
20.171.207.125 - - [21/Oct/2025:06:41:03 +0000] "GET /pages.php?productive016012168.html HTTP/1.0" 200 24689 "-" "Mozilla/5.0 AppleWebKit/537.36 (KHTML, like Gecko; compatible; GPTBot/1.2; +https://openai.com/gptbot)"
20.171.207.125 - - [21/Oct/2025:06:41:04 +0000] "GET /pages.php?wildlife253043425.html HTTP/1.0" 200 24211 "-" "Mozilla/5.0 AppleWebKit/537.36 (KHTML, like Gecko; compatible; GPTBot/1.2; +https://openai.com/gptbot)"
20.171.207.125 - - [21/Oct/2025:06:41:05 +0000] "GET /pages.php?activist173044415.html HTTP/1.0" 200 23932 "-" "Mozilla/5.0 AppleWebKit/537.36 (KHTML, like Gecko; compatible; GPTBot/1.2; +https://openai.com/gptbot)"
20.171.207.125 - - [21/Oct/2025:06:41:06 +0000] "GET /pages.php?channel=176e68&from=https://enlugo.es/collect.php?visit016012168.html&w=2939126678198 HTTP/1.0" 200 24676 "-" "Mozilla/5.0 AppleWebKit/537.36 (KHTML, like Gecko; compatible; GPTBot/1.2; +https://openai.com/gptbot)"
52.70.138.176 - - [21/Oct/2025:06:41:08 +0000] "GET /?fileloc=/var/www/vhosts/enlugo.es/httpdocs/wp-includes/js/tinymce/plugins/charmap/plugin.js&path=/var/www/vhosts/enlugo.es/httpdocs/wp-includes/js/tinymce/plugins/charmap HTTP/1.0" 200 2195 "-" "Mozilla/5.0 AppleWebKit/537.36 (KHTML, like Gecko; compatible; Amazonbot/0.1; +https://developer.amazon.com/support/amazonbot) Chrome/119.0.6045.214 Safari/537.36"
20.171.207.125 - - [21/Oct/2025:06:41:07 +0000] "GET /pages.php?aggression253043425.html HTTP/1.0" 200 24266 "-" "Mozilla/5.0 AppleWebKit/537.36 (KHTML, like Gecko; compatible; GPTBot/1.2; +https://openai.com/gptbot)"
20.171.207.125 - - [21/Oct/2025:06:41:09 +0000] "GET /pages.php?sister173044415.html HTTP/1.0" 200 23897 "-" "Mozilla/5.0 AppleWebKit/537.36 (KHTML, like Gecko; compatible; GPTBot/1.2; +https://openai.com/gptbot)"
20.171.207.125 - - [21/Oct/2025:06:41:10 +0000] "GET /pages.php?squad016012168.html HTTP/1.0" 200 24615 "-" "Mozilla/5.0 AppleWebKit/537.36 (KHTML, like Gecko; compatible; GPTBot/1.2; +https://openai.com/gptbot)"
20.171.207.125 - - [21/Oct/2025:06:41:11 +0000] "GET /pages.php?space253043425.html HTTP/1.0" 200 24331 "-" "Mozilla/5.0 AppleWebKit/537.36 (KHTML, like Gecko; compatible; GPTBot/1.2; +https://openai.com/gptbot)"
3.220.148.166 - - [21/Oct/2025:06:41:13 +0000] "GET /?fileloc=/var/www/vhosts/enlugo.es/httpdocs/wp-content/plugins/wordpress-seo/admin/views/class-yoast-integration-toggles.php&path=/var/www/vhosts/enlugo.es/httpdocs/wp-content/plugins/wordpress-seo/admin/views HTTP/1.0" 200 2195 "-" "Mozilla/5.0 AppleWebKit/537.36 (KHTML, like Gecko; compatible; Amazonbot/0.1; +https://developer.amazon.com/support/amazonbot) Chrome/119.0.6045.214 Safari/537.36"
20.171.207.125 - - [21/Oct/2025:06:41:12 +0000] "GET /pages.php?detective173044415.html HTTP/1.0" 200 23818 "-" "Mozilla/5.0 AppleWebKit/537.36 (KHTML, like Gecko; compatible; GPTBot/1.2; +https://openai.com/gptbot)"
20.171.207.125 - - [21/Oct/2025:06:41:13 +0000] "GET /pages.php?dominate016012168.html HTTP/1.0" 200 24666 "-" "Mozilla/5.0 AppleWebKit/537.36 (KHTML, like Gecko; compatible; GPTBot/1.2; +https://openai.com/gptbot)"
20.171.207.125 - - [21/Oct/2025:06:41:14 +0000] "GET /pages.php?soap253043425.html HTTP/1.0" 200 24336 "-" "Mozilla/5.0 AppleWebKit/537.36 (KHTML, like Gecko; compatible; GPTBot/1.2; +https://openai.com/gptbot)"
20.171.207.125 - - [21/Oct/2025:06:41:16 +0000] "GET /pages.php?poetry173044415.html HTTP/1.0" 200 23898 "-" "Mozilla/5.0 AppleWebKit/537.36 (KHTML, like Gecko; compatible; GPTBot/1.2; +https://openai.com/gptbot)"
34.233.114.237 - - [21/Oct/2025:06:41:17 +0000] "GET /?fileloc=/var/www/vhosts/enlugo.es/httpdocs/wp-content/plugins/wordpress-seo/src/schema-templates/recipe-description.schema.php&path=/var/www/vhosts/enlugo.es/httpdocs/wp-content/plugins/wordpress-seo/src/schema-templates HTTP/1.0" 200 2195 "-" "Mozilla/5.0 AppleWebKit/537.36 (KHTML, like Gecko; compatible; Amazonbot/0.1; +https://developer.amazon.com/support/amazonbot) Chrome/119.0.6045.214 Safari/537.36"
20.171.207.125 - - [21/Oct/2025:06:41:17 +0000] "GET /pages.php?instruct016012168.html HTTP/1.0" 200 24632 "-" "Mozilla/5.0 AppleWebKit/537.36 (KHTML, like Gecko; compatible; GPTBot/1.2; +https://openai.com/gptbot)"
20.171.207.125 - - [21/Oct/2025:06:41:18 +0000] "GET /pages.php?meaningful253043425.html HTTP/1.0" 200 24205 "-" "Mozilla/5.0 AppleWebKit/537.36 (KHTML, like Gecko; compatible; GPTBot/1.2; +https://openai.com/gptbot)"
20.171.207.125 - - [21/Oct/2025:06:41:19 +0000] "GET /pages.php?although173044415.html HTTP/1.0" 200 23942 "-" "Mozilla/5.0 AppleWebKit/537.36 (KHTML, like Gecko; compatible; GPTBot/1.2; +https://openai.com/gptbot)"
20.171.207.125 - - [21/Oct/2025:06:41:20 +0000] "GET /pages.php?artistic016012168.html HTTP/1.0" 200 24629 "-" "Mozilla/5.0 AppleWebKit/537.36 (KHTML, like Gecko; compatible; GPTBot/1.2; +https://openai.com/gptbot)"
20.171.207.125 - - [21/Oct/2025:06:41:22 +0000] "GET /pages.php?six253043425.html HTTP/1.0" 200 24251 "-" "Mozilla/5.0 AppleWebKit/537.36 (KHTML, like Gecko; compatible; GPTBot/1.2; +https://openai.com/gptbot)"
20.171.207.125 - - [21/Oct/2025:06:41:23 +0000] "GET /pages.php?exchange173044415.html HTTP/1.0" 200 23947 "-" "Mozilla/5.0 AppleWebKit/537.36 (KHTML, like Gecko; compatible; GPTBot/1.2; +https://openai.com/gptbot)"
3.219.80.71 - - [21/Oct/2025:06:41:24 +0000] "GET /?path=/var/www/vhosts/enlugo.es/httpdocs/wp-content/cache/page_enhanced/enlugo.es//m70841071388 HTTP/1.0" 200 2195 "-" "Mozilla/5.0 AppleWebKit/537.36 (KHTML, like Gecko; compatible; Amazonbot/0.1; +https://developer.amazon.com/support/amazonbot) Chrome/119.0.6045.214 Safari/537.36"
20.171.207.125 - - [21/Oct/2025:06:41:24 +0000] "GET /pages.php?duck016012168.html HTTP/1.0" 200 24586 "-" "Mozilla/5.0 AppleWebKit/537.36 (KHTML, like Gecko; compatible; GPTBot/1.2; +https://openai.com/gptbot)"
20.171.207.125 - - [21/Oct/2025:06:41:25 +0000] "GET /pages.php?evidence253043425.html HTTP/1.0" 200 24261 "-" "Mozilla/5.0 AppleWebKit/537.36 (KHTML, like Gecko; compatible; GPTBot/1.2; +https://openai.com/gptbot)"
20.171.207.125 - - [21/Oct/2025:06:41:26 +0000] "GET /pages.php?channel=176e68&from=https://enlugo.es/collect.php?noise173044415.html&w=2939126678198 HTTP/1.0" 200 23998 "-" "Mozilla/5.0 AppleWebKit/537.36 (KHTML, like Gecko; compatible; GPTBot/1.2; +https://openai.com/gptbot)"
3.214.176.44 - - [21/Oct/2025:06:41:28 +0000] "GET /?path=/var/www/vhosts/enlugo.es/httpdocs/wp-content/cache/page_enhanced/enlugo.es//category/151_2059 HTTP/1.0" 200 2195 "-" "Mozilla/5.0 AppleWebKit/537.36 (KHTML, like Gecko; compatible; Amazonbot/0.1; +https://developer.amazon.com/support/amazonbot) Chrome/119.0.6045.214 Safari/537.36"
20.171.207.125 - - [21/Oct/2025:06:41:28 +0000] "GET /pages.php?politics016012168.html HTTP/1.0" 200 24651 "-" "Mozilla/5.0 AppleWebKit/537.36 (KHTML, like Gecko; compatible; GPTBot/1.2; +https://openai.com/gptbot)"
20.171.207.125 - - [21/Oct/2025:06:41:29 +0000] "GET /pages.php?estimated253043425.html HTTP/1.0" 200 24260 "-" "Mozilla/5.0 AppleWebKit/537.36 (KHTML, like Gecko; compatible; GPTBot/1.2; +https://openai.com/gptbot)"
20.171.207.125 - - [21/Oct/2025:06:41:30 +0000] "GET /pages.php?channel=176e68&from=https://enlugo.es/collect.php?opening173044415.html&w=2939126678198 HTTP/1.0" 200 23951 "-" "Mozilla/5.0 AppleWebKit/537.36 (KHTML, like Gecko; compatible; GPTBot/1.2; +https://openai.com/gptbot)"
54.86.59.155 - - [21/Oct/2025:06:41:32 +0000] "GET /?path=/var/www/vhosts/enlugo.es/httpdocs/wp-content/cache/page_enhanced/enlugo.es///m28956683326 HTTP/1.0" 200 2195 "-" "Mozilla/5.0 AppleWebKit/537.36 (KHTML, like Gecko; compatible; Amazonbot/0.1; +https://developer.amazon.com/support/amazonbot) Chrome/119.0.6045.214 Safari/537.36"
20.171.207.125 - - [21/Oct/2025:06:41:31 +0000] "GET /pages.php?white016012168.html HTTP/1.0" 200 24622 "-" "Mozilla/5.0 AppleWebKit/537.36 (KHTML, like Gecko; compatible; GPTBot/1.2; +https://openai.com/gptbot)"
20.171.207.125 - - [21/Oct/2025:06:41:33 +0000] "GET /pages.php?ball253043425.html HTTP/1.0" 200 24275 "-" "Mozilla/5.0 AppleWebKit/537.36 (KHTML, like Gecko; compatible; GPTBot/1.2; +https://openai.com/gptbot)"
20.171.207.125 - - [21/Oct/2025:06:41:34 +0000] "GET /pages.php?channel=176e68&from=https://enlugo.es/collect.php?friend173044415.html&w=2939126678198 HTTP/1.0" 200 23917 "-" "Mozilla/5.0 AppleWebKit/537.36 (KHTML, like Gecko; compatible; GPTBot/1.2; +https://openai.com/gptbot)"
20.171.207.125 - - [21/Oct/2025:06:41:35 +0000] "GET /pages.php?common016012168.html HTTP/1.0" 200 24661 "-" "Mozilla/5.0 AppleWebKit/537.36 (KHTML, like Gecko; compatible; GPTBot/1.2; +https://openai.com/gptbot)"
20.171.207.125 - - [21/Oct/2025:06:41:36 +0000] "GET /pages.php?why253043425.html HTTP/1.0" 200 24288 "-" "Mozilla/5.0 AppleWebKit/537.36 (KHTML, like Gecko; compatible; GPTBot/1.2; +https://openai.com/gptbot)"
20.171.207.125 - - [21/Oct/2025:06:41:37 +0000] "GET /pages.php?airplane173044415.html HTTP/1.0" 200 23969 "-" "Mozilla/5.0 AppleWebKit/537.36 (KHTML, like Gecko; compatible; GPTBot/1.2; +https://openai.com/gptbot)"
20.171.207.125 - - [21/Oct/2025:06:41:39 +0000] "GET /pages.php?hole016012168.html HTTP/1.0" 200 24642 "-" "Mozilla/5.0 AppleWebKit/537.36 (KHTML, like Gecko; compatible; GPTBot/1.2; +https://openai.com/gptbot)"
18.232.11.247 - - [21/Oct/2025:06:41:40 +0000] "GET /?path=/var/www/vhosts/enlugo.es/httpdocs/wp-content/cache/page_enhanced/enlugo.es/_profiler/block.json HTTP/1.0" 200 2195 "-" "Mozilla/5.0 AppleWebKit/537.36 (KHTML, like Gecko; compatible; Amazonbot/0.1; +https://developer.amazon.com/support/amazonbot) Chrome/119.0.6045.214 Safari/537.36"
20.171.207.125 - - [21/Oct/2025:06:41:40 +0000] "GET /pages.php?producer253043425.html HTTP/1.0" 200 24302 "-" "Mozilla/5.0 AppleWebKit/537.36 (KHTML, like Gecko; compatible; GPTBot/1.2; +https://openai.com/gptbot)"
20.171.207.125 - - [21/Oct/2025:06:41:41 +0000] "GET /pages.php?channel=176e68&from=https://enlugo.es/collect.php?age173044415.html&w=2939126678198 HTTP/1.0" 200 23922 "-" "Mozilla/5.0 AppleWebKit/537.36 (KHTML, like Gecko; compatible; GPTBot/1.2; +https://openai.com/gptbot)"
20.171.207.125 - - [21/Oct/2025:06:41:42 +0000] "GET /pages.php?exciting016012168.html HTTP/1.0" 200 24644 "-" "Mozilla/5.0 AppleWebKit/537.36 (KHTML, like Gecko; compatible; GPTBot/1.2; +https://openai.com/gptbot)"
20.171.207.125 - - [21/Oct/2025:06:41:44 +0000] "GET /pages.php?economics253043425.html HTTP/1.0" 200 24334 "-" "Mozilla/5.0 AppleWebKit/537.36 (KHTML, like Gecko; compatible; GPTBot/1.2; +https://openai.com/gptbot)"
20.171.207.125 - - [21/Oct/2025:06:41:45 +0000] "GET /pages.php?whale173044415.html HTTP/1.0" 200 23936 "-" "Mozilla/5.0 AppleWebKit/537.36 (KHTML, like Gecko; compatible; GPTBot/1.2; +https://openai.com/gptbot)"
100.29.160.53 - - [21/Oct/2025:06:41:46 +0000] "GET /?fileloc=/var/www/vhosts/enlugo.es/httpdocs/wp-content/cache/db/options/150/8bb/.htaccess&path=/var/www/vhosts/enlugo.es/httpdocs/wp-content/cache/db/options/150/8bb HTTP/1.0" 200 2195 "-" "Mozilla/5.0 AppleWebKit/537.36 (KHTML, like Gecko; compatible; Amazonbot/0.1; +https://developer.amazon.com/support/amazonbot) Chrome/119.0.6045.214 Safari/537.36"
20.171.207.125 - - [21/Oct/2025:06:41:46 +0000] "GET /pages.php?sandwich016012168.html HTTP/1.0" 200 24591 "-" "Mozilla/5.0 AppleWebKit/537.36 (KHTML, like Gecko; compatible; GPTBot/1.2; +https://openai.com/gptbot)"
20.171.207.125 - - [21/Oct/2025:06:41:47 +0000] "GET /pages.php?schedule253043425.html HTTP/1.0" 200 24305 "-" "Mozilla/5.0 AppleWebKit/537.36 (KHTML, like Gecko; compatible; GPTBot/1.2; +https://openai.com/gptbot)"
34.196.114.170 - - [21/Oct/2025:06:41:48 +0000] "GET /?fileloc=/var/www/vhosts/enlugo.es/httpdocs/wp-content/cache/db/options/5cb/ee9/.htaccess&path=/var/www/vhosts/enlugo.es/httpdocs/wp-content/cache/db/options/5cb/ee9 HTTP/1.0" 200 2195 "-" "Mozilla/5.0 AppleWebKit/537.36 (KHTML, like Gecko; compatible; Amazonbot/0.1; +https://developer.amazon.com/support/amazonbot) Chrome/119.0.6045.214 Safari/537.36"
20.171.207.125 - - [21/Oct/2025:06:41:48 +0000] "GET /pages.php?channel=176e68&from=https://enlugo.es/collect.php?mass173044415.html&w=2939126678198 HTTP/1.0" 200 23871 "-" "Mozilla/5.0 AppleWebKit/537.36 (KHTML, like Gecko; compatible; GPTBot/1.2; +https://openai.com/gptbot)"
207.191.166.67 - - [21/Oct/2025:06:41:49 +0000] "GET /san-froilan-2015-entrevista-anni-b-sweet/?fileloc=%2Fvar%2Fwww%2Fvhosts%2Fenlugo.es%2Fhttpdocs%2Fcache%2Fwp-class-modules.php&path=%2Fvar%2Fwww%2Fvhosts%2Fenlugo.es%2Fhttpdocs%2Fcache HTTP/1.0" 200 2195 "-" "Mozilla/5.0 (Macintosh; Intel Mac OS X 10_15_5) AppleWebKit/537.36 (KHTML, like Gecko) Chrome/84.0.4147.105 Safari/537.36"
20.171.207.125 - - [21/Oct/2025:06:41:50 +0000] "GET /pages.php?pitch016012168.html HTTP/1.0" 200 24603 "-" "Mozilla/5.0 AppleWebKit/537.36 (KHTML, like Gecko; compatible; GPTBot/1.2; +https://openai.com/gptbot)"
20.171.207.125 - - [21/Oct/2025:06:41:51 +0000] "GET /pages.php?resident253043425.html HTTP/1.0" 200 24278 "-" "Mozilla/5.0 AppleWebKit/537.36 (KHTML, like Gecko; compatible; GPTBot/1.2; +https://openai.com/gptbot)"
20.171.207.125 - - [21/Oct/2025:06:41:52 +0000] "GET /pages.php?quietly173044415.html HTTP/1.0" 200 23836 "-" "Mozilla/5.0 AppleWebKit/537.36 (KHTML, like Gecko; compatible; GPTBot/1.2; +https://openai.com/gptbot)"
20.171.207.125 - - [21/Oct/2025:06:41:53 +0000] "GET /pages.php?cigarette016012168.html HTTP/1.0" 200 24660 "-" "Mozilla/5.0 AppleWebKit/537.36 (KHTML, like Gecko; compatible; GPTBot/1.2; +https://openai.com/gptbot)"
20.171.207.125 - - [21/Oct/2025:06:41:54 +0000] "GET /pages.php?refer253043425.html HTTP/1.0" 200 24365 "-" "Mozilla/5.0 AppleWebKit/537.36 (KHTML, like Gecko; compatible; GPTBot/1.2; +https://openai.com/gptbot)"
20.171.207.125 - - [21/Oct/2025:06:41:55 +0000] "GET /pages.php?constantly173044415.html HTTP/1.0" 200 23858 "-" "Mozilla/5.0 AppleWebKit/537.36 (KHTML, like Gecko; compatible; GPTBot/1.2; +https://openai.com/gptbot)"
20.171.207.125 - - [21/Oct/2025:06:41:57 +0000] "GET /pages.php?objection016012168.html HTTP/1.0" 200 24692 "-" "Mozilla/5.0 AppleWebKit/537.36 (KHTML, like Gecko; compatible; GPTBot/1.2; +https://openai.com/gptbot)"
20.171.207.125 - - [21/Oct/2025:06:41:58 +0000] "GET /pages.php?engine253043425.html HTTP/1.0" 200 24337 "-" "Mozilla/5.0 AppleWebKit/537.36 (KHTML, like Gecko; compatible; GPTBot/1.2; +https://openai.com/gptbot)"
20.171.207.125 - - [21/Oct/2025:06:41:59 +0000] "GET /pages.php?curtain173044415.html HTTP/1.0" 200 23889 "-" "Mozilla/5.0 AppleWebKit/537.36 (KHTML, like Gecko; compatible; GPTBot/1.2; +https://openai.com/gptbot)"
20.171.207.125 - - [21/Oct/2025:06:42:00 +0000] "GET /pages.php?channel=176e68&from=https://enlugo.es/collect.php?clothes016012168.html&w=2939126678198 HTTP/1.0" 200 24689 "-" "Mozilla/5.0 AppleWebKit/537.36 (KHTML, like Gecko; compatible; GPTBot/1.2; +https://openai.com/gptbot)"
20.171.207.125 - - [21/Oct/2025:06:42:01 +0000] "GET /pages.php?thus253043425.html HTTP/1.0" 200 24384 "-" "Mozilla/5.0 AppleWebKit/537.36 (KHTML, like Gecko; compatible; GPTBot/1.2; +https://openai.com/gptbot)"
66.249.66.42 - - [21/Oct/2025:06:42:03 +0000] "GET /items/ijmni63/30572?key=testing HTTP/1.0" 200 2195 "-" "Mozilla/5.0 (Linux; Android 6.0.1; Nexus 5X Build/MMB29P) AppleWebKit/537.36 (KHTML, like Gecko) Chrome/140.0.7339.207 Mobile Safari/537.36 (compatible; Googlebot/2.1; +http://www.google.com/bot.html)"
20.171.207.125 - - [21/Oct/2025:06:42:03 +0000] "GET /pages.php?planning173044415.html HTTP/1.0" 200 23886 "-" "Mozilla/5.0 AppleWebKit/537.36 (KHTML, like Gecko; compatible; GPTBot/1.2; +https://openai.com/gptbot)"
20.171.207.125 - - [21/Oct/2025:06:42:04 +0000] "GET /pages.php?confusion016012168.html HTTP/1.0" 200 24641 "-" "Mozilla/5.0 AppleWebKit/537.36 (KHTML, like Gecko; compatible; GPTBot/1.2; +https://openai.com/gptbot)"
18.213.240.226 - - [21/Oct/2025:06:42:05 +0000] "GET /?fileloc=/var/www/vhosts/enlugo.es/httpdocs/wp-content/plugins/wp-file-manager/lib/img/spinner-mini.gif&path=/var/www/vhosts/enlugo.es/httpdocs/wp-content/plugins/wp-file-manager/lib/img HTTP/1.0" 200 2195 "-" "Mozilla/5.0 AppleWebKit/537.36 (KHTML, like Gecko; compatible; Amazonbot/0.1; +https://developer.amazon.com/support/amazonbot) Chrome/119.0.6045.214 Safari/537.36"
20.171.207.125 - - [21/Oct/2025:06:42:05 +0000] "GET /pages.php?provide253043425.html HTTP/1.0" 200 24261 "-" "Mozilla/5.0 AppleWebKit/537.36 (KHTML, like Gecko; compatible; GPTBot/1.2; +https://openai.com/gptbot)"
20.171.207.125 - - [21/Oct/2025:06:42:06 +0000] "GET /pages.php?modest173044415.html HTTP/1.0" 200 23840 "-" "Mozilla/5.0 AppleWebKit/537.36 (KHTML, like Gecko; compatible; GPTBot/1.2; +https://openai.com/gptbot)"
20.171.207.125 - - [21/Oct/2025:06:42:07 +0000] "GET /pages.php?processing016012168.html HTTP/1.0" 200 24553 "-" "Mozilla/5.0 AppleWebKit/537.36 (KHTML, like Gecko; compatible; GPTBot/1.2; +https://openai.com/gptbot)"
44.210.204.255 - - [21/Oct/2025:06:42:09 +0000] "GET /?fileloc=/var/www/vhosts/enlugo.es/httpdocs/wp-content/cache/db/options/81f/b91/.htaccess&path=/var/www/vhosts/enlugo.es/httpdocs/wp-content/cache/db/options/81f/b91 HTTP/1.0" 200 2195 "-" "Mozilla/5.0 AppleWebKit/537.36 (KHTML, like Gecko; compatible; Amazonbot/0.1; +https://developer.amazon.com/support/amazonbot) Chrome/119.0.6045.214 Safari/537.36"
20.171.207.125 - - [21/Oct/2025:06:42:09 +0000] "GET /pages.php?branch253043425.html HTTP/1.0" 200 24268 "-" "Mozilla/5.0 AppleWebKit/537.36 (KHTML, like Gecko; compatible; GPTBot/1.2; +https://openai.com/gptbot)"
20.171.207.125 - - [21/Oct/2025:06:42:10 +0000] "GET /pages.php?sack173044415.html HTTP/1.0" 200 23921 "-" "Mozilla/5.0 AppleWebKit/537.36 (KHTML, like Gecko; compatible; GPTBot/1.2; +https://openai.com/gptbot)"
20.171.207.125 - - [21/Oct/2025:06:42:11 +0000] "GET /pages.php?scene016012168.html HTTP/1.0" 200 24725 "-" "Mozilla/5.0 AppleWebKit/537.36 (KHTML, like Gecko; compatible; GPTBot/1.2; +https://openai.com/gptbot)"
18.207.79.144 - - [21/Oct/2025:06:42:13 +0000] "GET /?fileloc=/var/www/vhosts/enlugo.es/httpdocs/wp-content/plugins/google-analytics-for-wordpress/assets/gutenberg/css/.htaccess&path=/var/www/vhosts/enlugo.es/httpdocs/wp-content/plugins/google-analytics-for-wordpress/assets/gutenberg/css HTTP/1.0" 200 2195 "-" "Mozilla/5.0 AppleWebKit/537.36 (KHTML, like Gecko; compatible; Amazonbot/0.1; +https://developer.amazon.com/support/amazonbot) Chrome/119.0.6045.214 Safari/537.36"
20.171.207.125 - - [21/Oct/2025:06:42:12 +0000] "GET /pages.php?really253043425.html HTTP/1.0" 200 24312 "-" "Mozilla/5.0 AppleWebKit/537.36 (KHTML, like Gecko; compatible; GPTBot/1.2; +https://openai.com/gptbot)"
20.171.207.125 - - [21/Oct/2025:06:42:14 +0000] "GET /pages.php?meet173044415.html HTTP/1.0" 200 23868 "-" "Mozilla/5.0 AppleWebKit/537.36 (KHTML, like Gecko; compatible; GPTBot/1.2; +https://openai.com/gptbot)"
20.171.207.125 - - [21/Oct/2025:06:42:15 +0000] "GET /pages.php?talented016012168.html HTTP/1.0" 200 24636 "-" "Mozilla/5.0 AppleWebKit/537.36 (KHTML, like Gecko; compatible; GPTBot/1.2; +https://openai.com/gptbot)"
54.159.98.248 - - [21/Oct/2025:06:42:16 +0000] "GET /?fileloc=/var/www/vhosts/enlugo.es/httpdocs/wp-content/cache/db/options/84b/bc8/.htaccess&path=/var/www/vhosts/enlugo.es/httpdocs/wp-content/cache/db/options/84b/bc8 HTTP/1.0" 200 2195 "-" "Mozilla/5.0 AppleWebKit/537.36 (KHTML, like Gecko; compatible; Amazonbot/0.1; +https://developer.amazon.com/support/amazonbot) Chrome/119.0.6045.214 Safari/537.36"
20.171.207.125 - - [21/Oct/2025:06:42:16 +0000] "GET /pages.php?series253043425.html HTTP/1.0" 200 24320 "-" "Mozilla/5.0 AppleWebKit/537.36 (KHTML, like Gecko; compatible; GPTBot/1.2; +https://openai.com/gptbot)"
20.171.207.125 - - [21/Oct/2025:06:42:17 +0000] "GET /pages.php?motor173044415.html HTTP/1.0" 200 23936 "-" "Mozilla/5.0 AppleWebKit/537.36 (KHTML, like Gecko; compatible; GPTBot/1.2; +https://openai.com/gptbot)"
20.171.207.125 - - [21/Oct/2025:06:42:18 +0000] "GET /pages.php?theater016012168.html HTTP/1.0" 200 24665 "-" "Mozilla/5.0 AppleWebKit/537.36 (KHTML, like Gecko; compatible; GPTBot/1.2; +https://openai.com/gptbot)"
44.206.65.8 - - [21/Oct/2025:06:42:20 +0000] "GET /?fileloc=/var/www/vhosts/enlugo.es/httpdocs/wp-content/plugins/w3-total-cache/lib/Nusoap/class.nusoap_base.php&path=/var/www/vhosts/enlugo.es/httpdocs/wp-content/plugins/w3-total-cache/lib/Nusoap HTTP/1.0" 200 2195 "-" "Mozilla/5.0 AppleWebKit/537.36 (KHTML, like Gecko; compatible; Amazonbot/0.1; +https://developer.amazon.com/support/amazonbot) Chrome/119.0.6045.214 Safari/537.36"
20.171.207.125 - - [21/Oct/2025:06:42:20 +0000] "GET /pages.php?formal253043425.html HTTP/1.0" 200 24278 "-" "Mozilla/5.0 AppleWebKit/537.36 (KHTML, like Gecko; compatible; GPTBot/1.2; +https://openai.com/gptbot)"
20.171.207.125 - - [21/Oct/2025:06:42:21 +0000] "GET /pages.php?channel=176e68&from=https://enlugo.es/collect.php?hence173044415.html&w=2939126678198 HTTP/1.0" 200 23857 "-" "Mozilla/5.0 AppleWebKit/537.36 (KHTML, like Gecko; compatible; GPTBot/1.2; +https://openai.com/gptbot)"
20.171.207.125 - - [21/Oct/2025:06:42:23 +0000] "GET /pages.php?investor016012168.html HTTP/1.0" 200 24612 "-" "Mozilla/5.0 AppleWebKit/537.36 (KHTML, like Gecko; compatible; GPTBot/1.2; +https://openai.com/gptbot)"
20.171.207.125 - - [21/Oct/2025:06:42:24 +0000] "GET /pages.php?channel=176e68&from=https://enlugo.es/collect.php?sign253043425.html&w=2939126678198 HTTP/1.0" 200 24302 "-" "Mozilla/5.0 AppleWebKit/537.36 (KHTML, like Gecko; compatible; GPTBot/1.2; +https://openai.com/gptbot)"
20.171.207.125 - - [21/Oct/2025:06:42:25 +0000] "GET /pages.php?week173044415.html HTTP/1.0" 200 23921 "-" "Mozilla/5.0 AppleWebKit/537.36 (KHTML, like Gecko; compatible; GPTBot/1.2; +https://openai.com/gptbot)"
20.171.207.125 - - [21/Oct/2025:06:42:26 +0000] "GET /pages.php?lens016012168.html HTTP/1.0" 200 24725 "-" "Mozilla/5.0 AppleWebKit/537.36 (KHTML, like Gecko; compatible; GPTBot/1.2; +https://openai.com/gptbot)"
84.247.151.78 - - [21/Oct/2025:06:42:27 +0000] "POST /xmlrpc.php HTTP/1.0" 403 3277 "-" "Mozilla/5.0 (compatible; MSIE 10.0; Windows NT 6.1; Win64; x64; Trident/7.0)"
84.247.151.78 - - [21/Oct/2025:06:42:29 +0000] "POST /xmlrpc.php HTTP/1.0" 403 3277 "-" "Mozilla/5.0 (compatible; MSIE 10.0; Windows NT 6.1; Win64; x64; Trident/7.0)"
20.171.207.125 - - [21/Oct/2025:06:42:28 +0000] "GET /pages.php?through253043425.html HTTP/1.0" 200 24260 "-" "Mozilla/5.0 AppleWebKit/537.36 (KHTML, like Gecko; compatible; GPTBot/1.2; +https://openai.com/gptbot)"
18.232.12.157 - - [21/Oct/2025:06:42:29 +0000] "GET /?path=/var/www/vhosts/enlugo.es/httpdocs/wp-content/cache/db/options/c10/2f5 HTTP/1.0" 200 2195 "-" "Mozilla/5.0 AppleWebKit/537.36 (KHTML, like Gecko; compatible; Amazonbot/0.1; +https://developer.amazon.com/support/amazonbot) Chrome/119.0.6045.214 Safari/537.36"
20.171.207.125 - - [21/Oct/2025:06:42:29 +0000] "GET /pages.php?practically173044415.html HTTP/1.0" 200 23819 "-" "Mozilla/5.0 AppleWebKit/537.36 (KHTML, like Gecko; compatible; GPTBot/1.2; +https://openai.com/gptbot)"
84.247.151.78 - - [21/Oct/2025:06:42:30 +0000] "POST /xmlrpc.php HTTP/1.0" 403 3277 "-" "Mozilla/5.0 (compatible; MSIE 10.0; Windows NT 6.1; Win64; x64; Trident/7.0)"
20.171.207.125 - - [21/Oct/2025:06:42:30 +0000] "GET /pages.php?channel=176e68&from=https://enlugo.es/collect.php?dense016012168.html&w=2939126678198 HTTP/1.0" 200 24642 "-" "Mozilla/5.0 AppleWebKit/537.36 (KHTML, like Gecko; compatible; GPTBot/1.2; +https://openai.com/gptbot)"
20.171.207.125 - - [21/Oct/2025:06:42:31 +0000] "GET /pages.php?significantly253043425.html HTTP/1.0" 200 24394 "-" "Mozilla/5.0 AppleWebKit/537.36 (KHTML, like Gecko; compatible; GPTBot/1.2; +https://openai.com/gptbot)"
23.23.137.202 - - [21/Oct/2025:06:42:32 +0000] "GET /?path=/var/www/vhosts/enlugo.es/httpdocs/wp-content/cache/db/options/270/2e1 HTTP/1.0" 200 2195 "-" "Mozilla/5.0 AppleWebKit/537.36 (KHTML, like Gecko; compatible; Amazonbot/0.1; +https://developer.amazon.com/support/amazonbot) Chrome/119.0.6045.214 Safari/537.36"
20.171.207.125 - - [21/Oct/2025:06:42:33 +0000] "GET /pages.php?literature173044415.html HTTP/1.0" 200 23924 "-" "Mozilla/5.0 AppleWebKit/537.36 (KHTML, like Gecko; compatible; GPTBot/1.2; +https://openai.com/gptbot)"
20.171.207.125 - - [21/Oct/2025:06:42:34 +0000] "GET /pages.php?transfer016012168.html HTTP/1.0" 200 24623 "-" "Mozilla/5.0 AppleWebKit/537.36 (KHTML, like Gecko; compatible; GPTBot/1.2; +https://openai.com/gptbot)"
20.171.207.125 - - [21/Oct/2025:06:42:35 +0000] "GET /pages.php?channel=176e68&from=https://enlugo.es/collect.php?ladder253043425.html&w=2939126678198 HTTP/1.0" 200 24343 "-" "Mozilla/5.0 AppleWebKit/537.36 (KHTML, like Gecko; compatible; GPTBot/1.2; +https://openai.com/gptbot)"
54.209.100.30 - - [21/Oct/2025:06:42:36 +0000] "GET /?path=/var/www/vhosts/enlugo.es/httpdocs/wp-content/cache/page_enhanced/enlugo.es///election008015442 HTTP/1.0" 200 2195 "-" "Mozilla/5.0 AppleWebKit/537.36 (KHTML, like Gecko; compatible; Amazonbot/0.1; +https://developer.amazon.com/support/amazonbot) Chrome/119.0.6045.214 Safari/537.36"
113.191.131.2 - - [21/Oct/2025:06:42:36 +0000] "GET /arde-lucus-2015/?fileloc=%2Fvar%2Fwww%2Fvhosts%2Fenlugo.es%2Fhttpdocs%2Fwp-source.php&path=%2Fvar%2Fwww%2Fvhosts%2Fenlugo.es%2Fhttpdocs HTTP/1.0" 200 2195 "-" "Mozilla/5.0 (Windows NT 6.2) AppleWebKit/537.36 (KHTML, like Gecko) Chrome/87.0.4280.88 Safari/537.36"
20.171.207.125 - - [21/Oct/2025:06:42:36 +0000] "GET /pages.php?scope173044415.html HTTP/1.0" 200 23922 "-" "Mozilla/5.0 AppleWebKit/537.36 (KHTML, like Gecko; compatible; GPTBot/1.2; +https://openai.com/gptbot)"
20.171.207.125 - - [21/Oct/2025:06:42:38 +0000] "GET /pages.php?down016012168.html HTTP/1.0" 200 24653 "-" "Mozilla/5.0 AppleWebKit/537.36 (KHTML, like Gecko; compatible; GPTBot/1.2; +https://openai.com/gptbot)"
20.171.207.125 - - [21/Oct/2025:06:42:39 +0000] "GET /pages.php?common253043425.html HTTP/1.0" 200 24263 "-" "Mozilla/5.0 AppleWebKit/537.36 (KHTML, like Gecko; compatible; GPTBot/1.2; +https://openai.com/gptbot)"
50.19.79.213 - - [21/Oct/2025:06:42:40 +0000] "GET /?path=/var/www/vhosts/enlugo.es/httpdocs/wp-content/plugins/wp-file-manager/lib/codemirror/mode/python HTTP/1.0" 200 2195 "-" "Mozilla/5.0 AppleWebKit/537.36 (KHTML, like Gecko; compatible; Amazonbot/0.1; +https://developer.amazon.com/support/amazonbot) Chrome/119.0.6045.214 Safari/537.36"
20.171.207.125 - - [21/Oct/2025:06:42:40 +0000] "GET /pages.php?arrest173044415.html HTTP/1.0" 200 23894 "-" "Mozilla/5.0 AppleWebKit/537.36 (KHTML, like Gecko; compatible; GPTBot/1.2; +https://openai.com/gptbot)"
20.171.207.125 - - [21/Oct/2025:06:42:41 +0000] "GET /pages.php?union016012168.html HTTP/1.0" 200 24631 "-" "Mozilla/5.0 AppleWebKit/537.36 (KHTML, like Gecko; compatible; GPTBot/1.2; +https://openai.com/gptbot)"
20.171.207.125 - - [21/Oct/2025:06:42:42 +0000] "GET /pages.php?cap253043425.html HTTP/1.0" 200 24280 "-" "Mozilla/5.0 AppleWebKit/537.36 (KHTML, like Gecko; compatible; GPTBot/1.2; +https://openai.com/gptbot)"
44.195.50.71 - - [21/Oct/2025:06:42:44 +0000] "GET /?path=/var/www/vhosts/enlugo.es/httpdocs/wp-content/cache/db/options/4d0/414 HTTP/1.0" 200 2195 "-" "Mozilla/5.0 AppleWebKit/537.36 (KHTML, like Gecko; compatible; Amazonbot/0.1; +https://developer.amazon.com/support/amazonbot) Chrome/119.0.6045.214 Safari/537.36"
20.171.207.125 - - [21/Oct/2025:06:42:43 +0000] "GET /pages.php?testing173044415.html HTTP/1.0" 200 23913 "-" "Mozilla/5.0 AppleWebKit/537.36 (KHTML, like Gecko; compatible; GPTBot/1.2; +https://openai.com/gptbot)"
20.171.207.125 - - [21/Oct/2025:06:42:45 +0000] "GET /pages.php?wound016012168.html HTTP/1.0" 200 24706 "-" "Mozilla/5.0 AppleWebKit/537.36 (KHTML, like Gecko; compatible; GPTBot/1.2; +https://openai.com/gptbot)"
144.76.73.122 - - [21/Oct/2025:06:42:45 +0000] "GET /san-froilan/?path=%2Fvar%2Fwww%2Fvhosts%2Fenlugo.es%2Fhttpdocs%2Fwp-content%2Fimfdafab HTTP/1.0" 200 2195 "-" "serpstatbot/2.1 (advanced backlink tracking bot; https://serpstatbot.com/; abuse@serpstatbot.com)"
20.171.207.125 - - [21/Oct/2025:06:42:46 +0000] "GET /pages.php?therefore253043425.html HTTP/1.0" 200 24255 "-" "Mozilla/5.0 AppleWebKit/537.36 (KHTML, like Gecko; compatible; GPTBot/1.2; +https://openai.com/gptbot)"
20.171.207.125 - - [21/Oct/2025:06:42:47 +0000] "GET /pages.php?telephone173044415.html HTTP/1.0" 200 23910 "-" "Mozilla/5.0 AppleWebKit/537.36 (KHTML, like Gecko; compatible; GPTBot/1.2; +https://openai.com/gptbot)"
34.224.9.144 - - [21/Oct/2025:06:42:48 +0000] "GET /?path=/var/www/vhosts/enlugo.es/httpdocs/wp-content/plugins/wp-file-manager/lib/codemirror/mode/elm HTTP/1.0" 200 2195 "-" "Mozilla/5.0 AppleWebKit/537.36 (KHTML, like Gecko; compatible; Amazonbot/0.1; +https://developer.amazon.com/support/amazonbot) Chrome/119.0.6045.214 Safari/537.36"
20.171.207.125 - - [21/Oct/2025:06:42:48 +0000] "GET /pages.php?following016012168.html HTTP/1.0" 200 24613 "-" "Mozilla/5.0 AppleWebKit/537.36 (KHTML, like Gecko; compatible; GPTBot/1.2; +https://openai.com/gptbot)"
20.171.207.125 - - [21/Oct/2025:06:42:49 +0000] "GET /pages.php?size253043425.html HTTP/1.0" 200 24299 "-" "Mozilla/5.0 AppleWebKit/537.36 (KHTML, like Gecko; compatible; GPTBot/1.2; +https://openai.com/gptbot)"
20.171.207.125 - - [21/Oct/2025:06:42:50 +0000] "GET /pages.php?heel173044415.html HTTP/1.0" 200 23917 "-" "Mozilla/5.0 AppleWebKit/537.36 (KHTML, like Gecko; compatible; GPTBot/1.2; +https://openai.com/gptbot)"
18.205.91.101 - - [21/Oct/2025:06:42:52 +0000] "GET /?path=/var/www/vhosts/enlugo.es/httpdocs/wp-content/cache/db/options/851/5f6 HTTP/1.0" 200 2195 "-" "Mozilla/5.0 AppleWebKit/537.36 (KHTML, like Gecko; compatible; Amazonbot/0.1; +https://developer.amazon.com/support/amazonbot) Chrome/119.0.6045.214 Safari/537.36"
20.171.207.125 - - [21/Oct/2025:06:42:52 +0000] "GET /pages.php?wake016012168.html HTTP/1.0" 200 24596 "-" "Mozilla/5.0 AppleWebKit/537.36 (KHTML, like Gecko; compatible; GPTBot/1.2; +https://openai.com/gptbot)"
20.171.207.125 - - [21/Oct/2025:06:42:53 +0000] "GET /pages.php?regulator253043425.html HTTP/1.0" 200 24288 "-" "Mozilla/5.0 AppleWebKit/537.36 (KHTML, like Gecko; compatible; GPTBot/1.2; +https://openai.com/gptbot)"
20.171.207.125 - - [21/Oct/2025:06:42:54 +0000] "GET /pages.php?coup173044415.html HTTP/1.0" 200 23918 "-" "Mozilla/5.0 AppleWebKit/537.36 (KHTML, like Gecko; compatible; GPTBot/1.2; +https://openai.com/gptbot)"
20.171.207.125 - - [21/Oct/2025:06:42:55 +0000] "GET /pages.php?network016012168.html HTTP/1.0" 200 24583 "-" "Mozilla/5.0 AppleWebKit/537.36 (KHTML, like Gecko; compatible; GPTBot/1.2; +https://openai.com/gptbot)"
23.23.214.190 - - [21/Oct/2025:06:42:56 +0000] "GET /?path=/var/www/vhosts/enlugo.es/httpdocs/wp-content/cache/page_enhanced/enlugo.es/san-froilan-2015/kiko-veneno/feed HTTP/1.0" 200 2195 "-" "Mozilla/5.0 AppleWebKit/537.36 (KHTML, like Gecko; compatible; Amazonbot/0.1; +https://developer.amazon.com/support/amazonbot) Chrome/119.0.6045.214 Safari/537.36"
20.171.207.125 - - [21/Oct/2025:06:42:56 +0000] "GET /pages.php?flavor253043425.html HTTP/1.0" 200 24397 "-" "Mozilla/5.0 AppleWebKit/537.36 (KHTML, like Gecko; compatible; GPTBot/1.2; +https://openai.com/gptbot)"
20.171.207.125 - - [21/Oct/2025:06:42:58 +0000] "GET /pages.php?meanwhile016012168.html HTTP/1.0" 200 24720 "-" "Mozilla/5.0 AppleWebKit/537.36 (KHTML, like Gecko; compatible; GPTBot/1.2; +https://openai.com/gptbot)"
