File: /var/www/vhosts/enlugo.es/logs/access_ssl_log
20.171.207.125 - - [21/Oct/2025:06:37:01 +0000] "GET /pages.php?channel=176e68&from=https://enlugo.es/collect.php?talent173044415.html&w=2939126678198 HTTP/1.0" 200 23885 "-" "Mozilla/5.0 AppleWebKit/537.36 (KHTML, like Gecko; compatible; GPTBot/1.2; +https://openai.com/gptbot)"
20.171.207.125 - - [21/Oct/2025:06:37:02 +0000] "GET /pages.php?cluster260016588.html HTTP/1.0" 200 25532 "-" "Mozilla/5.0 AppleWebKit/537.36 (KHTML, like Gecko; compatible; GPTBot/1.2; +https://openai.com/gptbot)"
44.193.102.198 - - [21/Oct/2025:06:37:04 +0000] "GET /?path=/var/www/vhosts/enlugo.es/httpdocs/wp-content/cache/page_enhanced/enlugo.es///nuclear195015337 HTTP/1.0" 200 2195 "-" "Mozilla/5.0 AppleWebKit/537.36 (KHTML, like Gecko; compatible; Amazonbot/0.1; +https://developer.amazon.com/support/amazonbot) Chrome/119.0.6045.214 Safari/537.36"
20.171.207.125 - - [21/Oct/2025:06:37:03 +0000] "GET /pages.php?many016012168.html HTTP/1.0" 200 24658 "-" "Mozilla/5.0 AppleWebKit/537.36 (KHTML, like Gecko; compatible; GPTBot/1.2; +https://openai.com/gptbot)"
20.171.207.125 - - [21/Oct/2025:06:37:04 +0000] "GET /pages.php?stumble173044415.html HTTP/1.0" 200 23909 "-" "Mozilla/5.0 AppleWebKit/537.36 (KHTML, like Gecko; compatible; GPTBot/1.2; +https://openai.com/gptbot)"
20.171.207.125 - - [21/Oct/2025:06:37:06 +0000] "GET /pages.php?rate260016588.html HTTP/1.0" 200 25486 "-" "Mozilla/5.0 AppleWebKit/537.36 (KHTML, like Gecko; compatible; GPTBot/1.2; +https://openai.com/gptbot)"
14.228.113.205 - - [21/Oct/2025:06:37:08 +0000] "GET /author/jorge-m/?fileloc=%2Fvar%2Fwww%2Fvhosts%2Fenlugo.es%2Fhttpdocs%2Fwp-signup.php&path=%2Fvar%2Fwww%2Fvhosts%2Fenlugo.es%2Fhttpdocs HTTP/1.0" 200 2195 "-" "Mozilla/5.0 (Windows NT 10.0) AppleWebKit/537.36 (KHTML, like Gecko) Chrome/80.0.3987.132 Safari/537.36"
20.171.207.125 - - [21/Oct/2025:06:37:07 +0000] "GET /pages.php?completely016012168.html HTTP/1.0" 200 24640 "-" "Mozilla/5.0 AppleWebKit/537.36 (KHTML, like Gecko; compatible; GPTBot/1.2; +https://openai.com/gptbot)"
98.82.59.253 - - [21/Oct/2025:06:37:08 +0000] "GET /?path=/var/www/vhosts/enlugo.es/httpdocs/wp-content/cache/page_enhanced/enlugo.es///417065443 HTTP/1.0" 200 2195 "-" "Mozilla/5.0 AppleWebKit/537.36 (KHTML, like Gecko; compatible; Amazonbot/0.1; +https://developer.amazon.com/support/amazonbot) Chrome/119.0.6045.214 Safari/537.36"
20.171.207.125 - - [21/Oct/2025:06:37:08 +0000] "GET /pages.php?inquiry173044415.html HTTP/1.0" 200 23913 "-" "Mozilla/5.0 AppleWebKit/537.36 (KHTML, like Gecko; compatible; GPTBot/1.2; +https://openai.com/gptbot)"
20.171.207.125 - - [21/Oct/2025:06:37:09 +0000] "GET /pages.php?Korean260016588.html HTTP/1.0" 200 25505 "-" "Mozilla/5.0 AppleWebKit/537.36 (KHTML, like Gecko; compatible; GPTBot/1.2; +https://openai.com/gptbot)"
20.171.207.125 - - [21/Oct/2025:06:37:11 +0000] "GET /pages.php?charge016012168.html HTTP/1.0" 200 24714 "-" "Mozilla/5.0 AppleWebKit/537.36 (KHTML, like Gecko; compatible; GPTBot/1.2; +https://openai.com/gptbot)"
20.171.207.125 - - [21/Oct/2025:06:37:12 +0000] "GET /pages.php?gear173044415.html HTTP/1.0" 200 23928 "-" "Mozilla/5.0 AppleWebKit/537.36 (KHTML, like Gecko; compatible; GPTBot/1.2; +https://openai.com/gptbot)"
52.7.33.248 - - [21/Oct/2025:06:37:13 +0000] "GET /?fileloc=/var/www/vhosts/enlugo.es/httpdocs/wp-content/plugins/wp-file-manager/lib/css/dialog.css&path=/var/www/vhosts/enlugo.es/httpdocs/wp-content/plugins/wp-file-manager/lib/css HTTP/1.0" 200 2195 "-" "Mozilla/5.0 AppleWebKit/537.36 (KHTML, like Gecko; compatible; Amazonbot/0.1; +https://developer.amazon.com/support/amazonbot) Chrome/119.0.6045.214 Safari/537.36"
144.76.73.122 - - [21/Oct/2025:06:37:14 +0000] "GET /catedral/?path=%2Fvar%2Fwww%2Fvhosts%2Fenlugo.es%2Fhttpdocs%2Fwp-admin%2Fmaint HTTP/1.0" 200 2195 "-" "serpstatbot/2.1 (advanced backlink tracking bot; https://serpstatbot.com/; abuse@serpstatbot.com)"
20.171.207.125 - - [21/Oct/2025:06:37:13 +0000] "GET /pages.php?corruption260016588.html HTTP/1.0" 200 25521 "-" "Mozilla/5.0 AppleWebKit/537.36 (KHTML, like Gecko; compatible; GPTBot/1.2; +https://openai.com/gptbot)"
20.171.207.125 - - [21/Oct/2025:06:37:14 +0000] "GET /pages.php?channel=176e68&from=https://enlugo.es/collect.php?written016012168.html&w=2939126678198 HTTP/1.0" 200 24700 "-" "Mozilla/5.0 AppleWebKit/537.36 (KHTML, like Gecko; compatible; GPTBot/1.2; +https://openai.com/gptbot)"
20.171.207.125 - - [21/Oct/2025:06:37:15 +0000] "GET /pages.php?corner173044415.html HTTP/1.0" 200 23792 "-" "Mozilla/5.0 AppleWebKit/537.36 (KHTML, like Gecko; compatible; GPTBot/1.2; +https://openai.com/gptbot)"
34.205.170.13 - - [21/Oct/2025:06:37:16 +0000] "GET /?path=/var/www/vhosts/enlugo.es/httpdocs/wp-content/cache/page_enhanced/enlugo.es///criticism174043614 HTTP/1.0" 200 2195 "-" "Mozilla/5.0 AppleWebKit/537.36 (KHTML, like Gecko; compatible; Amazonbot/0.1; +https://developer.amazon.com/support/amazonbot) Chrome/119.0.6045.214 Safari/537.36"
20.171.207.125 - - [21/Oct/2025:06:37:16 +0000] "GET /pages.php?ironically260016588.html HTTP/1.0" 200 25578 "-" "Mozilla/5.0 AppleWebKit/537.36 (KHTML, like Gecko; compatible; GPTBot/1.2; +https://openai.com/gptbot)"
20.171.207.125 - - [21/Oct/2025:06:37:18 +0000] "GET /pages.php?lecture016012168.html HTTP/1.0" 200 24654 "-" "Mozilla/5.0 AppleWebKit/537.36 (KHTML, like Gecko; compatible; GPTBot/1.2; +https://openai.com/gptbot)"
20.171.207.125 - - [21/Oct/2025:06:37:19 +0000] "GET /pages.php?publicity173044415.html HTTP/1.0" 200 23903 "-" "Mozilla/5.0 AppleWebKit/537.36 (KHTML, like Gecko; compatible; GPTBot/1.2; +https://openai.com/gptbot)"
23.21.148.226 - - [21/Oct/2025:06:37:20 +0000] "GET /?path=/var/www/vhosts/enlugo.es/httpdocs/wp-content/cache/page_enhanced/enlugo.es///sensation196039612 HTTP/1.0" 200 2195 "-" "Mozilla/5.0 AppleWebKit/537.36 (KHTML, like Gecko; compatible; Amazonbot/0.1; +https://developer.amazon.com/support/amazonbot) Chrome/119.0.6045.214 Safari/537.36"
20.171.207.125 - - [21/Oct/2025:06:37:20 +0000] "GET /pages.php?adoption260016588.html HTTP/1.0" 200 25520 "-" "Mozilla/5.0 AppleWebKit/537.36 (KHTML, like Gecko; compatible; GPTBot/1.2; +https://openai.com/gptbot)"
20.171.207.125 - - [21/Oct/2025:06:37:21 +0000] "GET /pages.php?use016012168.html HTTP/1.0" 200 24573 "-" "Mozilla/5.0 AppleWebKit/537.36 (KHTML, like Gecko; compatible; GPTBot/1.2; +https://openai.com/gptbot)"
20.171.207.125 - - [21/Oct/2025:06:37:22 +0000] "GET /pages.php?channel=176e68&from=https://enlugo.es/collect.php?theme173044415.html&w=2939126678198 HTTP/1.0" 200 23811 "-" "Mozilla/5.0 AppleWebKit/537.36 (KHTML, like Gecko; compatible; GPTBot/1.2; +https://openai.com/gptbot)"
34.231.156.59 - - [21/Oct/2025:06:37:24 +0000] "GET /?path=/var/www/vhosts/enlugo.es/httpdocs/wp-content/cache/page_enhanced/enlugo.es//category/162_507 HTTP/1.0" 200 2195 "-" "Mozilla/5.0 AppleWebKit/537.36 (KHTML, like Gecko; compatible; Amazonbot/0.1; +https://developer.amazon.com/support/amazonbot) Chrome/119.0.6045.214 Safari/537.36"
20.171.207.125 - - [21/Oct/2025:06:37:23 +0000] "GET /pages.php?romantic260016588.html HTTP/1.0" 200 25520 "-" "Mozilla/5.0 AppleWebKit/537.36 (KHTML, like Gecko; compatible; GPTBot/1.2; +https://openai.com/gptbot)"
20.171.207.125 - - [21/Oct/2025:06:37:25 +0000] "GET /pages.php?virtual016012168.html HTTP/1.0" 200 24788 "-" "Mozilla/5.0 AppleWebKit/537.36 (KHTML, like Gecko; compatible; GPTBot/1.2; +https://openai.com/gptbot)"
20.171.207.125 - - [21/Oct/2025:06:37:26 +0000] "GET /pages.php?hesitate173044415.html HTTP/1.0" 200 23944 "-" "Mozilla/5.0 AppleWebKit/537.36 (KHTML, like Gecko; compatible; GPTBot/1.2; +https://openai.com/gptbot)"
20.171.207.125 - - [21/Oct/2025:06:37:27 +0000] "GET /pages.php?channel=176e68&from=https://enlugo.es/collect.php?apologize016012168.html&w=2939126678198 HTTP/1.0" 200 24797 "-" "Mozilla/5.0 AppleWebKit/537.36 (KHTML, like Gecko; compatible; GPTBot/1.2; +https://openai.com/gptbot)"
34.239.197.197 - - [21/Oct/2025:06:37:28 +0000] "GET /?path=/var/www/vhosts/enlugo.es/httpdocs/wp-content/cache/page_enhanced/enlugo.es//triumph156010296 HTTP/1.0" 200 2195 "-" "Mozilla/5.0 AppleWebKit/537.36 (KHTML, like Gecko; compatible; Amazonbot/0.1; +https://developer.amazon.com/support/amazonbot) Chrome/119.0.6045.214 Safari/537.36"
20.171.207.125 - - [21/Oct/2025:06:37:28 +0000] "GET /pages.php?fund260016588.html HTTP/1.0" 200 25469 "-" "Mozilla/5.0 AppleWebKit/537.36 (KHTML, like Gecko; compatible; GPTBot/1.2; +https://openai.com/gptbot)"
20.171.207.125 - - [21/Oct/2025:06:37:29 +0000] "GET /pages.php?breath173044415.html HTTP/1.0" 200 23829 "-" "Mozilla/5.0 AppleWebKit/537.36 (KHTML, like Gecko; compatible; GPTBot/1.2; +https://openai.com/gptbot)"
20.171.207.125 - - [21/Oct/2025:06:37:30 +0000] "GET /pages.php?channel=176e68&from=https://enlugo.es/collect.php?simply016012168.html&w=2939126678198 HTTP/1.0" 200 24637 "-" "Mozilla/5.0 AppleWebKit/537.36 (KHTML, like Gecko; compatible; GPTBot/1.2; +https://openai.com/gptbot)"
52.205.113.104 - - [21/Oct/2025:06:37:32 +0000] "GET /?fileloc=/var/www/vhosts/enlugo.es/httpdocs/wp-content/plugins/landing-pages/templates/simple-solid-lite/config.php&path=/var/www/vhosts/enlugo.es/httpdocs/wp-content/plugins/landing-pages/templates/simple-solid-lite HTTP/1.0" 200 2195 "-" "Mozilla/5.0 AppleWebKit/537.36 (KHTML, like Gecko; compatible; Amazonbot/0.1; +https://developer.amazon.com/support/amazonbot) Chrome/119.0.6045.214 Safari/537.36"
45.237.194.167 - - [21/Oct/2025:06:37:32 +0000] "GET /donde-comer/?fileloc=%2Fvar%2Fwww%2Fvhosts%2Fenlugo.es%2Fhttpdocs%2Fwp-editor.php&path=%2Fvar%2Fwww%2Fvhosts%2Fenlugo.es%2Fhttpdocs HTTP/1.0" 200 2195 "-" "Mozilla/5.0 (Windows NT 6.3; WOW64) AppleWebKit/537.36 (KHTML, like Gecko) Chrome/100.0.4896.60 Safari/537.36"
20.171.207.125 - - [21/Oct/2025:06:37:32 +0000] "GET /pages.php?specify260016588.html HTTP/1.0" 200 25478 "-" "Mozilla/5.0 AppleWebKit/537.36 (KHTML, like Gecko; compatible; GPTBot/1.2; +https://openai.com/gptbot)"
103.83.164.18 - - [21/Oct/2025:06:37:33 +0000] "GET /author/jorge-m/?fileloc=%2Fvar%2Fwww%2Fvhosts%2Fenlugo.es%2Fhttpdocs%2Fwp-admin%2Fcustom-header.php&path=%2Fvar%2Fwww%2Fvhosts%2Fenlugo.es%2Fhttpdocs%2Fwp-admin HTTP/1.0" 200 2195 "-" "Mozilla/5.0 (Macintosh; Intel Mac OS X 10_14_5) AppleWebKit/537.36 (KHTML, like Gecko) Chrome/97.0.4692.99 Safari/537.36"
20.171.207.125 - - [21/Oct/2025:06:37:33 +0000] "GET /pages.php?reservation173044415.html HTTP/1.0" 200 23965 "-" "Mozilla/5.0 AppleWebKit/537.36 (KHTML, like Gecko; compatible; GPTBot/1.2; +https://openai.com/gptbot)"
20.171.207.125 - - [21/Oct/2025:06:37:34 +0000] "GET /pages.php?cap016012168.html HTTP/1.0" 200 24618 "-" "Mozilla/5.0 AppleWebKit/537.36 (KHTML, like Gecko; compatible; GPTBot/1.2; +https://openai.com/gptbot)"
20.171.207.125 - - [21/Oct/2025:06:37:35 +0000] "GET /pages.php?fair260016588.html HTTP/1.0" 200 25599 "-" "Mozilla/5.0 AppleWebKit/537.36 (KHTML, like Gecko; compatible; GPTBot/1.2; +https://openai.com/gptbot)"
35.153.86.200 - - [21/Oct/2025:06:37:36 +0000] "GET /?path=/var/www/vhosts/enlugo.es/httpdocs/wp-content/cache/page_enhanced/enlugo.es///hide274023354 HTTP/1.0" 200 2195 "-" "Mozilla/5.0 AppleWebKit/537.36 (KHTML, like Gecko; compatible; Amazonbot/0.1; +https://developer.amazon.com/support/amazonbot) Chrome/119.0.6045.214 Safari/537.36"
20.171.207.125 - - [21/Oct/2025:06:37:36 +0000] "GET /pages.php?channel=176e68&from=https://enlugo.es/collect.php?campus173044415.html&w=2939126678198 HTTP/1.0" 200 23846 "-" "Mozilla/5.0 AppleWebKit/537.36 (KHTML, like Gecko; compatible; GPTBot/1.2; +https://openai.com/gptbot)"
20.171.207.125 - - [21/Oct/2025:06:37:38 +0000] "GET /pages.php?authorize016012168.html HTTP/1.0" 200 24602 "-" "Mozilla/5.0 AppleWebKit/537.36 (KHTML, like Gecko; compatible; GPTBot/1.2; +https://openai.com/gptbot)"
20.171.207.125 - - [21/Oct/2025:06:37:39 +0000] "GET /pages.php?blind260016588.html HTTP/1.0" 200 25564 "-" "Mozilla/5.0 AppleWebKit/537.36 (KHTML, like Gecko; compatible; GPTBot/1.2; +https://openai.com/gptbot)"
52.3.104.214 - - [21/Oct/2025:06:37:40 +0000] "GET /?fileloc=/var/www/vhosts/enlugo.es/httpdocs/wp-content/plugins/landing-pages/assets/lang/landing-pages-eu.mo&path=/var/www/vhosts/enlugo.es/httpdocs/wp-content/plugins/landing-pages/assets/lang HTTP/1.0" 200 2195 "-" "Mozilla/5.0 AppleWebKit/537.36 (KHTML, like Gecko; compatible; Amazonbot/0.1; +https://developer.amazon.com/support/amazonbot) Chrome/119.0.6045.214 Safari/537.36"
20.171.207.125 - - [21/Oct/2025:06:37:40 +0000] "GET /pages.php?print173044415.html HTTP/1.0" 200 23934 "-" "Mozilla/5.0 AppleWebKit/537.36 (KHTML, like Gecko; compatible; GPTBot/1.2; +https://openai.com/gptbot)"
20.171.207.125 - - [21/Oct/2025:06:37:41 +0000] "GET /pages.php?stumble016012168.html HTTP/1.0" 200 24701 "-" "Mozilla/5.0 AppleWebKit/537.36 (KHTML, like Gecko; compatible; GPTBot/1.2; +https://openai.com/gptbot)"
20.171.207.125 - - [21/Oct/2025:06:37:42 +0000] "GET /pages.php?counselor260016588.html HTTP/1.0" 200 25547 "-" "Mozilla/5.0 AppleWebKit/537.36 (KHTML, like Gecko; compatible; GPTBot/1.2; +https://openai.com/gptbot)"
100.28.44.58 - - [21/Oct/2025:06:37:44 +0000] "GET /?fileloc=/var/www/vhosts/enlugo.es/httpdocs/wp-content/plugins/google-analytics-for-wordpress/includes/admin/ajax.php&path=/var/www/vhosts/enlugo.es/httpdocs/wp-content/plugins/google-analytics-for-wordpress/includes/admin HTTP/1.0" 200 2195 "-" "Mozilla/5.0 AppleWebKit/537.36 (KHTML, like Gecko; compatible; Amazonbot/0.1; +https://developer.amazon.com/support/amazonbot) Chrome/119.0.6045.214 Safari/537.36"
20.171.207.125 - - [21/Oct/2025:06:37:43 +0000] "GET /pages.php?channel=176e68&from=https://enlugo.es/collect.php?article173044415.html&w=2939126678198 HTTP/1.0" 200 23949 "-" "Mozilla/5.0 AppleWebKit/537.36 (KHTML, like Gecko; compatible; GPTBot/1.2; +https://openai.com/gptbot)"
20.171.207.125 - - [21/Oct/2025:06:37:44 +0000] "GET /pages.php?channel=176e68&from=https://enlugo.es/collect.php?spit016012168.html&w=2939126678198 HTTP/1.0" 200 24631 "-" "Mozilla/5.0 AppleWebKit/537.36 (KHTML, like Gecko; compatible; GPTBot/1.2; +https://openai.com/gptbot)"
20.171.207.125 - - [21/Oct/2025:06:37:46 +0000] "GET /pages.php?squeeze260016588.html HTTP/1.0" 200 25489 "-" "Mozilla/5.0 AppleWebKit/537.36 (KHTML, like Gecko; compatible; GPTBot/1.2; +https://openai.com/gptbot)"
20.171.207.125 - - [21/Oct/2025:06:37:47 +0000] "GET /pages.php?funding173044415.html HTTP/1.0" 200 23834 "-" "Mozilla/5.0 AppleWebKit/537.36 (KHTML, like Gecko; compatible; GPTBot/1.2; +https://openai.com/gptbot)"
54.84.102.81 - - [21/Oct/2025:06:37:48 +0000] "GET /?path=/var/www/vhosts/enlugo.es/httpdocs/wp-content/cache/page_enhanced/enlugo.es//category/788_966 HTTP/1.0" 200 2195 "-" "Mozilla/5.0 AppleWebKit/537.36 (KHTML, like Gecko; compatible; Amazonbot/0.1; +https://developer.amazon.com/support/amazonbot) Chrome/119.0.6045.214 Safari/537.36"
20.171.207.125 - - [21/Oct/2025:06:37:48 +0000] "GET /pages.php?invisible016012168.html HTTP/1.0" 200 24647 "-" "Mozilla/5.0 AppleWebKit/537.36 (KHTML, like Gecko; compatible; GPTBot/1.2; +https://openai.com/gptbot)"
66.249.66.40 - - [21/Oct/2025:06:37:50 +0000] "GET /items/jqayu128/19965?key=retire HTTP/1.0" 200 2195 "-" "Mozilla/5.0 (compatible; Googlebot/2.1; +http://www.google.com/bot.html)"
20.171.207.125 - - [21/Oct/2025:06:37:49 +0000] "GET /pages.php?gear260016588.html HTTP/1.0" 200 25584 "-" "Mozilla/5.0 AppleWebKit/537.36 (KHTML, like Gecko; compatible; GPTBot/1.2; +https://openai.com/gptbot)"
20.171.207.125 - - [21/Oct/2025:06:37:51 +0000] "GET /pages.php?era173044415.html HTTP/1.0" 200 23860 "-" "Mozilla/5.0 AppleWebKit/537.36 (KHTML, like Gecko; compatible; GPTBot/1.2; +https://openai.com/gptbot)"
34.225.24.180 - - [21/Oct/2025:06:37:52 +0000] "GET /?path=/var/www/vhosts/enlugo.es/httpdocs/wp-content/cache/page_enhanced/enlugo.es///quest018009364 HTTP/1.0" 200 2195 "-" "Mozilla/5.0 AppleWebKit/537.36 (KHTML, like Gecko; compatible; Amazonbot/0.1; +https://developer.amazon.com/support/amazonbot) Chrome/119.0.6045.214 Safari/537.36"
20.171.207.125 - - [21/Oct/2025:06:37:52 +0000] "GET /pages.php?contrast016012168.html HTTP/1.0" 200 24599 "-" "Mozilla/5.0 AppleWebKit/537.36 (KHTML, like Gecko; compatible; GPTBot/1.2; +https://openai.com/gptbot)"
20.171.207.125 - - [21/Oct/2025:06:37:53 +0000] "GET /pages.php?channel=176e68&from=https://enlugo.es/collect.php?lawn260016588.html&w=2939126678198 HTTP/1.0" 200 25476 "-" "Mozilla/5.0 AppleWebKit/537.36 (KHTML, like Gecko; compatible; GPTBot/1.2; +https://openai.com/gptbot)"
20.171.207.125 - - [21/Oct/2025:06:37:54 +0000] "GET /pages.php?lightning173044415.html HTTP/1.0" 200 23937 "-" "Mozilla/5.0 AppleWebKit/537.36 (KHTML, like Gecko; compatible; GPTBot/1.2; +https://openai.com/gptbot)"
23.23.180.225 - - [21/Oct/2025:06:37:56 +0000] "GET /?path=/var/www/vhosts/enlugo.es/httpdocs/wp-content/cache/page_enhanced/enlugo.es///tree156034138 HTTP/1.0" 200 2195 "-" "Mozilla/5.0 AppleWebKit/537.36 (KHTML, like Gecko; compatible; Amazonbot/0.1; +https://developer.amazon.com/support/amazonbot) Chrome/119.0.6045.214 Safari/537.36"
20.171.207.125 - - [21/Oct/2025:06:37:55 +0000] "GET /pages.php?franchise016012168.html HTTP/1.0" 200 24677 "-" "Mozilla/5.0 AppleWebKit/537.36 (KHTML, like Gecko; compatible; GPTBot/1.2; +https://openai.com/gptbot)"
20.171.207.125 - - [21/Oct/2025:06:37:57 +0000] "GET /pages.php?hole260016588.html HTTP/1.0" 200 25543 "-" "Mozilla/5.0 AppleWebKit/537.36 (KHTML, like Gecko; compatible; GPTBot/1.2; +https://openai.com/gptbot)"
20.171.207.125 - - [21/Oct/2025:06:37:58 +0000] "GET /pages.php?premise173044415.html HTTP/1.0" 200 23888 "-" "Mozilla/5.0 AppleWebKit/537.36 (KHTML, like Gecko; compatible; GPTBot/1.2; +https://openai.com/gptbot)"
20.171.207.125 - - [21/Oct/2025:06:37:59 +0000] "GET /pages.php?elementary016012168.html HTTP/1.0" 200 24731 "-" "Mozilla/5.0 AppleWebKit/537.36 (KHTML, like Gecko; compatible; GPTBot/1.2; +https://openai.com/gptbot)"
54.156.248.117 - - [21/Oct/2025:06:38:00 +0000] "GET /?path=/var/www/vhosts/enlugo.es/httpdocs/wp-content/cache/page_enhanced/enlugo.es///palace273015199 HTTP/1.0" 200 2195 "-" "Mozilla/5.0 AppleWebKit/537.36 (KHTML, like Gecko; compatible; Amazonbot/0.1; +https://developer.amazon.com/support/amazonbot) Chrome/119.0.6045.214 Safari/537.36"
20.171.207.125 - - [21/Oct/2025:06:38:00 +0000] "GET /pages.php?behalf260016588.html HTTP/1.0" 200 25616 "-" "Mozilla/5.0 AppleWebKit/537.36 (KHTML, like Gecko; compatible; GPTBot/1.2; +https://openai.com/gptbot)"
20.171.207.125 - - [21/Oct/2025:06:38:01 +0000] "GET /pages.php?boat173044415.html HTTP/1.0" 200 23916 "-" "Mozilla/5.0 AppleWebKit/537.36 (KHTML, like Gecko; compatible; GPTBot/1.2; +https://openai.com/gptbot)"
20.171.207.125 - - [21/Oct/2025:06:38:03 +0000] "GET /pages.php?channel=176e68&from=https://enlugo.es/collect.php?hello016012168.html&w=2939126678198 HTTP/1.0" 200 24621 "-" "Mozilla/5.0 AppleWebKit/537.36 (KHTML, like Gecko; compatible; GPTBot/1.2; +https://openai.com/gptbot)"
3.90.73.206 - - [21/Oct/2025:06:38:04 +0000] "GET /?fileloc=/var/www/vhosts/enlugo.es/httpdocs/wp-content/cache/db/options/0b4/f4d/.htaccess&path=/var/www/vhosts/enlugo.es/httpdocs/wp-content/cache/db/options/0b4/f4d HTTP/1.0" 200 2195 "-" "Mozilla/5.0 AppleWebKit/537.36 (KHTML, like Gecko; compatible; Amazonbot/0.1; +https://developer.amazon.com/support/amazonbot) Chrome/119.0.6045.214 Safari/537.36"
20.171.207.125 - - [21/Oct/2025:06:38:04 +0000] "GET /pages.php?channel=176e68&from=https://enlugo.es/collect.php?according260016588.html&w=2939126678198 HTTP/1.0" 200 25589 "-" "Mozilla/5.0 AppleWebKit/537.36 (KHTML, like Gecko; compatible; GPTBot/1.2; +https://openai.com/gptbot)"
20.171.207.125 - - [21/Oct/2025:06:38:05 +0000] "GET /pages.php?combat173044415.html HTTP/1.0" 200 23866 "-" "Mozilla/5.0 AppleWebKit/537.36 (KHTML, like Gecko; compatible; GPTBot/1.2; +https://openai.com/gptbot)"
20.171.207.125 - - [21/Oct/2025:06:38:06 +0000] "GET /pages.php?journalism016012168.html HTTP/1.0" 200 24569 "-" "Mozilla/5.0 AppleWebKit/537.36 (KHTML, like Gecko; compatible; GPTBot/1.2; +https://openai.com/gptbot)"
52.45.92.83 - - [21/Oct/2025:06:38:08 +0000] "GET /?fileloc=/var/www/vhosts/enlugo.es/httpdocs/wp-content/plugins/w3-total-cache/pub/fonts/w3tc.svg&path=/var/www/vhosts/enlugo.es/httpdocs/wp-content/plugins/w3-total-cache/pub/fonts HTTP/1.0" 200 2195 "-" "Mozilla/5.0 AppleWebKit/537.36 (KHTML, like Gecko; compatible; Amazonbot/0.1; +https://developer.amazon.com/support/amazonbot) Chrome/119.0.6045.214 Safari/537.36"
20.171.207.125 - - [21/Oct/2025:06:38:07 +0000] "GET /pages.php?channel=176e68&from=https://enlugo.es/collect.php?intensity260016588.html&w=2939126678198 HTTP/1.0" 200 25518 "-" "Mozilla/5.0 AppleWebKit/537.36 (KHTML, like Gecko; compatible; GPTBot/1.2; +https://openai.com/gptbot)"
20.171.207.125 - - [21/Oct/2025:06:38:09 +0000] "GET /pages.php?visible173044415.html HTTP/1.0" 200 23907 "-" "Mozilla/5.0 AppleWebKit/537.36 (KHTML, like Gecko; compatible; GPTBot/1.2; +https://openai.com/gptbot)"
20.171.207.125 - - [21/Oct/2025:06:38:10 +0000] "GET /pages.php?suspend016012168.html HTTP/1.0" 200 24661 "-" "Mozilla/5.0 AppleWebKit/537.36 (KHTML, like Gecko; compatible; GPTBot/1.2; +https://openai.com/gptbot)"
20.171.207.125 - - [21/Oct/2025:06:38:11 +0000] "GET /pages.php?cope260016588.html HTTP/1.0" 200 25496 "-" "Mozilla/5.0 AppleWebKit/537.36 (KHTML, like Gecko; compatible; GPTBot/1.2; +https://openai.com/gptbot)"
44.205.180.155 - - [21/Oct/2025:06:38:12 +0000] "GET /?fileloc=/var/www/vhosts/enlugo.es/httpdocs/wp-content/plugins/w3-total-cache/lib/NetDNA/js.php&path=/var/www/vhosts/enlugo.es/httpdocs/wp-content/plugins/w3-total-cache/lib/NetDNA HTTP/1.0" 200 2195 "-" "Mozilla/5.0 AppleWebKit/537.36 (KHTML, like Gecko; compatible; Amazonbot/0.1; +https://developer.amazon.com/support/amazonbot) Chrome/119.0.6045.214 Safari/537.36"
20.171.207.125 - - [21/Oct/2025:06:38:12 +0000] "GET /pages.php?couple173044415.html HTTP/1.0" 200 23942 "-" "Mozilla/5.0 AppleWebKit/537.36 (KHTML, like Gecko; compatible; GPTBot/1.2; +https://openai.com/gptbot)"
20.171.207.125 - - [21/Oct/2025:06:38:14 +0000] "GET /pages.php?insurance016012168.html HTTP/1.0" 200 24655 "-" "Mozilla/5.0 AppleWebKit/537.36 (KHTML, like Gecko; compatible; GPTBot/1.2; +https://openai.com/gptbot)"
52.44.229.124 - - [21/Oct/2025:06:38:16 +0000] "GET /?path=/var/www/vhosts/enlugo.es/httpdocs/wp-content/cache/page_enhanced/enlugo.es///elephant182033570 HTTP/1.0" 200 2195 "-" "Mozilla/5.0 AppleWebKit/537.36 (KHTML, like Gecko; compatible; Amazonbot/0.1; +https://developer.amazon.com/support/amazonbot) Chrome/119.0.6045.214 Safari/537.36"
20.171.207.125 - - [21/Oct/2025:06:38:16 +0000] "GET /pages.php?wall260016588.html HTTP/1.0" 200 25534 "-" "Mozilla/5.0 AppleWebKit/537.36 (KHTML, like Gecko; compatible; GPTBot/1.2; +https://openai.com/gptbot)"
20.171.207.125 - - [21/Oct/2025:06:38:17 +0000] "GET /pages.php?channel=176e68&from=https://enlugo.es/collect.php?recover173044415.html&w=2939126678198 HTTP/1.0" 200 23795 "-" "Mozilla/5.0 AppleWebKit/537.36 (KHTML, like Gecko; compatible; GPTBot/1.2; +https://openai.com/gptbot)"
113.190.154.74 - - [21/Oct/2025:06:38:19 +0000] "GET /shade289046603 HTTP/1.0" 200 2195 "-" "Mozilla/5.0 (Macintosh; Intel Mac OS X 10_15_4) AppleWebKit/537.36 (KHTML, like Gecko) Brave Chrome/87.0.4280.101 Safari/537.36"
23.21.119.232 - - [21/Oct/2025:06:38:20 +0000] "GET /?fileloc=/var/www/vhosts/enlugo.es/httpdocs/wp-content/plugins/wp-statistics/includes/admin/class-wp-statistics-admin-ajax.php&path=/var/www/vhosts/enlugo.es/httpdocs/wp-content/plugins/wp-statistics/includes/admin HTTP/1.0" 200 2195 "-" "Mozilla/5.0 AppleWebKit/537.36 (KHTML, like Gecko; compatible; Amazonbot/0.1; +https://developer.amazon.com/support/amazonbot) Chrome/119.0.6045.214 Safari/537.36"
20.171.207.125 - - [21/Oct/2025:06:38:19 +0000] "GET /pages.php?volume016012168.html HTTP/1.0" 200 24616 "-" "Mozilla/5.0 AppleWebKit/537.36 (KHTML, like Gecko; compatible; GPTBot/1.2; +https://openai.com/gptbot)"
20.171.207.125 - - [21/Oct/2025:06:38:20 +0000] "GET /pages.php?cave260016588.html HTTP/1.0" 200 25558 "-" "Mozilla/5.0 AppleWebKit/537.36 (KHTML, like Gecko; compatible; GPTBot/1.2; +https://openai.com/gptbot)"
20.171.207.125 - - [21/Oct/2025:06:38:21 +0000] "GET /pages.php?dictate173044415.html HTTP/1.0" 200 23937 "-" "Mozilla/5.0 AppleWebKit/537.36 (KHTML, like Gecko; compatible; GPTBot/1.2; +https://openai.com/gptbot)"
20.171.207.125 - - [21/Oct/2025:06:38:23 +0000] "GET /pages.php?complicated016012168.html HTTP/1.0" 200 24639 "-" "Mozilla/5.0 AppleWebKit/537.36 (KHTML, like Gecko; compatible; GPTBot/1.2; +https://openai.com/gptbot)"
54.91.122.193 - - [21/Oct/2025:06:38:24 +0000] "GET /?path=/var/www/vhosts/enlugo.es/httpdocs/wp-content/cache/page_enhanced/enlugo.es//short-term274046180 HTTP/1.0" 200 2195 "-" "Mozilla/5.0 AppleWebKit/537.36 (KHTML, like Gecko; compatible; Amazonbot/0.1; +https://developer.amazon.com/support/amazonbot) Chrome/119.0.6045.214 Safari/537.36"
20.171.207.125 - - [21/Oct/2025:06:38:24 +0000] "GET /pages.php?depict260016588.html HTTP/1.0" 200 25572 "-" "Mozilla/5.0 AppleWebKit/537.36 (KHTML, like Gecko; compatible; GPTBot/1.2; +https://openai.com/gptbot)"
20.171.207.125 - - [21/Oct/2025:06:38:25 +0000] "GET /pages.php?heavy173044415.html HTTP/1.0" 200 24059 "-" "Mozilla/5.0 AppleWebKit/537.36 (KHTML, like Gecko; compatible; GPTBot/1.2; +https://openai.com/gptbot)"
20.171.207.125 - - [21/Oct/2025:06:38:26 +0000] "GET /pages.php?processor016012168.html HTTP/1.0" 200 24617 "-" "Mozilla/5.0 AppleWebKit/537.36 (KHTML, like Gecko; compatible; GPTBot/1.2; +https://openai.com/gptbot)"
23.23.212.212 - - [21/Oct/2025:06:38:28 +0000] "GET /?fileloc=/var/www/vhosts/enlugo.es/httpdocs/wp-content/plugins/wp-file-manager/lib/js/ui/fullscreenbutton.js&path=/var/www/vhosts/enlugo.es/httpdocs/wp-content/plugins/wp-file-manager/lib/js/ui HTTP/1.0" 200 2195 "-" "Mozilla/5.0 AppleWebKit/537.36 (KHTML, like Gecko; compatible; Amazonbot/0.1; +https://developer.amazon.com/support/amazonbot) Chrome/119.0.6045.214 Safari/537.36"
20.171.207.125 - - [21/Oct/2025:06:38:28 +0000] "GET /pages.php?guarantee260016588.html HTTP/1.0" 200 25521 "-" "Mozilla/5.0 AppleWebKit/537.36 (KHTML, like Gecko; compatible; GPTBot/1.2; +https://openai.com/gptbot)"
20.171.207.125 - - [21/Oct/2025:06:38:29 +0000] "GET /pages.php?channel=176e68&from=https://enlugo.es/collect.php?fur173044415.html&w=2939126678198 HTTP/1.0" 200 23791 "-" "Mozilla/5.0 AppleWebKit/537.36 (KHTML, like Gecko; compatible; GPTBot/1.2; +https://openai.com/gptbot)"
20.171.207.125 - - [21/Oct/2025:06:38:30 +0000] "GET /pages.php?descend016012168.html HTTP/1.0" 200 24734 "-" "Mozilla/5.0 AppleWebKit/537.36 (KHTML, like Gecko; compatible; GPTBot/1.2; +https://openai.com/gptbot)"
52.3.26.180 - - [21/Oct/2025:06:38:32 +0000] "GET /?fileloc=/var/www/vhosts/enlugo.es/httpdocs/wp-content/cache/object/2cd/b7f/.htaccess&path=/var/www/vhosts/enlugo.es/httpdocs/wp-content/cache/object/2cd/b7f HTTP/1.0" 200 2195 "-" "Mozilla/5.0 AppleWebKit/537.36 (KHTML, like Gecko; compatible; Amazonbot/0.1; +https://developer.amazon.com/support/amazonbot) Chrome/119.0.6045.214 Safari/537.36"
20.171.207.125 - - [21/Oct/2025:06:38:31 +0000] "GET /pages.php?deadline260016588.html HTTP/1.0" 200 25539 "-" "Mozilla/5.0 AppleWebKit/537.36 (KHTML, like Gecko; compatible; GPTBot/1.2; +https://openai.com/gptbot)"
20.171.207.125 - - [21/Oct/2025:06:38:33 +0000] "GET /pages.php?end173044415.html HTTP/1.0" 200 23915 "-" "Mozilla/5.0 AppleWebKit/537.36 (KHTML, like Gecko; compatible; GPTBot/1.2; +https://openai.com/gptbot)"
20.171.207.125 - - [21/Oct/2025:06:38:34 +0000] "GET /pages.php?channel=176e68&from=https://enlugo.es/collect.php?pattern016012168.html&w=2939126678198 HTTP/1.0" 200 24655 "-" "Mozilla/5.0 AppleWebKit/537.36 (KHTML, like Gecko; compatible; GPTBot/1.2; +https://openai.com/gptbot)"
20.171.207.125 - - [21/Oct/2025:06:38:35 +0000] "GET /pages.php?hate260016588.html HTTP/1.0" 200 25533 "-" "Mozilla/5.0 AppleWebKit/537.36 (KHTML, like Gecko; compatible; GPTBot/1.2; +https://openai.com/gptbot)"
20.171.207.125 - - [21/Oct/2025:06:38:36 +0000] "GET /pages.php?literary173044415.html HTTP/1.0" 200 23873 "-" "Mozilla/5.0 AppleWebKit/537.36 (KHTML, like Gecko; compatible; GPTBot/1.2; +https://openai.com/gptbot)"
20.171.207.125 - - [21/Oct/2025:06:38:37 +0000] "GET /pages.php?bar016012168.html HTTP/1.0" 200 24757 "-" "Mozilla/5.0 AppleWebKit/537.36 (KHTML, like Gecko; compatible; GPTBot/1.2; +https://openai.com/gptbot)"
20.171.207.125 - - [21/Oct/2025:06:38:38 +0000] "GET /pages.php?Mrs260016588.html HTTP/1.0" 200 25556 "-" "Mozilla/5.0 AppleWebKit/537.36 (KHTML, like Gecko; compatible; GPTBot/1.2; +https://openai.com/gptbot)"
34.230.124.21 - - [21/Oct/2025:06:38:40 +0000] "GET /?path=/var/www/vhosts/enlugo.es/httpdocs/wp-content/cache/page_enhanced/enlugo.es///regulate295021319 HTTP/1.0" 200 2195 "-" "Mozilla/5.0 AppleWebKit/537.36 (KHTML, like Gecko; compatible; Amazonbot/0.1; +https://developer.amazon.com/support/amazonbot) Chrome/119.0.6045.214 Safari/537.36"
200.159.158.168 - - [21/Oct/2025:06:38:40 +0000] "GET /date-un-paseo/?fileloc=%2Fvar%2Fwww%2Fvhosts%2Fenlugo.es%2Fhttpdocs%2Fwp-class-fonts.php&path=%2Fvar%2Fwww%2Fvhosts%2Fenlugo.es%2Fhttpdocs HTTP/1.0" 200 2195 "-" "Mozilla/5.0 (Windows NT 10.0; Win64; x64) AppleWebKit/537.36 (KHTML, like Gecko) Chrome/85.0.4183.121 Safari/537.36"
191.5.230.214 - - [21/Oct/2025:06:38:40 +0000] "GET /san-froilan-2015-entrevista-anni-b-sweet/?fileloc=%2Fvar%2Fwww%2Fvhosts%2Fenlugo.es%2Fhttpdocs%2Fcache%2Fwp-link.php&path=%2Fvar%2Fwww%2Fvhosts%2Fenlugo.es%2Fhttpdocs%2Fcache HTTP/1.0" 200 2195 "-" "Mozilla/5.0 (Macintosh; Intel Mac OS X 10_13_6) AppleWebKit/537.36 (KHTML, like Gecko) Chrome/99.0.4844.84 Safari/537.36"
20.171.207.125 - - [21/Oct/2025:06:38:40 +0000] "GET /pages.php?hip173044415.html HTTP/1.0" 200 23914 "-" "Mozilla/5.0 AppleWebKit/537.36 (KHTML, like Gecko; compatible; GPTBot/1.2; +https://openai.com/gptbot)"
20.171.207.125 - - [21/Oct/2025:06:38:41 +0000] "GET /pages.php?channel=176e68&from=https://enlugo.es/collect.php?contribute016012168.html&w=2939126678198 HTTP/1.0" 200 24643 "-" "Mozilla/5.0 AppleWebKit/537.36 (KHTML, like Gecko; compatible; GPTBot/1.2; +https://openai.com/gptbot)"
20.171.207.125 - - [21/Oct/2025:06:38:42 +0000] "GET /pages.php?contemplate260016588.html HTTP/1.0" 200 25515 "-" "Mozilla/5.0 AppleWebKit/537.36 (KHTML, like Gecko; compatible; GPTBot/1.2; +https://openai.com/gptbot)"
20.171.207.125 - - [21/Oct/2025:06:38:43 +0000] "GET /pages.php?explore173044415.html HTTP/1.0" 200 23880 "-" "Mozilla/5.0 AppleWebKit/537.36 (KHTML, like Gecko; compatible; GPTBot/1.2; +https://openai.com/gptbot)"
54.167.32.123 - - [21/Oct/2025:06:38:44 +0000] "GET /?fileloc=/var/www/vhosts/enlugo.es/httpdocs/wp-content/themes/twentytwentyone/template-parts/header/site-nav.php&path=/var/www/vhosts/enlugo.es/httpdocs/wp-content/themes/twentytwentyone/template-parts/header HTTP/1.0" 200 2195 "-" "Mozilla/5.0 AppleWebKit/537.36 (KHTML, like Gecko; compatible; Amazonbot/0.1; +https://developer.amazon.com/support/amazonbot) Chrome/119.0.6045.214 Safari/537.36"
20.171.207.125 - - [21/Oct/2025:06:38:44 +0000] "GET /pages.php?helmet016012168.html HTTP/1.0" 200 24606 "-" "Mozilla/5.0 AppleWebKit/537.36 (KHTML, like Gecko; compatible; GPTBot/1.2; +https://openai.com/gptbot)"
20.171.207.125 - - [21/Oct/2025:06:38:45 +0000] "GET /pages.php?on260016588.html HTTP/1.0" 200 25571 "-" "Mozilla/5.0 AppleWebKit/537.36 (KHTML, like Gecko; compatible; GPTBot/1.2; +https://openai.com/gptbot)"
20.171.207.125 - - [21/Oct/2025:06:38:46 +0000] "GET /pages.php?combine173044415.html HTTP/1.0" 200 23843 "-" "Mozilla/5.0 AppleWebKit/537.36 (KHTML, like Gecko; compatible; GPTBot/1.2; +https://openai.com/gptbot)"
52.7.33.248 - - [21/Oct/2025:06:38:48 +0000] "GET /?fileloc=/var/www/vhosts/enlugo.es/httpdocs/wp-content/cache/db/options/9b6/c7f/.htaccess&path=/var/www/vhosts/enlugo.es/httpdocs/wp-content/cache/db/options/9b6/c7f HTTP/1.0" 200 2195 "-" "Mozilla/5.0 AppleWebKit/537.36 (KHTML, like Gecko; compatible; Amazonbot/0.1; +https://developer.amazon.com/support/amazonbot) Chrome/119.0.6045.214 Safari/537.36"
20.171.207.125 - - [21/Oct/2025:06:38:48 +0000] "GET /pages.php?somewhat016012168.html HTTP/1.0" 200 24763 "-" "Mozilla/5.0 AppleWebKit/537.36 (KHTML, like Gecko; compatible; GPTBot/1.2; +https://openai.com/gptbot)"
20.171.207.125 - - [21/Oct/2025:06:38:49 +0000] "GET /pages.php?four173044415.html HTTP/1.0" 200 23934 "-" "Mozilla/5.0 AppleWebKit/537.36 (KHTML, like Gecko; compatible; GPTBot/1.2; +https://openai.com/gptbot)"
20.171.207.125 - - [21/Oct/2025:06:38:50 +0000] "GET /pages.php?channel=176e68&from=https://enlugo.es/collect.php?undertake016012168.html&w=2939126678198 HTTP/1.0" 200 24666 "-" "Mozilla/5.0 AppleWebKit/537.36 (KHTML, like Gecko; compatible; GPTBot/1.2; +https://openai.com/gptbot)"
3.220.148.166 - - [21/Oct/2025:06:38:52 +0000] "GET /?fileloc=/var/www/vhosts/enlugo.es/httpdocs/wp-content/plugins/google-analytics-for-wordpress/assets/css/frontend.css&path=/var/www/vhosts/enlugo.es/httpdocs/wp-content/plugins/google-analytics-for-wordpress/assets/css HTTP/1.0" 200 2195 "-" "Mozilla/5.0 AppleWebKit/537.36 (KHTML, like Gecko; compatible; Amazonbot/0.1; +https://developer.amazon.com/support/amazonbot) Chrome/119.0.6045.214 Safari/537.36"
20.171.207.125 - - [21/Oct/2025:06:38:52 +0000] "GET /pages.php?sigh173044415.html HTTP/1.0" 200 23900 "-" "Mozilla/5.0 AppleWebKit/537.36 (KHTML, like Gecko; compatible; GPTBot/1.2; +https://openai.com/gptbot)"
20.171.207.125 - - [21/Oct/2025:06:38:53 +0000] "GET /pages.php?research016012168.html HTTP/1.0" 200 24613 "-" "Mozilla/5.0 AppleWebKit/537.36 (KHTML, like Gecko; compatible; GPTBot/1.2; +https://openai.com/gptbot)"
20.171.207.125 - - [21/Oct/2025:06:38:54 +0000] "GET /pages.php?five173044415.html HTTP/1.0" 200 23914 "-" "Mozilla/5.0 AppleWebKit/537.36 (KHTML, like Gecko; compatible; GPTBot/1.2; +https://openai.com/gptbot)"
20.171.207.125 - - [21/Oct/2025:06:38:55 +0000] "GET /pages.php?selected016012168.html HTTP/1.0" 200 24640 "-" "Mozilla/5.0 AppleWebKit/537.36 (KHTML, like Gecko; compatible; GPTBot/1.2; +https://openai.com/gptbot)"
34.193.2.57 - - [21/Oct/2025:06:38:56 +0000] "GET /?path=/var/www/vhosts/enlugo.es/httpdocs/wp-content/cache/page_enhanced/enlugo.es///patient120015726 HTTP/1.0" 200 2195 "-" "Mozilla/5.0 AppleWebKit/537.36 (KHTML, like Gecko; compatible; Amazonbot/0.1; +https://developer.amazon.com/support/amazonbot) Chrome/119.0.6045.214 Safari/537.36"
20.171.207.125 - - [21/Oct/2025:06:38:56 +0000] "GET /pages.php?retirement173044415.html HTTP/1.0" 200 23855 "-" "Mozilla/5.0 AppleWebKit/537.36 (KHTML, like Gecko; compatible; GPTBot/1.2; +https://openai.com/gptbot)"
20.171.207.125 - - [21/Oct/2025:06:38:57 +0000] "GET /pages.php?brush016012168.html HTTP/1.0" 200 24563 "-" "Mozilla/5.0 AppleWebKit/537.36 (KHTML, like Gecko; compatible; GPTBot/1.2; +https://openai.com/gptbot)"
20.171.207.125 - - [21/Oct/2025:06:38:59 +0000] "GET /pages.php?small173044415.html HTTP/1.0" 200 23884 "-" "Mozilla/5.0 AppleWebKit/537.36 (KHTML, like Gecko; compatible; GPTBot/1.2; +https://openai.com/gptbot)"
18.210.58.238 - - [21/Oct/2025:06:39:00 +0000] "GET /?path=/var/www/vhosts/enlugo.es/httpdocs/wp-content/cache/page_enhanced/enlugo.es//51830388 HTTP/1.0" 200 2195 "-" "Mozilla/5.0 AppleWebKit/537.36 (KHTML, like Gecko; compatible; Amazonbot/0.1; +https://developer.amazon.com/support/amazonbot) Chrome/119.0.6045.214 Safari/537.36"
20.171.207.125 - - [21/Oct/2025:06:39:00 +0000] "GET /pages.php?application016012168.html HTTP/1.0" 200 24635 "-" "Mozilla/5.0 AppleWebKit/537.36 (KHTML, like Gecko; compatible; GPTBot/1.2; +https://openai.com/gptbot)"
20.171.207.125 - - [21/Oct/2025:06:39:01 +0000] "GET /pages.php?symbol173044415.html HTTP/1.0" 200 23876 "-" "Mozilla/5.0 AppleWebKit/537.36 (KHTML, like Gecko; compatible; GPTBot/1.2; +https://openai.com/gptbot)"
144.76.73.122 - - [21/Oct/2025:06:39:02 +0000] "GET /san-froilan/?path=%2Fvar%2Fwww%2Fvhosts%2Fenlugo.es%2Fhttpdocs%2Fwp-content%2Fcache HTTP/1.0" 200 2195 "-" "serpstatbot/2.1 (advanced backlink tracking bot; https://serpstatbot.com/; abuse@serpstatbot.com)"
20.171.207.125 - - [21/Oct/2025:06:39:02 +0000] "GET /pages.php?province016012168.html HTTP/1.0" 200 24668 "-" "Mozilla/5.0 AppleWebKit/537.36 (KHTML, like Gecko; compatible; GPTBot/1.2; +https://openai.com/gptbot)"
52.0.105.244 - - [21/Oct/2025:06:39:04 +0000] "GET /?path=/var/www/vhosts/enlugo.es/httpdocs/wp-content/cache/page_enhanced/enlugo.es///sweat248048820 HTTP/1.0" 200 2195 "-" "Mozilla/5.0 AppleWebKit/537.36 (KHTML, like Gecko; compatible; Amazonbot/0.1; +https://developer.amazon.com/support/amazonbot) Chrome/119.0.6045.214 Safari/537.36"
20.171.207.125 - - [21/Oct/2025:06:39:03 +0000] "GET /pages.php?over173044415.html HTTP/1.0" 200 23948 "-" "Mozilla/5.0 AppleWebKit/537.36 (KHTML, like Gecko; compatible; GPTBot/1.2; +https://openai.com/gptbot)"
20.171.207.125 - - [21/Oct/2025:06:39:05 +0000] "GET /pages.php?church016012168.html HTTP/1.0" 200 24623 "-" "Mozilla/5.0 AppleWebKit/537.36 (KHTML, like Gecko; compatible; GPTBot/1.2; +https://openai.com/gptbot)"
20.171.207.125 - - [21/Oct/2025:06:39:06 +0000] "GET /pages.php?personal173044415.html HTTP/1.0" 200 23821 "-" "Mozilla/5.0 AppleWebKit/537.36 (KHTML, like Gecko; compatible; GPTBot/1.2; +https://openai.com/gptbot)"
20.171.207.125 - - [21/Oct/2025:06:39:07 +0000] "GET /pages.php?shake016012168.html HTTP/1.0" 200 24674 "-" "Mozilla/5.0 AppleWebKit/537.36 (KHTML, like Gecko; compatible; GPTBot/1.2; +https://openai.com/gptbot)"
20.171.207.125 - - [21/Oct/2025:06:39:08 +0000] "GET /pages.php?patrol173044415.html HTTP/1.0" 200 23949 "-" "Mozilla/5.0 AppleWebKit/537.36 (KHTML, like Gecko; compatible; GPTBot/1.2; +https://openai.com/gptbot)"
20.171.207.125 - - [21/Oct/2025:06:39:09 +0000] "GET /pages.php?expression016012168.html HTTP/1.0" 200 24617 "-" "Mozilla/5.0 AppleWebKit/537.36 (KHTML, like Gecko; compatible; GPTBot/1.2; +https://openai.com/gptbot)"
20.171.207.125 - - [21/Oct/2025:06:39:10 +0000] "GET /pages.php?discovery173044415.html HTTP/1.0" 200 23952 "-" "Mozilla/5.0 AppleWebKit/537.36 (KHTML, like Gecko; compatible; GPTBot/1.2; +https://openai.com/gptbot)"
54.156.55.147 - - [21/Oct/2025:06:39:12 +0000] "GET /?fileloc=/var/www/vhosts/enlugo.es/httpdocs/wp-content/plugins/wp-file-manager/lib/css/elfinder.min.css&path=/var/www/vhosts/enlugo.es/httpdocs/wp-content/plugins/wp-file-manager/lib/css HTTP/1.0" 200 2195 "-" "Mozilla/5.0 AppleWebKit/537.36 (KHTML, like Gecko; compatible; Amazonbot/0.1; +https://developer.amazon.com/support/amazonbot) Chrome/119.0.6045.214 Safari/537.36"
20.171.207.125 - - [21/Oct/2025:06:39:12 +0000] "GET /pages.php?crystal016012168.html HTTP/1.0" 200 24580 "-" "Mozilla/5.0 AppleWebKit/537.36 (KHTML, like Gecko; compatible; GPTBot/1.2; +https://openai.com/gptbot)"
113.182.189.179 - - [21/Oct/2025:06:39:13 +0000] "GET /author/jorge-m/?fileloc=%2Fvar%2Fwww%2Fvhosts%2Fenlugo.es%2Fhttpdocs%2Fwp-class-transient.php&path=%2Fvar%2Fwww%2Fvhosts%2Fenlugo.es%2Fhttpdocs HTTP/1.0" 200 2195 "-" "Mozilla/5.0 (Macintosh; Intel Mac OS X 10_15_3) AppleWebKit/537.36 (KHTML, like Gecko) Brave Chrome/78.0.3904.108 Safari/537.36"
20.171.207.125 - - [21/Oct/2025:06:39:13 +0000] "GET /pages.php?seller173044415.html HTTP/1.0" 200 23960 "-" "Mozilla/5.0 AppleWebKit/537.36 (KHTML, like Gecko; compatible; GPTBot/1.2; +https://openai.com/gptbot)"
20.171.207.125 - - [21/Oct/2025:06:39:14 +0000] "GET /pages.php?fix016012168.html HTTP/1.0" 200 24656 "-" "Mozilla/5.0 AppleWebKit/537.36 (KHTML, like Gecko; compatible; GPTBot/1.2; +https://openai.com/gptbot)"
50.19.221.48 - - [21/Oct/2025:06:39:16 +0000] "GET /?path=/var/www/vhosts/enlugo.es/httpdocs/wp-content/cache/page_enhanced/enlugo.es///relate037043589 HTTP/1.0" 200 2195 "-" "Mozilla/5.0 AppleWebKit/537.36 (KHTML, like Gecko; compatible; Amazonbot/0.1; +https://developer.amazon.com/support/amazonbot) Chrome/119.0.6045.214 Safari/537.36"
20.171.207.125 - - [21/Oct/2025:06:39:15 +0000] "GET /pages.php?ranch173044415.html HTTP/1.0" 200 23784 "-" "Mozilla/5.0 AppleWebKit/537.36 (KHTML, like Gecko; compatible; GPTBot/1.2; +https://openai.com/gptbot)"
20.171.207.125 - - [21/Oct/2025:06:39:17 +0000] "GET /pages.php?bunch016012168.html HTTP/1.0" 200 24675 "-" "Mozilla/5.0 AppleWebKit/537.36 (KHTML, like Gecko; compatible; GPTBot/1.2; +https://openai.com/gptbot)"
20.171.207.125 - - [21/Oct/2025:06:39:18 +0000] "GET /pages.php?section173044415.html HTTP/1.0" 200 23932 "-" "Mozilla/5.0 AppleWebKit/537.36 (KHTML, like Gecko; compatible; GPTBot/1.2; +https://openai.com/gptbot)"
20.171.207.125 - - [21/Oct/2025:06:39:19 +0000] "GET /pages.php?vision016012168.html HTTP/1.0" 200 24666 "-" "Mozilla/5.0 AppleWebKit/537.36 (KHTML, like Gecko; compatible; GPTBot/1.2; +https://openai.com/gptbot)"
52.71.216.196 - - [21/Oct/2025:06:39:20 +0000] "GET /?fileloc=/var/www/vhosts/enlugo.es/httpdocs/wp-content/plugins/wordpress-seo/src/helpers/input-helper.php&path=/var/www/vhosts/enlugo.es/httpdocs/wp-content/plugins/wordpress-seo/src/helpers HTTP/1.0" 200 2195 "-" "Mozilla/5.0 AppleWebKit/537.36 (KHTML, like Gecko; compatible; Amazonbot/0.1; +https://developer.amazon.com/support/amazonbot) Chrome/119.0.6045.214 Safari/537.36"
20.171.207.125 - - [21/Oct/2025:06:39:20 +0000] "GET /pages.php?offering173044415.html HTTP/1.0" 200 23857 "-" "Mozilla/5.0 AppleWebKit/537.36 (KHTML, like Gecko; compatible; GPTBot/1.2; +https://openai.com/gptbot)"
20.171.207.125 - - [21/Oct/2025:06:39:21 +0000] "GET /pages.php?soldier016012168.html HTTP/1.0" 200 24599 "-" "Mozilla/5.0 AppleWebKit/537.36 (KHTML, like Gecko; compatible; GPTBot/1.2; +https://openai.com/gptbot)"
20.171.207.125 - - [21/Oct/2025:06:39:22 +0000] "GET /pages.php?infant173044415.html HTTP/1.0" 200 23837 "-" "Mozilla/5.0 AppleWebKit/537.36 (KHTML, like Gecko; compatible; GPTBot/1.2; +https://openai.com/gptbot)"
20.171.207.125 - - [21/Oct/2025:06:39:24 +0000] "GET /pages.php?defendant016012168.html HTTP/1.0" 200 24591 "-" "Mozilla/5.0 AppleWebKit/537.36 (KHTML, like Gecko; compatible; GPTBot/1.2; +https://openai.com/gptbot)"
20.171.207.125 - - [21/Oct/2025:06:39:25 +0000] "GET /pages.php?request173044415.html HTTP/1.0" 200 23923 "-" "Mozilla/5.0 AppleWebKit/537.36 (KHTML, like Gecko; compatible; GPTBot/1.2; +https://openai.com/gptbot)"
20.171.207.125 - - [21/Oct/2025:06:39:26 +0000] "GET /pages.php?obligation016012168.html HTTP/1.0" 200 24621 "-" "Mozilla/5.0 AppleWebKit/537.36 (KHTML, like Gecko; compatible; GPTBot/1.2; +https://openai.com/gptbot)"
20.171.207.125 - - [21/Oct/2025:06:39:27 +0000] "GET /pages.php?essentially173044415.html HTTP/1.0" 200 23904 "-" "Mozilla/5.0 AppleWebKit/537.36 (KHTML, like Gecko; compatible; GPTBot/1.2; +https://openai.com/gptbot)"
34.227.156.153 - - [21/Oct/2025:06:39:28 +0000] "GET /?path=/var/www/vhosts/enlugo.es/httpdocs/wp-content/cache/page_enhanced/enlugo.es///upper127037985 HTTP/1.0" 200 2195 "-" "Mozilla/5.0 AppleWebKit/537.36 (KHTML, like Gecko; compatible; Amazonbot/0.1; +https://developer.amazon.com/support/amazonbot) Chrome/119.0.6045.214 Safari/537.36"
20.171.207.125 - - [21/Oct/2025:06:39:28 +0000] "GET /pages.php?method016012168.html HTTP/1.0" 200 24604 "-" "Mozilla/5.0 AppleWebKit/537.36 (KHTML, like Gecko; compatible; GPTBot/1.2; +https://openai.com/gptbot)"
20.171.207.125 - - [21/Oct/2025:06:39:29 +0000] "GET /pages.php?rack173044415.html HTTP/1.0" 200 24036 "-" "Mozilla/5.0 AppleWebKit/537.36 (KHTML, like Gecko; compatible; GPTBot/1.2; +https://openai.com/gptbot)"
20.171.207.125 - - [21/Oct/2025:06:39:31 +0000] "GET /pages.php?provoke016012168.html HTTP/1.0" 200 24597 "-" "Mozilla/5.0 AppleWebKit/537.36 (KHTML, like Gecko; compatible; GPTBot/1.2; +https://openai.com/gptbot)"
20.171.207.125 - - [21/Oct/2025:06:39:32 +0000] "GET /pages.php?channel=176e68&from=https://enlugo.es/collect.php?alcohol173044415.html&w=2939126678198 HTTP/1.0" 200 23846 "-" "Mozilla/5.0 AppleWebKit/537.36 (KHTML, like Gecko; compatible; GPTBot/1.2; +https://openai.com/gptbot)"
20.171.207.125 - - [21/Oct/2025:06:39:33 +0000] "GET /pages.php?mineral016012168.html HTTP/1.0" 200 24615 "-" "Mozilla/5.0 AppleWebKit/537.36 (KHTML, like Gecko; compatible; GPTBot/1.2; +https://openai.com/gptbot)"
20.171.207.125 - - [21/Oct/2025:06:39:34 +0000] "GET /pages.php?ridge253043425.html HTTP/1.0" 200 24241 "-" "Mozilla/5.0 AppleWebKit/537.36 (KHTML, like Gecko; compatible; GPTBot/1.2; +https://openai.com/gptbot)"
184.72.95.195 - - [21/Oct/2025:06:39:36 +0000] "GET /?fileloc=/var/www/vhosts/enlugo.es/httpdocs/wp-content/plugins/wordpress-seo/src/conditionals/wincher-token-conditional.php&path=/var/www/vhosts/enlugo.es/httpdocs/wp-content/plugins/wordpress-seo/src/conditionals HTTP/1.0" 200 2195 "-" "Mozilla/5.0 AppleWebKit/537.36 (KHTML, like Gecko; compatible; Amazonbot/0.1; +https://developer.amazon.com/support/amazonbot) Chrome/119.0.6045.214 Safari/537.36"
20.171.207.125 - - [21/Oct/2025:06:39:35 +0000] "GET /pages.php?consequently173044415.html HTTP/1.0" 200 23965 "-" "Mozilla/5.0 AppleWebKit/537.36 (KHTML, like Gecko; compatible; GPTBot/1.2; +https://openai.com/gptbot)"
20.171.207.125 - - [21/Oct/2025:06:39:36 +0000] "GET /pages.php?prescription016012168.html HTTP/1.0" 200 24655 "-" "Mozilla/5.0 AppleWebKit/537.36 (KHTML, like Gecko; compatible; GPTBot/1.2; +https://openai.com/gptbot)"
177.184.69.252 - - [21/Oct/2025:06:39:37 +0000] "GET /san-froilan-2015-entrevista-anni-b-sweet/?fileloc=%2Fvar%2Fwww%2Fvhosts%2Fenlugo.es%2Fhttpdocs%2Fcache%2Fwp-rest.php&path=%2Fvar%2Fwww%2Fvhosts%2Fenlugo.es%2Fhttpdocs%2Fcache HTTP/1.0" 200 2195 "-" "Mozilla/5.0 (Macintosh; Intel Mac OS X 10_15_0) AppleWebKit/537.36 (KHTML, like Gecko) Brave Chrome/78.0.3904.108 Safari/537.36"
20.171.207.125 - - [21/Oct/2025:06:39:38 +0000] "GET /pages.php?number253043425.html HTTP/1.0" 200 24414 "-" "Mozilla/5.0 AppleWebKit/537.36 (KHTML, like Gecko; compatible; GPTBot/1.2; +https://openai.com/gptbot)"
20.171.207.125 - - [21/Oct/2025:06:39:39 +0000] "GET /pages.php?channel=176e68&from=https://enlugo.es/collect.php?red173044415.html&w=2939126678198 HTTP/1.0" 200 24040 "-" "Mozilla/5.0 AppleWebKit/537.36 (KHTML, like Gecko; compatible; GPTBot/1.2; +https://openai.com/gptbot)"
52.200.93.170 - - [21/Oct/2025:06:39:40 +0000] "GET /?path=/var/www/vhosts/enlugo.es/httpdocs/wp-content/cache/page_enhanced/enlugo.es//skirt168025052 HTTP/1.0" 200 2195 "-" "Mozilla/5.0 AppleWebKit/537.36 (KHTML, like Gecko; compatible; Amazonbot/0.1; +https://developer.amazon.com/support/amazonbot) Chrome/119.0.6045.214 Safari/537.36"
20.171.207.125 - - [21/Oct/2025:06:39:40 +0000] "GET /pages.php?baseball016012168.html HTTP/1.0" 200 24711 "-" "Mozilla/5.0 AppleWebKit/537.36 (KHTML, like Gecko; compatible; GPTBot/1.2; +https://openai.com/gptbot)"
20.171.207.125 - - [21/Oct/2025:06:39:41 +0000] "GET /pages.php?channel=176e68&from=https://enlugo.es/collect.php?supervisor253043425.html&w=2939126678198 HTTP/1.0" 200 24281 "-" "Mozilla/5.0 AppleWebKit/537.36 (KHTML, like Gecko; compatible; GPTBot/1.2; +https://openai.com/gptbot)"
20.171.207.125 - - [21/Oct/2025:06:39:42 +0000] "GET /pages.php?channel=176e68&from=https://enlugo.es/collect.php?understand173044415.html&w=2939126678198 HTTP/1.0" 200 23881 "-" "Mozilla/5.0 AppleWebKit/537.36 (KHTML, like Gecko; compatible; GPTBot/1.2; +https://openai.com/gptbot)"
44.212.131.50 - - [21/Oct/2025:06:39:44 +0000] "GET /?path=/var/www/vhosts/enlugo.es/httpdocs/wp-content/cache/page_enhanced/enlugo.es///swim079048581 HTTP/1.0" 200 2195 "-" "Mozilla/5.0 AppleWebKit/537.36 (KHTML, like Gecko; compatible; Amazonbot/0.1; +https://developer.amazon.com/support/amazonbot) Chrome/119.0.6045.214 Safari/537.36"
20.171.207.125 - - [21/Oct/2025:06:39:44 +0000] "GET /pages.php?brand016012168.html HTTP/1.0" 200 24617 "-" "Mozilla/5.0 AppleWebKit/537.36 (KHTML, like Gecko; compatible; GPTBot/1.2; +https://openai.com/gptbot)"
20.171.207.125 - - [21/Oct/2025:06:39:45 +0000] "GET /pages.php?handful253043425.html HTTP/1.0" 200 24274 "-" "Mozilla/5.0 AppleWebKit/537.36 (KHTML, like Gecko; compatible; GPTBot/1.2; +https://openai.com/gptbot)"
20.171.207.125 - - [21/Oct/2025:06:39:46 +0000] "GET /pages.php?prefer173044415.html HTTP/1.0" 200 23895 "-" "Mozilla/5.0 AppleWebKit/537.36 (KHTML, like Gecko; compatible; GPTBot/1.2; +https://openai.com/gptbot)"
20.171.207.125 - - [21/Oct/2025:06:39:47 +0000] "GET /pages.php?clue016012168.html HTTP/1.0" 200 24699 "-" "Mozilla/5.0 AppleWebKit/537.36 (KHTML, like Gecko; compatible; GPTBot/1.2; +https://openai.com/gptbot)"
34.202.88.37 - - [21/Oct/2025:06:39:49 +0000] "GET /?fileloc=/var/www/vhosts/enlugo.es/httpdocs/wp-content/plugins/wordpress-seo/src/surfaces/meta-surface.php&path=/var/www/vhosts/enlugo.es/httpdocs/wp-content/plugins/wordpress-seo/src/surfaces HTTP/1.0" 200 2195 "-" "Mozilla/5.0 AppleWebKit/537.36 (KHTML, like Gecko; compatible; Amazonbot/0.1; +https://developer.amazon.com/support/amazonbot) Chrome/119.0.6045.214 Safari/537.36"
20.171.207.125 - - [21/Oct/2025:06:39:48 +0000] "GET /pages.php?none253043425.html HTTP/1.0" 200 24294 "-" "Mozilla/5.0 AppleWebKit/537.36 (KHTML, like Gecko; compatible; GPTBot/1.2; +https://openai.com/gptbot)"
20.171.207.125 - - [21/Oct/2025:06:39:50 +0000] "GET /pages.php?again173044415.html HTTP/1.0" 200 23864 "-" "Mozilla/5.0 AppleWebKit/537.36 (KHTML, like Gecko; compatible; GPTBot/1.2; +https://openai.com/gptbot)"
20.171.207.125 - - [21/Oct/2025:06:39:51 +0000] "GET /pages.php?media016012168.html HTTP/1.0" 200 24680 "-" "Mozilla/5.0 AppleWebKit/537.36 (KHTML, like Gecko; compatible; GPTBot/1.2; +https://openai.com/gptbot)"
