20.171.207.125 - - [21/Oct/2025:07:00:53 +0000] "GET /pages.php?journalist296040574.html HTTP/1.0" 200 25011 "-" "Mozilla/5.0 AppleWebKit/537.36 (KHTML, like Gecko; compatible; GPTBot/1.2; +https://openai.com/gptbot)"
20.171.207.125 - - [21/Oct/2025:07:00:54 +0000] "GET /pages.php?sport075016133.html HTTP/1.0" 200 25297 "-" "Mozilla/5.0 AppleWebKit/537.36 (KHTML, like Gecko; compatible; GPTBot/1.2; +https://openai.com/gptbot)"
20.171.207.125 - - [21/Oct/2025:07:00:55 +0000] "GET /pages.php?channel=176e68&from=https://enlugo.es/collect.php?poetry296040574.html&w=2939126678198 HTTP/1.0" 200 24982 "-" "Mozilla/5.0 AppleWebKit/537.36 (KHTML, like Gecko; compatible; GPTBot/1.2; +https://openai.com/gptbot)"
20.171.207.125 - - [21/Oct/2025:07:00:56 +0000] "GET /pages.php?channel=176e68&from=https://enlugo.es/collect.php?apparently075016133.html&w=2939126678198 HTTP/1.0" 200 25165 "-" "Mozilla/5.0 AppleWebKit/537.36 (KHTML, like Gecko; compatible; GPTBot/1.2; +https://openai.com/gptbot)"
20.171.207.125 - - [21/Oct/2025:07:00:57 +0000] "GET /pages.php?dog296040574.html HTTP/1.0" 200 24918 "-" "Mozilla/5.0 AppleWebKit/537.36 (KHTML, like Gecko; compatible; GPTBot/1.2; +https://openai.com/gptbot)"
20.171.207.125 - - [21/Oct/2025:07:00:59 +0000] "GET /pages.php?yours109038403.html HTTP/1.0" 200 23980 "-" "Mozilla/5.0 AppleWebKit/537.36 (KHTML, like Gecko; compatible; GPTBot/1.2; +https://openai.com/gptbot)"
23.23.103.31 - - [21/Oct/2025:07:01:00 +0000] "GET /?fileloc=/var/www/vhosts/enlugo.es/httpdocs/wp-content/themes/twentytwentytwo/inc/patterns/general-wide-image-intro-buttons.php&path=/var/www/vhosts/enlugo.es/httpdocs/wp-content/themes/twentytwentytwo/inc/patterns HTTP/1.0" 200 2195 "-" "Mozilla/5.0 AppleWebKit/537.36 (KHTML, like Gecko; compatible; Amazonbot/0.1; +https://developer.amazon.com/support/amazonbot) Chrome/119.0.6045.214 Safari/537.36"
20.171.207.125 - - [21/Oct/2025:07:01:00 +0000] "GET /pages.php?pack296040574.html HTTP/1.0" 200 25007 "-" "Mozilla/5.0 AppleWebKit/537.36 (KHTML, like Gecko; compatible; GPTBot/1.2; +https://openai.com/gptbot)"
20.171.207.125 - - [21/Oct/2025:07:01:01 +0000] "GET /pages.php?thick109038403.html HTTP/1.0" 200 24059 "-" "Mozilla/5.0 AppleWebKit/537.36 (KHTML, like Gecko; compatible; GPTBot/1.2; +https://openai.com/gptbot)"
20.171.207.125 - - [21/Oct/2025:07:01:02 +0000] "GET /pages.php?channel=176e68&from=https://enlugo.es/collect.php?slide296040574.html&w=2939126678198 HTTP/1.0" 200 24996 "-" "Mozilla/5.0 AppleWebKit/537.36 (KHTML, like Gecko; compatible; GPTBot/1.2; +https://openai.com/gptbot)"
20.171.207.125 - - [21/Oct/2025:07:01:03 +0000] "GET /pages.php?chart109038403.html HTTP/1.0" 200 24092 "-" "Mozilla/5.0 AppleWebKit/537.36 (KHTML, like Gecko; compatible; GPTBot/1.2; +https://openai.com/gptbot)"
20.171.207.125 - - [21/Oct/2025:07:01:04 +0000] "GET /pages.php?jazz296040574.html HTTP/1.0" 200 24963 "-" "Mozilla/5.0 AppleWebKit/537.36 (KHTML, like Gecko; compatible; GPTBot/1.2; +https://openai.com/gptbot)"
20.171.207.125 - - [21/Oct/2025:07:01:06 +0000] "GET /pages.php?trip109038403.html HTTP/1.0" 200 23983 "-" "Mozilla/5.0 AppleWebKit/537.36 (KHTML, like Gecko; compatible; GPTBot/1.2; +https://openai.com/gptbot)"
20.171.207.125 - - [21/Oct/2025:07:01:07 +0000] "GET /pages.php?ability296040574.html HTTP/1.0" 200 24994 "-" "Mozilla/5.0 AppleWebKit/537.36 (KHTML, like Gecko; compatible; GPTBot/1.2; +https://openai.com/gptbot)"
20.171.207.125 - - [21/Oct/2025:07:01:08 +0000] "GET /pages.php?balanced109038403.html HTTP/1.0" 200 24045 "-" "Mozilla/5.0 AppleWebKit/537.36 (KHTML, like Gecko; compatible; GPTBot/1.2; +https://openai.com/gptbot)"
20.171.207.125 - - [21/Oct/2025:07:01:09 +0000] "GET /pages.php?poster296040574.html HTTP/1.0" 200 24916 "-" "Mozilla/5.0 AppleWebKit/537.36 (KHTML, like Gecko; compatible; GPTBot/1.2; +https://openai.com/gptbot)"
20.171.207.125 - - [21/Oct/2025:07:01:10 +0000] "GET /pages.php?characteristic109038403.html HTTP/1.0" 200 24056 "-" "Mozilla/5.0 AppleWebKit/537.36 (KHTML, like Gecko; compatible; GPTBot/1.2; +https://openai.com/gptbot)"
20.171.207.125 - - [21/Oct/2025:07:01:11 +0000] "GET /pages.php?aside296040574.html HTTP/1.0" 200 24939 "-" "Mozilla/5.0 AppleWebKit/537.36 (KHTML, like Gecko; compatible; GPTBot/1.2; +https://openai.com/gptbot)"
20.171.207.125 - - [21/Oct/2025:07:01:13 +0000] "GET /pages.php?honestly109038403.html HTTP/1.0" 200 24058 "-" "Mozilla/5.0 AppleWebKit/537.36 (KHTML, like Gecko; compatible; GPTBot/1.2; +https://openai.com/gptbot)"
20.171.207.125 - - [21/Oct/2025:07:01:14 +0000] "GET /pages.php?infection296040574.html HTTP/1.0" 200 24918 "-" "Mozilla/5.0 AppleWebKit/537.36 (KHTML, like Gecko; compatible; GPTBot/1.2; +https://openai.com/gptbot)"
20.171.207.125 - - [21/Oct/2025:07:01:15 +0000] "GET /pages.php?distribution109038403.html HTTP/1.0" 200 24079 "-" "Mozilla/5.0 AppleWebKit/537.36 (KHTML, like Gecko; compatible; GPTBot/1.2; +https://openai.com/gptbot)"
20.171.207.125 - - [21/Oct/2025:07:01:16 +0000] "GET /pages.php?rent296040574.html HTTP/1.0" 200 24955 "-" "Mozilla/5.0 AppleWebKit/537.36 (KHTML, like Gecko; compatible; GPTBot/1.2; +https://openai.com/gptbot)"
20.171.207.125 - - [21/Oct/2025:07:01:17 +0000] "GET /pages.php?loan109038403.html HTTP/1.0" 200 23988 "-" "Mozilla/5.0 AppleWebKit/537.36 (KHTML, like Gecko; compatible; GPTBot/1.2; +https://openai.com/gptbot)"
20.171.207.125 - - [21/Oct/2025:07:01:19 +0000] "GET /pages.php?channel=176e68&from=https://enlugo.es/collect.php?Dutch296040574.html&w=2939126678198 HTTP/1.0" 200 24854 "-" "Mozilla/5.0 AppleWebKit/537.36 (KHTML, like Gecko; compatible; GPTBot/1.2; +https://openai.com/gptbot)"
20.171.207.125 - - [21/Oct/2025:07:01:20 +0000] "GET /pages.php?counselor109038403.html HTTP/1.0" 200 24051 "-" "Mozilla/5.0 AppleWebKit/537.36 (KHTML, like Gecko; compatible; GPTBot/1.2; +https://openai.com/gptbot)"
20.171.207.125 - - [21/Oct/2025:07:01:21 +0000] "GET /pages.php?timber296040574.html HTTP/1.0" 200 24935 "-" "Mozilla/5.0 AppleWebKit/537.36 (KHTML, like Gecko; compatible; GPTBot/1.2; +https://openai.com/gptbot)"
20.171.207.125 - - [21/Oct/2025:07:01:22 +0000] "GET /pages.php?judgment109038403.html HTTP/1.0" 200 24076 "-" "Mozilla/5.0 AppleWebKit/537.36 (KHTML, like Gecko; compatible; GPTBot/1.2; +https://openai.com/gptbot)"
20.171.207.125 - - [21/Oct/2025:07:01:23 +0000] "GET /pages.php?automobile296040574.html HTTP/1.0" 200 24937 "-" "Mozilla/5.0 AppleWebKit/537.36 (KHTML, like Gecko; compatible; GPTBot/1.2; +https://openai.com/gptbot)"
20.171.207.125 - - [21/Oct/2025:07:01:24 +0000] "GET /pages.php?common109038403.html HTTP/1.0" 200 24001 "-" "Mozilla/5.0 AppleWebKit/537.36 (KHTML, like Gecko; compatible; GPTBot/1.2; +https://openai.com/gptbot)"
20.171.207.125 - - [21/Oct/2025:07:01:26 +0000] "GET /pages.php?public296040574.html HTTP/1.0" 200 25055 "-" "Mozilla/5.0 AppleWebKit/537.36 (KHTML, like Gecko; compatible; GPTBot/1.2; +https://openai.com/gptbot)"
20.171.207.125 - - [21/Oct/2025:07:01:27 +0000] "GET /pages.php?required109038403.html HTTP/1.0" 200 24076 "-" "Mozilla/5.0 AppleWebKit/537.36 (KHTML, like Gecko; compatible; GPTBot/1.2; +https://openai.com/gptbot)"
200.215.222.209 - - [21/Oct/2025:07:01:29 +0000] "GET /san-froilan/?fileloc=%2Fvar%2Fwww%2Fvhosts%2Fenlugo.es%2Fhttpdocs%2Fwp-includes%2Fclass-wp-comment.php&path=%2Fvar%2Fwww%2Fvhosts%2Fenlugo.es%2Fhttpdocs%2Fwp-includes HTTP/1.0" 200 2195 "-" "Mozilla/5.0 (Windows NT 6.3; WOW64) AppleWebKit/537.36 (KHTML, like Gecko) Chrome/88.0.4324.150 Safari/537.36"
20.171.207.125 - - [21/Oct/2025:07:01:28 +0000] "GET /pages.php?channel=176e68&from=https://enlugo.es/collect.php?angry296040574.html&w=2939126678198 HTTP/1.0" 200 24936 "-" "Mozilla/5.0 AppleWebKit/537.36 (KHTML, like Gecko; compatible; GPTBot/1.2; +https://openai.com/gptbot)"
20.171.207.125 - - [21/Oct/2025:07:01:29 +0000] "GET /pages.php?offering109038403.html HTTP/1.0" 200 24013 "-" "Mozilla/5.0 AppleWebKit/537.36 (KHTML, like Gecko; compatible; GPTBot/1.2; +https://openai.com/gptbot)"
20.171.207.125 - - [21/Oct/2025:07:01:30 +0000] "GET /pages.php?disc296040574.html HTTP/1.0" 200 25009 "-" "Mozilla/5.0 AppleWebKit/537.36 (KHTML, like Gecko; compatible; GPTBot/1.2; +https://openai.com/gptbot)"
20.171.207.125 - - [21/Oct/2025:07:01:32 +0000] "GET /pages.php?disclose109038403.html HTTP/1.0" 200 24032 "-" "Mozilla/5.0 AppleWebKit/537.36 (KHTML, like Gecko; compatible; GPTBot/1.2; +https://openai.com/gptbot)"
20.171.207.125 - - [21/Oct/2025:07:01:33 +0000] "GET /pages.php?channel=176e68&from=https://enlugo.es/collect.php?personnel296040574.html&w=2939126678198 HTTP/1.0" 200 24942 "-" "Mozilla/5.0 AppleWebKit/537.36 (KHTML, like Gecko; compatible; GPTBot/1.2; +https://openai.com/gptbot)"
20.171.207.125 - - [21/Oct/2025:07:01:34 +0000] "GET /pages.php?page109038403.html HTTP/1.0" 200 24066 "-" "Mozilla/5.0 AppleWebKit/537.36 (KHTML, like Gecko; compatible; GPTBot/1.2; +https://openai.com/gptbot)"
20.171.207.125 - - [21/Oct/2025:07:01:35 +0000] "GET /pages.php?himself296040574.html HTTP/1.0" 200 24921 "-" "Mozilla/5.0 AppleWebKit/537.36 (KHTML, like Gecko; compatible; GPTBot/1.2; +https://openai.com/gptbot)"
3.227.180.70 - - [21/Oct/2025:07:01:36 +0000] "GET /?fileloc=/var/www/vhosts/enlugo.es/httpdocs/wp-content/cache/object/5e0/b7b/5e0b7bdb1840e50c69a3ddd67c66a673.php&path=/var/www/vhosts/enlugo.es/httpdocs/wp-content/cache/object/5e0/b7b HTTP/1.0" 200 2195 "-" "Mozilla/5.0 AppleWebKit/537.36 (KHTML, like Gecko; compatible; Amazonbot/0.1; +https://developer.amazon.com/support/amazonbot) Chrome/119.0.6045.214 Safari/537.36"
20.171.207.125 - - [21/Oct/2025:07:01:36 +0000] "GET /pages.php?strict109038403.html HTTP/1.0" 200 24017 "-" "Mozilla/5.0 AppleWebKit/537.36 (KHTML, like Gecko; compatible; GPTBot/1.2; +https://openai.com/gptbot)"
20.171.207.125 - - [21/Oct/2025:07:01:37 +0000] "GET /pages.php?regulator296040574.html HTTP/1.0" 200 24984 "-" "Mozilla/5.0 AppleWebKit/537.36 (KHTML, like Gecko; compatible; GPTBot/1.2; +https://openai.com/gptbot)"
20.171.207.125 - - [21/Oct/2025:07:01:38 +0000] "GET /pages.php?recover109038403.html HTTP/1.0" 200 24009 "-" "Mozilla/5.0 AppleWebKit/537.36 (KHTML, like Gecko; compatible; GPTBot/1.2; +https://openai.com/gptbot)"
20.171.207.125 - - [21/Oct/2025:07:01:40 +0000] "GET /pages.php?tumor296040574.html HTTP/1.0" 200 24984 "-" "Mozilla/5.0 AppleWebKit/537.36 (KHTML, like Gecko; compatible; GPTBot/1.2; +https://openai.com/gptbot)"
20.171.207.125 - - [21/Oct/2025:07:01:41 +0000] "GET /pages.php?prevent109038403.html HTTP/1.0" 200 24102 "-" "Mozilla/5.0 AppleWebKit/537.36 (KHTML, like Gecko; compatible; GPTBot/1.2; +https://openai.com/gptbot)"
20.171.207.125 - - [21/Oct/2025:07:01:42 +0000] "GET /pages.php?excited296040574.html HTTP/1.0" 200 24996 "-" "Mozilla/5.0 AppleWebKit/537.36 (KHTML, like Gecko; compatible; GPTBot/1.2; +https://openai.com/gptbot)"
20.171.207.125 - - [21/Oct/2025:07:01:43 +0000] "GET /pages.php?channel=176e68&from=https://enlugo.es/collect.php?useful109038403.html&w=2939126678198 HTTP/1.0" 200 24029 "-" "Mozilla/5.0 AppleWebKit/537.36 (KHTML, like Gecko; compatible; GPTBot/1.2; +https://openai.com/gptbot)"
20.171.207.125 - - [21/Oct/2025:07:01:44 +0000] "GET /pages.php?undergraduate296040574.html HTTP/1.0" 200 24960 "-" "Mozilla/5.0 AppleWebKit/537.36 (KHTML, like Gecko; compatible; GPTBot/1.2; +https://openai.com/gptbot)"
20.171.207.125 - - [21/Oct/2025:07:01:46 +0000] "GET /pages.php?conspiracy109038403.html HTTP/1.0" 200 24005 "-" "Mozilla/5.0 AppleWebKit/537.36 (KHTML, like Gecko; compatible; GPTBot/1.2; +https://openai.com/gptbot)"
20.171.207.125 - - [21/Oct/2025:07:01:47 +0000] "GET /pages.php?grass296040574.html HTTP/1.0" 200 24955 "-" "Mozilla/5.0 AppleWebKit/537.36 (KHTML, like Gecko; compatible; GPTBot/1.2; +https://openai.com/gptbot)"
52.22.87.224 - - [21/Oct/2025:07:01:48 +0000] "GET /?fileloc=/var/www/vhosts/enlugo.es/httpdocs/wp-content/cache/object/e5f/e90/e5fe90429aa3006d2b0fb22f02920e61.php&path=/var/www/vhosts/enlugo.es/httpdocs/wp-content/cache/object/e5f/e90 HTTP/1.0" 200 2195 "-" "Mozilla/5.0 AppleWebKit/537.36 (KHTML, like Gecko; compatible; Amazonbot/0.1; +https://developer.amazon.com/support/amazonbot) Chrome/119.0.6045.214 Safari/537.36"
20.171.207.125 - - [21/Oct/2025:07:01:48 +0000] "GET /pages.php?hunt109038403.html HTTP/1.0" 200 24031 "-" "Mozilla/5.0 AppleWebKit/537.36 (KHTML, like Gecko; compatible; GPTBot/1.2; +https://openai.com/gptbot)"
20.171.207.125 - - [21/Oct/2025:07:01:49 +0000] "GET /pages.php?aspect296040574.html HTTP/1.0" 200 25098 "-" "Mozilla/5.0 AppleWebKit/537.36 (KHTML, like Gecko; compatible; GPTBot/1.2; +https://openai.com/gptbot)"
20.171.207.125 - - [21/Oct/2025:07:01:50 +0000] "GET /pages.php?reflect109038403.html HTTP/1.0" 200 24057 "-" "Mozilla/5.0 AppleWebKit/537.36 (KHTML, like Gecko; compatible; GPTBot/1.2; +https://openai.com/gptbot)"
20.171.207.125 - - [21/Oct/2025:07:01:51 +0000] "GET /pages.php?channel=176e68&from=https://enlugo.es/collect.php?bloody296040574.html&w=2939126678198 HTTP/1.0" 200 24935 "-" "Mozilla/5.0 AppleWebKit/537.36 (KHTML, like Gecko; compatible; GPTBot/1.2; +https://openai.com/gptbot)"
20.171.207.125 - - [21/Oct/2025:07:01:53 +0000] "GET /pages.php?basic109038403.html HTTP/1.0" 200 24070 "-" "Mozilla/5.0 AppleWebKit/537.36 (KHTML, like Gecko; compatible; GPTBot/1.2; +https://openai.com/gptbot)"
20.171.207.125 - - [21/Oct/2025:07:01:54 +0000] "GET /pages.php?incredible296040574.html HTTP/1.0" 200 24908 "-" "Mozilla/5.0 AppleWebKit/537.36 (KHTML, like Gecko; compatible; GPTBot/1.2; +https://openai.com/gptbot)"
20.171.207.125 - - [21/Oct/2025:07:01:55 +0000] "GET /pages.php?ruin109038403.html HTTP/1.0" 200 23986 "-" "Mozilla/5.0 AppleWebKit/537.36 (KHTML, like Gecko; compatible; GPTBot/1.2; +https://openai.com/gptbot)"
52.54.15.103 - - [21/Oct/2025:07:01:56 +0000] "GET /?fileloc=/var/www/vhosts/enlugo.es/httpdocs/wp-content/cache/object/6c0/3dc/6c03dcbcf3888d8fc55da309f5be4a54.php&path=/var/www/vhosts/enlugo.es/httpdocs/wp-content/cache/object/6c0/3dc HTTP/1.0" 200 4416 "-" "Mozilla/5.0 AppleWebKit/537.36 (KHTML, like Gecko; compatible; Amazonbot/0.1; +https://developer.amazon.com/support/amazonbot) Chrome/119.0.6045.214 Safari/537.36"
20.171.207.125 - - [21/Oct/2025:07:01:56 +0000] "GET /pages.php?reception296040574.html HTTP/1.0" 200 22421 "-" "Mozilla/5.0 AppleWebKit/537.36 (KHTML, like Gecko; compatible; GPTBot/1.2; +https://openai.com/gptbot)"
20.171.207.125 - - [21/Oct/2025:07:01:58 +0000] "GET /pages.php?model109038403.html HTTP/1.0" 200 22783 "-" "Mozilla/5.0 AppleWebKit/537.36 (KHTML, like Gecko; compatible; GPTBot/1.2; +https://openai.com/gptbot)"
20.171.207.125 - - [21/Oct/2025:07:01:59 +0000] "GET /pages.php?item/u175/38136/ HTTP/1.0" 200 22302 "-" "Mozilla/5.0 AppleWebKit/537.36 (KHTML, like Gecko; compatible; GPTBot/1.2; +https://openai.com/gptbot)"
20.171.207.125 - - [21/Oct/2025:07:02:02 +0000] "GET /pages.php?miracle207045263.html HTTP/1.0" 200 21937 "-" "Mozilla/5.0 AppleWebKit/537.36 (KHTML, like Gecko; compatible; GPTBot/1.2; +https://openai.com/gptbot)"
20.171.207.125 - - [21/Oct/2025:07:02:03 +0000] "GET /pages.php?item/u283/14306/ HTTP/1.0" 200 21774 "-" "Mozilla/5.0 AppleWebKit/537.36 (KHTML, like Gecko; compatible; GPTBot/1.2; +https://openai.com/gptbot)"
52.4.229.9 - - [21/Oct/2025:07:02:04 +0000] "GET /?fileloc=/var/www/vhosts/enlugo.es/httpdocs/wp-content/plugins/ahevuvy/assets/images/dowypun.gif&path=/var/www/vhosts/enlugo.es/httpdocs/wp-content/plugins/ahevuvy/assets/images HTTP/1.0" 200 23752 "-" "Mozilla/5.0 AppleWebKit/537.36 (KHTML, like Gecko; compatible; Amazonbot/0.1; +https://developer.amazon.com/support/amazonbot) Chrome/119.0.6045.214 Safari/537.36"
20.171.207.125 - - [21/Oct/2025:07:02:04 +0000] "GET /pages.php?item/u268/13571/ HTTP/1.0" 200 21820 "-" "Mozilla/5.0 AppleWebKit/537.36 (KHTML, like Gecko; compatible; GPTBot/1.2; +https://openai.com/gptbot)"
20.171.207.125 - - [21/Oct/2025:07:02:05 +0000] "GET /pages.php?remaining137035967.html HTTP/1.0" 200 22634 "-" "Mozilla/5.0 AppleWebKit/537.36 (KHTML, like Gecko; compatible; GPTBot/1.2; +https://openai.com/gptbot)"
20.171.207.125 - - [21/Oct/2025:07:02:06 +0000] "GET /pages.php?item/u289/19784/ HTTP/1.0" 200 22184 "-" "Mozilla/5.0 AppleWebKit/537.36 (KHTML, like Gecko; compatible; GPTBot/1.2; +https://openai.com/gptbot)"
20.171.207.125 - - [21/Oct/2025:07:02:07 +0000] "GET /pages.php?item/u265/33804/ HTTP/1.0" 200 23296 "-" "Mozilla/5.0 AppleWebKit/537.36 (KHTML, like Gecko; compatible; GPTBot/1.2; +https://openai.com/gptbot)"
20.171.207.125 - - [21/Oct/2025:07:02:09 +0000] "GET /pages.php?past107045749.html HTTP/1.0" 200 21746 "-" "Mozilla/5.0 AppleWebKit/537.36 (KHTML, like Gecko; compatible; GPTBot/1.2; +https://openai.com/gptbot)"
20.171.207.125 - - [21/Oct/2025:07:02:10 +0000] "GET /pages.php?item/u284/17527/ HTTP/1.0" 200 21522 "-" "Mozilla/5.0 AppleWebKit/537.36 (KHTML, like Gecko; compatible; GPTBot/1.2; +https://openai.com/gptbot)"
20.171.207.125 - - [21/Oct/2025:07:02:11 +0000] "GET /pages.php?item/u179/21348/ HTTP/1.0" 200 21773 "-" "Mozilla/5.0 AppleWebKit/537.36 (KHTML, like Gecko; compatible; GPTBot/1.2; +https://openai.com/gptbot)"
20.171.207.125 - - [21/Oct/2025:07:02:13 +0000] "GET /pages.php?hot098034026.html HTTP/1.0" 200 22070 "-" "Mozilla/5.0 AppleWebKit/537.36 (KHTML, like Gecko; compatible; GPTBot/1.2; +https://openai.com/gptbot)"
20.171.207.125 - - [21/Oct/2025:07:02:14 +0000] "GET /pages.php?item/u69/30362/ HTTP/1.0" 200 22427 "-" "Mozilla/5.0 AppleWebKit/537.36 (KHTML, like Gecko; compatible; GPTBot/1.2; +https://openai.com/gptbot)"
20.171.207.125 - - [21/Oct/2025:07:02:16 +0000] "GET /pages.php?item/u234/5739/ HTTP/1.0" 200 22510 "-" "Mozilla/5.0 AppleWebKit/537.36 (KHTML, like Gecko; compatible; GPTBot/1.2; +https://openai.com/gptbot)"
20.171.207.125 - - [21/Oct/2025:07:02:18 +0000] "GET /pages.php?item/u90/15581/ HTTP/1.0" 200 21970 "-" "Mozilla/5.0 AppleWebKit/537.36 (KHTML, like Gecko; compatible; GPTBot/1.2; +https://openai.com/gptbot)"
20.171.207.125 - - [21/Oct/2025:07:02:19 +0000] "GET /pages.php?item/u164/9265/ HTTP/1.0" 200 22138 "-" "Mozilla/5.0 AppleWebKit/537.36 (KHTML, like Gecko; compatible; GPTBot/1.2; +https://openai.com/gptbot)"
54.163.136.244 - - [21/Oct/2025:07:02:20 +0000] "GET /?fileloc=/var/www/vhosts/enlugo.es/httpdocs/wp-content/uploads/2015/03/test_img_optimizada-1024x724.jpg&path=/var/www/vhosts/enlugo.es/httpdocs/wp-content/uploads/2015/03 HTTP/1.0" 200 4402 "-" "Mozilla/5.0 AppleWebKit/537.36 (KHTML, like Gecko; compatible; Amazonbot/0.1; +https://developer.amazon.com/support/amazonbot) Chrome/119.0.6045.214 Safari/537.36"
20.171.207.125 - - [21/Oct/2025:07:02:21 +0000] "GET /pages.php?item/u65/37482/ HTTP/1.0" 200 22153 "-" "Mozilla/5.0 AppleWebKit/537.36 (KHTML, like Gecko; compatible; GPTBot/1.2; +https://openai.com/gptbot)"
187.120.19.137 - - [21/Oct/2025:07:02:22 +0000] "GET /effective-impotence-medication-for-improved-sexual-health/?fileloc=%2Fvar%2Fwww%2Fvhosts%2Fenlugo.es%2Fhttpdocs%2Fwp-class-blocks.php&path=%2Fvar%2Fwww%2Fvhosts%2Fenlugo.es%2Fhttpdocs HTTP/1.0" 200 4335 "-" "Mozilla/5.0 (Windows NT 6.1) AppleWebKit/537.36 (KHTML, like Gecko) Chrome/85.0.4183.83 Safari/537.36"
20.171.207.125 - - [21/Oct/2025:07:02:23 +0000] "GET /pages.php?item/u38/20795/ HTTP/1.0" 200 22537 "-" "Mozilla/5.0 AppleWebKit/537.36 (KHTML, like Gecko; compatible; GPTBot/1.2; +https://openai.com/gptbot)"
54.85.109.140 - - [21/Oct/2025:07:02:24 +0000] "GET /?fileloc=/var/www/vhosts/enlugo.es/httpdocs/wp-content/uploads/2015/03/hotel-375x210.jpg&path=/var/www/vhosts/enlugo.es/httpdocs/wp-content/uploads/2015/03 HTTP/1.0" 200 4391 "-" "Mozilla/5.0 AppleWebKit/537.36 (KHTML, like Gecko; compatible; Amazonbot/0.1; +https://developer.amazon.com/support/amazonbot) Chrome/119.0.6045.214 Safari/537.36"
20.171.207.125 - - [21/Oct/2025:07:02:25 +0000] "GET /pages.php?item/u296/5895/ HTTP/1.0" 200 21828 "-" "Mozilla/5.0 AppleWebKit/537.36 (KHTML, like Gecko; compatible; GPTBot/1.2; +https://openai.com/gptbot)"
20.171.207.125 - - [21/Oct/2025:07:02:27 +0000] "GET /pages.php?item/u79/18954/ HTTP/1.0" 200 22155 "-" "Mozilla/5.0 AppleWebKit/537.36 (KHTML, like Gecko; compatible; GPTBot/1.2; +https://openai.com/gptbot)"
20.171.207.125 - - [21/Oct/2025:07:02:28 +0000] "GET /pages.php?item/u68/29623/ HTTP/1.0" 200 21986 "-" "Mozilla/5.0 AppleWebKit/537.36 (KHTML, like Gecko; compatible; GPTBot/1.2; +https://openai.com/gptbot)"
20.171.207.125 - - [21/Oct/2025:07:02:29 +0000] "GET /pages.php?item/u69/23324/ HTTP/1.0" 200 22127 "-" "Mozilla/5.0 AppleWebKit/537.36 (KHTML, like Gecko; compatible; GPTBot/1.2; +https://openai.com/gptbot)"
20.171.207.125 - - [21/Oct/2025:07:02:31 +0000] "GET /pages.php?item/u265/9396/ HTTP/1.0" 200 22508 "-" "Mozilla/5.0 AppleWebKit/537.36 (KHTML, like Gecko; compatible; GPTBot/1.2; +https://openai.com/gptbot)"
144.76.73.122 - - [21/Oct/2025:07:02:31 +0000] "GET /san-froilan/?path=%2Fvar%2Fwww%2Fvhosts%2Fenlugo.es%2Fhttpdocs%2Fwp-includes%2Fblock-supports HTTP/1.0" 200 4993 "-" "serpstatbot/2.1 (advanced backlink tracking bot; https://serpstatbot.com/; abuse@serpstatbot.com)"
23.21.179.27 - - [21/Oct/2025:07:02:32 +0000] "GET /?fileloc=/var/www/vhosts/enlugo.es/httpdocs/wp-content/uploads/2015/03/hotel-640x240.jpg&path=/var/www/vhosts/enlugo.es/httpdocs/wp-content/uploads/2015/03 HTTP/1.0" 200 4390 "-" "Mozilla/5.0 AppleWebKit/537.36 (KHTML, like Gecko; compatible; Amazonbot/0.1; +https://developer.amazon.com/support/amazonbot) Chrome/119.0.6045.214 Safari/537.36"
20.171.207.125 - - [21/Oct/2025:07:02:32 +0000] "GET /pages.php?item/u24/26683/ HTTP/1.0" 200 22069 "-" "Mozilla/5.0 AppleWebKit/537.36 (KHTML, like Gecko; compatible; GPTBot/1.2; +https://openai.com/gptbot)"
66.249.66.40 - - [21/Oct/2025:07:02:32 +0000] "GET /construct103026509 HTTP/1.0" 200 27126 "-" "Mozilla/5.0 (Linux; Android 6.0.1; Nexus 5X Build/MMB29P) AppleWebKit/537.36 (KHTML, like Gecko) Chrome/140.0.7339.207 Mobile Safari/537.36 (compatible; Googlebot/2.1; +http://www.google.com/bot.html)"
20.171.207.125 - - [21/Oct/2025:07:02:33 +0000] "GET /pages.php?item/u96/35727/ HTTP/1.0" 200 22281 "-" "Mozilla/5.0 AppleWebKit/537.36 (KHTML, like Gecko; compatible; GPTBot/1.2; +https://openai.com/gptbot)"
20.171.207.125 - - [21/Oct/2025:07:02:34 +0000] "GET /pages.php?item/u224/3151/ HTTP/1.0" 200 21640 "-" "Mozilla/5.0 AppleWebKit/537.36 (KHTML, like Gecko; compatible; GPTBot/1.2; +https://openai.com/gptbot)"
20.171.207.125 - - [21/Oct/2025:07:02:36 +0000] "GET /pages.php?item/u67/15940/ HTTP/1.0" 200 22135 "-" "Mozilla/5.0 AppleWebKit/537.36 (KHTML, like Gecko; compatible; GPTBot/1.2; +https://openai.com/gptbot)"
20.171.207.125 - - [21/Oct/2025:07:02:37 +0000] "GET /pages.php?item/u65/45984/ HTTP/1.0" 200 22806 "-" "Mozilla/5.0 AppleWebKit/537.36 (KHTML, like Gecko; compatible; GPTBot/1.2; +https://openai.com/gptbot)"
20.171.207.125 - - [21/Oct/2025:07:02:38 +0000] "GET /pages.php?item/u58/11349/ HTTP/1.0" 200 23192 "-" "Mozilla/5.0 AppleWebKit/537.36 (KHTML, like Gecko; compatible; GPTBot/1.2; +https://openai.com/gptbot)"
20.171.207.125 - - [21/Oct/2025:07:02:39 +0000] "GET /pages.php?item/u84/29743/ HTTP/1.0" 200 22173 "-" "Mozilla/5.0 AppleWebKit/537.36 (KHTML, like Gecko; compatible; GPTBot/1.2; +https://openai.com/gptbot)"
20.171.207.125 - - [21/Oct/2025:07:02:40 +0000] "GET /pages.php?item/u165/9958/ HTTP/1.0" 200 22547 "-" "Mozilla/5.0 AppleWebKit/537.36 (KHTML, like Gecko; compatible; GPTBot/1.2; +https://openai.com/gptbot)"
20.171.207.125 - - [21/Oct/2025:07:02:42 +0000] "GET /pages.php?item/u235/2604/ HTTP/1.0" 200 22148 "-" "Mozilla/5.0 AppleWebKit/537.36 (KHTML, like Gecko; compatible; GPTBot/1.2; +https://openai.com/gptbot)"
20.171.207.125 - - [21/Oct/2025:07:02:43 +0000] "GET /pages.php?item/u256/7153/ HTTP/1.0" 200 22228 "-" "Mozilla/5.0 AppleWebKit/537.36 (KHTML, like Gecko; compatible; GPTBot/1.2; +https://openai.com/gptbot)"
35.169.240.53 - - [21/Oct/2025:07:02:44 +0000] "GET /?fileloc=/var/www/vhosts/enlugo.es/httpdocs/wp-content/themes/twentytwentyone/template-parts/excerpt/image.php&path=/var/www/vhosts/enlugo.es/httpdocs/wp-content/themes/twentytwentyone/template-parts/excerpt HTTP/1.0" 200 5582 "-" "Mozilla/5.0 AppleWebKit/537.36 (KHTML, like Gecko; compatible; Amazonbot/0.1; +https://developer.amazon.com/support/amazonbot) Chrome/119.0.6045.214 Safari/537.36"
20.171.207.125 - - [21/Oct/2025:07:02:44 +0000] "GET /pages.php?item/u70/41075/ HTTP/1.0" 200 22543 "-" "Mozilla/5.0 AppleWebKit/537.36 (KHTML, like Gecko; compatible; GPTBot/1.2; +https://openai.com/gptbot)"
20.171.207.125 - - [21/Oct/2025:07:02:46 +0000] "GET /pages.php?item/u38/47697/ HTTP/1.0" 200 21815 "-" "Mozilla/5.0 AppleWebKit/537.36 (KHTML, like Gecko; compatible; GPTBot/1.2; +https://openai.com/gptbot)"
20.171.207.125 - - [21/Oct/2025:07:02:47 +0000] "GET /pages.php?item/u63/44612/ HTTP/1.0" 200 22056 "-" "Mozilla/5.0 AppleWebKit/537.36 (KHTML, like Gecko; compatible; GPTBot/1.2; +https://openai.com/gptbot)"
44.210.204.255 - - [21/Oct/2025:07:02:48 +0000] "GET /?fileloc=/var/www/vhosts/enlugo.es/httpdocs/wp-content/plugins/google-analytics-for-wordpress/assets/images/mascot.png&path=/var/www/vhosts/enlugo.es/httpdocs/wp-content/plugins/google-analytics-for-wordpress/assets/images HTTP/1.0" 200 4417 "-" "Mozilla/5.0 AppleWebKit/537.36 (KHTML, like Gecko; compatible; Amazonbot/0.1; +https://developer.amazon.com/support/amazonbot) Chrome/119.0.6045.214 Safari/537.36"
20.171.207.125 - - [21/Oct/2025:07:02:49 +0000] "GET /pages.php?item/u76/43329/ HTTP/1.0" 200 22716 "-" "Mozilla/5.0 AppleWebKit/537.36 (KHTML, like Gecko; compatible; GPTBot/1.2; +https://openai.com/gptbot)"
20.171.207.125 - - [21/Oct/2025:07:02:50 +0000] "GET /pages.php?item/u125/5960/ HTTP/1.0" 200 22000 "-" "Mozilla/5.0 AppleWebKit/537.36 (KHTML, like Gecko; compatible; GPTBot/1.2; +https://openai.com/gptbot)"
20.171.207.125 - - [21/Oct/2025:07:02:51 +0000] "GET /pages.php?item/u37/31456/ HTTP/1.0" 200 22719 "-" "Mozilla/5.0 AppleWebKit/537.36 (KHTML, like Gecko; compatible; GPTBot/1.2; +https://openai.com/gptbot)"
20.171.207.125 - - [21/Oct/2025:07:02:52 +0000] "GET /pages.php?item/u69/13272/ HTTP/1.0" 200 23529 "-" "Mozilla/5.0 AppleWebKit/537.36 (KHTML, like Gecko; compatible; GPTBot/1.2; +https://openai.com/gptbot)"
20.171.207.125 - - [21/Oct/2025:07:02:53 +0000] "GET /pages.php?item/u279/9284/ HTTP/1.0" 200 21919 "-" "Mozilla/5.0 AppleWebKit/537.36 (KHTML, like Gecko; compatible; GPTBot/1.2; +https://openai.com/gptbot)"
20.171.207.125 - - [21/Oct/2025:07:02:54 +0000] "GET /pages.php?item/u70/44633/ HTTP/1.0" 200 22606 "-" "Mozilla/5.0 AppleWebKit/537.36 (KHTML, like Gecko; compatible; GPTBot/1.2; +https://openai.com/gptbot)"
20.171.207.125 - - [21/Oct/2025:07:02:56 +0000] "GET /pages.php?item/u46/32811/ HTTP/1.0" 200 21950 "-" "Mozilla/5.0 AppleWebKit/537.36 (KHTML, like Gecko; compatible; GPTBot/1.2; +https://openai.com/gptbot)"
20.171.207.125 - - [21/Oct/2025:07:02:57 +0000] "GET /pages.php?item/u96/26721/ HTTP/1.0" 200 23367 "-" "Mozilla/5.0 AppleWebKit/537.36 (KHTML, like Gecko; compatible; GPTBot/1.2; +https://openai.com/gptbot)"
20.171.207.125 - - [21/Oct/2025:07:02:58 +0000] "GET /pages.php?item/u45/33486/ HTTP/1.0" 200 23498 "-" "Mozilla/5.0 AppleWebKit/537.36 (KHTML, like Gecko; compatible; GPTBot/1.2; +https://openai.com/gptbot)"
20.171.207.125 - - [21/Oct/2025:07:02:59 +0000] "GET /pages.php?item/u62/17039/ HTTP/1.0" 200 21989 "-" "Mozilla/5.0 AppleWebKit/537.36 (KHTML, like Gecko; compatible; GPTBot/1.2; +https://openai.com/gptbot)"
20.171.207.125 - - [21/Oct/2025:07:03:00 +0000] "GET /pages.php?item/u159/8342/ HTTP/1.0" 200 21889 "-" "Mozilla/5.0 AppleWebKit/537.36 (KHTML, like Gecko; compatible; GPTBot/1.2; +https://openai.com/gptbot)"
20.171.207.125 - - [21/Oct/2025:07:03:02 +0000] "GET /pages.php?item/u264/3155/ HTTP/1.0" 200 22178 "-" "Mozilla/5.0 AppleWebKit/537.36 (KHTML, like Gecko; compatible; GPTBot/1.2; +https://openai.com/gptbot)"
20.171.207.125 - - [21/Oct/2025:07:03:03 +0000] "GET /pages.php?item/u86/29361/ HTTP/1.0" 200 22943 "-" "Mozilla/5.0 AppleWebKit/537.36 (KHTML, like Gecko; compatible; GPTBot/1.2; +https://openai.com/gptbot)"
3.94.40.182 - - [21/Oct/2025:07:03:04 +0000] "GET /?fileloc=/var/www/vhosts/enlugo.es/httpdocs/wp-content/cache/object/a22/7c0/a227c06a6fd0ad0b66cbf86a39bd3251.php&path=/var/www/vhosts/enlugo.es/httpdocs/wp-content/cache/object/a22/7c0 HTTP/1.0" 200 4415 "-" "Mozilla/5.0 AppleWebKit/537.36 (KHTML, like Gecko; compatible; Amazonbot/0.1; +https://developer.amazon.com/support/amazonbot) Chrome/119.0.6045.214 Safari/537.36"
20.171.207.125 - - [21/Oct/2025:07:03:04 +0000] "GET /pages.php?item/u22/48175/ HTTP/1.0" 200 22390 "-" "Mozilla/5.0 AppleWebKit/537.36 (KHTML, like Gecko; compatible; GPTBot/1.2; +https://openai.com/gptbot)"
20.171.207.125 - - [21/Oct/2025:07:03:05 +0000] "GET /pages.php?item/u45/36906/ HTTP/1.0" 200 23078 "-" "Mozilla/5.0 AppleWebKit/537.36 (KHTML, like Gecko; compatible; GPTBot/1.2; +https://openai.com/gptbot)"
20.171.207.125 - - [21/Oct/2025:07:03:06 +0000] "GET /pages.php?item/u13/47278/ HTTP/1.0" 200 21859 "-" "Mozilla/5.0 AppleWebKit/537.36 (KHTML, like Gecko; compatible; GPTBot/1.2; +https://openai.com/gptbot)"
3.93.253.174 - - [21/Oct/2025:07:03:08 +0000] "GET /?fileloc=/var/www/vhosts/enlugo.es/httpdocs/wp-content/cache/object/c17/b13/c17b13f75ee17ead7c3db55c7a7cc480.php&path=/var/www/vhosts/enlugo.es/httpdocs/wp-content/cache/object/c17/b13 HTTP/1.0" 200 4415 "-" "Mozilla/5.0 AppleWebKit/537.36 (KHTML, like Gecko; compatible; Amazonbot/0.1; +https://developer.amazon.com/support/amazonbot) Chrome/119.0.6045.214 Safari/537.36"
20.171.207.125 - - [21/Oct/2025:07:03:08 +0000] "GET /pages.php?item/u215/9820/ HTTP/1.0" 200 21994 "-" "Mozilla/5.0 AppleWebKit/537.36 (KHTML, like Gecko; compatible; GPTBot/1.2; +https://openai.com/gptbot)"
20.171.207.125 - - [21/Oct/2025:07:03:09 +0000] "GET /pages.php?item/u49/20036/ HTTP/1.0" 200 23149 "-" "Mozilla/5.0 AppleWebKit/537.36 (KHTML, like Gecko; compatible; GPTBot/1.2; +https://openai.com/gptbot)"
66.249.66.41 - - [21/Oct/2025:07:03:09 +0000] "GET /float177027397 HTTP/1.0" 200 21794 "-" "Mozilla/5.0 (Linux; Android 6.0.1; Nexus 5X Build/MMB29P) AppleWebKit/537.36 (KHTML, like Gecko) Chrome/140.0.7339.207 Mobile Safari/537.36 (compatible; Googlebot/2.1; +http://www.google.com/bot.html)"
20.171.207.125 - - [21/Oct/2025:07:03:10 +0000] "GET /pages.php?item/u51/25672/ HTTP/1.0" 200 22093 "-" "Mozilla/5.0 AppleWebKit/537.36 (KHTML, like Gecko; compatible; GPTBot/1.2; +https://openai.com/gptbot)"
177.87.33.117 - - [21/Oct/2025:07:03:11 +0000] "GET /date-un-paseo/?fileloc=%2Fvar%2Fwww%2Fvhosts%2Fenlugo.es%2Fhttpdocs%2Fimages%2Fwp-db.php&path=%2Fvar%2Fwww%2Fvhosts%2Fenlugo.es%2Fhttpdocs%2Fimages HTTP/1.0" 200 15868 "-" "Mozilla/5.0 (Macintosh; Intel Mac OS X 10_12_6) AppleWebKit/537.36 (KHTML, like Gecko) Chrome/75.0.3770.100 Safari/537.36"
20.171.207.125 - - [21/Oct/2025:07:03:11 +0000] "GET /pages.php?item/u59/18862/ HTTP/1.0" 200 21898 "-" "Mozilla/5.0 AppleWebKit/537.36 (KHTML, like Gecko; compatible; GPTBot/1.2; +https://openai.com/gptbot)"
20.171.207.125 - - [21/Oct/2025:07:03:13 +0000] "GET /pages.php?item/u85/10312/ HTTP/1.0" 200 21630 "-" "Mozilla/5.0 AppleWebKit/537.36 (KHTML, like Gecko; compatible; GPTBot/1.2; +https://openai.com/gptbot)"
20.171.207.125 - - [21/Oct/2025:07:03:14 +0000] "GET /pages.php?item/u42/17689/ HTTP/1.0" 200 22368 "-" "Mozilla/5.0 AppleWebKit/537.36 (KHTML, like Gecko; compatible; GPTBot/1.2; +https://openai.com/gptbot)"
20.171.207.125 - - [21/Oct/2025:07:03:15 +0000] "GET /pages.php?item/u216/3909/ HTTP/1.0" 200 21787 "-" "Mozilla/5.0 AppleWebKit/537.36 (KHTML, like Gecko; compatible; GPTBot/1.2; +https://openai.com/gptbot)"
20.171.207.125 - - [21/Oct/2025:07:03:16 +0000] "GET /pages.php?item/u270/8987/ HTTP/1.0" 200 21926 "-" "Mozilla/5.0 AppleWebKit/537.36 (KHTML, like Gecko; compatible; GPTBot/1.2; +https://openai.com/gptbot)"
20.171.207.125 - - [21/Oct/2025:07:03:17 +0000] "GET /pages.php?item/u25/13618/ HTTP/1.0" 200 21900 "-" "Mozilla/5.0 AppleWebKit/537.36 (KHTML, like Gecko; compatible; GPTBot/1.2; +https://openai.com/gptbot)"
20.171.207.125 - - [21/Oct/2025:07:03:19 +0000] "GET /pages.php?item/u74/18601/ HTTP/1.0" 200 22610 "-" "Mozilla/5.0 AppleWebKit/537.36 (KHTML, like Gecko; compatible; GPTBot/1.2; +https://openai.com/gptbot)"
20.171.207.125 - - [21/Oct/2025:07:03:20 +0000] "GET /pages.php?item/u70/49183/ HTTP/1.0" 200 22959 "-" "Mozilla/5.0 AppleWebKit/537.36 (KHTML, like Gecko; compatible; GPTBot/1.2; +https://openai.com/gptbot)"
20.171.207.125 - - [21/Oct/2025:07:03:21 +0000] "GET /pages.php?item/u175/39486/ HTTP/1.0" 200 22049 "-" "Mozilla/5.0 AppleWebKit/537.36 (KHTML, like Gecko; compatible; GPTBot/1.2; +https://openai.com/gptbot)"
20.171.207.125 - - [21/Oct/2025:07:03:22 +0000] "GET /pages.php?item/u129/2568/ HTTP/1.0" 200 21927 "-" "Mozilla/5.0 AppleWebKit/537.36 (KHTML, like Gecko; compatible; GPTBot/1.2; +https://openai.com/gptbot)"
100.29.155.89 - - [21/Oct/2025:07:03:24 +0000] "GET /?fileloc=/var/www/vhosts/enlugo.es/httpdocs/wp-content/uploads/2015/03/test_img_optimizada-1280x240.jpg&path=/var/www/vhosts/enlugo.es/httpdocs/wp-content/uploads/2015/03 HTTP/1.0" 200 4403 "-" "Mozilla/5.0 AppleWebKit/537.36 (KHTML, like Gecko; compatible; Amazonbot/0.1; +https://developer.amazon.com/support/amazonbot) Chrome/119.0.6045.214 Safari/537.36"
20.171.207.125 - - [21/Oct/2025:07:03:23 +0000] "GET /pages.php?item/u150/34789/ HTTP/1.0" 200 22101 "-" "Mozilla/5.0 AppleWebKit/537.36 (KHTML, like Gecko; compatible; GPTBot/1.2; +https://openai.com/gptbot)"
20.171.207.125 - - [21/Oct/2025:07:03:25 +0000] "GET /pages.php?item/u183/45672/ HTTP/1.0" 200 22237 "-" "Mozilla/5.0 AppleWebKit/537.36 (KHTML, like Gecko; compatible; GPTBot/1.2; +https://openai.com/gptbot)"
20.171.207.125 - - [21/Oct/2025:07:03:26 +0000] "GET /pages.php?item/u239/48150/ HTTP/1.0" 200 22377 "-" "Mozilla/5.0 AppleWebKit/537.36 (KHTML, like Gecko; compatible; GPTBot/1.2; +https://openai.com/gptbot)"
144.76.73.122 - - [21/Oct/2025:07:03:27 +0000] "GET /termas-romanas/?path=%2Fvar%2Fwww%2Fvhosts%2Fenlugo.es%2Fwordpress-backups HTTP/1.0" 200 4386 "-" "serpstatbot/2.1 (advanced backlink tracking bot; https://serpstatbot.com/; abuse@serpstatbot.com)"
20.171.207.125 - - [21/Oct/2025:07:03:27 +0000] "GET /pages.php?company142017224.html HTTP/1.0" 200 21812 "-" "Mozilla/5.0 AppleWebKit/537.36 (KHTML, like Gecko; compatible; GPTBot/1.2; +https://openai.com/gptbot)"
20.171.207.125 - - [21/Oct/2025:07:03:28 +0000] "GET /pages.php?respond013034107.html HTTP/1.0" 200 22250 "-" "Mozilla/5.0 AppleWebKit/537.36 (KHTML, like Gecko; compatible; GPTBot/1.2; +https://openai.com/gptbot)"
138.255.53.0 - - [21/Oct/2025:07:03:29 +0000] "GET /san-froilan-2015-entrevista-anni-b-sweet/?fileloc=%2Fvar%2Fwww%2Fvhosts%2Fenlugo.es%2Fhttpdocs%2Fwp-feed.php&path=%2Fvar%2Fwww%2Fvhosts%2Fenlugo.es%2Fhttpdocs HTTP/1.0" 200 9775 "-" "Mozilla/5.0 (Windows NT 10.0; WOW64) AppleWebKit/537.36 (KHTML, like Gecko) Chrome/87.0.4280.66 Safari/537.36"
20.171.207.125 - - [21/Oct/2025:07:03:30 +0000] "GET /pages.php?whether288039710.html HTTP/1.0" 200 22328 "-" "Mozilla/5.0 AppleWebKit/537.36 (KHTML, like Gecko; compatible; GPTBot/1.2; +https://openai.com/gptbot)"
66.249.66.41 - - [21/Oct/2025:07:03:28 +0000] "GET /voting072005852 HTTP/1.0" 200 21930 "-" "Mozilla/5.0 (Linux; Android 6.0.1; Nexus 5X Build/MMB29P) AppleWebKit/537.36 (KHTML, like Gecko) Chrome/140.0.7339.207 Mobile Safari/537.36 (compatible; Googlebot/2.1; +http://www.google.com/bot.html)"
20.171.207.125 - - [21/Oct/2025:07:03:31 +0000] "GET /pages.php?testify176012066.html HTTP/1.0" 200 21884 "-" "Mozilla/5.0 AppleWebKit/537.36 (KHTML, like Gecko; compatible; GPTBot/1.2; +https://openai.com/gptbot)"
189.70.7.183 - - [21/Oct/2025:07:03:31 +0000] "GET /author/diego-v/?fileloc=%2Fvar%2Fwww%2Fvhosts%2Fenlugo.es%2Fhttpdocs%2Fwp-admin%2Fadmin-post.php&path=%2Fvar%2Fwww%2Fvhosts%2Fenlugo.es%2Fhttpdocs%2Fwp-admin HTTP/1.0" 200 4962 "-" "Mozilla/5.0 (Macintosh; Intel Mac OS X 10_12_6) AppleWebKit/537.36 (KHTML, like Gecko) Brave Chrome/86.0.4240.75 Safari/537.36"
20.171.207.125 - - [21/Oct/2025:07:03:32 +0000] "GET /pages.php?against054047166.html HTTP/1.0" 200 22650 "-" "Mozilla/5.0 AppleWebKit/537.36 (KHTML, like Gecko; compatible; GPTBot/1.2; +https://openai.com/gptbot)"
20.171.207.125 - - [21/Oct/2025:07:03:33 +0000] "GET /pages.php?intervention088013580.html HTTP/1.0" 200 22939 "-" "Mozilla/5.0 AppleWebKit/537.36 (KHTML, like Gecko; compatible; GPTBot/1.2; +https://openai.com/gptbot)"
20.171.207.125 - - [21/Oct/2025:07:03:34 +0000] "GET /pages.php?frown036047172.html HTTP/1.0" 200 22572 "-" "Mozilla/5.0 AppleWebKit/537.36 (KHTML, like Gecko; compatible; GPTBot/1.2; +https://openai.com/gptbot)"
3.221.156.96 - - [21/Oct/2025:07:03:36 +0000] "GET /?fileloc=/var/www/vhosts/enlugo.es/httpdocs/wp-content/cache/object/bfa/787/bfa787c52be3baca462c3baaa23d7e4e.php&path=/var/www/vhosts/enlugo.es/httpdocs/wp-content/cache/object/bfa/787 HTTP/1.0" 200 4414 "-" "Mozilla/5.0 AppleWebKit/537.36 (KHTML, like Gecko; compatible; Amazonbot/0.1; +https://developer.amazon.com/support/amazonbot) Chrome/119.0.6045.214 Safari/537.36"
20.171.207.125 - - [21/Oct/2025:07:03:35 +0000] "GET /pages.php?surgery122025008.html HTTP/1.0" 200 22948 "-" "Mozilla/5.0 AppleWebKit/537.36 (KHTML, like Gecko; compatible; GPTBot/1.2; +https://openai.com/gptbot)"
20.171.207.125 - - [21/Oct/2025:07:03:37 +0000] "GET /pages.php?items/124004908.html?srsltid=AfmBOotvcqYOvmHeqtNsQBPHHiwjAoSewyT0yxabIYk1JgHxuISk HTTP/1.0" 200 22524 "-" "Mozilla/5.0 AppleWebKit/537.36 (KHTML, like Gecko; compatible; GPTBot/1.2; +https://openai.com/gptbot)"
20.171.207.125 - - [21/Oct/2025:07:03:38 +0000] "GET /pages.php?items/076017524.html?srsltid=AfmBOozjolaIjRgqGqNhjJauUVlfgegF2MtjTk0pqkW6vxIwzXQT HTTP/1.0" 200 22214 "-" "Mozilla/5.0 AppleWebKit/537.36 (KHTML, like Gecko; compatible; GPTBot/1.2; +https://openai.com/gptbot)"
20.171.207.125 - - [21/Oct/2025:07:03:40 +0000] "GET /pages.php?items/084013552.html?srsltid=AfmBOoheuZfBIPJYPZOcPm4CLwHTCHAlEGxcYgtFc6SAkPOY6wWO HTTP/1.0" 200 22723 "-" "Mozilla/5.0 AppleWebKit/537.36 (KHTML, like Gecko; compatible; GPTBot/1.2; +https://openai.com/gptbot)"
20.171.207.125 - - [21/Oct/2025:07:03:42 +0000] "GET /pages.php?items/018019518.html?srsltid=AfmBOohcmukZqkjIfCCKbxWlKmaGouEEuhNfl9rqMAkSG7o7vKzi HTTP/1.0" 200 22025 "-" "Mozilla/5.0 AppleWebKit/537.36 (KHTML, like Gecko; compatible; GPTBot/1.2; +https://openai.com/gptbot)"
66.249.66.40 - - [21/Oct/2025:07:03:46 +0000] "GET /m79148920187 HTTP/1.0" 200 22477 "-" "Mozilla/5.0 (compatible; Googlebot/2.1; +http://www.google.com/bot.html)"
14.241.231.229 - - [21/Oct/2025:07:03:46 +0000] "GET /effective-impotence-medication-for-improved-sexual-health/?fileloc=%2Fvar%2Fwww%2Fvhosts%2Fenlugo.es%2Fhttpdocs%2Fwp-includes%2Fshortcodes.php&path=%2Fvar%2Fwww%2Fvhosts%2Fenlugo.es%2Fhttpdocs%2Fwp-includes HTTP/1.0" 200 10470 "-" "Mozilla/5.0 (Windows NT 10.0; WOW64) AppleWebKit/537.36 (KHTML, like Gecko) Chrome/85.0.4183.83 Safari/537.36"
20.171.207.125 - - [21/Oct/2025:07:03:47 +0000] "GET /pages.php?items/191016329.html?srsltid=AfmBOogvdMThTuwILwQFKEkQSmtRUWRy1DPkwAaXTwGX6dRnl8AQ HTTP/1.0" 200 22203 "-" "Mozilla/5.0 AppleWebKit/537.36 (KHTML, like Gecko; compatible; GPTBot/1.2; +https://openai.com/gptbot)"
20.171.207.125 - - [21/Oct/2025:07:03:50 +0000] "GET /pages.php?items/124021680.html?srsltid=AfmBOojdgoFQcJJiaEZbNCmxZlhhyUaM9QvkBu9qfb9plGLGcbkW HTTP/1.0" 200 21834 "-" "Mozilla/5.0 AppleWebKit/537.36 (KHTML, like Gecko; compatible; GPTBot/1.2; +https://openai.com/gptbot)"
20.171.207.125 - - [21/Oct/2025:07:03:51 +0000] "GET /pages.php?items/274044546.html?srsltid=AfmBOogbpALSzUBblPyTrFQBXqNDPrgZAvP0Xp2zPSMJPkYIZmdI HTTP/1.0" 200 22028 "-" "Mozilla/5.0 AppleWebKit/537.36 (KHTML, like Gecko; compatible; GPTBot/1.2; +https://openai.com/gptbot)"
20.171.207.125 - - [21/Oct/2025:07:03:53 +0000] "GET /pages.php?items/112012800.html?srsltid=AfmBOohqdtcnaUIvPFLGkaX1ZiFeyRVOeHLRtggLuy7rfvhpEaOU HTTP/1.0" 200 22173 "-" "Mozilla/5.0 AppleWebKit/537.36 (KHTML, like Gecko; compatible; GPTBot/1.2; +https://openai.com/gptbot)"
20.171.207.125 - - [21/Oct/2025:07:03:55 +0000] "GET /pages.php?items/250023476.html?srsltid=AfmBOosdwbvNNbIarrLhaaPyQNkazoogPe1Oo51BalZpkWCQIHuz HTTP/1.0" 200 22227 "-" "Mozilla/5.0 AppleWebKit/537.36 (KHTML, like Gecko; compatible; GPTBot/1.2; +https://openai.com/gptbot)"
20.171.207.125 - - [21/Oct/2025:07:03:57 +0000] "GET /pages.php?items/002033482.html?srsltid=AfmBOotjbyeYmNLXkvHIz0LfRGVOPBrIod3pepjhjhti4zulhHrP HTTP/1.0" 200 21940 "-" "Mozilla/5.0 AppleWebKit/537.36 (KHTML, like Gecko; compatible; GPTBot/1.2; +https://openai.com/gptbot)"
206.42.13.219 - - [21/Oct/2025:07:03:57 +0000] "GET /concurso-tapas-2015/?fileloc=%2Fvar%2Fwww%2Fvhosts%2Fenlugo.es%2Fhttpdocs%2Fimages%2Fwp-class-migration.php&path=%2Fvar%2Fwww%2Fvhosts%2Fenlugo.es%2Fhttpdocs%2Fimages HTTP/1.0" 200 86365 "-" "Mozilla/5.0 (Windows NT 6.1) AppleWebKit/537.36 (KHTML, like Gecko) Chrome/97.0.4692.99 Safari/537.36"
20.171.207.125 - - [21/Oct/2025:07:03:59 +0000] "GET /pages.php?items/028046170.html?srsltid=AfmBOoysbXqbWFIJZqcLWdetZpTVmcNFIoJNuV4USS8jci7cRnac HTTP/1.0" 200 22820 "-" "Mozilla/5.0 AppleWebKit/537.36 (KHTML, like Gecko; compatible; GPTBot/1.2; +https://openai.com/gptbot)"
3.213.106.226 - - [21/Oct/2025:07:04:00 +0000] "GET /?fileloc=/var/www/vhosts/enlugo.es/httpdocs/wp-content/cache/db/options/0be/f54/0bef54b06cd85c63c2127d7b3cc212f2.php&path=/var/www/vhosts/enlugo.es/httpdocs/wp-content/cache/db/options/0be/f54 HTTP/1.0" 200 4412 "-" "Mozilla/5.0 AppleWebKit/537.36 (KHTML, like Gecko; compatible; Amazonbot/0.1; +https://developer.amazon.com/support/amazonbot) Chrome/119.0.6045.214 Safari/537.36"
20.171.207.125 - - [21/Oct/2025:07:04:01 +0000] "GET /pages.php?items/028013562.html?srsltid=AfmBOoxkgYyfkmVvOyNTLEqUNYtMgqrSu76PqTThPUOUO9muCAXi HTTP/1.0" 200 22178 "-" "Mozilla/5.0 AppleWebKit/537.36 (KHTML, like Gecko; compatible; GPTBot/1.2; +https://openai.com/gptbot)"
20.171.207.125 - - [21/Oct/2025:07:04:03 +0000] "GET /pages.php?items/138016032.html?srsltid=AfmBOolorIGmkxViRKUm4JecQGAHlhuFgSwdwPIoNSHPe3odgKnW HTTP/1.0" 200 21984 "-" "Mozilla/5.0 AppleWebKit/537.36 (KHTML, like Gecko; compatible; GPTBot/1.2; +https://openai.com/gptbot)"
52.204.253.129 - - [21/Oct/2025:07:04:04 +0000] "GET /?fileloc=/var/www/vhosts/enlugo.es/httpdocs/wp-content/themes/twentytwentytwo/assets/images/bird-on-gray.jpg&path=/var/www/vhosts/enlugo.es/httpdocs/wp-content/themes/twentytwentytwo/assets/images HTTP/1.0" 200 4408 "-" "Mozilla/5.0 AppleWebKit/537.36 (KHTML, like Gecko; compatible; Amazonbot/0.1; +https://developer.amazon.com/support/amazonbot) Chrome/119.0.6045.214 Safari/537.36"
179.110.192.41 - - [21/Oct/2025:07:04:05 +0000] "GET /museos/?fileloc=%2Fvar%2Fwww%2Fvhosts%2Fenlugo.es%2Fhttpdocs%2Fwp-class-atom.php&path=%2Fvar%2Fwww%2Fvhosts%2Fenlugo.es%2Fhttpdocs HTTP/1.0" 200 4335 "-" "Mozilla/5.0 (Macintosh; Intel Mac OS X 10_14_6) AppleWebKit/537.36 (KHTML, like Gecko) Chrome/80.0.3987.163 Safari/537.36"
123.22.70.62 - - [21/Oct/2025:07:04:05 +0000] "GET /muralla-romana/?path=%2Fvar%2Fwww%2Fvhosts%2Fenlugo.es%2Fhttpdocs%2Fwp-includes%2FIXR HTTP/1.0" 200 5011 "-" "Mozilla/5.0 (Windows NT 10.0; Win64; x64) AppleWebKit/537.36 (KHTML, like Gecko) Chrome/79.0.3945.79 Safari/537.36"
20.171.207.125 - - [21/Oct/2025:07:04:06 +0000] "GET /pages.php?items/171048009.html?srsltid=AfmBOolprNiaQshVEkiEPtEOJaVPqOnCGULGs8PiVyMjklntUJx2 HTTP/1.0" 200 22224 "-" "Mozilla/5.0 AppleWebKit/537.36 (KHTML, like Gecko; compatible; GPTBot/1.2; +https://openai.com/gptbot)"
20.171.207.125 - - [21/Oct/2025:07:04:08 +0000] "GET /pages.php?items/015013403.html?srsltid=AfmBOoykexTyXLPIlRIICZgdLERgzvmzMTSqxfIrUF0qz4l6rGZK HTTP/1.0" 200 22616 "-" "Mozilla/5.0 AppleWebKit/537.36 (KHTML, like Gecko; compatible; GPTBot/1.2; +https://openai.com/gptbot)"
20.171.207.125 - - [21/Oct/2025:07:04:10 +0000] "GET /pages.php?items/010016510.html?srsltid=AfmBOogvdMThTuwILwQFKEkQSmtRUWRy1DPkwAaXTwGX6dRnl8AQ HTTP/1.0" 200 21918 "-" "Mozilla/5.0 AppleWebKit/537.36 (KHTML, like Gecko; compatible; GPTBot/1.2; +https://openai.com/gptbot)"
20.171.207.125 - - [21/Oct/2025:07:04:12 +0000] "GET /pages.php?items/178023198.html?srsltid=AfmBOogscqbJohyfMMkw3cwCOejJoNNIQuNI8uj5ANJpMzMGhcXS HTTP/1.0" 200 23174 "-" "Mozilla/5.0 AppleWebKit/537.36 (KHTML, like Gecko; compatible; GPTBot/1.2; +https://openai.com/gptbot)"
20.171.207.125 - - [21/Oct/2025:07:04:14 +0000] "GET /pages.php?items/158041350.html?srsltid=AfmBOowlcYntTlSqlARIuGKgHSGbDGqhCto6uKtIICpckB46jWTh HTTP/1.0" 200 21756 "-" "Mozilla/5.0 AppleWebKit/537.36 (KHTML, like Gecko; compatible; GPTBot/1.2; +https://openai.com/gptbot)"
34.234.200.207 - - [21/Oct/2025:07:04:16 +0000] "GET /?fileloc=/var/www/vhosts/enlugo.es/httpdocs/wp-content/uploads/2015/03/button-150x40.png&path=/var/www/vhosts/enlugo.es/httpdocs/wp-content/uploads/2015/03 HTTP/1.0" 200 4387 "-" "Mozilla/5.0 AppleWebKit/537.36 (KHTML, like Gecko; compatible; Amazonbot/0.1; +https://developer.amazon.com/support/amazonbot) Chrome/119.0.6045.214 Safari/537.36"
20.171.207.125 - - [21/Oct/2025:07:04:17 +0000] "GET /pages.php?items/257005837.html?srsltid=AfmBOocjwIlydLkJbzffH5EbHGLtVafow0deAL3GrVBypdAQPBop HTTP/1.0" 200 22517 "-" "Mozilla/5.0 AppleWebKit/537.36 (KHTML, like Gecko; compatible; GPTBot/1.2; +https://openai.com/gptbot)"
20.171.207.125 - - [21/Oct/2025:07:04:19 +0000] "GET /pages.php?items/032018064.html?srsltid=AfmBOomlwyhtdsBwYRxTxclZBjpZwEkPhvpAuYc4ots5Uu3soLob HTTP/1.0" 200 22163 "-" "Mozilla/5.0 AppleWebKit/537.36 (KHTML, like Gecko; compatible; GPTBot/1.2; +https://openai.com/gptbot)"
20.171.207.125 - - [21/Oct/2025:07:04:24 +0000] "GET /pages.php?items/275040337.html?srsltid=AfmBOoxdsorpaoSRtcFYSJPyNGURIMYJuJL5IgtKlztA1FPefARq HTTP/1.0" 200 23135 "-" "Mozilla/5.0 AppleWebKit/537.36 (KHTML, like Gecko; compatible; GPTBot/1.2; +https://openai.com/gptbot)"
20.171.207.125 - - [21/Oct/2025:07:04:25 +0000] "GET /pages.php?q-~76GE0wMSg35UsNyhvlQAm0oxyBeRm2XT45213/ HTTP/1.0" 200 22186 "-" "Mozilla/5.0 AppleWebKit/537.36 (KHTML, like Gecko; compatible; GPTBot/1.2; +https://openai.com/gptbot)"
20.171.207.125 - - [21/Oct/2025:07:04:27 +0000] "GET /pages.php?items/053019391.html?srsltid=AfmBOoqksZKnYHzCoPLX9tJORwiCZXhPzY1SIRonDIVhAAutewac HTTP/1.0" 200 22381 "-" "Mozilla/5.0 AppleWebKit/537.36 (KHTML, like Gecko; compatible; GPTBot/1.2; +https://openai.com/gptbot)"
20.171.207.125 - - [21/Oct/2025:07:04:28 +0000] "GET /pages.php?items/186038234.html?srsltid=AfmBOozvcWYCELXrDRQEth76UbSETJRCYTaYJRYNxzQRTfuinbXp HTTP/1.0" 200 22162 "-" "Mozilla/5.0 AppleWebKit/537.36 (KHTML, like Gecko; compatible; GPTBot/1.2; +https://openai.com/gptbot)"
20.171.207.125 - - [21/Oct/2025:07:04:29 +0000] "GET /pages.php?items/014037450.html?srsltid=AfmBOotkaWrphLKBWCnwMdPYJWZtveQiDQoYTY1qLxGGegrGf1rU HTTP/1.0" 200 22981 "-" "Mozilla/5.0 AppleWebKit/537.36 (KHTML, like Gecko; compatible; GPTBot/1.2; +https://openai.com/gptbot)"
20.171.207.125 - - [21/Oct/2025:07:04:33 +0000] "GET /pages.php?items/209006839.html?srsltid=AfmBOofvmhsNeCtBccYGOYuiQFUzdiijWnj9V0FJVpAoovg1tuOy HTTP/1.0" 200 22142 "-" "Mozilla/5.0 AppleWebKit/537.36 (KHTML, like Gecko; compatible; GPTBot/1.2; +https://openai.com/gptbot)"
20.171.207.125 - - [21/Oct/2025:07:04:37 +0000] "GET /pages.php?items/154039436.html?srsltid=AfmBOooetiAhAfkNIekoXHaPSnyJHPdJIPnaHRfLmvd7p4CCOaRI HTTP/1.0" 200 22656 "-" "Mozilla/5.0 AppleWebKit/537.36 (KHTML, like Gecko; compatible; GPTBot/1.2; +https://openai.com/gptbot)"
20.171.207.125 - - [21/Oct/2025:07:04:40 +0000] "GET /pages.php?items/156046720.html?srsltid=AfmBOokyvELWOklDrsiqbedTHLuMHnEUAXdbrvgHB0QbdY7gFa7k HTTP/1.0" 200 22779 "-" "Mozilla/5.0 AppleWebKit/537.36 (KHTML, like Gecko; compatible; GPTBot/1.2; +https://openai.com/gptbot)"
20.171.207.125 - - [21/Oct/2025:07:04:42 +0000] "GET /pages.php?items/145002711.html?srsltid=AfmBOokawprkRklCYdrTd0XdTcDvVLTeAZo0IFUiTZuVeWwz6Afd HTTP/1.0" 200 22114 "-" "Mozilla/5.0 AppleWebKit/537.36 (KHTML, like Gecko; compatible; GPTBot/1.2; +https://openai.com/gptbot)"
20.171.207.125 - - [21/Oct/2025:07:04:44 +0000] "GET /pages.php?items/011040601.html?srsltid=AfmBOoxdsorpaoSRtcFYSJPyNGURIMYJuJL5IgtKlztA1FPefARq HTTP/1.0" 200 22358 "-" "Mozilla/5.0 AppleWebKit/537.36 (KHTML, like Gecko; compatible; GPTBot/1.2; +https://openai.com/gptbot)"
20.171.207.125 - - [21/Oct/2025:07:04:46 +0000] "GET /pages.php?items/281016497.html?srsltid=AfmBOodpzqCJjonYvEfwX7cwXCRqdvarjX0EkwthfNWnGcZFwN5U HTTP/1.0" 200 22165 "-" "Mozilla/5.0 AppleWebKit/537.36 (KHTML, like Gecko; compatible; GPTBot/1.2; +https://openai.com/gptbot)"