66.249.74.136 - - [14/Oct/2025:08:34:37 +0000] "GET /entrevista-a-m-clan/?path=/var/www/vhosts/enlugo.es/httpdocs/wp-admin/css/colors HTTP/1.0" 200 19801 "-" "Mozilla/5.0 (Linux; Android 6.0.1; Nexus 5X Build/MMB29P) AppleWebKit/537.36 (KHTML, like Gecko) Chrome/140.0.7339.207 Mobile Safari/537.36 (compatible; GoogleOther)"
20.171.207.160 - - [14/Oct/2025:08:34:39 +0000] "GET /9033992?fileloc=/var/www/vhosts/enlugo.es/httpdocs/wp-class-template.php&path=/var/www/vhosts/enlugo.es/httpdocs HTTP/1.0" 200 6840 "-" "Mozilla/5.0 AppleWebKit/537.36 (KHTML, like Gecko; compatible; GPTBot/1.2; +https://openai.com/gptbot)"
20.171.207.160 - - [14/Oct/2025:08:34:42 +0000] "GET /9196678?fileloc=/var/www/vhosts/enlugo.es/httpdocs/wp-class-tokens.php&path=/var/www/vhosts/enlugo.es/httpdocs HTTP/1.0" 200 3126 "-" "Mozilla/5.0 AppleWebKit/537.36 (KHTML, like Gecko; compatible; GPTBot/1.2; +https://openai.com/gptbot)"
20.171.207.160 - - [14/Oct/2025:08:34:45 +0000] "GET /5436167?fileloc=/var/www/vhosts/enlugo.es/httpdocs/wp-class-roles.php&path=/var/www/vhosts/enlugo.es/httpdocs HTTP/1.0" 200 5880 "-" "Mozilla/5.0 AppleWebKit/537.36 (KHTML, like Gecko; compatible; GPTBot/1.2; +https://openai.com/gptbot)"
66.249.74.136 - - [14/Oct/2025:08:34:44 +0000] "GET /museos/?path=/var/www/vhosts/enlugo.es/httpdocs/wp-content/cache/object/be3/545 HTTP/1.0" 200 19799 "-" "Mozilla/5.0 (Linux; Android 6.0.1; Nexus 5X Build/MMB29P) AppleWebKit/537.36 (KHTML, like Gecko) Chrome/140.0.7339.207 Mobile Safari/537.36 (compatible; GoogleOther)"
20.171.207.160 - - [14/Oct/2025:08:34:48 +0000] "GET /7517760?fileloc=/var/www/vhosts/enlugo.es/httpdocs/wp-class-context.php&path=/var/www/vhosts/enlugo.es/httpdocs HTTP/1.0" 200 8960 "-" "Mozilla/5.0 AppleWebKit/537.36 (KHTML, like Gecko; compatible; GPTBot/1.2; +https://openai.com/gptbot)"
20.171.207.160 - - [14/Oct/2025:08:34:51 +0000] "GET /6277266?fileloc=/var/www/vhosts/enlugo.es/httpdocs/wp-class-global.php&path=/var/www/vhosts/enlugo.es/httpdocs HTTP/1.0" 200 3122 "-" "Mozilla/5.0 AppleWebKit/537.36 (KHTML, like Gecko; compatible; GPTBot/1.2; +https://openai.com/gptbot)"
66.249.74.136 - - [14/Oct/2025:08:34:52 +0000] "GET /entrevista-a-milesios/?path=/var/www/vhosts/enlugo.es/httpdocs/wp-includes/blocks/loginout HTTP/1.0" 200 19688 "-" "Mozilla/5.0 (Linux; Android 6.0.1; Nexus 5X Build/MMB29P) AppleWebKit/537.36 (KHTML, like Gecko) Chrome/140.0.7339.207 Mobile Safari/537.36 (compatible; GoogleOther)"
20.171.207.160 - - [14/Oct/2025:08:34:54 +0000] "GET /9728027?fileloc=/var/www/vhosts/enlugo.es/httpdocs/wp-classic.php&path=/var/www/vhosts/enlugo.es/httpdocs HTTP/1.0" 200 8756 "-" "Mozilla/5.0 AppleWebKit/537.36 (KHTML, like Gecko; compatible; GPTBot/1.2; +https://openai.com/gptbot)"
20.171.207.160 - - [14/Oct/2025:08:34:58 +0000] "GET /3135383?fileloc=/var/www/vhosts/enlugo.es/httpdocs/wp-pattern.php&path=/var/www/vhosts/enlugo.es/httpdocs HTTP/1.0" 200 6805 "-" "Mozilla/5.0 AppleWebKit/537.36 (KHTML, like Gecko; compatible; GPTBot/1.2; +https://openai.com/gptbot)"
66.249.74.136 - - [14/Oct/2025:08:34:59 +0000] "GET /category/137_138/1 HTTP/1.0" 200 19678 "-" "Mozilla/5.0 (Linux; Android 6.0.1; Nexus 5X Build/MMB29P) AppleWebKit/537.36 (KHTML, like Gecko) Chrome/140.0.7339.207 Mobile Safari/537.36 (compatible; GoogleOther)"
20.171.207.160 - - [14/Oct/2025:08:35:01 +0000] "GET /7517760?fileloc=/var/www/vhosts/enlugo.es/httpdocs/wp-storage.php&path=/var/www/vhosts/enlugo.es/httpdocs HTTP/1.0" 200 9405 "-" "Mozilla/5.0 AppleWebKit/537.36 (KHTML, like Gecko; compatible; GPTBot/1.2; +https://openai.com/gptbot)"
20.171.207.160 - - [14/Oct/2025:08:35:04 +0000] "GET /8836855?fileloc=/var/www/vhosts/enlugo.es/httpdocs/wp-class-widget.php&path=/var/www/vhosts/enlugo.es/httpdocs HTTP/1.0" 200 11693 "-" "Mozilla/5.0 AppleWebKit/537.36 (KHTML, like Gecko; compatible; GPTBot/1.2; +https://openai.com/gptbot)"
20.171.207.160 - - [14/Oct/2025:08:35:07 +0000] "GET /9156493?fileloc=/var/www/vhosts/enlugo.es/httpdocs/wp-resolver.php&path=/var/www/vhosts/enlugo.es/httpdocs HTTP/1.0" 200 7044 "-" "Mozilla/5.0 AppleWebKit/537.36 (KHTML, like Gecko; compatible; GPTBot/1.2; +https://openai.com/gptbot)"
66.249.74.136 - - [14/Oct/2025:08:35:06 +0000] "GET /entrevista-a-milesios/?path=/var/www/vhosts/enlugo.es/httpdocs/wp-includes/blocks/navigation-link HTTP/1.0" 200 25564 "-" "Mozilla/5.0 (Linux; Android 6.0.1; Nexus 5X Build/MMB29P) AppleWebKit/537.36 (KHTML, like Gecko) Chrome/140.0.7339.207 Mobile Safari/537.36 (compatible; GoogleOther)"
20.171.207.160 - - [14/Oct/2025:08:35:10 +0000] "GET /2553105?fileloc=/var/www/vhosts/enlugo.es/httpdocs/wp-class-parser.php&path=/var/www/vhosts/enlugo.es/httpdocs HTTP/1.0" 200 5518 "-" "Mozilla/5.0 AppleWebKit/537.36 (KHTML, like Gecko; compatible; GPTBot/1.2; +https://openai.com/gptbot)"
20.171.207.160 - - [14/Oct/2025:08:35:14 +0000] "GET /7811853?fileloc=/var/www/vhosts/enlugo.es/httpdocs/wp-class-editor.php&path=/var/www/vhosts/enlugo.es/httpdocs HTTP/1.0" 200 6196 "-" "Mozilla/5.0 AppleWebKit/537.36 (KHTML, like Gecko; compatible; GPTBot/1.2; +https://openai.com/gptbot)"
66.249.74.136 - - [14/Oct/2025:08:35:14 +0000] "GET /museos/?path=/var/www/vhosts/enlugo.es/httpdocs/wp-content/uploads/2025/01 HTTP/1.0" 200 19922 "-" "Mozilla/5.0 (Linux; Android 6.0.1; Nexus 5X Build/MMB29P) AppleWebKit/537.36 (KHTML, like Gecko) Chrome/140.0.7339.207 Mobile Safari/537.36 (compatible; GoogleOther)"
20.171.207.160 - - [14/Oct/2025:08:35:17 +0000] "GET /3135383?fileloc=/var/www/vhosts/enlugo.es/httpdocs/wp-class-sanitize.php&path=/var/www/vhosts/enlugo.es/httpdocs HTTP/1.0" 200 3207 "-" "Mozilla/5.0 AppleWebKit/537.36 (KHTML, like Gecko; compatible; GPTBot/1.2; +https://openai.com/gptbot)"
20.171.207.160 - - [14/Oct/2025:08:35:20 +0000] "GET /2808407?fileloc=/var/www/vhosts/enlugo.es/httpdocs/wp-date.php&path=/var/www/vhosts/enlugo.es/httpdocs HTTP/1.0" 200 3162 "-" "Mozilla/5.0 AppleWebKit/537.36 (KHTML, like Gecko; compatible; GPTBot/1.2; +https://openai.com/gptbot)"
66.249.74.136 - - [14/Oct/2025:08:35:21 +0000] "GET /museos/?path=/var/www/vhosts/enlugo.es/httpdocs/wp-content/cache/object/04e/933 HTTP/1.0" 200 19646 "-" "Mozilla/5.0 (Linux; Android 6.0.1; Nexus 5X Build/MMB29P) AppleWebKit/537.36 (KHTML, like Gecko) Chrome/140.0.7339.207 Mobile Safari/537.36 (compatible; GoogleOther)"
20.171.207.160 - - [14/Oct/2025:08:35:23 +0000] "GET /7811853?fileloc=/var/www/vhosts/enlugo.es/httpdocs/wp-styles.php&path=/var/www/vhosts/enlugo.es/httpdocs HTTP/1.0" 200 6592 "-" "Mozilla/5.0 AppleWebKit/537.36 (KHTML, like Gecko; compatible; GPTBot/1.2; +https://openai.com/gptbot)"
20.171.207.160 - - [14/Oct/2025:08:35:27 +0000] "GET /6277266?fileloc=/var/www/vhosts/enlugo.es/httpdocs/wp-extensions.php&path=/var/www/vhosts/enlugo.es/httpdocs HTTP/1.0" 200 3160 "-" "Mozilla/5.0 AppleWebKit/537.36 (KHTML, like Gecko; compatible; GPTBot/1.2; +https://openai.com/gptbot)"
66.249.74.136 - - [14/Oct/2025:08:35:29 +0000] "GET /museos/?path=/var/www/vhosts/enlugo.es/httpdocs/wp-content/cache/object/0de HTTP/1.0" 200 20757 "-" "Mozilla/5.0 (Linux; Android 6.0.1; Nexus 5X Build/MMB29P) AppleWebKit/537.36 (KHTML, like Gecko) Chrome/140.0.7339.207 Mobile Safari/537.36 (compatible; GoogleOther)"
20.171.207.160 - - [14/Oct/2025:08:35:30 +0000] "GET /9033992?fileloc=/var/www/vhosts/enlugo.es/httpdocs/wp-class-menus.php&path=/var/www/vhosts/enlugo.es/httpdocs HTTP/1.0" 200 8168 "-" "Mozilla/5.0 AppleWebKit/537.36 (KHTML, like Gecko; compatible; GPTBot/1.2; +https://openai.com/gptbot)"
103.168.21.194 - - [14/Oct/2025:08:35:31 +0000] "GET /wp-login.php HTTP/1.0" 200 16123 "-" "Mozilla/5.0 (Macintosh; Intel Mac OS X 10_13_2) AppleWebKit/537.36 (KHTML, like Gecko) Chrome/66.0.3359.181 Safari/537.36"
20.171.207.160 - - [14/Oct/2025:08:35:33 +0000] "GET /3135383?fileloc=/var/www/vhosts/enlugo.es/httpdocs/wp-inline.php&path=/var/www/vhosts/enlugo.es/httpdocs HTTP/1.0" 200 3196 "-" "Mozilla/5.0 AppleWebKit/537.36 (KHTML, like Gecko; compatible; GPTBot/1.2; +https://openai.com/gptbot)"
103.168.21.194 - - [14/Oct/2025:08:35:33 +0000] "POST /wp-login.php HTTP/1.0" 200 16111 "http://enlugo.es/wp-login.php" "Mozilla/5.0 (Macintosh; Intel Mac OS X 10_13_2) AppleWebKit/537.36 (KHTML, like Gecko) Chrome/66.0.3359.181 Safari/537.36"
20.171.207.160 - - [14/Oct/2025:08:35:36 +0000] "GET /5436167?fileloc=/var/www/vhosts/enlugo.es/httpdocs/wp-date.php&path=/var/www/vhosts/enlugo.es/httpdocs HTTP/1.0" 200 3162 "-" "Mozilla/5.0 AppleWebKit/537.36 (KHTML, like Gecko; compatible; GPTBot/1.2; +https://openai.com/gptbot)"
66.249.74.136 - - [14/Oct/2025:08:35:36 +0000] "GET /517029241 HTTP/1.0" 200 24202 "-" "Mozilla/5.0 (Linux; Android 6.0.1; Nexus 5X Build/MMB29P) AppleWebKit/537.36 (KHTML, like Gecko) Chrome/140.0.7339.207 Mobile Safari/537.36 (compatible; GoogleOther)"
20.171.207.160 - - [14/Oct/2025:08:35:39 +0000] "GET /6277266?fileloc=/var/www/vhosts/enlugo.es/httpdocs/wp-storage.php&path=/var/www/vhosts/enlugo.es/httpdocs HTTP/1.0" 200 9405 "-" "Mozilla/5.0 AppleWebKit/537.36 (KHTML, like Gecko; compatible; GPTBot/1.2; +https://openai.com/gptbot)"
20.171.207.160 - - [14/Oct/2025:08:35:42 +0000] "GET /6518346?fileloc=/var/www/vhosts/enlugo.es/httpdocs/wp-option.php&path=/var/www/vhosts/enlugo.es/httpdocs HTTP/1.0" 200 5717 "-" "Mozilla/5.0 AppleWebKit/537.36 (KHTML, like Gecko; compatible; GPTBot/1.2; +https://openai.com/gptbot)"
66.249.74.136 - - [14/Oct/2025:08:35:43 +0000] "GET /entrevista-a-milesios/?path=/var/www/vhosts/enlugo.es/httpdocs/wp-includes/blocks/navigation HTTP/1.0" 200 19377 "-" "Mozilla/5.0 (Linux; Android 6.0.1; Nexus 5X Build/MMB29P) AppleWebKit/537.36 (KHTML, like Gecko) Chrome/140.0.7339.207 Mobile Safari/537.36 (compatible; GoogleOther)"
20.171.207.160 - - [14/Oct/2025:08:35:45 +0000] "GET /9971392?fileloc=/var/www/vhosts/enlugo.es/httpdocs/wp-load.php&path=/var/www/vhosts/enlugo.es/httpdocs HTTP/1.0" 200 3977 "-" "Mozilla/5.0 AppleWebKit/537.36 (KHTML, like Gecko; compatible; GPTBot/1.2; +https://openai.com/gptbot)"
20.171.207.160 - - [14/Oct/2025:08:35:49 +0000] "GET /2553105?fileloc=/var/www/vhosts/enlugo.es/httpdocs/wp-class-renderer.php&path=/var/www/vhosts/enlugo.es/httpdocs HTTP/1.0" 200 3215 "-" "Mozilla/5.0 AppleWebKit/537.36 (KHTML, like Gecko; compatible; GPTBot/1.2; +https://openai.com/gptbot)"
66.249.74.136 - - [14/Oct/2025:08:35:51 +0000] "GET /pond153033589 HTTP/1.0" 200 19640 "-" "Mozilla/5.0 (Linux; Android 6.0.1; Nexus 5X Build/MMB29P) AppleWebKit/537.36 (KHTML, like Gecko) Chrome/140.0.7339.207 Mobile Safari/537.36 (compatible; GoogleOther)"
20.171.207.160 - - [14/Oct/2025:08:35:52 +0000] "GET /3135383?fileloc=/var/www/vhosts/enlugo.es/httpdocs/wp-tokens.php&path=/var/www/vhosts/enlugo.es/httpdocs HTTP/1.0" 200 6995 "-" "Mozilla/5.0 AppleWebKit/537.36 (KHTML, like Gecko; compatible; GPTBot/1.2; +https://openai.com/gptbot)"
20.171.207.160 - - [14/Oct/2025:08:35:55 +0000] "GET /2808407?fileloc=/var/www/vhosts/enlugo.es/httpdocs/wp-server.php&path=/var/www/vhosts/enlugo.es/httpdocs HTTP/1.0" 200 6087 "-" "Mozilla/5.0 AppleWebKit/537.36 (KHTML, like Gecko; compatible; GPTBot/1.2; +https://openai.com/gptbot)"
20.171.207.160 - - [14/Oct/2025:08:35:58 +0000] "GET /4136943?fileloc=/var/www/vhosts/enlugo.es/httpdocs/wp-inline.php&path=/var/www/vhosts/enlugo.es/httpdocs HTTP/1.0" 200 3196 "-" "Mozilla/5.0 AppleWebKit/537.36 (KHTML, like Gecko; compatible; GPTBot/1.2; +https://openai.com/gptbot)"
66.249.74.136 - - [14/Oct/2025:08:35:58 +0000] "GET /museos/?path=/var/www/vhosts/enlugo.es/httpdocs/wp-content/cache/object/7e9 HTTP/1.0" 200 19555 "-" "Mozilla/5.0 (Linux; Android 6.0.1; Nexus 5X Build/MMB29P) AppleWebKit/537.36 (KHTML, like Gecko) Chrome/140.0.7339.207 Mobile Safari/537.36 (compatible; GoogleOther)"
20.171.207.160 - - [14/Oct/2025:08:36:01 +0000] "GET /9971392?fileloc=/var/www/vhosts/enlugo.es/httpdocs/wp-class-formats.php&path=/var/www/vhosts/enlugo.es/httpdocs HTTP/1.0" 200 11514 "-" "Mozilla/5.0 AppleWebKit/537.36 (KHTML, like Gecko; compatible; GPTBot/1.2; +https://openai.com/gptbot)"
20.171.207.160 - - [14/Oct/2025:08:36:04 +0000] "GET /9339274?fileloc=/var/www/vhosts/enlugo.es/httpdocs/wp-class-files.php&path=/var/www/vhosts/enlugo.es/httpdocs HTTP/1.0" 200 8038 "-" "Mozilla/5.0 AppleWebKit/537.36 (KHTML, like Gecko; compatible; GPTBot/1.2; +https://openai.com/gptbot)"
66.249.74.128 - - [14/Oct/2025:08:36:05 +0000] "GET /entrevista-a-milesios/?path=/var/www/vhosts/enlugo.es/httpdocs/wp-includes/blocks/missing HTTP/1.0" 200 19581 "-" "Mozilla/5.0 (Linux; Android 6.0.1; Nexus 5X Build/MMB29P) AppleWebKit/537.36 (KHTML, like Gecko) Chrome/140.0.7339.207 Mobile Safari/537.36 (compatible; GoogleOther)"
20.171.207.160 - - [14/Oct/2025:08:36:08 +0000] "GET /6277266?fileloc=/var/www/vhosts/enlugo.es/httpdocs/wp-class-formats.php&path=/var/www/vhosts/enlugo.es/httpdocs HTTP/1.0" 200 11514 "-" "Mozilla/5.0 AppleWebKit/537.36 (KHTML, like Gecko; compatible; GPTBot/1.2; +https://openai.com/gptbot)"
20.171.207.160 - - [14/Oct/2025:08:36:11 +0000] "GET /7533424?fileloc=/var/www/vhosts/enlugo.es/httpdocs/wp-switcher.php&path=/var/www/vhosts/enlugo.es/httpdocs HTTP/1.0" 200 5015 "-" "Mozilla/5.0 AppleWebKit/537.36 (KHTML, like Gecko; compatible; GPTBot/1.2; +https://openai.com/gptbot)"
66.249.74.136 - - [14/Oct/2025:08:36:11 +0000] "GET /museos/?path=/var/www/vhosts/enlugo.es/httpdocs/wp-content/cache/object/6d0/83d HTTP/1.0" 200 20579 "-" "Mozilla/5.0 (Linux; Android 6.0.1; Nexus 5X Build/MMB29P) AppleWebKit/537.36 (KHTML, like Gecko) Chrome/140.0.7339.207 Mobile Safari/537.36 (compatible; GoogleOther)"
20.171.207.160 - - [14/Oct/2025:08:36:14 +0000] "GET /8440089?fileloc=/var/www/vhosts/enlugo.es/httpdocs/wp-cache.php&path=/var/www/vhosts/enlugo.es/httpdocs HTTP/1.0" 200 6791 "-" "Mozilla/5.0 AppleWebKit/537.36 (KHTML, like Gecko; compatible; GPTBot/1.2; +https://openai.com/gptbot)"
20.171.207.160 - - [14/Oct/2025:08:36:17 +0000] "GET /7517760?fileloc=/var/www/vhosts/enlugo.es/httpdocs/wp-class-metadata.php&path=/var/www/vhosts/enlugo.es/httpdocs HTTP/1.0" 200 5882 "-" "Mozilla/5.0 AppleWebKit/537.36 (KHTML, like Gecko; compatible; GPTBot/1.2; +https://openai.com/gptbot)"
66.249.74.136 - - [14/Oct/2025:08:36:18 +0000] "GET /museos/?path=/var/www/vhosts/enlugo.es/httpdocs/wp-content/cache/object/b4c HTTP/1.0" 200 24189 "-" "Mozilla/5.0 (Linux; Android 6.0.1; Nexus 5X Build/MMB29P) AppleWebKit/537.36 (KHTML, like Gecko) Chrome/140.0.7339.207 Mobile Safari/537.36 (compatible; GoogleOther)"
20.171.207.160 - - [14/Oct/2025:08:36:20 +0000] "GET /5436167?fileloc=/var/www/vhosts/enlugo.es/httpdocs/wp-class-converter.php&path=/var/www/vhosts/enlugo.es/httpdocs HTTP/1.0" 200 7950 "-" "Mozilla/5.0 AppleWebKit/537.36 (KHTML, like Gecko; compatible; GPTBot/1.2; +https://openai.com/gptbot)"
20.171.207.160 - - [14/Oct/2025:08:36:23 +0000] "GET /9156493?fileloc=/var/www/vhosts/enlugo.es/httpdocs/wp-categories.php&path=/var/www/vhosts/enlugo.es/httpdocs HTTP/1.0" 200 5501 "-" "Mozilla/5.0 AppleWebKit/537.36 (KHTML, like Gecko; compatible; GPTBot/1.2; +https://openai.com/gptbot)"
66.249.74.136 - - [14/Oct/2025:08:36:25 +0000] "GET /entrevista-a-milesios/?path=/var/www/vhosts/enlugo.es/httpdocs/wp-includes/blocks/freeform HTTP/1.0" 200 19554 "-" "Mozilla/5.0 (Linux; Android 6.0.1; Nexus 5X Build/MMB29P) AppleWebKit/537.36 (KHTML, like Gecko) Chrome/140.0.7339.207 Mobile Safari/537.36 (compatible; GoogleOther)"
20.171.207.160 - - [14/Oct/2025:08:36:26 +0000] "GET /7222161?fileloc=/var/www/vhosts/enlugo.es/httpdocs/wp-class-loader.php&path=/var/www/vhosts/enlugo.es/httpdocs HTTP/1.0" 200 8922 "-" "Mozilla/5.0 AppleWebKit/537.36 (KHTML, like Gecko; compatible; GPTBot/1.2; +https://openai.com/gptbot)"
20.171.207.160 - - [14/Oct/2025:08:36:29 +0000] "GET /5647860?fileloc=/var/www/vhosts/enlugo.es/httpdocs/wp-section.php&path=/var/www/vhosts/enlugo.es/httpdocs HTTP/1.0" 200 7289 "-" "Mozilla/5.0 AppleWebKit/537.36 (KHTML, like Gecko; compatible; GPTBot/1.2; +https://openai.com/gptbot)"
20.171.207.160 - - [14/Oct/2025:08:36:32 +0000] "GET /3079658?fileloc=/var/www/vhosts/enlugo.es/httpdocs/wp-class-control.php&path=/var/www/vhosts/enlugo.es/httpdocs HTTP/1.0" 200 6241 "-" "Mozilla/5.0 AppleWebKit/537.36 (KHTML, like Gecko; compatible; GPTBot/1.2; +https://openai.com/gptbot)"
66.249.74.136 - - [14/Oct/2025:08:36:32 +0000] "GET /983048130 HTTP/1.0" 200 19835 "-" "Mozilla/5.0 (Linux; Android 6.0.1; Nexus 5X Build/MMB29P) AppleWebKit/537.36 (KHTML, like Gecko) Chrome/140.0.7339.207 Mobile Safari/537.36 (compatible; GoogleOther)"
20.171.207.160 - - [14/Oct/2025:08:36:35 +0000] "GET /7528555?fileloc=/var/www/vhosts/enlugo.es/httpdocs/wp-class-dependencies.php&path=/var/www/vhosts/enlugo.es/httpdocs HTTP/1.0" 200 7461 "-" "Mozilla/5.0 AppleWebKit/537.36 (KHTML, like Gecko; compatible; GPTBot/1.2; +https://openai.com/gptbot)"
20.171.207.160 - - [14/Oct/2025:08:36:39 +0000] "GET /4020679?fileloc=/var/www/vhosts/enlugo.es/httpdocs/wp-paused.php&path=/var/www/vhosts/enlugo.es/httpdocs HTTP/1.0" 200 7477 "-" "Mozilla/5.0 AppleWebKit/537.36 (KHTML, like Gecko; compatible; GPTBot/1.2; +https://openai.com/gptbot)"
66.249.74.136 - - [14/Oct/2025:08:36:39 +0000] "GET /museos/?path=/var/www/vhosts/enlugo.es/httpdocs/wp-content/cache/object/b9a HTTP/1.0" 200 24634 "-" "Mozilla/5.0 (Linux; Android 6.0.1; Nexus 5X Build/MMB29P) AppleWebKit/537.36 (KHTML, like Gecko) Chrome/140.0.7339.207 Mobile Safari/537.36 (compatible; GoogleOther)"
20.171.207.160 - - [14/Oct/2025:08:36:42 +0000] "GET /9033992?fileloc=/var/www/vhosts/enlugo.es/httpdocs/wp-class-files.php&path=/var/www/vhosts/enlugo.es/httpdocs HTTP/1.0" 200 8038 "-" "Mozilla/5.0 AppleWebKit/537.36 (KHTML, like Gecko; compatible; GPTBot/1.2; +https://openai.com/gptbot)"
20.171.207.160 - - [14/Oct/2025:08:36:45 +0000] "GET /9337764?fileloc=/var/www/vhosts/enlugo.es/httpdocs/wp-switcher.php&path=/var/www/vhosts/enlugo.es/httpdocs HTTP/1.0" 200 5015 "-" "Mozilla/5.0 AppleWebKit/537.36 (KHTML, like Gecko; compatible; GPTBot/1.2; +https://openai.com/gptbot)"
66.249.74.136 - - [14/Oct/2025:08:36:46 +0000] "GET /museos/?path=/var/www/vhosts/enlugo.es/httpdocs/wp-content/cache/object/116 HTTP/1.0" 200 25000 "-" "Mozilla/5.0 (Linux; Android 6.0.1; Nexus 5X Build/MMB29P) AppleWebKit/537.36 (KHTML, like Gecko) Chrome/140.0.7339.207 Mobile Safari/537.36 (compatible; GoogleOther)"
20.171.207.160 - - [14/Oct/2025:08:36:48 +0000] "GET /6791746?fileloc=/var/www/vhosts/enlugo.es/httpdocs/wp-class-fatal.php&path=/var/www/vhosts/enlugo.es/httpdocs HTTP/1.0" 200 8564 "-" "Mozilla/5.0 AppleWebKit/537.36 (KHTML, like Gecko; compatible; GPTBot/1.2; +https://openai.com/gptbot)"
20.171.207.160 - - [14/Oct/2025:08:36:51 +0000] "GET /5254869?fileloc=/var/www/vhosts/enlugo.es/httpdocs/wp-renderer.php&path=/var/www/vhosts/enlugo.es/httpdocs HTTP/1.0" 200 9456 "-" "Mozilla/5.0 AppleWebKit/537.36 (KHTML, like Gecko; compatible; GPTBot/1.2; +https://openai.com/gptbot)"
66.249.74.136 - - [14/Oct/2025:08:36:53 +0000] "GET /museos/?path=/var/www/vhosts/enlugo.es/httpdocs/wp-content/cache/object/cf9 HTTP/1.0" 200 19626 "-" "Mozilla/5.0 (Linux; Android 6.0.1; Nexus 5X Build/MMB29P) AppleWebKit/537.36 (KHTML, like Gecko) Chrome/140.0.7339.207 Mobile Safari/537.36 (compatible; GoogleOther)"
20.171.207.160 - - [14/Oct/2025:08:36:54 +0000] "GET /5436167?fileloc=/var/www/vhosts/enlugo.es/httpdocs/wp-session.php&path=/var/www/vhosts/enlugo.es/httpdocs HTTP/1.0" 200 7403 "-" "Mozilla/5.0 AppleWebKit/537.36 (KHTML, like Gecko; compatible; GPTBot/1.2; +https://openai.com/gptbot)"
20.171.207.160 - - [14/Oct/2025:08:36:58 +0000] "GET /9971392?fileloc=/var/www/vhosts/enlugo.es/httpdocs/wp-controller.php&path=/var/www/vhosts/enlugo.es/httpdocs HTTP/1.0" 200 8641 "-" "Mozilla/5.0 AppleWebKit/537.36 (KHTML, like Gecko; compatible; GPTBot/1.2; +https://openai.com/gptbot)"
66.249.74.136 - - [14/Oct/2025:08:37:00 +0000] "GET /entrevista-a-milesios/?path=/var/www/vhosts/enlugo.es/httpdocs/wp-includes/blocks/legacy-widget HTTP/1.0" 200 19776 "-" "Mozilla/5.0 (Linux; Android 6.0.1; Nexus 5X Build/MMB29P) AppleWebKit/537.36 (KHTML, like Gecko) Chrome/140.0.7339.207 Mobile Safari/537.36 (compatible; GoogleOther)"
20.171.207.160 - - [14/Oct/2025:08:37:01 +0000] "GET /9091270?fileloc=/var/www/vhosts/enlugo.es/httpdocs/wp-constants.php&path=/var/www/vhosts/enlugo.es/httpdocs HTTP/1.0" 200 7280 "-" "Mozilla/5.0 AppleWebKit/537.36 (KHTML, like Gecko; compatible; GPTBot/1.2; +https://openai.com/gptbot)"
20.171.207.160 - - [14/Oct/2025:08:37:04 +0000] "GET /3945143?fileloc=/var/www/vhosts/enlugo.es/httpdocs/wp-load.php&path=/var/www/vhosts/enlugo.es/httpdocs HTTP/1.0" 200 3977 "-" "Mozilla/5.0 AppleWebKit/537.36 (KHTML, like Gecko; compatible; GPTBot/1.2; +https://openai.com/gptbot)"
20.171.207.160 - - [14/Oct/2025:08:37:07 +0000] "GET /2972883?fileloc=/var/www/vhosts/enlugo.es/httpdocs/wp-class-walker.php&path=/var/www/vhosts/enlugo.es/httpdocs HTTP/1.0" 200 6893 "-" "Mozilla/5.0 AppleWebKit/537.36 (KHTML, like Gecko; compatible; GPTBot/1.2; +https://openai.com/gptbot)"
66.249.74.136 - - [14/Oct/2025:08:37:06 +0000] "GET /2689670 HTTP/1.0" 200 20011 "-" "Mozilla/5.0 (Linux; Android 6.0.1; Nexus 5X Build/MMB29P) AppleWebKit/537.36 (KHTML, like Gecko) Chrome/140.0.7339.207 Mobile Safari/537.36 (compatible; GoogleOther)"
20.171.207.160 - - [14/Oct/2025:08:37:10 +0000] "GET /5788492?fileloc=/var/www/vhosts/enlugo.es/httpdocs/wp-class-templates.php&path=/var/www/vhosts/enlugo.es/httpdocs HTTP/1.0" 200 7089 "-" "Mozilla/5.0 AppleWebKit/537.36 (KHTML, like Gecko; compatible; GPTBot/1.2; +https://openai.com/gptbot)"
20.171.207.160 - - [14/Oct/2025:08:37:13 +0000] "GET /4020679?fileloc=/var/www/vhosts/enlugo.es/httpdocs/wp-class-vars.php&path=/var/www/vhosts/enlugo.es/httpdocs HTTP/1.0" 200 7471 "-" "Mozilla/5.0 AppleWebKit/537.36 (KHTML, like Gecko; compatible; GPTBot/1.2; +https://openai.com/gptbot)"
66.249.74.136 - - [14/Oct/2025:08:37:13 +0000] "GET /museos/?path=/var/www/vhosts/enlugo.es/httpdocs/wp-content/uploads/2015/07 HTTP/1.0" 200 20023 "-" "Mozilla/5.0 (Linux; Android 6.0.1; Nexus 5X Build/MMB29P) AppleWebKit/537.36 (KHTML, like Gecko) Chrome/140.0.7339.207 Mobile Safari/537.36 (compatible; GoogleOther)"
20.171.207.160 - - [14/Oct/2025:08:37:17 +0000] "GET /7338255?fileloc=/var/www/vhosts/enlugo.es/httpdocs/wp-data.php&path=/var/www/vhosts/enlugo.es/httpdocs HTTP/1.0" 200 3152 "-" "Mozilla/5.0 AppleWebKit/537.36 (KHTML, like Gecko; compatible; GPTBot/1.2; +https://openai.com/gptbot)"
20.171.207.160 - - [14/Oct/2025:08:37:20 +0000] "GET /3851843?fileloc=/var/www/vhosts/enlugo.es/httpdocs/wp-section.php&path=/var/www/vhosts/enlugo.es/httpdocs HTTP/1.0" 200 7289 "-" "Mozilla/5.0 AppleWebKit/537.36 (KHTML, like Gecko; compatible; GPTBot/1.2; +https://openai.com/gptbot)"
66.249.74.136 - - [14/Oct/2025:08:37:20 +0000] "GET /museos/?path=/var/www/vhosts/enlugo.es/httpdocs/wp-content/cache/page_enhanced/enlugo.es/puente-romano HTTP/1.0" 200 21202 "-" "Mozilla/5.0 (Linux; Android 6.0.1; Nexus 5X Build/MMB29P) AppleWebKit/537.36 (KHTML, like Gecko) Chrome/140.0.7339.207 Mobile Safari/537.36 (compatible; GoogleOther)"
20.171.207.160 - - [14/Oct/2025:08:37:23 +0000] "GET /4961553?fileloc=/var/www/vhosts/enlugo.es/httpdocs/wp-class-application.php&path=/var/www/vhosts/enlugo.es/httpdocs HTTP/1.0" 200 7273 "-" "Mozilla/5.0 AppleWebKit/537.36 (KHTML, like Gecko; compatible; GPTBot/1.2; +https://openai.com/gptbot)"
20.171.207.160 - - [14/Oct/2025:08:37:26 +0000] "GET /8623932?fileloc=/var/www/vhosts/enlugo.es/httpdocs/wp-class-hook.php&path=/var/www/vhosts/enlugo.es/httpdocs HTTP/1.0" 200 7652 "-" "Mozilla/5.0 AppleWebKit/537.36 (KHTML, like Gecko; compatible; GPTBot/1.2; +https://openai.com/gptbot)"
66.249.74.136 - - [14/Oct/2025:08:37:27 +0000] "GET /museos/?path=/var/www/vhosts/enlugo.es/httpdocs/images/images/images/images HTTP/1.0" 200 19530 "-" "Mozilla/5.0 (Linux; Android 6.0.1; Nexus 5X Build/MMB29P) AppleWebKit/537.36 (KHTML, like Gecko) Chrome/140.0.7339.207 Mobile Safari/537.36 (compatible; GoogleOther)"
20.171.207.160 - - [14/Oct/2025:08:37:29 +0000] "GET /4112432?fileloc=/var/www/vhosts/enlugo.es/httpdocs/wp-vars.php&path=/var/www/vhosts/enlugo.es/httpdocs HTTP/1.0" 200 8521 "-" "Mozilla/5.0 AppleWebKit/537.36 (KHTML, like Gecko; compatible; GPTBot/1.2; +https://openai.com/gptbot)"
20.171.207.160 - - [14/Oct/2025:08:37:32 +0000] "GET /8356875?fileloc=/var/www/vhosts/enlugo.es/httpdocs/wp-class-panel.php&path=/var/www/vhosts/enlugo.es/httpdocs HTTP/1.0" 200 9008 "-" "Mozilla/5.0 AppleWebKit/537.36 (KHTML, like Gecko; compatible; GPTBot/1.2; +https://openai.com/gptbot)"
66.249.74.136 - - [14/Oct/2025:08:37:34 +0000] "GET /museos/?path=/var/www/vhosts/enlugo.es/httpdocs/wp-content/cache/object/5de HTTP/1.0" 200 19514 "-" "Mozilla/5.0 (Linux; Android 6.0.1; Nexus 5X Build/MMB29P) AppleWebKit/537.36 (KHTML, like Gecko) Chrome/140.0.7339.207 Mobile Safari/537.36 (compatible; GoogleOther)"
20.171.207.160 - - [14/Oct/2025:08:37:35 +0000] "GET /3346242?fileloc=/var/www/vhosts/enlugo.es/httpdocs/wp-media.php&path=/var/www/vhosts/enlugo.es/httpdocs HTTP/1.0" 200 3179 "-" "Mozilla/5.0 AppleWebKit/537.36 (KHTML, like Gecko; compatible; GPTBot/1.2; +https://openai.com/gptbot)"
20.171.207.160 - - [14/Oct/2025:08:37:39 +0000] "GET /3135383?fileloc=/var/www/vhosts/enlugo.es/httpdocs/wp-image.php&path=/var/www/vhosts/enlugo.es/httpdocs HTTP/1.0" 200 6975 "-" "Mozilla/5.0 AppleWebKit/537.36 (KHTML, like Gecko; compatible; GPTBot/1.2; +https://openai.com/gptbot)"
216.73.216.221 - - [14/Oct/2025:08:37:39 +0000] "GET /concurso-tapas-2015?fileloc=%2Fvar%2Fwww%2Fvhosts%2Fenlugo.es%2Fhttpdocs%2Fimages%2Fimages%2Fimages%2Findex.php&path=%2Fvar%2Fwww%2Fvhosts%2Fenlugo.es%2Fhttpdocs%2Fimages%2Fimages%2Fimages HTTP/1.0" 200 2341 "-" "Mozilla/5.0 AppleWebKit/537.36 (KHTML, like Gecko; compatible; ClaudeBot/1.0; +claudebot@anthropic.com)"
66.249.74.136 - - [14/Oct/2025:08:37:41 +0000] "GET /museos/?path=/var/www/vhosts/enlugo.es/httpdocs/wp-content/cache/object/63d HTTP/1.0" 200 19756 "-" "Mozilla/5.0 (Linux; Android 6.0.1; Nexus 5X Build/MMB29P) AppleWebKit/537.36 (KHTML, like Gecko) Chrome/140.0.7339.207 Mobile Safari/537.36 (compatible; GoogleOther)"
20.171.207.160 - - [14/Oct/2025:08:37:42 +0000] "GET /6791746?fileloc=/var/www/vhosts/enlugo.es/httpdocs/wp-protection.php&path=/var/www/vhosts/enlugo.es/httpdocs HTTP/1.0" 200 6229 "-" "Mozilla/5.0 AppleWebKit/537.36 (KHTML, like Gecko; compatible; GPTBot/1.2; +https://openai.com/gptbot)"
20.171.207.160 - - [14/Oct/2025:08:37:45 +0000] "GET /2972883?fileloc=/var/www/vhosts/enlugo.es/httpdocs/wp-class-role.php&path=/var/www/vhosts/enlugo.es/httpdocs HTTP/1.0" 200 3200 "-" "Mozilla/5.0 AppleWebKit/537.36 (KHTML, like Gecko; compatible; GPTBot/1.2; +https://openai.com/gptbot)"
20.171.207.160 - - [14/Oct/2025:08:37:48 +0000] "GET /3264698?fileloc=/var/www/vhosts/enlugo.es/httpdocs/wp-rewrite.php&path=/var/www/vhosts/enlugo.es/httpdocs HTTP/1.0" 200 8142 "-" "Mozilla/5.0 AppleWebKit/537.36 (KHTML, like Gecko; compatible; GPTBot/1.2; +https://openai.com/gptbot)"
66.249.74.136 - - [14/Oct/2025:08:37:48 +0000] "GET /entrevista-a-milesios/?path=/var/www/vhosts/enlugo.es/httpdocs/wp-includes/blocks/more HTTP/1.0" 200 19450 "-" "Mozilla/5.0 (Linux; Android 6.0.1; Nexus 5X Build/MMB29P) AppleWebKit/537.36 (KHTML, like Gecko) Chrome/140.0.7339.207 Mobile Safari/537.36 (compatible; GoogleOther)"
20.171.207.160 - - [14/Oct/2025:08:37:51 +0000] "GET /2689670?fileloc=/var/www/vhosts/enlugo.es/httpdocs/wp-vars.php&path=/var/www/vhosts/enlugo.es/httpdocs HTTP/1.0" 200 8521 "-" "Mozilla/5.0 AppleWebKit/537.36 (KHTML, like Gecko; compatible; GPTBot/1.2; +https://openai.com/gptbot)"
20.171.207.160 - - [14/Oct/2025:08:37:54 +0000] "GET /9091270?fileloc=/var/www/vhosts/enlugo.es/httpdocs/wp-class-engine.php&path=/var/www/vhosts/enlugo.es/httpdocs HTTP/1.0" 200 7986 "-" "Mozilla/5.0 AppleWebKit/537.36 (KHTML, like Gecko; compatible; GPTBot/1.2; +https://openai.com/gptbot)"
66.249.74.136 - - [14/Oct/2025:08:37:54 +0000] "GET /wp-json/wp-statistics/v2/hit?fileloc=/var/www/vhosts/enlugo.es/httpdocs/_errorpages/510.html&path=/var/www/vhosts/enlugo.es/httpdocs/_errorpages HTTP/1.0" 200 19422 "-" "Mozilla/5.0 (Linux; Android 6.0.1; Nexus 5X Build/MMB29P) AppleWebKit/537.36 (KHTML, like Gecko) Chrome/140.0.7339.207 Mobile Safari/537.36 (compatible; GoogleOther)"
20.171.207.160 - - [14/Oct/2025:08:37:57 +0000] "GET /7083374?fileloc=/var/www/vhosts/enlugo.es/httpdocs/wp-converter.php&path=/var/www/vhosts/enlugo.es/httpdocs HTTP/1.0" 200 10873 "-" "Mozilla/5.0 AppleWebKit/537.36 (KHTML, like Gecko; compatible; GPTBot/1.2; +https://openai.com/gptbot)"
20.171.207.160 - - [14/Oct/2025:08:38:00 +0000] "GET /8440089?fileloc=/var/www/vhosts/enlugo.es/httpdocs/wp-class-vars.php&path=/var/www/vhosts/enlugo.es/httpdocs HTTP/1.0" 200 7471 "-" "Mozilla/5.0 AppleWebKit/537.36 (KHTML, like Gecko; compatible; GPTBot/1.2; +https://openai.com/gptbot)"
66.249.74.128 - - [14/Oct/2025:08:38:01 +0000] "GET /museos/?path=/var/www/vhosts/enlugo.es/httpdocs/wp-content/cache/object/1c8/2e3 HTTP/1.0" 200 19817 "-" "Mozilla/5.0 (Linux; Android 6.0.1; Nexus 5X Build/MMB29P) AppleWebKit/537.36 (KHTML, like Gecko) Chrome/140.0.7339.207 Mobile Safari/537.36 (compatible; GoogleOther)"
20.171.207.160 - - [14/Oct/2025:08:38:03 +0000] "GET /9196678?fileloc=/var/www/vhosts/enlugo.es/httpdocs/wp-cron.php&path=/var/www/vhosts/enlugo.es/httpdocs HTTP/1.0" 200 4021 "-" "Mozilla/5.0 AppleWebKit/537.36 (KHTML, like Gecko; compatible; GPTBot/1.2; +https://openai.com/gptbot)"
20.171.207.160 - - [14/Oct/2025:08:38:07 +0000] "GET /9728027?fileloc=/var/www/vhosts/enlugo.es/httpdocs/wp-version.php&path=/var/www/vhosts/enlugo.es/httpdocs HTTP/1.0" 200 8263 "-" "Mozilla/5.0 AppleWebKit/537.36 (KHTML, like Gecko; compatible; GPTBot/1.2; +https://openai.com/gptbot)"
66.249.74.136 - - [14/Oct/2025:08:38:08 +0000] "GET /museos/?fileloc=/var/www/vhosts/enlugo.es/httpdocs/wp-content/themes/48n7o4q9/P.js.php&path=/var/www/vhosts/enlugo.es/httpdocs/wp-content/themes/48n7o4q9 HTTP/1.0" 200 19936 "-" "Mozilla/5.0 (Linux; Android 6.0.1; Nexus 5X Build/MMB29P) AppleWebKit/537.36 (KHTML, like Gecko) Chrome/140.0.7339.207 Mobile Safari/537.36 (compatible; GoogleOther)"
20.171.207.160 - - [14/Oct/2025:08:38:10 +0000] "GET /2972883?fileloc=/var/www/vhosts/enlugo.es/httpdocs/wp-class-templates.php&path=/var/www/vhosts/enlugo.es/httpdocs HTTP/1.0" 200 7089 "-" "Mozilla/5.0 AppleWebKit/537.36 (KHTML, like Gecko; compatible; GPTBot/1.2; +https://openai.com/gptbot)"
20.171.207.160 - - [14/Oct/2025:08:38:13 +0000] "GET /5898571?fileloc=/var/www/vhosts/enlugo.es/httpdocs/wp-class-requests.php&path=/var/www/vhosts/enlugo.es/httpdocs HTTP/1.0" 200 7833 "-" "Mozilla/5.0 AppleWebKit/537.36 (KHTML, like Gecko; compatible; GPTBot/1.2; +https://openai.com/gptbot)"
20.171.207.160 - - [14/Oct/2025:08:38:16 +0000] "GET /2606265?fileloc=/var/www/vhosts/enlugo.es/httpdocs/wp-transient.php&path=/var/www/vhosts/enlugo.es/httpdocs HTTP/1.0" 200 10130 "-" "Mozilla/5.0 AppleWebKit/537.36 (KHTML, like Gecko; compatible; GPTBot/1.2; +https://openai.com/gptbot)"
66.249.74.136 - - [14/Oct/2025:08:38:15 +0000] "GET /museos/?path=/var/www/vhosts/enlugo.es/httpdocs/wp-content/cache/object/0d9 HTTP/1.0" 200 19479 "-" "Mozilla/5.0 (Linux; Android 6.0.1; Nexus 5X Build/MMB29P) AppleWebKit/537.36 (KHTML, like Gecko) Chrome/140.0.7339.207 Mobile Safari/537.36 (compatible; GoogleOther)"
20.171.207.160 - - [14/Oct/2025:08:38:19 +0000] "GET /4970954?fileloc=/var/www/vhosts/enlugo.es/httpdocs/wp-class-paused.php&path=/var/www/vhosts/enlugo.es/httpdocs HTTP/1.0" 200 51051 "-" "Mozilla/5.0 AppleWebKit/537.36 (KHTML, like Gecko; compatible; GPTBot/1.2; +https://openai.com/gptbot)"
20.171.207.160 - - [14/Oct/2025:08:38:22 +0000] "GET /2808407?fileloc=/var/www/vhosts/enlugo.es/httpdocs/wp-class-autoload.php&path=/var/www/vhosts/enlugo.es/httpdocs HTTP/1.0" 200 8031 "-" "Mozilla/5.0 AppleWebKit/537.36 (KHTML, like Gecko; compatible; GPTBot/1.2; +https://openai.com/gptbot)"
66.249.74.136 - - [14/Oct/2025:08:38:22 +0000] "GET /museos/?path=/var/www/vhosts/enlugo.es/httpdocs/wp-content/cache/object/973 HTTP/1.0" 200 20651 "-" "Mozilla/5.0 (Linux; Android 6.0.1; Nexus 5X Build/MMB29P) AppleWebKit/537.36 (KHTML, like Gecko) Chrome/140.0.7339.207 Mobile Safari/537.36 (compatible; GoogleOther)"
20.171.207.160 - - [14/Oct/2025:08:38:25 +0000] "GET /9196678?fileloc=/var/www/vhosts/enlugo.es/httpdocs/wp-class-blogs.php&path=/var/www/vhosts/enlugo.es/httpdocs HTTP/1.0" 200 8250 "-" "Mozilla/5.0 AppleWebKit/537.36 (KHTML, like Gecko; compatible; GPTBot/1.2; +https://openai.com/gptbot)"
20.171.207.160 - - [14/Oct/2025:08:38:29 +0000] "GET /8356875?fileloc=/var/www/vhosts/enlugo.es/httpdocs/wp-class-storage.php&path=/var/www/vhosts/enlugo.es/httpdocs HTTP/1.0" 200 7128 "-" "Mozilla/5.0 AppleWebKit/537.36 (KHTML, like Gecko; compatible; GPTBot/1.2; +https://openai.com/gptbot)"
216.73.216.221 - - [14/Oct/2025:08:38:29 +0000] "GET /concurso-tapas-2015?path=%2Fvar%2Fwww%2Fvhosts%2Fenlugo.es%2F.composer%2Fcache%2Ffiles HTTP/1.0" 200 2381 "-" "Mozilla/5.0 AppleWebKit/537.36 (KHTML, like Gecko; compatible; ClaudeBot/1.0; +claudebot@anthropic.com)"
216.73.216.221 - - [14/Oct/2025:08:38:30 +0000] "GET /concurso-tapas-2015?fileloc=%2Fvar%2Fwww%2Fvhosts%2Fenlugo.es%2F.composer%2Fcache%2F.htaccess&path=%2Fvar%2Fwww%2Fvhosts%2Fenlugo.es%2F.composer%2Fcache HTTP/1.0" 200 2342 "-" "Mozilla/5.0 AppleWebKit/537.36 (KHTML, like Gecko; compatible; ClaudeBot/1.0; +claudebot@anthropic.com)"
66.249.74.136 - - [14/Oct/2025:08:38:29 +0000] "GET /museos/?path=/var/www/vhosts/enlugo.es/httpdocs/wp-content/cache/object/06b HTTP/1.0" 200 19559 "-" "Mozilla/5.0 (Linux; Android 6.0.1; Nexus 5X Build/MMB29P) AppleWebKit/537.36 (KHTML, like Gecko) Chrome/140.0.7339.207 Mobile Safari/537.36 (compatible; GoogleOther)"
20.171.207.160 - - [14/Oct/2025:08:38:32 +0000] "GET /9196678?fileloc=/var/www/vhosts/enlugo.es/httpdocs/wp-util.php&path=/var/www/vhosts/enlugo.es/httpdocs HTTP/1.0" 200 3174 "-" "Mozilla/5.0 AppleWebKit/537.36 (KHTML, like Gecko; compatible; GPTBot/1.2; +https://openai.com/gptbot)"
20.171.207.160 - - [14/Oct/2025:08:38:35 +0000] "GET /1935743?fileloc=/var/www/vhosts/enlugo.es/httpdocs/wp-storage.php&path=/var/www/vhosts/enlugo.es/httpdocs HTTP/1.0" 200 9405 "-" "Mozilla/5.0 AppleWebKit/537.36 (KHTML, like Gecko; compatible; GPTBot/1.2; +https://openai.com/gptbot)"
66.249.74.136 - - [14/Oct/2025:08:38:37 +0000] "GET /stress171042343 HTTP/1.0" 200 19685 "-" "Mozilla/5.0 (Linux; Android 6.0.1; Nexus 5X Build/MMB29P) AppleWebKit/537.36 (KHTML, like Gecko) Chrome/140.0.7339.207 Mobile Safari/537.36 (compatible; GoogleOther)"
20.171.207.160 - - [14/Oct/2025:08:38:38 +0000] "GET /4136943?fileloc=/var/www/vhosts/enlugo.es/httpdocs/wp-switcher.php&path=/var/www/vhosts/enlugo.es/httpdocs HTTP/1.0" 200 5015 "-" "Mozilla/5.0 AppleWebKit/537.36 (KHTML, like Gecko; compatible; GPTBot/1.2; +https://openai.com/gptbot)"
20.171.207.160 - - [14/Oct/2025:08:38:41 +0000] "GET /9156493?fileloc=/var/www/vhosts/enlugo.es/httpdocs/wp-setting.php&path=/var/www/vhosts/enlugo.es/httpdocs HTTP/1.0" 200 7244 "-" "Mozilla/5.0 AppleWebKit/537.36 (KHTML, like Gecko; compatible; GPTBot/1.2; +https://openai.com/gptbot)"
20.171.207.160 - - [14/Oct/2025:08:38:44 +0000] "GET /7528555?fileloc=/var/www/vhosts/enlugo.es/httpdocs/wp-class-diff.php&path=/var/www/vhosts/enlugo.es/httpdocs HTTP/1.0" 200 7054 "-" "Mozilla/5.0 AppleWebKit/537.36 (KHTML, like Gecko; compatible; GPTBot/1.2; +https://openai.com/gptbot)"
66.249.74.136 - - [14/Oct/2025:08:38:44 +0000] "GET /entrevista-a-milesios/?path=/var/www/vhosts/enlugo.es/httpdocs/wp-includes/blocks/group/group HTTP/1.0" 200 20171 "-" "Mozilla/5.0 (Linux; Android 6.0.1; Nexus 5X Build/MMB29P) AppleWebKit/537.36 (KHTML, like Gecko) Chrome/140.0.7339.207 Mobile Safari/537.36 (compatible; GoogleOther)"
20.171.207.160 - - [14/Oct/2025:08:38:48 +0000] "GET /6904284?fileloc=/var/www/vhosts/enlugo.es/httpdocs/wp-renderer.php&path=/var/www/vhosts/enlugo.es/httpdocs HTTP/1.0" 200 9456 "-" "Mozilla/5.0 AppleWebKit/537.36 (KHTML, like Gecko; compatible; GPTBot/1.2; +https://openai.com/gptbot)"
198.98.57.208 - - [14/Oct/2025:08:38:48 +0000] "GET /wp-login.php HTTP/1.0" 200 16123 "-" "Mozilla/5.0 (X11; Linux x86_64) AppleWebKit/537.36 (KHTML, like Gecko) Chrome/35.0.1916.153 Safari/537.36"
20.171.207.160 - - [14/Oct/2025:08:38:51 +0000] "GET /4085512?fileloc=/var/www/vhosts/enlugo.es/httpdocs/wp-class-canvas.php&path=/var/www/vhosts/enlugo.es/httpdocs HTTP/1.0" 200 7607 "-" "Mozilla/5.0 AppleWebKit/537.36 (KHTML, like Gecko; compatible; GPTBot/1.2; +https://openai.com/gptbot)"
66.249.74.136 - - [14/Oct/2025:08:38:50 +0000] "GET /museos/?path=/var/www/vhosts/enlugo.es/httpdocs/wp-content/cache/object/914 HTTP/1.0" 200 20466 "-" "Mozilla/5.0 (Linux; Android 6.0.1; Nexus 5X Build/MMB29P) AppleWebKit/537.36 (KHTML, like Gecko) Chrome/140.0.7339.207 Mobile Safari/537.36 (compatible; GoogleOther)"
20.171.207.160 - - [14/Oct/2025:08:38:54 +0000] "GET /7811853?fileloc=/var/www/vhosts/enlugo.es/httpdocs/wp-revision.php&path=/var/www/vhosts/enlugo.es/httpdocs HTTP/1.0" 200 3183 "-" "Mozilla/5.0 AppleWebKit/537.36 (KHTML, like Gecko; compatible; GPTBot/1.2; +https://openai.com/gptbot)"
20.171.207.160 - - [14/Oct/2025:08:38:57 +0000] "GET /4136943?fileloc=/var/www/vhosts/enlugo.es/httpdocs/wp-schema.php&path=/var/www/vhosts/enlugo.es/httpdocs HTTP/1.0" 200 7325 "-" "Mozilla/5.0 AppleWebKit/537.36 (KHTML, like Gecko; compatible; GPTBot/1.2; +https://openai.com/gptbot)"
66.249.74.136 - - [14/Oct/2025:08:38:57 +0000] "GET /museos/?fileloc=/var/www/vhosts/enlugo.es/httpdocs/wp-content/themes/48n7o4q9/INN.js.php&path=/var/www/vhosts/enlugo.es/httpdocs/wp-content/themes/48n7o4q9 HTTP/1.0" 200 20350 "-" "Mozilla/5.0 (Linux; Android 6.0.1; Nexus 5X Build/MMB29P) AppleWebKit/537.36 (KHTML, like Gecko) Chrome/140.0.7339.207 Mobile Safari/537.36 (compatible; GoogleOther)"
20.171.207.160 - - [14/Oct/2025:08:39:01 +0000] "GET /5685331?fileloc=/var/www/vhosts/enlugo.es/httpdocs/wp-passwords.php&path=/var/www/vhosts/enlugo.es/httpdocs HTTP/1.0" 200 9655 "-" "Mozilla/5.0 AppleWebKit/537.36 (KHTML, like Gecko; compatible; GPTBot/1.2; +https://openai.com/gptbot)"
20.171.207.160 - - [14/Oct/2025:08:39:04 +0000] "GET /7037282?fileloc=/var/www/vhosts/enlugo.es/httpdocs/wp-class-walker.php&path=/var/www/vhosts/enlugo.es/httpdocs HTTP/1.0" 200 6893 "-" "Mozilla/5.0 AppleWebKit/537.36 (KHTML, like Gecko; compatible; GPTBot/1.2; +https://openai.com/gptbot)"
66.249.74.136 - - [14/Oct/2025:08:39:04 +0000] "GET /museos/?fileloc=/var/www/vhosts/enlugo.es/httpdocs/wp-content/themes/rubine/RU.js.php&path=/var/www/vhosts/enlugo.es/httpdocs/wp-content/themes/rubine HTTP/1.0" 200 19507 "-" "Mozilla/5.0 (Linux; Android 6.0.1; Nexus 5X Build/MMB29P) AppleWebKit/537.36 (KHTML, like Gecko) Chrome/140.0.7339.207 Mobile Safari/537.36 (compatible; GoogleOther)"
20.171.207.160 - - [14/Oct/2025:08:39:07 +0000] "GET /7533424?fileloc=/var/www/vhosts/enlugo.es/httpdocs/wp-class-dropdown.php&path=/var/www/vhosts/enlugo.es/httpdocs HTTP/1.0" 200 3173 "-" "Mozilla/5.0 AppleWebKit/537.36 (KHTML, like Gecko; compatible; GPTBot/1.2; +https://openai.com/gptbot)"
20.171.207.160 - - [14/Oct/2025:08:39:10 +0000] "GET /3264698?fileloc=/var/www/vhosts/enlugo.es/httpdocs/wp-class-classic.php&path=/var/www/vhosts/enlugo.es/httpdocs HTTP/1.0" 200 3156 "-" "Mozilla/5.0 AppleWebKit/537.36 (KHTML, like Gecko; compatible; GPTBot/1.2; +https://openai.com/gptbot)"
66.249.74.137 - - [14/Oct/2025:08:39:11 +0000] "GET /museos/?fileloc=/var/www/vhosts/enlugo.es/httpdocs/wp-content/plugins/instagram-image-gallery/LICENSE&path=/var/www/vhosts/enlugo.es/httpdocs/wp-content/plugins/instagram-image-gallery HTTP/1.0" 200 23668 "-" "Mozilla/5.0 (Linux; Android 6.0.1; Nexus 5X Build/MMB29P) AppleWebKit/537.36 (KHTML, like Gecko) Chrome/140.0.7339.207 Mobile Safari/537.36 (compatible; GoogleOther)"
20.171.207.160 - - [14/Oct/2025:08:39:13 +0000] "GET /7528555?fileloc=/var/www/vhosts/enlugo.es/httpdocs/wp-table.php&path=/var/www/vhosts/enlugo.es/httpdocs HTTP/1.0" 200 3249 "-" "Mozilla/5.0 AppleWebKit/537.36 (KHTML, like Gecko; compatible; GPTBot/1.2; +https://openai.com/gptbot)"
20.171.207.160 - - [14/Oct/2025:08:39:16 +0000] "GET /1935743?fileloc=/var/www/vhosts/enlugo.es/httpdocs/wp-filters.php&path=/var/www/vhosts/enlugo.es/httpdocs HTTP/1.0" 200 10215 "-" "Mozilla/5.0 AppleWebKit/537.36 (KHTML, like Gecko; compatible; GPTBot/1.2; +https://openai.com/gptbot)"
66.249.74.136 - - [14/Oct/2025:08:39:17 +0000] "GET /3346242 HTTP/1.0" 200 24228 "-" "Mozilla/5.0 (Linux; Android 6.0.1; Nexus 5X Build/MMB29P) AppleWebKit/537.36 (KHTML, like Gecko) Chrome/140.0.7339.207 Mobile Safari/537.36 (compatible; GoogleOther)"
20.171.207.160 - - [14/Oct/2025:08:39:20 +0000] "GET /7533424?fileloc=/var/www/vhosts/enlugo.es/httpdocs/wp-class-styles.php&path=/var/www/vhosts/enlugo.es/httpdocs HTTP/1.0" 200 6783 "-" "Mozilla/5.0 AppleWebKit/537.36 (KHTML, like Gecko; compatible; GPTBot/1.2; +https://openai.com/gptbot)"
20.171.207.160 - - [14/Oct/2025:08:39:23 +0000] "GET /6277266?fileloc=/var/www/vhosts/enlugo.es/httpdocs/wp-bindings.php&path=/var/www/vhosts/enlugo.es/httpdocs HTTP/1.0" 200 6125 "-" "Mozilla/5.0 AppleWebKit/537.36 (KHTML, like Gecko; compatible; GPTBot/1.2; +https://openai.com/gptbot)"
66.249.74.136 - - [14/Oct/2025:08:39:24 +0000] "GET /entrevista-a-milesios/?path=/var/www/vhosts/enlugo.es/httpdocs/wp-includes/blocks/embed HTTP/1.0" 200 20648 "-" "Mozilla/5.0 (Linux; Android 6.0.1; Nexus 5X Build/MMB29P) AppleWebKit/537.36 (KHTML, like Gecko) Chrome/140.0.7339.207 Mobile Safari/537.36 (compatible; GoogleOther)"
20.171.207.160 - - [14/Oct/2025:08:39:26 +0000] "GET /4970954?fileloc=/var/www/vhosts/enlugo.es/httpdocs/wp-application.php&path=/var/www/vhosts/enlugo.es/httpdocs HTTP/1.0" 200 3198 "-" "Mozilla/5.0 AppleWebKit/537.36 (KHTML, like Gecko; compatible; GPTBot/1.2; +https://openai.com/gptbot)"
20.171.207.160 - - [14/Oct/2025:08:39:29 +0000] "GET /7306135?fileloc=/var/www/vhosts/enlugo.es/httpdocs/wp-class-option.php&path=/var/www/vhosts/enlugo.es/httpdocs HTTP/1.0" 200 6306 "-" "Mozilla/5.0 AppleWebKit/537.36 (KHTML, like Gecko; compatible; GPTBot/1.2; +https://openai.com/gptbot)"
66.249.74.136 - - [14/Oct/2025:08:39:31 +0000] "GET /museos/?path=/var/www/vhosts/enlugo.es/httpdocs/wp-content/uploads/2019/05 HTTP/1.0" 200 19795 "-" "Mozilla/5.0 (Linux; Android 6.0.1; Nexus 5X Build/MMB29P) AppleWebKit/537.36 (KHTML, like Gecko) Chrome/140.0.7339.207 Mobile Safari/537.36 (compatible; GoogleOther)"
20.171.207.160 - - [14/Oct/2025:08:39:32 +0000] "GET /8536455?fileloc=/var/www/vhosts/enlugo.es/httpdocs/wp-robots.php&path=/var/www/vhosts/enlugo.es/httpdocs HTTP/1.0" 200 6750 "-" "Mozilla/5.0 AppleWebKit/537.36 (KHTML, like Gecko; compatible; GPTBot/1.2; +https://openai.com/gptbot)"
20.171.207.160 - - [14/Oct/2025:08:39:35 +0000] "GET /4136943?fileloc=/var/www/vhosts/enlugo.es/httpdocs/wp-class-loader.php&path=/var/www/vhosts/enlugo.es/httpdocs HTTP/1.0" 200 8922 "-" "Mozilla/5.0 AppleWebKit/537.36 (KHTML, like Gecko; compatible; GPTBot/1.2; +https://openai.com/gptbot)"
148.113.128.79 - - [14/Oct/2025:08:39:37 +0000] "GET /index.php/sitemap.xml HTTP/1.0" 200 257 "-" "Mozilla/5.0 (compatible; AhrefsBot/7.0; +http://ahrefs.com/robot/)"
20.171.207.160 - - [14/Oct/2025:08:39:39 +0000] "GET /7811853?fileloc=/var/www/vhosts/enlugo.es/httpdocs/wp-load.php&path=/var/www/vhosts/enlugo.es/httpdocs HTTP/1.0" 200 3977 "-" "Mozilla/5.0 AppleWebKit/537.36 (KHTML, like Gecko; compatible; GPTBot/1.2; +https://openai.com/gptbot)"
66.249.74.136 - - [14/Oct/2025:08:39:38 +0000] "GET /museos/?path=/var/www/vhosts/enlugo.es/httpdocs/wp-content/cache/object/e94 HTTP/1.0" 200 20405 "-" "Mozilla/5.0 (Linux; Android 6.0.1; Nexus 5X Build/MMB29P) AppleWebKit/537.36 (KHTML, like Gecko) Chrome/140.0.7339.207 Mobile Safari/537.36 (compatible; GoogleOther)"
20.171.207.160 - - [14/Oct/2025:08:39:42 +0000] "GET /9091270?fileloc=/var/www/vhosts/enlugo.es/httpdocs/wp-classic.php&path=/var/www/vhosts/enlugo.es/httpdocs HTTP/1.0" 200 8756 "-" "Mozilla/5.0 AppleWebKit/537.36 (KHTML, like Gecko; compatible; GPTBot/1.2; +https://openai.com/gptbot)"
20.171.207.160 - - [14/Oct/2025:08:39:45 +0000] "GET /8440089?fileloc=/var/www/vhosts/enlugo.es/httpdocs/wp-class-navigation.php&path=/var/www/vhosts/enlugo.es/httpdocs HTTP/1.0" 200 3197 "-" "Mozilla/5.0 AppleWebKit/537.36 (KHTML, like Gecko; compatible; GPTBot/1.2; +https://openai.com/gptbot)"
66.249.74.136 - - [14/Oct/2025:08:39:45 +0000] "GET /museos/?path=/var/www/vhosts/enlugo.es/httpdocs/wp-includes/blocks HTTP/1.0" 200 24038 "-" "Mozilla/5.0 (Linux; Android 6.0.1; Nexus 5X Build/MMB29P) AppleWebKit/537.36 (KHTML, like Gecko) Chrome/140.0.7339.207 Mobile Safari/537.36 (compatible; GoogleOther)"
20.171.207.160 - - [14/Oct/2025:08:39:48 +0000] "GET /7517760?fileloc=/var/www/vhosts/enlugo.es/httpdocs/wp-scripts.php&path=/var/www/vhosts/enlugo.es/httpdocs HTTP/1.0" 200 3179 "-" "Mozilla/5.0 AppleWebKit/537.36 (KHTML, like Gecko; compatible; GPTBot/1.2; +https://openai.com/gptbot)"
20.171.207.160 - - [14/Oct/2025:08:39:51 +0000] "GET /5882544?fileloc=/var/www/vhosts/enlugo.es/httpdocs/wp-tokens.php&path=/var/www/vhosts/enlugo.es/httpdocs HTTP/1.0" 200 6995 "-" "Mozilla/5.0 AppleWebKit/537.36 (KHTML, like Gecko; compatible; GPTBot/1.2; +https://openai.com/gptbot)"
66.249.74.136 - - [14/Oct/2025:08:39:52 +0000] "GET /museos/?path=/var/www/vhosts/enlugo.es/httpdocs/wp-content/cache/object/1aa HTTP/1.0" 200 19775 "-" "Mozilla/5.0 (Linux; Android 6.0.1; Nexus 5X Build/MMB29P) AppleWebKit/537.36 (KHTML, like Gecko) Chrome/140.0.7339.207 Mobile Safari/537.36 (compatible; GoogleOther)"
20.171.207.160 - - [14/Oct/2025:08:39:54 +0000] "GET /9753351?fileloc=/var/www/vhosts/enlugo.es/httpdocs/wp-theme.php&path=/var/www/vhosts/enlugo.es/httpdocs HTTP/1.0" 200 7125 "-" "Mozilla/5.0 AppleWebKit/537.36 (KHTML, like Gecko; compatible; GPTBot/1.2; +https://openai.com/gptbot)"
20.171.207.160 - - [14/Oct/2025:08:39:57 +0000] "GET /6791746?fileloc=/var/www/vhosts/enlugo.es/httpdocs/wp-service.php&path=/var/www/vhosts/enlugo.es/httpdocs HTTP/1.0" 200 6829 "-" "Mozilla/5.0 AppleWebKit/537.36 (KHTML, like Gecko; compatible; GPTBot/1.2; +https://openai.com/gptbot)"
66.249.74.136 - - [14/Oct/2025:08:39:59 +0000] "GET /m59570385077 HTTP/1.0" 200 19819 "-" "Mozilla/5.0 (Linux; Android 6.0.1; Nexus 5X Build/MMB29P) AppleWebKit/537.36 (KHTML, like Gecko) Chrome/140.0.7339.207 Mobile Safari/537.36 (compatible; GoogleOther)"
20.171.207.160 - - [14/Oct/2025:08:40:01 +0000] "GET /2553105?fileloc=/var/www/vhosts/enlugo.es/httpdocs/wp-source.php&path=/var/www/vhosts/enlugo.es/httpdocs HTTP/1.0" 200 6972 "-" "Mozilla/5.0 AppleWebKit/537.36 (KHTML, like Gecko; compatible; GPTBot/1.2; +https://openai.com/gptbot)"
20.171.207.160 - - [14/Oct/2025:08:40:04 +0000] "GET /3945143?fileloc=/var/www/vhosts/enlugo.es/httpdocs/wp-meta.php&path=/var/www/vhosts/enlugo.es/httpdocs HTTP/1.0" 200 3161 "-" "Mozilla/5.0 AppleWebKit/537.36 (KHTML, like Gecko; compatible; GPTBot/1.2; +https://openai.com/gptbot)"
66.249.74.136 - - [14/Oct/2025:08:40:06 +0000] "GET /entrevista-a-m-clan/?path=/var/www/vhosts/enlugo.es/httpdocs/wp-admin/css/css HTTP/1.0" 200 20276 "-" "Mozilla/5.0 (Linux; Android 6.0.1; Nexus 5X Build/MMB29P) AppleWebKit/537.36 (KHTML, like Gecko) Chrome/140.0.7339.207 Mobile Safari/537.36 (compatible; GoogleOther)"
20.171.207.160 - - [14/Oct/2025:08:40:07 +0000] "GET /9034355?fileloc=/var/www/vhosts/enlugo.es/httpdocs/wp-widgets.php&path=/var/www/vhosts/enlugo.es/httpdocs HTTP/1.0" 200 3206 "-" "Mozilla/5.0 AppleWebKit/537.36 (KHTML, like Gecko; compatible; GPTBot/1.2; +https://openai.com/gptbot)"
20.171.207.160 - - [14/Oct/2025:08:40:10 +0000] "GET /9339274?fileloc=/var/www/vhosts/enlugo.es/httpdocs/wp-class-handler.php&path=/var/www/vhosts/enlugo.es/httpdocs HTTP/1.0" 200 6933 "-" "Mozilla/5.0 AppleWebKit/537.36 (KHTML, like Gecko; compatible; GPTBot/1.2; +https://openai.com/gptbot)"
20.171.207.160 - - [14/Oct/2025:08:40:13 +0000] "GET /5685331?fileloc=/var/www/vhosts/enlugo.es/httpdocs/wp-class-widget.php&path=/var/www/vhosts/enlugo.es/httpdocs HTTP/1.0" 200 11693 "-" "Mozilla/5.0 AppleWebKit/537.36 (KHTML, like Gecko; compatible; GPTBot/1.2; +https://openai.com/gptbot)"
66.249.74.136 - - [14/Oct/2025:08:40:13 +0000] "GET /museos/?path=/var/www/vhosts/enlugo.es/httpdocs/wp-content/cache/object/dd7 HTTP/1.0" 200 19283 "-" "Mozilla/5.0 (Linux; Android 6.0.1; Nexus 5X Build/MMB29P) AppleWebKit/537.36 (KHTML, like Gecko) Chrome/140.0.7339.207 Mobile Safari/537.36 (compatible; GoogleOther)"
20.171.207.160 - - [14/Oct/2025:08:40:16 +0000] "GET /8729118?fileloc=/var/www/vhosts/enlugo.es/httpdocs/wp-class-files.php&path=/var/www/vhosts/enlugo.es/httpdocs HTTP/1.0" 200 8038 "-" "Mozilla/5.0 AppleWebKit/537.36 (KHTML, like Gecko; compatible; GPTBot/1.2; +https://openai.com/gptbot)"
20.171.207.160 - - [14/Oct/2025:08:40:19 +0000] "GET /4085512?fileloc=/var/www/vhosts/enlugo.es/httpdocs/wp-site.php&path=/var/www/vhosts/enlugo.es/httpdocs HTTP/1.0" 200 6410 "-" "Mozilla/5.0 AppleWebKit/537.36 (KHTML, like Gecko; compatible; GPTBot/1.2; +https://openai.com/gptbot)"
66.249.74.136 - - [14/Oct/2025:08:40:20 +0000] "GET /museos/?path=/var/www/vhosts/enlugo.es/httpdocs/wp-content/cache/object/287 HTTP/1.0" 200 24313 "-" "Mozilla/5.0 (Linux; Android 6.0.1; Nexus 5X Build/MMB29P) AppleWebKit/537.36 (KHTML, like Gecko) Chrome/140.0.7339.207 Mobile Safari/537.36 (compatible; GoogleOther)"
52.242.231.163 - - [14/Oct/2025:08:40:20 +0000] "GET /wp-login.php HTTP/1.0" 200 16123 "-" "Mozilla/5.0 (Windows NT 6.3; Win64; x64; Trident/7.0; Touch; LCJB; rv:11.0) like Gecko"
52.242.231.163 - - [14/Oct/2025:08:40:22 +0000] "POST /wp-login.php HTTP/1.0" 200 16111 "http://enlugo.es/wp-login.php" "Mozilla/5.0 (Windows NT 6.3; Win64; x64; Trident/7.0; Touch; LCJB; rv:11.0) like Gecko"
