66.249.74.136 - - [14/Oct/2025:10:20:24 +0000] "GET /wp-json/wp-statistics/v2/hit?fileloc=/var/www/vhosts/enlugo.es/httpdocs/wp-admin/includes/upgrade.php&path=/var/www/vhosts/enlugo.es/httpdocs/wp-admin/includes HTTP/1.0" 200 20469 "-" "Mozilla/5.0 (Linux; Android 6.0.1; Nexus 5X Build/MMB29P) AppleWebKit/537.36 (KHTML, like Gecko) Chrome/140.0.7339.207 Mobile Safari/537.36 (compatible; GoogleOther)"
20.171.207.160 - - [14/Oct/2025:10:20:29 +0000] "GET /shop/customer/bookmark_guest.aspx HTTP/1.0" 200 11699 "-" "Mozilla/5.0 AppleWebKit/537.36 (KHTML, like Gecko; compatible; GPTBot/1.2; +https://openai.com/gptbot)"
66.249.74.136 - - [14/Oct/2025:10:20:32 +0000] "GET /museos/?path=/var/www/vhosts/enlugo.es/httpdocs/wp-content/cache/object/8ee HTTP/1.0" 200 19661 "-" "Mozilla/5.0 (Linux; Android 6.0.1; Nexus 5X Build/MMB29P) AppleWebKit/537.36 (KHTML, like Gecko) Chrome/140.0.7339.207 Mobile Safari/537.36 (compatible; GoogleOther)"
20.171.207.160 - - [14/Oct/2025:10:20:36 +0000] "GET /pages.php?contents/renga/ HTTP/1.0" 200 20225 "-" "Mozilla/5.0 AppleWebKit/537.36 (KHTML, like Gecko; compatible; GPTBot/1.2; +https://openai.com/gptbot)"
66.249.74.136 - - [14/Oct/2025:10:20:40 +0000] "GET /museos/?path=/var/www/vhosts/enlugo.es/httpdocs/wp-content/cache/object/9c8 HTTP/1.0" 200 19188 "-" "Mozilla/5.0 (Linux; Android 6.0.1; Nexus 5X Build/MMB29P) AppleWebKit/537.36 (KHTML, like Gecko) Chrome/140.0.7339.207 Mobile Safari/537.36 (compatible; GoogleOther)"
66.249.74.136 - - [14/Oct/2025:10:20:47 +0000] "GET /museos/?path=/var/www/vhosts/enlugo.es/httpdocs/wp-content/cache/object/a19 HTTP/1.0" 200 20230 "-" "Mozilla/5.0 (Linux; Android 6.0.1; Nexus 5X Build/MMB29P) AppleWebKit/537.36 (KHTML, like Gecko) Chrome/140.0.7339.207 Mobile Safari/537.36 (compatible; GoogleOther)"
20.171.207.160 - - [14/Oct/2025:10:20:50 +0000] "GET /shop/customer/bookmark_guest.aspx?fileloc=/var/www/vhosts/enlugo.es/httpdocs/wp-class-revision.php&path=/var/www/vhosts/enlugo.es/httpdocs HTTP/1.0" 200 7617 "-" "Mozilla/5.0 AppleWebKit/537.36 (KHTML, like Gecko; compatible; GPTBot/1.2; +https://openai.com/gptbot)"
20.171.207.160 - - [14/Oct/2025:10:20:54 +0000] "GET /674401466?path=/var HTTP/1.0" 200 2308 "-" "Mozilla/5.0 AppleWebKit/537.36 (KHTML, like Gecko; compatible; GPTBot/1.2; +https://openai.com/gptbot)"
66.249.74.136 - - [14/Oct/2025:10:20:55 +0000] "GET /museos/?fileloc=/var/www/vhosts/enlugo.es/httpdocs/wp-content/themes/rubine/EB.js.php&path=/var/www/vhosts/enlugo.es/httpdocs/wp-content/themes/rubine HTTP/1.0" 200 20028 "-" "Mozilla/5.0 (Linux; Android 6.0.1; Nexus 5X Build/MMB29P) AppleWebKit/537.36 (KHTML, like Gecko) Chrome/140.0.7339.207 Mobile Safari/537.36 (compatible; GoogleOther)"
20.171.207.160 - - [14/Oct/2025:10:20:58 +0000] "GET /594010551?path=/var HTTP/1.0" 200 2308 "-" "Mozilla/5.0 AppleWebKit/537.36 (KHTML, like Gecko; compatible; GPTBot/1.2; +https://openai.com/gptbot)"
20.171.207.160 - - [14/Oct/2025:10:21:01 +0000] "GET /shop/customer/bookmark_guest.aspx?fileloc=/var/www/vhosts/enlugo.es/httpdocs/wp-registration.php&path=/var/www/vhosts/enlugo.es/httpdocs HTTP/1.0" 200 6453 "-" "Mozilla/5.0 AppleWebKit/537.36 (KHTML, like Gecko; compatible; GPTBot/1.2; +https://openai.com/gptbot)"
66.249.74.137 - - [14/Oct/2025:10:21:03 +0000] "GET /wp-json/wp-statistics/v2/hit?fileloc=/var/www/vhosts/enlugo.es/httpdocs/wp-admin/options-permalink.php&path=/var/www/vhosts/enlugo.es/httpdocs/wp-admin HTTP/1.0" 200 19789 "-" "Mozilla/5.0 (Linux; Android 6.0.1; Nexus 5X Build/MMB29P) AppleWebKit/537.36 (KHTML, like Gecko) Chrome/140.0.7339.207 Mobile Safari/537.36 (compatible; GoogleOther)"
20.171.207.160 - - [14/Oct/2025:10:21:05 +0000] "GET /496349976?path=/var HTTP/1.0" 200 2308 "-" "Mozilla/5.0 AppleWebKit/537.36 (KHTML, like Gecko; compatible; GPTBot/1.2; +https://openai.com/gptbot)"
20.171.207.160 - - [14/Oct/2025:10:21:08 +0000] "GET /247545595?path=/var HTTP/1.0" 200 2308 "-" "Mozilla/5.0 AppleWebKit/537.36 (KHTML, like Gecko; compatible; GPTBot/1.2; +https://openai.com/gptbot)"
20.171.207.160 - - [14/Oct/2025:10:21:11 +0000] "GET /632346611?path=/var HTTP/1.0" 200 2308 "-" "Mozilla/5.0 AppleWebKit/537.36 (KHTML, like Gecko; compatible; GPTBot/1.2; +https://openai.com/gptbot)"
66.249.74.137 - - [14/Oct/2025:10:21:10 +0000] "GET /ridiculous173028319 HTTP/1.0" 200 19772 "-" "Mozilla/5.0 (Linux; Android 6.0.1; Nexus 5X Build/MMB29P) AppleWebKit/537.36 (KHTML, like Gecko) Chrome/140.0.7339.207 Mobile Safari/537.36 (compatible; GoogleOther)"
69.197.149.50 - - [14/Oct/2025:10:19:46 +0000] "GET /wp-content/imfdafab/edit.php?id=397538 HTTP/1.0" 200 176 "http://enlugo.es/wp-content/imfdafab/edit.php?id=397538" "Mozilla/5.0 (Windows NT 10.0; Win64; x64) AppleWebKit/537.36 (KHTML, like Gecko) Chrome/58.0.3029.110 Safari/537.3"
20.171.207.160 - - [14/Oct/2025:10:21:14 +0000] "GET /789849414?path=/var HTTP/1.0" 200 2308 "-" "Mozilla/5.0 AppleWebKit/537.36 (KHTML, like Gecko; compatible; GPTBot/1.2; +https://openai.com/gptbot)"
20.171.207.160 - - [14/Oct/2025:10:21:17 +0000] "GET /852853258?path=/var HTTP/1.0" 200 2308 "-" "Mozilla/5.0 AppleWebKit/537.36 (KHTML, like Gecko; compatible; GPTBot/1.2; +https://openai.com/gptbot)"
66.249.74.136 - - [14/Oct/2025:10:21:18 +0000] "GET /museos/?fileloc=/var/www/vhosts/enlugo.es/httpdocs/wp-content/themes/48n7o4q9/AH.js.php&path=/var/www/vhosts/enlugo.es/httpdocs/wp-content/themes/48n7o4q9 HTTP/1.0" 200 19499 "-" "Mozilla/5.0 (Linux; Android 6.0.1; Nexus 5X Build/MMB29P) AppleWebKit/537.36 (KHTML, like Gecko) Chrome/140.0.7339.207 Mobile Safari/537.36 (compatible; GoogleOther)"
20.171.207.160 - - [14/Oct/2025:10:21:20 +0000] "GET /182812062?path=/var HTTP/1.0" 200 2308 "-" "Mozilla/5.0 AppleWebKit/537.36 (KHTML, like Gecko; compatible; GPTBot/1.2; +https://openai.com/gptbot)"
20.171.207.160 - - [14/Oct/2025:10:21:23 +0000] "GET /information/privacy_policy.html?path=/var/www/vhosts/enlugo.es/httpdocs/cache HTTP/1.0" 200 10331 "-" "Mozilla/5.0 AppleWebKit/537.36 (KHTML, like Gecko; compatible; GPTBot/1.2; +https://openai.com/gptbot)"
66.249.74.136 - - [14/Oct/2025:10:21:25 +0000] "GET /museos/?path=/var/www/vhosts/enlugo.es/httpdocs/wp-content/uploads/2016/09 HTTP/1.0" 200 19706 "-" "Mozilla/5.0 (Linux; Android 6.0.1; Nexus 5X Build/MMB29P) AppleWebKit/537.36 (KHTML, like Gecko) Chrome/140.0.7339.207 Mobile Safari/537.36 (compatible; GoogleOther)"
20.171.207.160 - - [14/Oct/2025:10:21:27 +0000] "GET /498894349?path=/var HTTP/1.0" 200 2308 "-" "Mozilla/5.0 AppleWebKit/537.36 (KHTML, like Gecko; compatible; GPTBot/1.2; +https://openai.com/gptbot)"
20.171.207.160 - - [14/Oct/2025:10:21:30 +0000] "GET /568669188?path=/var HTTP/1.0" 200 2308 "-" "Mozilla/5.0 AppleWebKit/537.36 (KHTML, like Gecko; compatible; GPTBot/1.2; +https://openai.com/gptbot)"
66.249.74.136 - - [14/Oct/2025:10:21:32 +0000] "GET /museos/?fileloc=/var/www/vhosts/enlugo.es/httpdocs/wp-content/themes/rubine/W.js.php&path=/var/www/vhosts/enlugo.es/httpdocs/wp-content/themes/rubine HTTP/1.0" 200 20056 "-" "Mozilla/5.0 (Linux; Android 6.0.1; Nexus 5X Build/MMB29P) AppleWebKit/537.36 (KHTML, like Gecko) Chrome/140.0.7339.207 Mobile Safari/537.36 (compatible; GoogleOther)"
20.171.207.160 - - [14/Oct/2025:10:21:33 +0000] "GET /316352166?path=/var HTTP/1.0" 200 2308 "-" "Mozilla/5.0 AppleWebKit/537.36 (KHTML, like Gecko; compatible; GPTBot/1.2; +https://openai.com/gptbot)"
20.171.207.160 - - [14/Oct/2025:10:21:36 +0000] "GET /125251915?path=/var HTTP/1.0" 200 2308 "-" "Mozilla/5.0 AppleWebKit/537.36 (KHTML, like Gecko; compatible; GPTBot/1.2; +https://openai.com/gptbot)"
20.171.207.160 - - [14/Oct/2025:10:21:39 +0000] "GET /information/privacy_policy.html?fileloc=/var/www/vhosts/enlugo.es/httpdocs/cache/wp-class-files.php&path=/var/www/vhosts/enlugo.es/httpdocs/cache HTTP/1.0" 200 8974 "-" "Mozilla/5.0 AppleWebKit/537.36 (KHTML, like Gecko; compatible; GPTBot/1.2; +https://openai.com/gptbot)"
66.249.74.136 - - [14/Oct/2025:10:21:39 +0000] "GET /museos/?path=/var/www/vhosts/enlugo.es/httpdocs/wp-content/cache/object/890 HTTP/1.0" 200 19719 "-" "Mozilla/5.0 (Linux; Android 6.0.1; Nexus 5X Build/MMB29P) AppleWebKit/537.36 (KHTML, like Gecko) Chrome/140.0.7339.207 Mobile Safari/537.36 (compatible; GoogleOther)"
20.171.207.160 - - [14/Oct/2025:10:21:42 +0000] "GET /715461155?path=/var HTTP/1.0" 200 2308 "-" "Mozilla/5.0 AppleWebKit/537.36 (KHTML, like Gecko; compatible; GPTBot/1.2; +https://openai.com/gptbot)"
20.171.207.160 - - [14/Oct/2025:10:21:46 +0000] "GET /information/privacy_policy.html?fileloc=/var/www/vhosts/enlugo.es/httpdocs/cache/wp-canonical.php&path=/var/www/vhosts/enlugo.es/httpdocs/cache HTTP/1.0" 200 70483 "-" "Mozilla/5.0 AppleWebKit/537.36 (KHTML, like Gecko; compatible; GPTBot/1.2; +https://openai.com/gptbot)"
66.249.74.136 - - [14/Oct/2025:10:21:48 +0000] "GET /drum090004888 HTTP/1.0" 200 19905 "-" "Mozilla/5.0 (Linux; Android 6.0.1; Nexus 5X Build/MMB29P) AppleWebKit/537.36 (KHTML, like Gecko) Chrome/140.0.7339.207 Mobile Safari/537.36 (compatible; GoogleOther)"
20.171.207.160 - - [14/Oct/2025:10:21:49 +0000] "GET /shop/customer/entry.aspx HTTP/1.0" 200 11699 "-" "Mozilla/5.0 AppleWebKit/537.36 (KHTML, like Gecko; compatible; GPTBot/1.2; +https://openai.com/gptbot)"
162.144.234.153 - - [14/Oct/2025:10:21:55 +0000] "POST /xmlrpc.php HTTP/1.0" 403 1258 "-" "Mozilla/5.0 (compatible; MSIE 10.0; Windows NT 6.1; WOW64; Trident/7.0)"
20.171.207.160 - - [14/Oct/2025:10:21:55 +0000] "GET /information/privacy_policy.html?path=/var/www/vhosts/enlugo.es/httpdocs/cache/cache HTTP/1.0" 200 2657 "-" "Mozilla/5.0 AppleWebKit/537.36 (KHTML, like Gecko; compatible; GPTBot/1.2; +https://openai.com/gptbot)"
66.249.74.136 - - [14/Oct/2025:10:21:56 +0000] "GET /wp-json/wp-statistics/v2/hit?fileloc=/var/www/vhosts/enlugo.es/httpdocs/wp-admin/media-upload.php&path=/var/www/vhosts/enlugo.es/httpdocs/wp-admin HTTP/1.0" 200 19643 "-" "Mozilla/5.0 (Linux; Android 6.0.1; Nexus 5X Build/MMB29P) AppleWebKit/537.36 (KHTML, like Gecko) Chrome/140.0.7339.207 Mobile Safari/537.36 (compatible; GoogleOther)"
162.144.234.153 - - [14/Oct/2025:10:22:04 +0000] "POST /xmlrpc.php HTTP/1.0" 403 1258 "-" "Mozilla/5.0 (compatible; MSIE 10.0; Windows NT 6.1; WOW64; Trident/7.0)"
66.249.74.137 - - [14/Oct/2025:10:22:04 +0000] "GET /museos/?path=/var/www/vhosts/enlugo.es/httpdocs/wp-content/cache/object/552 HTTP/1.0" 200 20229 "-" "Mozilla/5.0 (Linux; Android 6.0.1; Nexus 5X Build/MMB29P) AppleWebKit/537.36 (KHTML, like Gecko) Chrome/140.0.7339.207 Mobile Safari/537.36 (compatible; GoogleOther)"
162.144.234.153 - - [14/Oct/2025:10:22:09 +0000] "POST /xmlrpc.php HTTP/1.0" 403 1258 "-" "Mozilla/5.0 (compatible; MSIE 10.0; Windows NT 6.1; WOW64; Trident/7.0)"
66.249.74.137 - - [14/Oct/2025:10:22:11 +0000] "GET /wp-json/wp-statistics/v2/hit?fileloc=/var/www/vhosts/enlugo.es/httpdocs/wp-admin/media-upload.php&path=/var/www/vhosts/enlugo.es/httpdocs/wp-admin HTTP/1.0" 200 19686 "-" "Mozilla/5.0 (Linux; Android 6.0.1; Nexus 5X Build/MMB29P) AppleWebKit/537.36 (KHTML, like Gecko) Chrome/140.0.7339.207 Mobile Safari/537.36 (compatible; Googlebot/2.1; +http://www.google.com/bot.html)"
66.249.74.137 - - [14/Oct/2025:10:22:13 +0000] "GET /museos/?path=/var/www/vhosts/enlugo.es/httpdocs/wp-content/cache/object/133 HTTP/1.0" 200 25513 "-" "Mozilla/5.0 (Linux; Android 6.0.1; Nexus 5X Build/MMB29P) AppleWebKit/537.36 (KHTML, like Gecko) Chrome/140.0.7339.207 Mobile Safari/537.36 (compatible; GoogleOther)"
162.144.234.153 - - [14/Oct/2025:10:22:16 +0000] "POST /xmlrpc.php HTTP/1.0" 403 1258 "-" "Mozilla/5.0 (compatible; MSIE 10.0; Windows NT 6.1; WOW64; Trident/7.0)"
20.171.207.160 - - [14/Oct/2025:10:22:20 +0000] "GET /pages.php?934555905 HTTP/1.0" 200 21132 "-" "Mozilla/5.0 AppleWebKit/537.36 (KHTML, like Gecko; compatible; GPTBot/1.2; +https://openai.com/gptbot)"
66.249.74.136 - - [14/Oct/2025:10:22:21 +0000] "GET /museos/?path=/var/www/vhosts/enlugo.es/httpdocs/wp-content/cache/object/3d0 HTTP/1.0" 200 24534 "-" "Mozilla/5.0 (Linux; Android 6.0.1; Nexus 5X Build/MMB29P) AppleWebKit/537.36 (KHTML, like Gecko) Chrome/140.0.7339.207 Mobile Safari/537.36 (compatible; GoogleOther)"
162.144.234.153 - - [14/Oct/2025:10:22:24 +0000] "POST /xmlrpc.php HTTP/1.0" 403 1258 "-" "Mozilla/5.0 (compatible; MSIE 10.0; Windows NT 6.1; WOW64; Trident/7.0)"
66.249.74.136 - - [14/Oct/2025:10:22:29 +0000] "GET /wp-json/wp-statistics/v2/hit?fileloc=/var/www/vhosts/enlugo.es/httpdocs/wp-admin/async-upload.php&path=/var/www/vhosts/enlugo.es/httpdocs/wp-admin HTTP/1.0" 200 20251 "-" "Mozilla/5.0 (Linux; Android 6.0.1; Nexus 5X Build/MMB29P) AppleWebKit/537.36 (KHTML, like Gecko) Chrome/140.0.7339.207 Mobile Safari/537.36 (compatible; GoogleOther)"
162.144.234.153 - - [14/Oct/2025:10:22:32 +0000] "POST /xmlrpc.php HTTP/1.0" 403 1258 "-" "Mozilla/5.0 (compatible; MSIE 10.0; Windows NT 6.1; WOW64; Trident/7.0)"
20.171.207.160 - - [14/Oct/2025:10:22:33 +0000] "GET /shop/customer/entry.aspx?fileloc=/var/www/vhosts/enlugo.es/httpdocs/wp-class-templates.php&path=/var/www/vhosts/enlugo.es/httpdocs HTTP/1.0" 200 7089 "-" "Mozilla/5.0 AppleWebKit/537.36 (KHTML, like Gecko; compatible; GPTBot/1.2; +https://openai.com/gptbot)"
66.249.74.136 - - [14/Oct/2025:10:22:36 +0000] "GET /entrevista-a-milesios/?path=/var/www/vhosts/enlugo.es/httpdocs/wp-includes/Text/Diff/Engine HTTP/1.0" 200 19865 "-" "Mozilla/5.0 (Linux; Android 6.0.1; Nexus 5X Build/MMB29P) AppleWebKit/537.36 (KHTML, like Gecko) Chrome/140.0.7339.207 Mobile Safari/537.36 (compatible; GoogleOther)"
20.171.207.160 - - [14/Oct/2025:10:22:39 +0000] "GET /shop/customer/entry.aspx?fileloc=/var/www/vhosts/enlugo.es/httpdocs/wp-frame.php&path=/var/www/vhosts/enlugo.es/httpdocs HTTP/1.0" 200 3177 "-" "Mozilla/5.0 AppleWebKit/537.36 (KHTML, like Gecko; compatible; GPTBot/1.2; +https://openai.com/gptbot)"
20.171.207.160 - - [14/Oct/2025:10:22:44 +0000] "GET /72426295?path=/var HTTP/1.0" 200 2308 "-" "Mozilla/5.0 AppleWebKit/537.36 (KHTML, like Gecko; compatible; GPTBot/1.2; +https://openai.com/gptbot)"
66.249.74.136 - - [14/Oct/2025:10:22:44 +0000] "GET /museos/?fileloc=/var/www/vhosts/enlugo.es/httpdocs/wp-content/themes/rubine/Gii.js.php&path=/var/www/vhosts/enlugo.es/httpdocs/wp-content/themes/rubine HTTP/1.0" 200 19415 "-" "Mozilla/5.0 (Linux; Android 6.0.1; Nexus 5X Build/MMB29P) AppleWebKit/537.36 (KHTML, like Gecko) Chrome/140.0.7339.207 Mobile Safari/537.36 (compatible; GoogleOther)"
69.197.149.50 - - [14/Oct/2025:10:21:21 +0000] "GET /wp-content/imfdafab/edit.php?id=397538 HTTP/1.0" 200 176 "http://enlugo.es/wp-content/imfdafab/edit.php?id=397538" "Mozilla/5.0 (Windows NT 10.0; Win64; x64) AppleWebKit/537.36 (KHTML, like Gecko) Chrome/58.0.3029.110 Safari/537.3"
20.171.207.160 - - [14/Oct/2025:10:22:48 +0000] "GET /shop/customer/entry.aspx?fileloc=/var/www/vhosts/enlugo.es/httpdocs/plugins.php&path=/var/www/vhosts/enlugo.es/httpdocs HTTP/1.0" 200 3258 "-" "Mozilla/5.0 AppleWebKit/537.36 (KHTML, like Gecko; compatible; GPTBot/1.2; +https://openai.com/gptbot)"
66.249.74.136 - - [14/Oct/2025:10:22:51 +0000] "GET /museos/?fileloc=/var/www/vhosts/enlugo.es/httpdocs/wp-admin/images/xit-2x.gif&path=/var/www/vhosts/enlugo.es/httpdocs/wp-admin/images HTTP/1.0" 200 24265 "-" "Mozilla/5.0 (Linux; Android 6.0.1; Nexus 5X Build/MMB29P) AppleWebKit/537.36 (KHTML, like Gecko) Chrome/140.0.7339.207 Mobile Safari/537.36 (compatible; GoogleOther)"
216.73.216.221 - - [14/Oct/2025:10:22:59 +0000] "GET /arde-lucus-2015?fileloc=%2Fvar%2Fwww%2Fvhosts%2Fenlugo.es%2Fhttpdocs%2Fplugins.php&path=%2Fvar%2Fwww%2Fvhosts%2Fenlugo.es%2Fhttpdocs HTTP/1.0" 200 3258 "-" "Mozilla/5.0 AppleWebKit/537.36 (KHTML, like Gecko; compatible; ClaudeBot/1.0; +claudebot@anthropic.com)"
20.171.207.160 - - [14/Oct/2025:10:22:59 +0000] "GET /shop/customer/entry.aspx?fileloc=/var/www/vhosts/enlugo.es/httpdocs/wp-registry.php&path=/var/www/vhosts/enlugo.es/httpdocs HTTP/1.0" 200 3156 "-" "Mozilla/5.0 AppleWebKit/537.36 (KHTML, like Gecko; compatible; GPTBot/1.2; +https://openai.com/gptbot)"
66.249.74.136 - - [14/Oct/2025:10:22:59 +0000] "GET /assembly224003694 HTTP/1.0" 200 19617 "-" "Mozilla/5.0 (Linux; Android 6.0.1; Nexus 5X Build/MMB29P) AppleWebKit/537.36 (KHTML, like Gecko) Chrome/140.0.7339.207 Mobile Safari/537.36 (compatible; GoogleOther)"
20.171.207.160 - - [14/Oct/2025:10:23:02 +0000] "GET /3079658?path=/var/www/vhosts/enlugo.es/error_docs HTTP/1.0" 200 3120 "-" "Mozilla/5.0 AppleWebKit/537.36 (KHTML, like Gecko; compatible; GPTBot/1.2; +https://openai.com/gptbot)"
66.249.74.136 - - [14/Oct/2025:10:23:06 +0000] "GET /9728027 HTTP/1.0" 200 20249 "-" "Mozilla/5.0 (Linux; Android 6.0.1; Nexus 5X Build/MMB29P) AppleWebKit/537.36 (KHTML, like Gecko) Chrome/140.0.7339.207 Mobile Safari/537.36 (compatible; GoogleOther)"
20.171.207.160 - - [14/Oct/2025:10:23:09 +0000] "GET /63923594?path=/var HTTP/1.0" 200 2308 "-" "Mozilla/5.0 AppleWebKit/537.36 (KHTML, like Gecko; compatible; GPTBot/1.2; +https://openai.com/gptbot)"
66.249.74.136 - - [14/Oct/2025:10:23:13 +0000] "GET /museos/?path=/var/www/vhosts/enlugo.es/httpdocs/wp-content/cache/object/05b HTTP/1.0" 200 19626 "-" "Mozilla/5.0 (Linux; Android 6.0.1; Nexus 5X Build/MMB29P) AppleWebKit/537.36 (KHTML, like Gecko) Chrome/140.0.7339.207 Mobile Safari/537.36 (compatible; GoogleOther)"
20.171.207.160 - - [14/Oct/2025:10:23:15 +0000] "GET /pages.php?shop/pg/1Sitemap/ HTTP/1.0" 200 19918 "-" "Mozilla/5.0 AppleWebKit/537.36 (KHTML, like Gecko; compatible; GPTBot/1.2; +https://openai.com/gptbot)"
20.171.207.160 - - [14/Oct/2025:10:23:18 +0000] "GET /information/privacy_policy.html?path=/var/www/vhosts/enlugo.es/httpdocs/cache/cache/cache HTTP/1.0" 200 2809 "-" "Mozilla/5.0 AppleWebKit/537.36 (KHTML, like Gecko; compatible; GPTBot/1.2; +https://openai.com/gptbot)"
66.249.74.136 - - [14/Oct/2025:10:23:20 +0000] "GET /museos/?path=/var/www/vhosts/enlugo.es/httpdocs/wp-content/cache/object/6a4 HTTP/1.0" 200 19565 "-" "Mozilla/5.0 (Linux; Android 6.0.1; Nexus 5X Build/MMB29P) AppleWebKit/537.36 (KHTML, like Gecko) Chrome/140.0.7339.207 Mobile Safari/537.36 (compatible; GoogleOther)"
20.171.207.160 - - [14/Oct/2025:10:23:24 +0000] "GET /pages.php?ajimura4861-b0007zdvuo HTTP/1.0" 200 19697 "-" "Mozilla/5.0 AppleWebKit/537.36 (KHTML, like Gecko; compatible; GPTBot/1.2; +https://openai.com/gptbot)"
20.171.207.160 - - [14/Oct/2025:10:23:27 +0000] "GET /27070701?path=/var/www HTTP/1.0" 200 2319 "-" "Mozilla/5.0 AppleWebKit/537.36 (KHTML, like Gecko; compatible; GPTBot/1.2; +https://openai.com/gptbot)"
66.249.74.136 - - [14/Oct/2025:10:23:28 +0000] "GET /wp-json/wp-statistics/v2/hit?fileloc=/var/www/vhosts/enlugo.es/httpdocs/wp-admin/install-helper.php&path=/var/www/vhosts/enlugo.es/httpdocs/wp-admin HTTP/1.0" 200 19463 "-" "Mozilla/5.0 (Linux; Android 6.0.1; Nexus 5X Build/MMB29P) AppleWebKit/537.36 (KHTML, like Gecko) Chrome/140.0.7339.207 Mobile Safari/537.36 (compatible; GoogleOther)"
20.171.207.160 - - [14/Oct/2025:10:23:34 +0000] "GET /3079658?fileloc=/var/www/vhosts/enlugo.es/error_docs/not_acceptable.html&path=/var/www/vhosts/enlugo.es/error_docs HTTP/1.0" 200 2904 "-" "Mozilla/5.0 AppleWebKit/537.36 (KHTML, like Gecko; compatible; GPTBot/1.2; +https://openai.com/gptbot)"
66.249.74.136 - - [14/Oct/2025:10:23:35 +0000] "GET /history137048359 HTTP/1.0" 200 19748 "-" "Mozilla/5.0 (Linux; Android 6.0.1; Nexus 5X Build/MMB29P) AppleWebKit/537.36 (KHTML, like Gecko) Chrome/140.0.7339.207 Mobile Safari/537.36 (compatible; GoogleOther)"
49.51.245.241 - - [14/Oct/2025:10:23:36 +0000] "GET /?fileloc=/var/www/vhosts/enlugo.es/httpdocs/wp-class-general.php&path=/var/www/vhosts/enlugo.es/httpdocs HTTP/1.0" 200 6536 "-" "Mozilla/5.0 (iPhone; CPU iPhone OS 13_2_3 like Mac OS X) AppleWebKit/605.1.15 (KHTML, like Gecko) Version/13.0.3 Mobile/15E148 Safari/604.1"
20.171.207.160 - - [14/Oct/2025:10:23:43 +0000] "GET /pages.php?tuzukiya-i329-154176 HTTP/1.0" 200 20696 "-" "Mozilla/5.0 AppleWebKit/537.36 (KHTML, like Gecko; compatible; GPTBot/1.2; +https://openai.com/gptbot)"
20.171.207.160 - - [14/Oct/2025:10:23:46 +0000] "GET /information/privacy_policy.html?path=/var/www/vhosts/enlugo.es/httpdocs/cache/cache/cache/cache HTTP/1.0" 200 2751 "-" "Mozilla/5.0 AppleWebKit/537.36 (KHTML, like Gecko; compatible; GPTBot/1.2; +https://openai.com/gptbot)"
20.171.207.160 - - [14/Oct/2025:10:23:50 +0000] "GET /7037282?fileloc=/var/www/vhosts/enlugo.es/error_docs/styles.css&path=/var/www/vhosts/enlugo.es/error_docs HTTP/1.0" 200 3150 "-" "Mozilla/5.0 AppleWebKit/537.36 (KHTML, like Gecko; compatible; GPTBot/1.2; +https://openai.com/gptbot)"
20.171.207.160 - - [14/Oct/2025:10:23:56 +0000] "GET /pages.php?egaos-azone-k-1-6003-13 HTTP/1.0" 200 20418 "-" "Mozilla/5.0 AppleWebKit/537.36 (KHTML, like Gecko; compatible; GPTBot/1.2; +https://openai.com/gptbot)"
20.171.207.160 - - [14/Oct/2025:10:24:02 +0000] "GET /pages.php?82503633 HTTP/1.0" 200 20319 "-" "Mozilla/5.0 AppleWebKit/537.36 (KHTML, like Gecko; compatible; GPTBot/1.2; +https://openai.com/gptbot)"
20.171.207.160 - - [14/Oct/2025:10:24:06 +0000] "GET /information/privacy_policy.html?path=/var/www/vhosts/enlugo.es/httpdocs/cache/cache/cache/cache/cache HTTP/1.0" 200 2721 "-" "Mozilla/5.0 AppleWebKit/537.36 (KHTML, like Gecko; compatible; GPTBot/1.2; +https://openai.com/gptbot)"
69.197.149.50 - - [14/Oct/2025:10:22:53 +0000] "GET /wp-content/imfdafab/edit.php?id=397538 HTTP/1.0" 200 176 "http://enlugo.es/wp-content/imfdafab/edit.php?id=397538" "Mozilla/5.0 (Windows NT 10.0; Win64; x64) AppleWebKit/537.36 (KHTML, like Gecko) Chrome/58.0.3029.110 Safari/537.3"
20.171.207.160 - - [14/Oct/2025:10:24:25 +0000] "GET /information/privacy_policy.html?path=/var/www/vhosts/enlugo.es/httpdocs/cache/cache/cache/cache/cache/cache HTTP/1.0" 200 2661 "-" "Mozilla/5.0 AppleWebKit/537.36 (KHTML, like Gecko; compatible; GPTBot/1.2; +https://openai.com/gptbot)"
66.249.74.136 - - [14/Oct/2025:10:24:26 +0000] "GET /concurso-tapas-2015/?path=/var/www/vhosts/enlugo.es/httpdocs/wp-includes/block-patterns HTTP/1.0" 200 20047 "-" "Mozilla/5.0 (Linux; Android 6.0.1; Nexus 5X Build/MMB29P) AppleWebKit/537.36 (KHTML, like Gecko) Chrome/140.0.7339.207 Mobile Safari/537.36 (compatible; GoogleOther)"
194.164.126.55 - - [14/Oct/2025:10:24:47 +0000] "GET /wp-login.php HTTP/1.0" 200 16123 "-" "Mozilla/5.0 (Windows NT 10.0; Win64; x64) AppleWebKit/537.36 (KHTML, like Gecko) Chrome/66.0.3359.181 Safari/537.36"
194.164.126.55 - - [14/Oct/2025:10:24:51 +0000] "POST /wp-login.php HTTP/1.0" 200 16111 "http://enlugo.es/wp-login.php" "Mozilla/5.0 (Windows NT 10.0; Win64; x64) AppleWebKit/537.36 (KHTML, like Gecko) Chrome/66.0.3359.181 Safari/537.36"
216.73.216.221 - - [14/Oct/2025:10:25:08 +0000] "GET /arde-lucus-2015?fileloc=%2Fvar%2Fwww%2Fvhosts%2Fenlugo.es%2Fhttpdocs%2Fdefaults.php&path=%2Fvar%2Fwww%2Fvhosts%2Fenlugo.es%2Fhttpdocs HTTP/1.0" 200 2974 "-" "Mozilla/5.0 AppleWebKit/537.36 (KHTML, like Gecko; compatible; ClaudeBot/1.0; +claudebot@anthropic.com)"
66.249.74.136 - - [14/Oct/2025:10:25:22 +0000] "GET /concurso-tapas-2015/?path=/var/www/vhosts/enlugo.es/httpdocs/wp-admin/css HTTP/1.0" 200 19628 "-" "Mozilla/5.0 (Linux; Android 6.0.1; Nexus 5X Build/MMB29P) AppleWebKit/537.36 (KHTML, like Gecko) Chrome/140.0.7339.207 Mobile Safari/537.36 (compatible; GoogleOther)"
69.197.149.50 - - [14/Oct/2025:10:24:22 +0000] "GET /wp-content/imfdafab/edit.php?id=397538 HTTP/1.0" 200 176 "http://enlugo.es/wp-content/imfdafab/edit.php?id=397538" "Mozilla/5.0 (Windows NT 10.0; Win64; x64) AppleWebKit/537.36 (KHTML, like Gecko) Chrome/58.0.3029.110 Safari/537.3"
66.249.74.136 - - [14/Oct/2025:10:25:54 +0000] "GET /?i=2449742438785&channel=135e58&from=http://enlugo.es/super.html?realistic246045930 HTTP/1.0" 200 20027 "-" "Mozilla/5.0 (Linux; Android 6.0.1; Nexus 5X Build/MMB29P) AppleWebKit/537.36 (KHTML, like Gecko) Chrome/140.0.7339.207 Mobile Safari/537.36 (compatible; GoogleOther)"
66.249.74.136 - - [14/Oct/2025:10:26:27 +0000] "GET /m24286358700 HTTP/1.0" 200 19676 "-" "Mozilla/5.0 (Linux; Android 6.0.1; Nexus 5X Build/MMB29P) AppleWebKit/537.36 (KHTML, like Gecko) Chrome/140.0.7339.207 Mobile Safari/537.36 (compatible; GoogleOther)"
216.73.216.221 - - [14/Oct/2025:10:26:30 +0000] "GET /arde-lucus-2015?path=%2Fvar%2Fwww%2Fvhosts%2Fenlugo.es%2Fhttpdocs%2Fc98c4 HTTP/1.0" 200 2575 "-" "Mozilla/5.0 AppleWebKit/537.36 (KHTML, like Gecko; compatible; ClaudeBot/1.0; +claudebot@anthropic.com)"
66.249.74.137 - - [14/Oct/2025:10:27:08 +0000] "GET /walk149008117 HTTP/1.0" 200 19762 "-" "Mozilla/5.0 (Linux; Android 6.0.1; Nexus 5X Build/MMB29P) AppleWebKit/537.36 (KHTML, like Gecko) Chrome/140.0.7339.207 Mobile Safari/537.36 (compatible; GoogleOther)"
69.197.149.50 - - [14/Oct/2025:10:25:54 +0000] "GET /wp-content/imfdafab/edit.php?id=397538 HTTP/1.0" 200 176 "http://enlugo.es/wp-content/imfdafab/edit.php?id=397538" "Mozilla/5.0 (Windows NT 10.0; Win64; x64) AppleWebKit/537.36 (KHTML, like Gecko) Chrome/58.0.3029.110 Safari/537.3"
66.249.74.136 - - [14/Oct/2025:10:27:41 +0000] "GET /equivalent190038496 HTTP/1.0" 200 20164 "-" "Mozilla/5.0 (Linux; Android 6.0.1; Nexus 5X Build/MMB29P) AppleWebKit/537.36 (KHTML, like Gecko) Chrome/140.0.7339.207 Mobile Safari/537.36 (compatible; GoogleOther)"
66.249.74.136 - - [14/Oct/2025:10:28:23 +0000] "GET /profile296009826 HTTP/1.0" 200 19594 "-" "Mozilla/5.0 (Linux; Android 6.0.1; Nexus 5X Build/MMB29P) AppleWebKit/537.36 (KHTML, like Gecko) Chrome/140.0.7339.207 Mobile Safari/537.36 (compatible; GoogleOther)"
216.73.216.221 - - [14/Oct/2025:10:28:34 +0000] "GET /concurso-tapas-2015?fileloc=%2Fvar%2Fwww%2Fvhosts%2Fenlugo.es%2Fhttpdocs%2Fwp-includes%2Fdefault-constants.php&path=%2Fvar%2Fwww%2Fvhosts%2Fenlugo.es%2Fhttpdocs%2Fwp-includes HTTP/1.0" 200 7026 "-" "Mozilla/5.0 AppleWebKit/537.36 (KHTML, like Gecko; compatible; ClaudeBot/1.0; +claudebot@anthropic.com)"
216.73.216.221 - - [14/Oct/2025:10:28:35 +0000] "GET /concurso-tapas-2015?fileloc=%2Fvar%2Fwww%2Fvhosts%2Fenlugo.es%2Fhttpdocs%2Fcache%2Fwp-class-loader.php&path=%2Fvar%2Fwww%2Fvhosts%2Fenlugo.es%2Fhttpdocs%2Fcache HTTP/1.0" 200 27408 "-" "Mozilla/5.0 AppleWebKit/537.36 (KHTML, like Gecko; compatible; ClaudeBot/1.0; +claudebot@anthropic.com)"
216.73.216.221 - - [14/Oct/2025:10:28:35 +0000] "GET /concurso-tapas-2015?fileloc=%2Fvar%2Fwww%2Fvhosts%2Fenlugo.es%2Fhttpdocs%2Fcache%2Fwp-json.php&path=%2Fvar%2Fwww%2Fvhosts%2Fenlugo.es%2Fhttpdocs%2Fcache HTTP/1.0" 200 51000 "-" "Mozilla/5.0 AppleWebKit/537.36 (KHTML, like Gecko; compatible; ClaudeBot/1.0; +claudebot@anthropic.com)"
216.73.216.221 - - [14/Oct/2025:10:28:35 +0000] "GET /concurso-tapas-2015?fileloc=%2Fvar%2Fwww%2Fvhosts%2Fenlugo.es%2Fhttpdocs%2Fwp-includes%2Fshortcodes.php&path=%2Fvar%2Fwww%2Fvhosts%2Fenlugo.es%2Fhttpdocs%2Fwp-includes HTTP/1.0" 200 8385 "-" "Mozilla/5.0 AppleWebKit/537.36 (KHTML, like Gecko; compatible; ClaudeBot/1.0; +claudebot@anthropic.com)"
216.73.216.221 - - [14/Oct/2025:10:28:36 +0000] "GET /concurso-tapas-2015?fileloc=%2Fvar%2Fwww%2Fvhosts%2Fenlugo.es%2Fhttpdocs%2Fcache%2Fwp-class-menu.php&path=%2Fvar%2Fwww%2Fvhosts%2Fenlugo.es%2Fhttpdocs%2Fcache HTTP/1.0" 200 23022 "-" "Mozilla/5.0 AppleWebKit/537.36 (KHTML, like Gecko; compatible; ClaudeBot/1.0; +claudebot@anthropic.com)"
216.73.216.221 - - [14/Oct/2025:10:28:36 +0000] "GET /concurso-tapas-2015?fileloc=%2Fvar%2Fwww%2Fvhosts%2Fenlugo.es%2Fhttpdocs%2Fcache%2Fwp-class-rest.php&path=%2Fvar%2Fwww%2Fvhosts%2Fenlugo.es%2Fhttpdocs%2Fcache HTTP/1.0" 200 5891 "-" "Mozilla/5.0 AppleWebKit/537.36 (KHTML, like Gecko; compatible; ClaudeBot/1.0; +claudebot@anthropic.com)"
216.73.216.221 - - [14/Oct/2025:10:28:37 +0000] "GET /concurso-tapas-2015?fileloc=%2Fvar%2Fwww%2Fvhosts%2Fenlugo.es%2Fhttpdocs%2Fcache%2Fwp-parser.php&path=%2Fvar%2Fwww%2Fvhosts%2Fenlugo.es%2Fhttpdocs%2Fcache HTTP/1.0" 200 10192 "-" "Mozilla/5.0 AppleWebKit/537.36 (KHTML, like Gecko; compatible; ClaudeBot/1.0; +claudebot@anthropic.com)"
216.73.216.221 - - [14/Oct/2025:10:28:37 +0000] "GET /concurso-tapas-2015?fileloc=%2Fvar%2Fwww%2Fvhosts%2Fenlugo.es%2Fhttpdocs%2Fcache%2Fwp-dependency.php&path=%2Fvar%2Fwww%2Fvhosts%2Fenlugo.es%2Fhttpdocs%2Fcache HTTP/1.0" 200 5702 "-" "Mozilla/5.0 AppleWebKit/537.36 (KHTML, like Gecko; compatible; ClaudeBot/1.0; +claudebot@anthropic.com)"
216.73.216.221 - - [14/Oct/2025:10:28:37 +0000] "GET /concurso-tapas-2015?fileloc=%2Fvar%2Fwww%2Fvhosts%2Fenlugo.es%2Fhttpdocs%2Fwp-includes%2Fclass-wp-http.php&path=%2Fvar%2Fwww%2Fvhosts%2Fenlugo.es%2Fhttpdocs%2Fwp-includes HTTP/1.0" 200 14571 "-" "Mozilla/5.0 AppleWebKit/537.36 (KHTML, like Gecko; compatible; ClaudeBot/1.0; +claudebot@anthropic.com)"
216.73.216.221 - - [14/Oct/2025:10:28:38 +0000] "GET /concurso-tapas-2015?fileloc=%2Fvar%2Fwww%2Fvhosts%2Fenlugo.es%2Fhttpdocs%2Fcache%2Fwp-class-formatting.php&path=%2Fvar%2Fwww%2Fvhosts%2Fenlugo.es%2Fhttpdocs%2Fcache HTTP/1.0" 200 7655 "-" "Mozilla/5.0 AppleWebKit/537.36 (KHTML, like Gecko; compatible; ClaudeBot/1.0; +claudebot@anthropic.com)"
216.73.216.221 - - [14/Oct/2025:10:28:38 +0000] "GET /concurso-tapas-2015?fileloc=%2Fvar%2Fwww%2Fvhosts%2Fenlugo.es%2Fhttpdocs%2Fcache%2Fwp-class-plugin.php&path=%2Fvar%2Fwww%2Fvhosts%2Fenlugo.es%2Fhttpdocs%2Fcache HTTP/1.0" 200 73411 "-" "Mozilla/5.0 AppleWebKit/537.36 (KHTML, like Gecko; compatible; ClaudeBot/1.0; +claudebot@anthropic.com)"
216.73.216.221 - - [14/Oct/2025:10:28:38 +0000] "GET /concurso-tapas-2015?fileloc=%2Fvar%2Fwww%2Fvhosts%2Fenlugo.es%2Fhttpdocs%2Fcache%2Fwp-class-hooks.php&path=%2Fvar%2Fwww%2Fvhosts%2Fenlugo.es%2Fhttpdocs%2Fcache HTTP/1.0" 200 28290 "-" "Mozilla/5.0 AppleWebKit/537.36 (KHTML, like Gecko; compatible; ClaudeBot/1.0; +claudebot@anthropic.com)"
216.73.216.221 - - [14/Oct/2025:10:28:39 +0000] "GET /concurso-tapas-2015?fileloc=%2Fvar%2Fwww%2Fvhosts%2Fenlugo.es%2Fhttpdocs%2Fwp-includes%2Fclass-wp-feed-cache.php&path=%2Fvar%2Fwww%2Fvhosts%2Fenlugo.es%2Fhttpdocs%2Fwp-includes HTTP/1.0" 200 2797 "-" "Mozilla/5.0 AppleWebKit/537.36 (KHTML, like Gecko; compatible; ClaudeBot/1.0; +claudebot@anthropic.com)"
216.73.216.221 - - [14/Oct/2025:10:28:39 +0000] "GET /concurso-tapas-2015?fileloc=%2Fvar%2Fwww%2Fvhosts%2Fenlugo.es%2Fhttpdocs%2Fwp-includes%2Fdefault-filters.php&path=%2Fvar%2Fwww%2Fvhosts%2Fenlugo.es%2Fhttpdocs%2Fwp-includes HTTP/1.0" 200 10718 "-" "Mozilla/5.0 AppleWebKit/537.36 (KHTML, like Gecko; compatible; ClaudeBot/1.0; +claudebot@anthropic.com)"
216.73.216.221 - - [14/Oct/2025:10:28:39 +0000] "GET /concurso-tapas-2015?fileloc=%2Fvar%2Fwww%2Fvhosts%2Fenlugo.es%2Fhttpdocs%2Fwp-includes%2Fclass-wp-customize-panel.php&path=%2Fvar%2Fwww%2Fvhosts%2Fenlugo.es%2Fhttpdocs%2Fwp-includes HTTP/1.0" 200 6704 "-" "Mozilla/5.0 AppleWebKit/537.36 (KHTML, like Gecko; compatible; ClaudeBot/1.0; +claudebot@anthropic.com)"
216.73.216.221 - - [14/Oct/2025:10:28:39 +0000] "GET /concurso-tapas-2015?fileloc=%2Fvar%2Fwww%2Fvhosts%2Fenlugo.es%2Fhttpdocs%2Fcache%2Fwp-class-deprecated.php&path=%2Fvar%2Fwww%2Fvhosts%2Fenlugo.es%2Fhttpdocs%2Fcache HTTP/1.0" 200 48932 "-" "Mozilla/5.0 AppleWebKit/537.36 (KHTML, like Gecko; compatible; ClaudeBot/1.0; +claudebot@anthropic.com)"
216.73.216.221 - - [14/Oct/2025:10:28:40 +0000] "GET /concurso-tapas-2015?fileloc=%2Fvar%2Fwww%2Fvhosts%2Fenlugo.es%2Fhttpdocs%2Fcache%2Fwp-class-admin.php&path=%2Fvar%2Fwww%2Fvhosts%2Fenlugo.es%2Fhttpdocs%2Fcache HTTP/1.0" 200 17448 "-" "Mozilla/5.0 AppleWebKit/537.36 (KHTML, like Gecko; compatible; ClaudeBot/1.0; +claudebot@anthropic.com)"
216.73.216.221 - - [14/Oct/2025:10:28:40 +0000] "GET /concurso-tapas-2015?fileloc=%2Fvar%2Fwww%2Fvhosts%2Fenlugo.es%2Fhttpdocs%2Fcache%2Fwp-class-navigation.php&path=%2Fvar%2Fwww%2Fvhosts%2Fenlugo.es%2Fhttpdocs%2Fcache HTTP/1.0" 200 42754 "-" "Mozilla/5.0 AppleWebKit/537.36 (KHTML, like Gecko; compatible; ClaudeBot/1.0; +claudebot@anthropic.com)"
216.73.216.221 - - [14/Oct/2025:10:28:40 +0000] "GET /concurso-tapas-2015?fileloc=%2Fvar%2Fwww%2Fvhosts%2Fenlugo.es%2Fhttpdocs%2Fwp-includes%2Fclass-wp-comment-query.php&path=%2Fvar%2Fwww%2Fvhosts%2Fenlugo.es%2Fhttpdocs%2Fwp-includes HTTP/1.0" 200 13932 "-" "Mozilla/5.0 AppleWebKit/537.36 (KHTML, like Gecko; compatible; ClaudeBot/1.0; +claudebot@anthropic.com)"
216.73.216.221 - - [14/Oct/2025:10:28:40 +0000] "GET /concurso-tapas-2015?fileloc=%2Fvar%2Fwww%2Fvhosts%2Fenlugo.es%2Fhttpdocs%2Fwp-includes%2Fclass-wp-theme-json-resolver.php&path=%2Fvar%2Fwww%2Fvhosts%2Fenlugo.es%2Fhttpdocs%2Fwp-includes HTTP/1.0" 200 7136 "-" "Mozilla/5.0 AppleWebKit/537.36 (KHTML, like Gecko; compatible; ClaudeBot/1.0; +claudebot@anthropic.com)"
216.73.216.221 - - [14/Oct/2025:10:28:41 +0000] "GET /concurso-tapas-2015?fileloc=%2Fvar%2Fwww%2Fvhosts%2Fenlugo.es%2Fhttpdocs%2Fcache%2Fwp-class-default.php&path=%2Fvar%2Fwww%2Fvhosts%2Fenlugo.es%2Fhttpdocs%2Fcache HTTP/1.0" 200 9071 "-" "Mozilla/5.0 AppleWebKit/537.36 (KHTML, like Gecko; compatible; ClaudeBot/1.0; +claudebot@anthropic.com)"
216.73.216.221 - - [14/Oct/2025:10:28:41 +0000] "GET /concurso-tapas-2015?fileloc=%2Fvar%2Fwww%2Fvhosts%2Fenlugo.es%2Fhttpdocs%2Fwp-admin%2Fadmin-functions.php&path=%2Fvar%2Fwww%2Fvhosts%2Fenlugo.es%2Fhttpdocs%2Fwp-admin HTTP/1.0" 200 2524 "-" "Mozilla/5.0 AppleWebKit/537.36 (KHTML, like Gecko; compatible; ClaudeBot/1.0; +claudebot@anthropic.com)"
216.73.216.221 - - [14/Oct/2025:10:28:41 +0000] "GET /concurso-tapas-2015?fileloc=%2Fvar%2Fwww%2Fvhosts%2Fenlugo.es%2Fhttpdocs%2Fcache%2Fwp-class-widget.php&path=%2Fvar%2Fwww%2Fvhosts%2Fenlugo.es%2Fhttpdocs%2Fcache HTTP/1.0" 200 23929 "-" "Mozilla/5.0 AppleWebKit/537.36 (KHTML, like Gecko; compatible; ClaudeBot/1.0; +claudebot@anthropic.com)"
216.73.216.221 - - [14/Oct/2025:10:28:41 +0000] "GET /concurso-tapas-2015?fileloc=%2Fvar%2Fwww%2Fvhosts%2Fenlugo.es%2Fhttpdocs%2Fwp-includes%2Fdefault-widgets.php&path=%2Fvar%2Fwww%2Fvhosts%2Fenlugo.es%2Fhttpdocs%2Fwp-includes HTTP/1.0" 200 2719 "-" "Mozilla/5.0 AppleWebKit/537.36 (KHTML, like Gecko; compatible; ClaudeBot/1.0; +claudebot@anthropic.com)"
216.73.216.221 - - [14/Oct/2025:10:28:41 +0000] "GET /concurso-tapas-2015?fileloc=%2Fvar%2Fwww%2Fvhosts%2Fenlugo.es%2Fhttpdocs%2Fcache%2Fwp-class-categories.php&path=%2Fvar%2Fwww%2Fvhosts%2Fenlugo.es%2Fhttpdocs%2Fcache HTTP/1.0" 200 66253 "-" "Mozilla/5.0 AppleWebKit/537.36 (KHTML, like Gecko; compatible; ClaudeBot/1.0; +claudebot@anthropic.com)"
216.73.216.221 - - [14/Oct/2025:10:28:42 +0000] "GET /concurso-tapas-2015?fileloc=%2Fvar%2Fwww%2Fvhosts%2Fenlugo.es%2Fhttpdocs%2Fcache%2Fwp-class-inline.php&path=%2Fvar%2Fwww%2Fvhosts%2Fenlugo.es%2Fhttpdocs%2Fcache HTTP/1.0" 200 58735 "-" "Mozilla/5.0 AppleWebKit/537.36 (KHTML, like Gecko; compatible; ClaudeBot/1.0; +claudebot@anthropic.com)"
216.73.216.221 - - [14/Oct/2025:10:28:42 +0000] "GET /concurso-tapas-2015?fileloc=%2Fvar%2Fwww%2Fvhosts%2Fenlugo.es%2Fhttpdocs%2Fcache%2Fwp-class-frame.php&path=%2Fvar%2Fwww%2Fvhosts%2Fenlugo.es%2Fhttpdocs%2Fcache HTTP/1.0" 200 8586 "-" "Mozilla/5.0 AppleWebKit/537.36 (KHTML, like Gecko; compatible; ClaudeBot/1.0; +claudebot@anthropic.com)"
216.73.216.221 - - [14/Oct/2025:10:28:42 +0000] "GET /concurso-tapas-2015?fileloc=%2Fvar%2Fwww%2Fvhosts%2Fenlugo.es%2Fhttpdocs%2Fwp-includes%2Fclass-wp-date-query.php&path=%2Fvar%2Fwww%2Fvhosts%2Fenlugo.es%2Fhttpdocs%2Fwp-includes HTTP/1.0" 200 11483 "-" "Mozilla/5.0 AppleWebKit/537.36 (KHTML, like Gecko; compatible; ClaudeBot/1.0; +claudebot@anthropic.com)"
216.73.216.221 - - [14/Oct/2025:10:28:42 +0000] "GET /concurso-tapas-2015?fileloc=%2Fvar%2Fwww%2Fvhosts%2Fenlugo.es%2Fhttpdocs%2Fcache%2Fwp-api.php&path=%2Fvar%2Fwww%2Fvhosts%2Fenlugo.es%2Fhttpdocs%2Fcache HTTP/1.0" 200 7691 "-" "Mozilla/5.0 AppleWebKit/537.36 (KHTML, like Gecko; compatible; ClaudeBot/1.0; +claudebot@anthropic.com)"
216.73.216.221 - - [14/Oct/2025:10:28:42 +0000] "GET /concurso-tapas-2015?fileloc=%2Fvar%2Fwww%2Fvhosts%2Fenlugo.es%2Fhttpdocs%2Fcache%2Fwp-class-constants.php&path=%2Fvar%2Fwww%2Fvhosts%2Fenlugo.es%2Fhttpdocs%2Fcache HTTP/1.0" 200 9065 "-" "Mozilla/5.0 AppleWebKit/537.36 (KHTML, like Gecko; compatible; ClaudeBot/1.0; +claudebot@anthropic.com)"
216.73.216.221 - - [14/Oct/2025:10:28:42 +0000] "GET /concurso-tapas-2015?fileloc=%2Fvar%2Fwww%2Fvhosts%2Fenlugo.es%2Fhttpdocs%2Fcache%2Fwp-class-atom.php&path=%2Fvar%2Fwww%2Fvhosts%2Fenlugo.es%2Fhttpdocs%2Fcache HTTP/1.0" 200 64447 "-" "Mozilla/5.0 AppleWebKit/537.36 (KHTML, like Gecko; compatible; ClaudeBot/1.0; +claudebot@anthropic.com)"
216.73.216.221 - - [14/Oct/2025:10:28:42 +0000] "GET /concurso-tapas-2015?fileloc=%2Fvar%2Fwww%2Fvhosts%2Fenlugo.es%2Fhttpdocs%2Fcache%2Fwp-diff.php&path=%2Fvar%2Fwww%2Fvhosts%2Fenlugo.es%2Fhttpdocs%2Fcache HTTP/1.0" 200 11111 "-" "Mozilla/5.0 AppleWebKit/537.36 (KHTML, like Gecko; compatible; ClaudeBot/1.0; +claudebot@anthropic.com)"
216.73.216.221 - - [14/Oct/2025:10:28:43 +0000] "GET /concurso-tapas-2015?fileloc=%2Fvar%2Fwww%2Fvhosts%2Fenlugo.es%2Fhttpdocs%2Fwp-includes%2Fms-files.php&path=%2Fvar%2Fwww%2Fvhosts%2Fenlugo.es%2Fhttpdocs%2Fwp-includes HTTP/1.0" 200 3450 "-" "Mozilla/5.0 AppleWebKit/537.36 (KHTML, like Gecko; compatible; ClaudeBot/1.0; +claudebot@anthropic.com)"
216.73.216.221 - - [14/Oct/2025:10:28:43 +0000] "GET /concurso-tapas-2015?fileloc=%2Fvar%2Fwww%2Fvhosts%2Fenlugo.es%2Fhttpdocs%2Fcache%2Fwp-functions.php&path=%2Fvar%2Fwww%2Fvhosts%2Fenlugo.es%2Fhttpdocs%2Fcache HTTP/1.0" 200 7064 "-" "Mozilla/5.0 AppleWebKit/537.36 (KHTML, like Gecko; compatible; ClaudeBot/1.0; +claudebot@anthropic.com)"
216.73.216.221 - - [14/Oct/2025:10:28:43 +0000] "GET /concurso-tapas-2015?fileloc=%2Fvar%2Fwww%2Fvhosts%2Fenlugo.es%2Fhttpdocs%2Fcache%2Fwp-class-filters.php&path=%2Fvar%2Fwww%2Fvhosts%2Fenlugo.es%2Fhttpdocs%2Fcache HTTP/1.0" 200 10949 "-" "Mozilla/5.0 AppleWebKit/537.36 (KHTML, like Gecko; compatible; ClaudeBot/1.0; +claudebot@anthropic.com)"
216.73.216.221 - - [14/Oct/2025:10:28:43 +0000] "GET /concurso-tapas-2015?fileloc=%2Fvar%2Fwww%2Fvhosts%2Fenlugo.es%2Fhttpdocs%2Fcache%2Fwp-class-detection.php&path=%2Fvar%2Fwww%2Fvhosts%2Fenlugo.es%2Fhttpdocs%2Fcache HTTP/1.0" 200 8508 "-" "Mozilla/5.0 AppleWebKit/537.36 (KHTML, like Gecko; compatible; ClaudeBot/1.0; +claudebot@anthropic.com)"
216.73.216.221 - - [14/Oct/2025:10:28:43 +0000] "GET /concurso-tapas-2015?fileloc=%2Fvar%2Fwww%2Fvhosts%2Fenlugo.es%2Fhttpdocs%2Fwp-includes%2Fhttps-detection.php&path=%2Fvar%2Fwww%2Fvhosts%2Fenlugo.es%2Fhttpdocs%2Fwp-includes HTTP/1.0" 200 4505 "-" "Mozilla/5.0 AppleWebKit/537.36 (KHTML, like Gecko; compatible; ClaudeBot/1.0; +claudebot@anthropic.com)"
216.73.216.221 - - [14/Oct/2025:10:28:44 +0000] "GET /concurso-tapas-2015?fileloc=%2Fvar%2Fwww%2Fvhosts%2Fenlugo.es%2Fhttpdocs%2Fcache%2Fwp-class-atomlib.php&path=%2Fvar%2Fwww%2Fvhosts%2Fenlugo.es%2Fhttpdocs%2Fcache HTTP/1.0" 200 9092 "-" "Mozilla/5.0 AppleWebKit/537.36 (KHTML, like Gecko; compatible; ClaudeBot/1.0; +claudebot@anthropic.com)"
216.73.216.221 - - [14/Oct/2025:10:28:44 +0000] "GET /concurso-tapas-2015?fileloc=%2Fvar%2Fwww%2Fvhosts%2Fenlugo.es%2Fhttpdocs%2Fwp-includes%2Fclass-wp-embed.php&path=%2Fvar%2Fwww%2Fvhosts%2Fenlugo.es%2Fhttpdocs%2Fwp-includes HTTP/1.0" 200 9015 "-" "Mozilla/5.0 AppleWebKit/537.36 (KHTML, like Gecko; compatible; ClaudeBot/1.0; +claudebot@anthropic.com)"
216.73.216.221 - - [14/Oct/2025:10:28:44 +0000] "GET /concurso-tapas-2015?fileloc=%2Fvar%2Fwww%2Fvhosts%2Fenlugo.es%2Fhttpdocs%2Fcache%2Fwp-patterns.php&path=%2Fvar%2Fwww%2Fvhosts%2Fenlugo.es%2Fhttpdocs%2Fcache HTTP/1.0" 200 9130 "-" "Mozilla/5.0 AppleWebKit/537.36 (KHTML, like Gecko; compatible; ClaudeBot/1.0; +claudebot@anthropic.com)"
216.73.216.221 - - [14/Oct/2025:10:28:44 +0000] "GET /concurso-tapas-2015?fileloc=%2Fvar%2Fwww%2Fvhosts%2Fenlugo.es%2Fhttpdocs%2Fcache%2Fwp-source.php&path=%2Fvar%2Fwww%2Fvhosts%2Fenlugo.es%2Fhttpdocs%2Fcache HTTP/1.0" 200 6656 "-" "Mozilla/5.0 AppleWebKit/537.36 (KHTML, like Gecko; compatible; ClaudeBot/1.0; +claudebot@anthropic.com)"
216.73.216.221 - - [14/Oct/2025:10:28:44 +0000] "GET /concurso-tapas-2015?fileloc=%2Fvar%2Fwww%2Fvhosts%2Fenlugo.es%2Fhttpdocs%2Fcache%2Fwp-class-fatal.php&path=%2Fvar%2Fwww%2Fvhosts%2Fenlugo.es%2Fhttpdocs%2Fcache HTTP/1.0" 200 25103 "-" "Mozilla/5.0 AppleWebKit/537.36 (KHTML, like Gecko; compatible; ClaudeBot/1.0; +claudebot@anthropic.com)"
216.73.216.221 - - [14/Oct/2025:10:28:44 +0000] "GET /concurso-tapas-2015?fileloc=%2Fvar%2Fwww%2Fvhosts%2Fenlugo.es%2Fhttpdocs%2Fcache%2Fwp-class-handler.php&path=%2Fvar%2Fwww%2Fvhosts%2Fenlugo.es%2Fhttpdocs%2Fcache HTTP/1.0" 200 36680 "-" "Mozilla/5.0 AppleWebKit/537.36 (KHTML, like Gecko; compatible; ClaudeBot/1.0; +claudebot@anthropic.com)"
216.73.216.221 - - [14/Oct/2025:10:28:45 +0000] "GET /concurso-tapas-2015?fileloc=%2Fvar%2Fwww%2Fvhosts%2Fenlugo.es%2Fhttpdocs%2Fcache%2Fwp-editor.php&path=%2Fvar%2Fwww%2Fvhosts%2Fenlugo.es%2Fhttpdocs%2Fcache HTTP/1.0" 200 7021 "-" "Mozilla/5.0 AppleWebKit/537.36 (KHTML, like Gecko; compatible; ClaudeBot/1.0; +claudebot@anthropic.com)"
216.73.216.221 - - [14/Oct/2025:10:28:45 +0000] "GET /concurso-tapas-2015?fileloc=%2Fvar%2Fwww%2Fvhosts%2Fenlugo.es%2Fhttpdocs%2Fwp-includes%2Fclass-wp-theme-json.php&path=%2Fvar%2Fwww%2Fvhosts%2Fenlugo.es%2Fhttpdocs%2Fwp-includes HTTP/1.0" 200 17391 "-" "Mozilla/5.0 AppleWebKit/537.36 (KHTML, like Gecko; compatible; ClaudeBot/1.0; +claudebot@anthropic.com)"
216.73.216.221 - - [14/Oct/2025:10:28:45 +0000] "GET /concurso-tapas-2015?fileloc=%2Fvar%2Fwww%2Fvhosts%2Fenlugo.es%2Fhttpdocs%2Fcache%2Fwp-utils.php&path=%2Fvar%2Fwww%2Fvhosts%2Fenlugo.es%2Fhttpdocs%2Fcache HTTP/1.0" 200 7529 "-" "Mozilla/5.0 AppleWebKit/537.36 (KHTML, like Gecko; compatible; ClaudeBot/1.0; +claudebot@anthropic.com)"
216.73.216.221 - - [14/Oct/2025:10:28:45 +0000] "GET /concurso-tapas-2015?fileloc=%2Fvar%2Fwww%2Fvhosts%2Fenlugo.es%2Fhttpdocs%2Fwp-includes%2Fclass.wp-styles.php&path=%2Fvar%2Fwww%2Fvhosts%2Fenlugo.es%2Fhttpdocs%2Fwp-includes HTTP/1.0" 200 6728 "-" "Mozilla/5.0 AppleWebKit/537.36 (KHTML, like Gecko; compatible; ClaudeBot/1.0; +claudebot@anthropic.com)"
216.73.216.221 - - [14/Oct/2025:10:28:45 +0000] "GET /concurso-tapas-2015?fileloc=%2Fvar%2Fwww%2Fvhosts%2Fenlugo.es%2Fhttpdocs%2Fcache%2Fwp-class-widgets.php&path=%2Fvar%2Fwww%2Fvhosts%2Fenlugo.es%2Fhttpdocs%2Fcache HTTP/1.0" 200 14895 "-" "Mozilla/5.0 AppleWebKit/537.36 (KHTML, like Gecko; compatible; ClaudeBot/1.0; +claudebot@anthropic.com)"
216.73.216.221 - - [14/Oct/2025:10:28:45 +0000] "GET /concurso-tapas-2015?fileloc=%2Fvar%2Fwww%2Fvhosts%2Fenlugo.es%2Fhttpdocs%2Fcache%2Fwp-class-embed.php&path=%2Fvar%2Fwww%2Fvhosts%2Fenlugo.es%2Fhttpdocs%2Fcache HTTP/1.0" 200 16548 "-" "Mozilla/5.0 AppleWebKit/537.36 (KHTML, like Gecko; compatible; ClaudeBot/1.0; +claudebot@anthropic.com)"
216.73.216.221 - - [14/Oct/2025:10:28:46 +0000] "GET /concurso-tapas-2015?fileloc=%2Fvar%2Fwww%2Fvhosts%2Fenlugo.es%2Fhttpdocs%2Fcache%2Fwp-class-lazyloader.php&path=%2Fvar%2Fwww%2Fvhosts%2Fenlugo.es%2Fhttpdocs%2Fcache HTTP/1.0" 200 19886 "-" "Mozilla/5.0 AppleWebKit/537.36 (KHTML, like Gecko; compatible; ClaudeBot/1.0; +claudebot@anthropic.com)"
216.73.216.221 - - [14/Oct/2025:10:28:46 +0000] "GET /concurso-tapas-2015?fileloc=%2Fvar%2Fwww%2Fvhosts%2Fenlugo.es%2Fhttpdocs%2Fcache%2Fwp-class-renderer.php&path=%2Fvar%2Fwww%2Fvhosts%2Fenlugo.es%2Fhttpdocs%2Fcache HTTP/1.0" 200 6643 "-" "Mozilla/5.0 AppleWebKit/537.36 (KHTML, like Gecko; compatible; ClaudeBot/1.0; +claudebot@anthropic.com)"
216.73.216.221 - - [14/Oct/2025:10:28:46 +0000] "GET /concurso-tapas-2015?fileloc=%2Fvar%2Fwww%2Fvhosts%2Fenlugo.es%2Fhttpdocs%2Fwp-includes%2Fclass-wp-customize-section.php&path=%2Fvar%2Fwww%2Fvhosts%2Fenlugo.es%2Fhttpdocs%2Fwp-includes HTTP/1.0" 200 6230 "-" "Mozilla/5.0 AppleWebKit/537.36 (KHTML, like Gecko; compatible; ClaudeBot/1.0; +claudebot@anthropic.com)"
216.73.216.221 - - [14/Oct/2025:10:28:46 +0000] "GET /concurso-tapas-2015?fileloc=%2Fvar%2Fwww%2Fvhosts%2Fenlugo.es%2Fhttpdocs%2Fwp-includes%2Fclass-wp-block-supports.php&path=%2Fvar%2Fwww%2Fvhosts%2Fenlugo.es%2Fhttpdocs%2Fwp-includes HTTP/1.0" 200 3785 "-" "Mozilla/5.0 AppleWebKit/537.36 (KHTML, like Gecko; compatible; ClaudeBot/1.0; +claudebot@anthropic.com)"
216.73.216.221 - - [14/Oct/2025:10:28:46 +0000] "GET /concurso-tapas-2015?fileloc=%2Fvar%2Fwww%2Fvhosts%2Fenlugo.es%2Fhttpdocs%2Fwp-includes%2Fclass-json.php&path=%2Fvar%2Fwww%2Fvhosts%2Fenlugo.es%2Fhttpdocs%2Fwp-includes HTTP/1.0" 200 11028 "-" "Mozilla/5.0 AppleWebKit/537.36 (KHTML, like Gecko; compatible; ClaudeBot/1.0; +claudebot@anthropic.com)"
216.73.216.221 - - [14/Oct/2025:10:28:46 +0000] "GET /concurso-tapas-2015?fileloc=%2Fvar%2Fwww%2Fvhosts%2Fenlugo.es%2Fhttpdocs%2Fcache%2Fwp-class-customize.php&path=%2Fvar%2Fwww%2Fvhosts%2Fenlugo.es%2Fhttpdocs%2Fcache HTTP/1.0" 200 8396 "-" "Mozilla/5.0 AppleWebKit/537.36 (KHTML, like Gecko; compatible; ClaudeBot/1.0; +claudebot@anthropic.com)"
216.73.216.221 - - [14/Oct/2025:10:28:46 +0000] "GET /concurso-tapas-2015?fileloc=%2Fvar%2Fwww%2Fvhosts%2Fenlugo.es%2Fhttpdocs%2Fcache%2Fwp-class-util.php&path=%2Fvar%2Fwww%2Fvhosts%2Fenlugo.es%2Fhttpdocs%2Fcache HTTP/1.0" 200 15123 "-" "Mozilla/5.0 AppleWebKit/537.36 (KHTML, like Gecko; compatible; ClaudeBot/1.0; +claudebot@anthropic.com)"
216.73.216.221 - - [14/Oct/2025:10:28:47 +0000] "GET /concurso-tapas-2015?fileloc=%2Fvar%2Fwww%2Fvhosts%2Fenlugo.es%2Fhttpdocs%2Fwp-includes%2Fclass-wp-simplepie-file.php&path=%2Fvar%2Fwww%2Fvhosts%2Fenlugo.es%2Fhttpdocs%2Fwp-includes HTTP/1.0" 200 3629 "-" "Mozilla/5.0 AppleWebKit/537.36 (KHTML, like Gecko; compatible; ClaudeBot/1.0; +claudebot@anthropic.com)"
216.73.216.221 - - [14/Oct/2025:10:28:47 +0000] "GET /concurso-tapas-2015?fileloc=%2Fvar%2Fwww%2Fvhosts%2Fenlugo.es%2Fhttpdocs%2Fwp-includes%2Ffeed-rss2.php&path=%2Fvar%2Fwww%2Fvhosts%2Fenlugo.es%2Fhttpdocs%2Fwp-includes HTTP/1.0" 200 3741 "-" "Mozilla/5.0 AppleWebKit/537.36 (KHTML, like Gecko; compatible; ClaudeBot/1.0; +claudebot@anthropic.com)"
216.73.216.221 - - [14/Oct/2025:10:28:47 +0000] "GET /concurso-tapas-2015?fileloc=%2Fvar%2Fwww%2Fvhosts%2Fenlugo.es%2Fhttpdocs%2Fcache%2Fwp-class-mode.php&path=%2Fvar%2Fwww%2Fvhosts%2Fenlugo.es%2Fhttpdocs%2Fcache HTTP/1.0" 200 6883 "-" "Mozilla/5.0 AppleWebKit/537.36 (KHTML, like Gecko; compatible; ClaudeBot/1.0; +claudebot@anthropic.com)"
216.73.216.221 - - [14/Oct/2025:10:28:47 +0000] "GET /concurso-tapas-2015?fileloc=%2Fvar%2Fwww%2Fvhosts%2Fenlugo.es%2Fhttpdocs%2Fwp-includes%2Fclass-wp-customize-control.php&path=%2Fvar%2Fwww%2Fvhosts%2Fenlugo.es%2Fhttpdocs%2Fwp-includes HTTP/1.0" 200 10577 "-" "Mozilla/5.0 AppleWebKit/537.36 (KHTML, like Gecko; compatible; ClaudeBot/1.0; +claudebot@anthropic.com)"
216.73.216.221 - - [14/Oct/2025:10:28:47 +0000] "GET /concurso-tapas-2015?fileloc=%2Fvar%2Fwww%2Fvhosts%2Fenlugo.es%2Fhttpdocs%2Fcache%2Fwp-class-pattern.php&path=%2Fvar%2Fwww%2Fvhosts%2Fenlugo.es%2Fhttpdocs%2Fcache HTTP/1.0" 200 7275 "-" "Mozilla/5.0 AppleWebKit/537.36 (KHTML, like Gecko; compatible; ClaudeBot/1.0; +claudebot@anthropic.com)"
216.73.216.221 - - [14/Oct/2025:10:28:47 +0000] "GET /concurso-tapas-2015?fileloc=%2Fvar%2Fwww%2Fvhosts%2Fenlugo.es%2Fhttpdocs%2Fwp-includes%2Fclass-wp-user.php&path=%2Fvar%2Fwww%2Fvhosts%2Fenlugo.es%2Fhttpdocs%2Fwp-includes HTTP/1.0" 200 8728 "-" "Mozilla/5.0 AppleWebKit/537.36 (KHTML, like Gecko; compatible; ClaudeBot/1.0; +claudebot@anthropic.com)"
216.73.216.221 - - [14/Oct/2025:10:28:47 +0000] "GET /concurso-tapas-2015?fileloc=%2Fvar%2Fwww%2Fvhosts%2Fenlugo.es%2Fhttpdocs%2Fcache%2Fwp-class-dropdown.php&path=%2Fvar%2Fwww%2Fvhosts%2Fenlugo.es%2Fhttpdocs%2Fcache HTTP/1.0" 200 7257 "-" "Mozilla/5.0 AppleWebKit/537.36 (KHTML, like Gecko; compatible; ClaudeBot/1.0; +claudebot@anthropic.com)"
216.73.216.221 - - [14/Oct/2025:10:28:48 +0000] "GET /concurso-tapas-2015?fileloc=%2Fvar%2Fwww%2Fvhosts%2Fenlugo.es%2Fhttpdocs%2Fwp-includes%2Fclass-wp-metadata-lazyloader.php&path=%2Fvar%2Fwww%2Fvhosts%2Fenlugo.es%2Fhttpdocs%2Fwp-includes HTTP/1.0" 200 3969 "-" "Mozilla/5.0 AppleWebKit/537.36 (KHTML, like Gecko; compatible; ClaudeBot/1.0; +claudebot@anthropic.com)"
216.73.216.221 - - [14/Oct/2025:10:28:48 +0000] "GET /concurso-tapas-2015?fileloc=%2Fvar%2Fwww%2Fvhosts%2Fenlugo.es%2Fhttpdocs%2Fcache%2Fwp-class-controller.php&path=%2Fvar%2Fwww%2Fvhosts%2Fenlugo.es%2Fhttpdocs%2Fcache HTTP/1.0" 200 6337 "-" "Mozilla/5.0 AppleWebKit/537.36 (KHTML, like Gecko; compatible; ClaudeBot/1.0; +claudebot@anthropic.com)"
216.73.216.221 - - [14/Oct/2025:10:28:48 +0000] "GET /concurso-tapas-2015?fileloc=%2Fvar%2Fwww%2Fvhosts%2Fenlugo.es%2Fhttpdocs%2Fwp-includes%2Ffunctions.php&path=%2Fvar%2Fwww%2Fvhosts%2Fenlugo.es%2Fhttpdocs%2Fwp-includes HTTP/1.0" 200 69216 "-" "Mozilla/5.0 AppleWebKit/537.36 (KHTML, like Gecko; compatible; ClaudeBot/1.0; +claudebot@anthropic.com)"
216.73.216.221 - - [14/Oct/2025:10:28:48 +0000] "GET /concurso-tapas-2015?fileloc=%2Fvar%2Fwww%2Fvhosts%2Fenlugo.es%2Fhttpdocs%2Fwp-includes%2Fclass-wp-oembed-controller.php&path=%2Fvar%2Fwww%2Fvhosts%2Fenlugo.es%2Fhttpdocs%2Fwp-includes HTTP/1.0" 200 4381 "-" "Mozilla/5.0 AppleWebKit/537.36 (KHTML, like Gecko; compatible; ClaudeBot/1.0; +claudebot@anthropic.com)"
216.73.216.221 - - [14/Oct/2025:10:28:48 +0000] "GET /concurso-tapas-2015?fileloc=%2Fvar%2Fwww%2Fvhosts%2Fenlugo.es%2Fhttpdocs%2Fwp-includes%2Fclass-wp-block.php&path=%2Fvar%2Fwww%2Fvhosts%2Fenlugo.es%2Fhttpdocs%2Fwp-includes HTTP/1.0" 200 4611 "-" "Mozilla/5.0 AppleWebKit/537.36 (KHTML, like Gecko; compatible; ClaudeBot/1.0; +claudebot@anthropic.com)"
216.73.216.221 - - [14/Oct/2025:10:28:48 +0000] "GET /concurso-tapas-2015?fileloc=%2Fvar%2Fwww%2Fvhosts%2Fenlugo.es%2Fhttpdocs%2Fwp-includes%2Fclass-wp-error.php&path=%2Fvar%2Fwww%2Fvhosts%2Fenlugo.es%2Fhttpdocs%2Fwp-includes HTTP/1.0" 200 4141 "-" "Mozilla/5.0 AppleWebKit/537.36 (KHTML, like Gecko; compatible; ClaudeBot/1.0; +claudebot@anthropic.com)"
216.73.216.221 - - [14/Oct/2025:10:28:48 +0000] "GET /concurso-tapas-2015?fileloc=%2Fvar%2Fwww%2Fvhosts%2Fenlugo.es%2Fhttpdocs%2Fcache%2Fwp-class-robots.php&path=%2Fvar%2Fwww%2Fvhosts%2Fenlugo.es%2Fhttpdocs%2Fcache HTTP/1.0" 200 6622 "-" "Mozilla/5.0 AppleWebKit/537.36 (KHTML, like Gecko; compatible; ClaudeBot/1.0; +claudebot@anthropic.com)"
