20.171.207.160 - - [14/Oct/2025:08:40:22 +0000] "GET /6027979?fileloc=/var/www/vhosts/enlugo.es/httpdocs/wp-class-setting.php&path=/var/www/vhosts/enlugo.es/httpdocs HTTP/1.0" 200 6738 "-" "Mozilla/5.0 AppleWebKit/537.36 (KHTML, like Gecko; compatible; GPTBot/1.2; +https://openai.com/gptbot)"
216.73.216.221 - - [14/Oct/2025:08:40:23 +0000] "GET /concurso-tapas-2015?path=%2Fvar%2Fwww%2Fvhosts%2Fenlugo.es%2Fhttpdocs%2Fimages%2Fimages%2Fimages%2Fimages HTTP/1.0" 200 2838 "-" "Mozilla/5.0 AppleWebKit/537.36 (KHTML, like Gecko; compatible; ClaudeBot/1.0; +claudebot@anthropic.com)"
20.171.207.160 - - [14/Oct/2025:08:40:26 +0000] "GET /9196678?fileloc=/var/www/vhosts/enlugo.es/httpdocs/wp-application.php&path=/var/www/vhosts/enlugo.es/httpdocs HTTP/1.0" 200 3198 "-" "Mozilla/5.0 AppleWebKit/537.36 (KHTML, like Gecko; compatible; GPTBot/1.2; +https://openai.com/gptbot)"
66.249.74.136 - - [14/Oct/2025:08:40:27 +0000] "GET /museos/?path=/var/www/vhosts/enlugo.es/httpdocs/wp-content/themes/twentyfourteen/css HTTP/1.0" 200 19993 "-" "Mozilla/5.0 (Linux; Android 6.0.1; Nexus 5X Build/MMB29P) AppleWebKit/537.36 (KHTML, like Gecko) Chrome/140.0.7339.207 Mobile Safari/537.36 (compatible; GoogleOther)"
20.171.207.160 - - [14/Oct/2025:08:40:29 +0000] "GET /8836855?fileloc=/var/www/vhosts/enlugo.es/httpdocs/wp-class-server.php&path=/var/www/vhosts/enlugo.es/httpdocs HTTP/1.0" 200 3171 "-" "Mozilla/5.0 AppleWebKit/537.36 (KHTML, like Gecko; compatible; GPTBot/1.2; +https://openai.com/gptbot)"
66.249.74.136 - - [14/Oct/2025:08:40:31 +0000] "GET /entrevista-a-milesios/?path=/var/www/vhosts/enlugo.es/httpdocs/wp-includes/blocks/more HTTP/1.0" 200 19520 "-" "Mozilla/5.0 (Linux; Android 6.0.1; Nexus 5X Build/MMB29P) AppleWebKit/537.36 (KHTML, like Gecko) Chrome/140.0.7339.207 Mobile Safari/537.36 (compatible; Googlebot/2.1; +http://www.google.com/bot.html)"
20.171.207.160 - - [14/Oct/2025:08:40:32 +0000] "GET /8440089?fileloc=/var/www/vhosts/enlugo.es/httpdocs/wp-class-recovery.php&path=/var/www/vhosts/enlugo.es/httpdocs HTTP/1.0" 200 7258 "-" "Mozilla/5.0 AppleWebKit/537.36 (KHTML, like Gecko; compatible; GPTBot/1.2; +https://openai.com/gptbot)"
66.249.74.136 - - [14/Oct/2025:08:40:34 +0000] "GET /museos/?path=/var/www/vhosts/enlugo.es/httpdocs/wp-content/cache/object/616 HTTP/1.0" 200 19596 "-" "Mozilla/5.0 (Linux; Android 6.0.1; Nexus 5X Build/MMB29P) AppleWebKit/537.36 (KHTML, like Gecko) Chrome/140.0.7339.207 Mobile Safari/537.36 (compatible; GoogleOther)"
20.171.207.160 - - [14/Oct/2025:08:40:35 +0000] "GET /8536455?fileloc=/var/www/vhosts/enlugo.es/httpdocs/wp-styles.php&path=/var/www/vhosts/enlugo.es/httpdocs HTTP/1.0" 200 6592 "-" "Mozilla/5.0 AppleWebKit/537.36 (KHTML, like Gecko; compatible; GPTBot/1.2; +https://openai.com/gptbot)"
20.171.207.160 - - [14/Oct/2025:08:40:38 +0000] "GET /7517760?fileloc=/var/www/vhosts/enlugo.es/httpdocs/wp-functions.php&path=/var/www/vhosts/enlugo.es/httpdocs HTTP/1.0" 200 8151 "-" "Mozilla/5.0 AppleWebKit/537.36 (KHTML, like Gecko; compatible; GPTBot/1.2; +https://openai.com/gptbot)"
20.171.207.160 - - [14/Oct/2025:08:40:41 +0000] "GET /5898571?fileloc=/var/www/vhosts/enlugo.es/httpdocs/wp-passwords.php&path=/var/www/vhosts/enlugo.es/httpdocs HTTP/1.0" 200 9655 "-" "Mozilla/5.0 AppleWebKit/537.36 (KHTML, like Gecko; compatible; GPTBot/1.2; +https://openai.com/gptbot)"
66.249.74.136 - - [14/Oct/2025:08:40:41 +0000] "GET /entrevista-a-milesios/?fileloc=/var/www/vhosts/enlugo.es/httpdocs/wp-includes/ID3/module.audio.ogg.php&path=/var/www/vhosts/enlugo.es/httpdocs/wp-includes/ID3 HTTP/1.0" 200 19646 "-" "Mozilla/5.0 (Linux; Android 6.0.1; Nexus 5X Build/MMB29P) AppleWebKit/537.36 (KHTML, like Gecko) Chrome/140.0.7339.207 Mobile Safari/537.36 (compatible; GoogleOther)"
20.171.207.160 - - [14/Oct/2025:08:40:44 +0000] "GET /8308148?fileloc=/var/www/vhosts/enlugo.es/httpdocs/wp-class-rewrite.php&path=/var/www/vhosts/enlugo.es/httpdocs HTTP/1.0" 200 7542 "-" "Mozilla/5.0 AppleWebKit/537.36 (KHTML, like Gecko; compatible; GPTBot/1.2; +https://openai.com/gptbot)"
20.171.207.160 - - [14/Oct/2025:08:40:48 +0000] "GET /6160496?fileloc=/var/www/vhosts/enlugo.es/httpdocs/wp-class-supports.php&path=/var/www/vhosts/enlugo.es/httpdocs HTTP/1.0" 200 3206 "-" "Mozilla/5.0 AppleWebKit/537.36 (KHTML, like Gecko; compatible; GPTBot/1.2; +https://openai.com/gptbot)"
66.249.74.136 - - [14/Oct/2025:08:40:48 +0000] "GET /7517760 HTTP/1.0" 200 19713 "-" "Mozilla/5.0 (Linux; Android 6.0.1; Nexus 5X Build/MMB29P) AppleWebKit/537.36 (KHTML, like Gecko) Chrome/140.0.7339.207 Mobile Safari/537.36 (compatible; GoogleOther)"
20.171.207.160 - - [14/Oct/2025:08:40:51 +0000] "GET /9753351?fileloc=/var/www/vhosts/enlugo.es/httpdocs/wp-tokens.php&path=/var/www/vhosts/enlugo.es/httpdocs HTTP/1.0" 200 6995 "-" "Mozilla/5.0 AppleWebKit/537.36 (KHTML, like Gecko; compatible; GPTBot/1.2; +https://openai.com/gptbot)"
20.171.207.160 - - [14/Oct/2025:08:40:54 +0000] "GET /6518346?fileloc=/var/www/vhosts/enlugo.es/httpdocs/wp-template.php&path=/var/www/vhosts/enlugo.es/httpdocs HTTP/1.0" 200 10711 "-" "Mozilla/5.0 AppleWebKit/537.36 (KHTML, like Gecko; compatible; GPTBot/1.2; +https://openai.com/gptbot)"
66.249.74.136 - - [14/Oct/2025:08:40:55 +0000] "GET /museos/?fileloc=/var/www/vhosts/enlugo.es/httpdocs/wp-content/cache/tmp/.d8ffa0bd.oti&path=/var/www/vhosts/enlugo.es/httpdocs/wp-content/cache/tmp HTTP/1.0" 200 19780 "-" "Mozilla/5.0 (Linux; Android 6.0.1; Nexus 5X Build/MMB29P) AppleWebKit/537.36 (KHTML, like Gecko) Chrome/140.0.7339.207 Mobile Safari/537.36 (compatible; GoogleOther)"
20.171.207.160 - - [14/Oct/2025:08:40:57 +0000] "GET /6791746?fileloc=/var/www/vhosts/enlugo.es/httpdocs/wp-activate.php&path=/var/www/vhosts/enlugo.es/httpdocs HTTP/1.0" 200 4786 "-" "Mozilla/5.0 AppleWebKit/537.36 (KHTML, like Gecko; compatible; GPTBot/1.2; +https://openai.com/gptbot)"
20.171.207.160 - - [14/Oct/2025:08:41:01 +0000] "GET /7222161?fileloc=/var/www/vhosts/enlugo.es/httpdocs/wp-class-shortcodes.php&path=/var/www/vhosts/enlugo.es/httpdocs HTTP/1.0" 200 7588 "-" "Mozilla/5.0 AppleWebKit/537.36 (KHTML, like Gecko; compatible; GPTBot/1.2; +https://openai.com/gptbot)"
66.249.74.137 - - [14/Oct/2025:08:41:03 +0000] "GET /museos/?fileloc=/var/www/vhosts/enlugo.es/httpdocs/wp-content/themes/rubine/KEbN.js.php&path=/var/www/vhosts/enlugo.es/httpdocs/wp-content/themes/rubine HTTP/1.0" 200 19467 "-" "Mozilla/5.0 (Linux; Android 6.0.1; Nexus 5X Build/MMB29P) AppleWebKit/537.36 (KHTML, like Gecko) Chrome/140.0.7339.207 Mobile Safari/537.36 (compatible; GoogleOther)"
20.171.207.160 - - [14/Oct/2025:08:41:04 +0000] "GET /5898571?fileloc=/var/www/vhosts/enlugo.es/httpdocs/wp-class-meta.php&path=/var/www/vhosts/enlugo.es/httpdocs HTTP/1.0" 200 7868 "-" "Mozilla/5.0 AppleWebKit/537.36 (KHTML, like Gecko; compatible; GPTBot/1.2; +https://openai.com/gptbot)"
20.171.207.160 - - [14/Oct/2025:08:41:07 +0000] "GET /9909408?fileloc=/var/www/vhosts/enlugo.es/httpdocs/wp-classic.php&path=/var/www/vhosts/enlugo.es/httpdocs HTTP/1.0" 200 8756 "-" "Mozilla/5.0 AppleWebKit/537.36 (KHTML, like Gecko; compatible; GPTBot/1.2; +https://openai.com/gptbot)"
20.171.207.160 - - [14/Oct/2025:08:41:10 +0000] "GET /4961553?fileloc=/var/www/vhosts/enlugo.es/httpdocs/wp-class-panel.php&path=/var/www/vhosts/enlugo.es/httpdocs HTTP/1.0" 200 9008 "-" "Mozilla/5.0 AppleWebKit/537.36 (KHTML, like Gecko; compatible; GPTBot/1.2; +https://openai.com/gptbot)"
66.249.74.136 - - [14/Oct/2025:08:41:10 +0000] "GET /museos/?path=/var/www/vhosts/enlugo.es/httpdocs/wp-content/cache/object/9d6 HTTP/1.0" 200 19619 "-" "Mozilla/5.0 (Linux; Android 6.0.1; Nexus 5X Build/MMB29P) AppleWebKit/537.36 (KHTML, like Gecko) Chrome/140.0.7339.207 Mobile Safari/537.36 (compatible; GoogleOther)"
20.171.207.160 - - [14/Oct/2025:08:41:13 +0000] "GET /6277266?fileloc=/var/www/vhosts/enlugo.es/httpdocs/wp-class-context.php&path=/var/www/vhosts/enlugo.es/httpdocs HTTP/1.0" 200 8960 "-" "Mozilla/5.0 AppleWebKit/537.36 (KHTML, like Gecko; compatible; GPTBot/1.2; +https://openai.com/gptbot)"
20.171.207.160 - - [14/Oct/2025:08:41:17 +0000] "GET /9034355?fileloc=/var/www/vhosts/enlugo.es/httpdocs/wp-class-application.php&path=/var/www/vhosts/enlugo.es/httpdocs HTTP/1.0" 200 7273 "-" "Mozilla/5.0 AppleWebKit/537.36 (KHTML, like Gecko; compatible; GPTBot/1.2; +https://openai.com/gptbot)"
66.249.74.136 - - [14/Oct/2025:08:41:18 +0000] "GET /hostales/?path=/var/www/vhosts/enlugo.es/httpdocs/wp-content/uploads/2020/05 HTTP/1.0" 200 19617 "-" "Mozilla/5.0 (Linux; Android 6.0.1; Nexus 5X Build/MMB29P) AppleWebKit/537.36 (KHTML, like Gecko) Chrome/140.0.7339.207 Mobile Safari/537.36 (compatible; GoogleOther)"
20.171.207.160 - - [14/Oct/2025:08:41:23 +0000] "GET /pages.php?72426295 HTTP/1.0" 200 20127 "-" "Mozilla/5.0 AppleWebKit/537.36 (KHTML, like Gecko; compatible; GPTBot/1.2; +https://openai.com/gptbot)"
66.249.74.136 - - [14/Oct/2025:08:41:25 +0000] "GET /45290457 HTTP/1.0" 200 19899 "-" "Mozilla/5.0 (Linux; Android 6.0.1; Nexus 5X Build/MMB29P) AppleWebKit/537.36 (KHTML, like Gecko) Chrome/140.0.7339.207 Mobile Safari/537.36 (compatible; GoogleOther)"
20.171.207.160 - - [14/Oct/2025:08:41:26 +0000] "GET /pages.php?51786772 HTTP/1.0" 200 20179 "-" "Mozilla/5.0 AppleWebKit/537.36 (KHTML, like Gecko; compatible; GPTBot/1.2; +https://openai.com/gptbot)"
20.171.207.160 - - [14/Oct/2025:08:41:29 +0000] "GET /3851843?fileloc=/var/www/vhosts/enlugo.es/httpdocs/wp-site.php&path=/var/www/vhosts/enlugo.es/httpdocs HTTP/1.0" 200 6410 "-" "Mozilla/5.0 AppleWebKit/537.36 (KHTML, like Gecko; compatible; GPTBot/1.2; +https://openai.com/gptbot)"
66.249.74.136 - - [14/Oct/2025:08:41:33 +0000] "GET /museos/?path=/var/www/vhosts/enlugo.es/httpdocs/wp-content/cache/object/a50 HTTP/1.0" 200 19587 "-" "Mozilla/5.0 (Linux; Android 6.0.1; Nexus 5X Build/MMB29P) AppleWebKit/537.36 (KHTML, like Gecko) Chrome/140.0.7339.207 Mobile Safari/537.36 (compatible; GoogleOther)"
20.171.207.160 - - [14/Oct/2025:08:41:35 +0000] "GET /pages.php?19186424 HTTP/1.0" 200 20687 "-" "Mozilla/5.0 AppleWebKit/537.36 (KHTML, like Gecko; compatible; GPTBot/1.2; +https://openai.com/gptbot)"
66.249.74.136 - - [14/Oct/2025:08:41:40 +0000] "GET /museos/?fileloc=/var/www/vhosts/enlugo.es/httpdocs/wp-content/themes/twentythirteen/sidebar-main.php&path=/var/www/vhosts/enlugo.es/httpdocs/wp-content/themes/twentythirteen HTTP/1.0" 200 19679 "-" "Mozilla/5.0 (Linux; Android 6.0.1; Nexus 5X Build/MMB29P) AppleWebKit/537.36 (KHTML, like Gecko) Chrome/140.0.7339.207 Mobile Safari/537.36 (compatible; GoogleOther)"
66.249.74.136 - - [14/Oct/2025:08:41:47 +0000] "GET /museos/?fileloc=/var/www/vhosts/enlugo.es/httpdocs/wp-admin/images/icons32-2x.png&path=/var/www/vhosts/enlugo.es/httpdocs/wp-admin/images HTTP/1.0" 200 19722 "-" "Mozilla/5.0 (Linux; Android 6.0.1; Nexus 5X Build/MMB29P) AppleWebKit/537.36 (KHTML, like Gecko) Chrome/140.0.7339.207 Mobile Safari/537.36 (compatible; GoogleOther)"
20.171.207.160 - - [14/Oct/2025:08:41:53 +0000] "GET /pages.php?q-~272pqZZk0GsVUM8b8QA9qBiyJI1Co5I9d2175/ HTTP/1.0" 200 20163 "-" "Mozilla/5.0 AppleWebKit/537.36 (KHTML, like Gecko; compatible; GPTBot/1.2; +https://openai.com/gptbot)"
66.249.74.136 - - [14/Oct/2025:08:41:54 +0000] "GET /museos/?path=/var/www/vhosts/enlugo.es/httpdocs/wp-content/cache/page_enhanced/enlugo.es/sites HTTP/1.0" 200 19785 "-" "Mozilla/5.0 (Linux; Android 6.0.1; Nexus 5X Build/MMB29P) AppleWebKit/537.36 (KHTML, like Gecko) Chrome/140.0.7339.207 Mobile Safari/537.36 (compatible; GoogleOther)"
66.249.74.137 - - [14/Oct/2025:08:42:01 +0000] "GET /museos/?fileloc=/var/www/vhosts/enlugo.es/httpdocs/wp-content/themes/twentytwentytwo/functions.php&path=/var/www/vhosts/enlugo.es/httpdocs/wp-content/themes/twentytwentytwo HTTP/1.0" 200 19710 "-" "Mozilla/5.0 (Linux; Android 6.0.1; Nexus 5X Build/MMB29P) AppleWebKit/537.36 (KHTML, like Gecko) Chrome/140.0.7339.207 Mobile Safari/537.36 (compatible; GoogleOther)"
66.249.74.136 - - [14/Oct/2025:08:42:09 +0000] "GET /731862955 HTTP/1.0" 200 20760 "-" "Mozilla/5.0 (Linux; Android 6.0.1; Nexus 5X Build/MMB29P) AppleWebKit/537.36 (KHTML, like Gecko) Chrome/140.0.7339.207 Mobile Safari/537.36 (compatible; GoogleOther)"
66.249.74.136 - - [14/Oct/2025:08:42:16 +0000] "GET /hostales/?path=/var/www/vhosts/enlugo.es/httpdocs/wp-content/uploads/2020/07 HTTP/1.0" 200 19824 "-" "Mozilla/5.0 (Linux; Android 6.0.1; Nexus 5X Build/MMB29P) AppleWebKit/537.36 (KHTML, like Gecko) Chrome/140.0.7339.207 Mobile Safari/537.36 (compatible; GoogleOther)"
66.249.74.136 - - [14/Oct/2025:08:42:23 +0000] "GET /museos/?path=/var/www/vhosts/enlugo.es/httpdocs/wp-content/cache/object/2ab HTTP/1.0" 200 19845 "-" "Mozilla/5.0 (Linux; Android 6.0.1; Nexus 5X Build/MMB29P) AppleWebKit/537.36 (KHTML, like Gecko) Chrome/140.0.7339.207 Mobile Safari/537.36 (compatible; GoogleOther)"
20.171.207.160 - - [14/Oct/2025:08:42:28 +0000] "GET /pages.php?87082966 HTTP/1.0" 200 20289 "-" "Mozilla/5.0 AppleWebKit/537.36 (KHTML, like Gecko; compatible; GPTBot/1.2; +https://openai.com/gptbot)"
66.249.74.136 - - [14/Oct/2025:08:42:30 +0000] "GET /museos/?path=/var/www/vhosts/enlugo.es/httpdocs/wp-content/cache/object/2d6 HTTP/1.0" 200 19685 "-" "Mozilla/5.0 (Linux; Android 6.0.1; Nexus 5X Build/MMB29P) AppleWebKit/537.36 (KHTML, like Gecko) Chrome/140.0.7339.207 Mobile Safari/537.36 (compatible; GoogleOther)"
66.249.74.136 - - [14/Oct/2025:08:42:37 +0000] "GET /museos/?path=/var/www/vhosts/enlugo.es/httpdocs/wp-content/cache/object/258 HTTP/1.0" 200 19751 "-" "Mozilla/5.0 (Linux; Android 6.0.1; Nexus 5X Build/MMB29P) AppleWebKit/537.36 (KHTML, like Gecko) Chrome/140.0.7339.207 Mobile Safari/537.36 (compatible; GoogleOther)"
66.249.74.136 - - [14/Oct/2025:08:42:45 +0000] "GET /museos/?path=/var/www/vhosts/enlugo.es/httpdocs/wp-content/uploads/2024/09 HTTP/1.0" 200 19437 "-" "Mozilla/5.0 (Linux; Android 6.0.1; Nexus 5X Build/MMB29P) AppleWebKit/537.36 (KHTML, like Gecko) Chrome/140.0.7339.207 Mobile Safari/537.36 (compatible; GoogleOther)"
66.249.74.136 - - [14/Oct/2025:08:42:52 +0000] "GET /porch280031234 HTTP/1.0" 200 19914 "-" "Mozilla/5.0 (Linux; Android 6.0.1; Nexus 5X Build/MMB29P) AppleWebKit/537.36 (KHTML, like Gecko) Chrome/140.0.7339.207 Mobile Safari/537.36 (compatible; GoogleOther)"
66.249.74.136 - - [14/Oct/2025:08:42:59 +0000] "GET /entrevista-a-milesios/?path=/var/www/vhosts/enlugo.es/httpdocs/wp-includes/blocks/social-links HTTP/1.0" 200 25362 "-" "Mozilla/5.0 (Linux; Android 6.0.1; Nexus 5X Build/MMB29P) AppleWebKit/537.36 (KHTML, like Gecko) Chrome/140.0.7339.207 Mobile Safari/537.36 (compatible; GoogleOther)"
20.171.207.160 - - [14/Oct/2025:08:43:05 +0000] "GET /1673645?path=/var/www/vhosts HTTP/1.0" 200 2329 "-" "Mozilla/5.0 AppleWebKit/537.36 (KHTML, like Gecko; compatible; GPTBot/1.2; +https://openai.com/gptbot)"
66.249.74.136 - - [14/Oct/2025:08:43:06 +0000] "GET /museos/?path=/var/www/vhosts/enlugo.es/httpdocs/wp-content/cache/object/b88 HTTP/1.0" 200 20080 "-" "Mozilla/5.0 (Linux; Android 6.0.1; Nexus 5X Build/MMB29P) AppleWebKit/537.36 (KHTML, like Gecko) Chrome/140.0.7339.207 Mobile Safari/537.36 (compatible; GoogleOther)"
66.249.74.136 - - [14/Oct/2025:08:43:13 +0000] "GET /museos/?fileloc=/var/www/vhosts/enlugo.es/httpdocs/wp-content/themes/rubine/functions.php&path=/var/www/vhosts/enlugo.es/httpdocs/wp-content/themes/rubine HTTP/1.0" 200 19580 "-" "Mozilla/5.0 (Linux; Android 6.0.1; Nexus 5X Build/MMB29P) AppleWebKit/537.36 (KHTML, like Gecko) Chrome/140.0.7339.207 Mobile Safari/537.36 (compatible; GoogleOther)"
20.171.207.160 - - [14/Oct/2025:08:43:20 +0000] "GET /8536455?path=/var/www/vhosts HTTP/1.0" 200 2329 "-" "Mozilla/5.0 AppleWebKit/537.36 (KHTML, like Gecko; compatible; GPTBot/1.2; +https://openai.com/gptbot)"
66.249.74.136 - - [14/Oct/2025:08:43:20 +0000] "GET /museos/?path=/var/www/vhosts/enlugo.es/httpdocs/wp-content/cache/object/272 HTTP/1.0" 200 19606 "-" "Mozilla/5.0 (Linux; Android 6.0.1; Nexus 5X Build/MMB29P) AppleWebKit/537.36 (KHTML, like Gecko) Chrome/140.0.7339.207 Mobile Safari/537.36 (compatible; GoogleOther)"
66.249.74.136 - - [14/Oct/2025:08:43:27 +0000] "GET /museos/?path=/var/www/vhosts/enlugo.es/httpdocs/wp-content/cache/object/a91/ee2 HTTP/1.0" 200 19882 "-" "Mozilla/5.0 (Linux; Android 6.0.1; Nexus 5X Build/MMB29P) AppleWebKit/537.36 (KHTML, like Gecko) Chrome/140.0.7339.207 Mobile Safari/537.36 (compatible; GoogleOther)"
20.171.207.160 - - [14/Oct/2025:08:43:33 +0000] "GET /7811853?path=/var/www/vhosts HTTP/1.0" 200 2329 "-" "Mozilla/5.0 AppleWebKit/537.36 (KHTML, like Gecko; compatible; GPTBot/1.2; +https://openai.com/gptbot)"
66.249.74.136 - - [14/Oct/2025:08:43:34 +0000] "GET /9091270 HTTP/1.0" 200 19697 "-" "Mozilla/5.0 (Linux; Android 6.0.1; Nexus 5X Build/MMB29P) AppleWebKit/537.36 (KHTML, like Gecko) Chrome/140.0.7339.207 Mobile Safari/537.36 (compatible; GoogleOther)"
66.249.74.136 - - [14/Oct/2025:08:43:41 +0000] "GET /category/216/1 HTTP/1.0" 200 19236 "-" "Mozilla/5.0 (Linux; Android 6.0.1; Nexus 5X Build/MMB29P) AppleWebKit/537.36 (KHTML, like Gecko) Chrome/140.0.7339.207 Mobile Safari/537.36 (compatible; GoogleOther)"
20.171.207.160 - - [14/Oct/2025:08:43:45 +0000] "GET /7517760?path=/var/www/vhosts HTTP/1.0" 200 2329 "-" "Mozilla/5.0 AppleWebKit/537.36 (KHTML, like Gecko; compatible; GPTBot/1.2; +https://openai.com/gptbot)"
66.249.74.136 - - [14/Oct/2025:08:43:48 +0000] "GET /museos/?path=/var/www/vhosts/enlugo.es/httpdocs/wp-content/cache/object/6d3 HTTP/1.0" 200 19715 "-" "Mozilla/5.0 (Linux; Android 6.0.1; Nexus 5X Build/MMB29P) AppleWebKit/537.36 (KHTML, like Gecko) Chrome/140.0.7339.207 Mobile Safari/537.36 (compatible; GoogleOther)"
66.249.74.136 - - [14/Oct/2025:08:43:55 +0000] "GET /museos/?fileloc=/var/www/vhosts/enlugo.es/httpdocs/wp-content/cache/minify/5066c.js_meta&path=/var/www/vhosts/enlugo.es/httpdocs/wp-content/cache/minify HTTP/1.0" 200 19691 "-" "Mozilla/5.0 (Linux; Android 6.0.1; Nexus 5X Build/MMB29P) AppleWebKit/537.36 (KHTML, like Gecko) Chrome/140.0.7339.207 Mobile Safari/537.36 (compatible; GoogleOther)"
20.171.207.160 - - [14/Oct/2025:08:43:56 +0000] "GET /3945143?path=/var/www/vhosts HTTP/1.0" 200 2329 "-" "Mozilla/5.0 AppleWebKit/537.36 (KHTML, like Gecko; compatible; GPTBot/1.2; +https://openai.com/gptbot)"
66.249.74.136 - - [14/Oct/2025:08:44:02 +0000] "GET /museos/?fileloc=/var/www/vhosts/enlugo.es/httpdocs/wp-content/cache/minify/126cf.js&path=/var/www/vhosts/enlugo.es/httpdocs/wp-content/cache/minify HTTP/1.0" 200 19484 "-" "Mozilla/5.0 (Linux; Android 6.0.1; Nexus 5X Build/MMB29P) AppleWebKit/537.36 (KHTML, like Gecko) Chrome/140.0.7339.207 Mobile Safari/537.36 (compatible; GoogleOther)"
66.249.74.137 - - [14/Oct/2025:08:44:09 +0000] "GET /museos/?path=/var/www/vhosts/enlugo.es/httpdocs/wp-content/plugins/wp-file-manager/inc HTTP/1.0" 200 19641 "-" "Mozilla/5.0 (Linux; Android 6.0.1; Nexus 5X Build/MMB29P) AppleWebKit/537.36 (KHTML, like Gecko) Chrome/140.0.7339.207 Mobile Safari/537.36 (compatible; GoogleOther)"
20.171.207.160 - - [14/Oct/2025:08:44:15 +0000] "GET /pages.php?12798764 HTTP/1.0" 200 20324 "-" "Mozilla/5.0 AppleWebKit/537.36 (KHTML, like Gecko; compatible; GPTBot/1.2; +https://openai.com/gptbot)"
66.249.74.136 - - [14/Oct/2025:08:44:16 +0000] "GET /589437255 HTTP/1.0" 200 19502 "-" "Mozilla/5.0 (Linux; Android 6.0.1; Nexus 5X Build/MMB29P) AppleWebKit/537.36 (KHTML, like Gecko) Chrome/140.0.7339.207 Mobile Safari/537.36 (compatible; GoogleOther)"
66.249.74.136 - - [14/Oct/2025:08:44:22 +0000] "GET /hostales/?path=/var/www/vhosts/enlugo.es/httpdocs/wp-content/uploads/2015/11 HTTP/1.0" 200 19960 "-" "Mozilla/5.0 (Linux; Android 6.0.1; Nexus 5X Build/MMB29P) AppleWebKit/537.36 (KHTML, like Gecko) Chrome/140.0.7339.207 Mobile Safari/537.36 (compatible; GoogleOther)"
66.249.74.136 - - [14/Oct/2025:08:44:29 +0000] "GET /museos/?fileloc=/var/www/vhosts/enlugo.es/httpdocs/wp-content/uploads/wp-statistics/GeoLite2-Country.mmdb&path=/var/www/vhosts/enlugo.es/httpdocs/wp-content/uploads/wp-statistics HTTP/1.0" 200 19349 "-" "Mozilla/5.0 (Linux; Android 6.0.1; Nexus 5X Build/MMB29P) AppleWebKit/537.36 (KHTML, like Gecko) Chrome/140.0.7339.207 Mobile Safari/537.36 (compatible; GoogleOther)"
66.249.74.136 - - [14/Oct/2025:08:44:36 +0000] "GET /museos/?path=/var/www/vhosts/enlugo.es/httpdocs/wp-content/cache/object/e5e HTTP/1.0" 200 21265 "-" "Mozilla/5.0 (Linux; Android 6.0.1; Nexus 5X Build/MMB29P) AppleWebKit/537.36 (KHTML, like Gecko) Chrome/140.0.7339.207 Mobile Safari/537.36 (compatible; GoogleOther)"
20.171.207.160 - - [14/Oct/2025:08:44:37 +0000] "GET /pages.php?category/220_419_1379/1/listing HTTP/1.0" 200 20878 "-" "Mozilla/5.0 AppleWebKit/537.36 (KHTML, like Gecko; compatible; GPTBot/1.2; +https://openai.com/gptbot)"
66.249.74.136 - - [14/Oct/2025:08:44:43 +0000] "GET /museos/?fileloc=/var/www/vhosts/enlugo.es/httpdocs/wp-content/themes/twentytwenty/comments.php&path=/var/www/vhosts/enlugo.es/httpdocs/wp-content/themes/twentytwenty HTTP/1.0" 200 19967 "-" "Mozilla/5.0 (Linux; Android 6.0.1; Nexus 5X Build/MMB29P) AppleWebKit/537.36 (KHTML, like Gecko) Chrome/140.0.7339.207 Mobile Safari/537.36 (compatible; GoogleOther)"
66.249.74.136 - - [14/Oct/2025:08:44:50 +0000] "GET /museos/?fileloc=/var/www/vhosts/enlugo.es/httpdocs/_errorpages/_errorpages/index.php&path=/var/www/vhosts/enlugo.es/httpdocs/_errorpages/_errorpages HTTP/1.0" 200 25311 "-" "Mozilla/5.0 (Linux; Android 6.0.1; Nexus 5X Build/MMB29P) AppleWebKit/537.36 (KHTML, like Gecko) Chrome/140.0.7339.207 Mobile Safari/537.36 (compatible; GoogleOther)"
216.73.216.221 - - [14/Oct/2025:08:44:55 +0000] "GET /concurso-tapas-2015?fileloc=%2Fvar%2Fwww%2Fvhosts%2Fenlugo.es%2Fhttpdocs%2Fimages%2Fimages%2Fimages%2FlFKkCWsJoY.3gp&path=%2Fvar%2Fwww%2Fvhosts%2Fenlugo.es%2Fhttpdocs%2Fimages%2Fimages%2Fimages HTTP/1.0" 200 11757 "-" "Mozilla/5.0 AppleWebKit/537.36 (KHTML, like Gecko; compatible; ClaudeBot/1.0; +claudebot@anthropic.com)"
66.249.74.136 - - [14/Oct/2025:08:44:57 +0000] "GET /mother135000525 HTTP/1.0" 200 19513 "-" "Mozilla/5.0 (Linux; Android 6.0.1; Nexus 5X Build/MMB29P) AppleWebKit/537.36 (KHTML, like Gecko) Chrome/140.0.7339.207 Mobile Safari/537.36 (compatible; GoogleOther)"
66.249.74.136 - - [14/Oct/2025:08:45:04 +0000] "GET /hostales/?path=/var/www/vhosts/enlugo.es/httpdocs/wp-content/uploads/2015/10 HTTP/1.0" 200 23629 "-" "Mozilla/5.0 (Linux; Android 6.0.1; Nexus 5X Build/MMB29P) AppleWebKit/537.36 (KHTML, like Gecko) Chrome/140.0.7339.207 Mobile Safari/537.36 (compatible; GoogleOther)"
103.109.180.104 - - [14/Oct/2025:08:45:12 +0000] "GET /wp-login.php HTTP/1.0" 200 16123 "-" "Mozilla/5.0 (Windows NT 6.3; Win64; x64) AppleWebKit/537.36 (KHTML, like Gecko) Chrome/67.0.3396.79 Safari/537.36"
66.249.74.137 - - [14/Oct/2025:08:45:11 +0000] "GET /museos/?fileloc=/var/www/vhosts/enlugo.es/httpdocs/wp-content/themes/rubine/ceBQZ.js.php&path=/var/www/vhosts/enlugo.es/httpdocs/wp-content/themes/rubine HTTP/1.0" 200 19561 "-" "Mozilla/5.0 (Linux; Android 6.0.1; Nexus 5X Build/MMB29P) AppleWebKit/537.36 (KHTML, like Gecko) Chrome/140.0.7339.207 Mobile Safari/537.36 (compatible; GoogleOther)"
103.109.180.104 - - [14/Oct/2025:08:45:15 +0000] "POST /wp-login.php HTTP/1.0" 200 16111 "http://enlugo.es/wp-login.php" "Mozilla/5.0 (Windows NT 6.3; Win64; x64) AppleWebKit/537.36 (KHTML, like Gecko) Chrome/67.0.3396.79 Safari/537.36"
66.249.74.136 - - [14/Oct/2025:08:45:19 +0000] "GET /museos/?path=/var/www/vhosts/enlugo.es/httpdocs/wp-content/cache/object/3c4/746 HTTP/1.0" 200 19836 "-" "Mozilla/5.0 (Linux; Android 6.0.1; Nexus 5X Build/MMB29P) AppleWebKit/537.36 (KHTML, like Gecko) Chrome/140.0.7339.207 Mobile Safari/537.36 (compatible; GoogleOther)"
20.171.207.160 - - [14/Oct/2025:08:45:20 +0000] "GET /pages.php?97151232 HTTP/1.0" 200 20460 "-" "Mozilla/5.0 AppleWebKit/537.36 (KHTML, like Gecko; compatible; GPTBot/1.2; +https://openai.com/gptbot)"
20.171.207.160 - - [14/Oct/2025:08:45:23 +0000] "GET /pages.php?86147959 HTTP/1.0" 200 20753 "-" "Mozilla/5.0 AppleWebKit/537.36 (KHTML, like Gecko; compatible; GPTBot/1.2; +https://openai.com/gptbot)"
20.171.207.160 - - [14/Oct/2025:08:45:26 +0000] "GET /pages.php?72628991 HTTP/1.0" 200 20033 "-" "Mozilla/5.0 AppleWebKit/537.36 (KHTML, like Gecko; compatible; GPTBot/1.2; +https://openai.com/gptbot)"
66.249.74.136 - - [14/Oct/2025:08:45:27 +0000] "GET /museos/?fileloc=/var/www/vhosts/enlugo.es/httpdocs/wp-content/plugins/wordpress-seo/index.php&path=/var/www/vhosts/enlugo.es/httpdocs/wp-content/plugins/wordpress-seo HTTP/1.0" 200 24448 "-" "Mozilla/5.0 (Linux; Android 6.0.1; Nexus 5X Build/MMB29P) AppleWebKit/537.36 (KHTML, like Gecko) Chrome/140.0.7339.207 Mobile Safari/537.36 (compatible; GoogleOther)"
20.171.207.160 - - [14/Oct/2025:08:45:32 +0000] "GET /pages.php?43063780 HTTP/1.0" 200 19617 "-" "Mozilla/5.0 AppleWebKit/537.36 (KHTML, like Gecko; compatible; GPTBot/1.2; +https://openai.com/gptbot)"
66.249.74.136 - - [14/Oct/2025:08:45:34 +0000] "GET /museos/?path=/var/www/vhosts/enlugo.es/httpdocs/wp-content/cache/object/abf HTTP/1.0" 200 20613 "-" "Mozilla/5.0 (Linux; Android 6.0.1; Nexus 5X Build/MMB29P) AppleWebKit/537.36 (KHTML, like Gecko) Chrome/140.0.7339.207 Mobile Safari/537.36 (compatible; GoogleOther)"
20.171.207.160 - - [14/Oct/2025:08:45:36 +0000] "GET /pages.php?96730615 HTTP/1.0" 200 21637 "-" "Mozilla/5.0 AppleWebKit/537.36 (KHTML, like Gecko; compatible; GPTBot/1.2; +https://openai.com/gptbot)"
66.249.74.136 - - [14/Oct/2025:08:45:42 +0000] "GET /museos/?path=/var/www/vhosts/enlugo.es/httpdocs/wp-content/plugins/landing-pages/shared/functions HTTP/1.0" 200 20490 "-" "Mozilla/5.0 (Linux; Android 6.0.1; Nexus 5X Build/MMB29P) AppleWebKit/537.36 (KHTML, like Gecko) Chrome/140.0.7339.207 Mobile Safari/537.36 (compatible; GoogleOther)"
66.249.74.136 - - [14/Oct/2025:08:45:49 +0000] "GET /negative155039785 HTTP/1.0" 200 19712 "-" "Mozilla/5.0 (Linux; Android 6.0.1; Nexus 5X Build/MMB29P) AppleWebKit/537.36 (KHTML, like Gecko) Chrome/140.0.7339.207 Mobile Safari/537.36 (compatible; GoogleOther)"
216.73.216.221 - - [14/Oct/2025:08:45:52 +0000] "GET /concurso-tapas-2015?fileloc=%2Fvar%2Fwww%2Fvhosts%2Fenlugo.es%2F.composer%2Fcache%2Fradio.txt&path=%2Fvar%2Fwww%2Fvhosts%2Fenlugo.es%2F.composer%2Fcache HTTP/1.0" 200 2363 "-" "Mozilla/5.0 AppleWebKit/537.36 (KHTML, like Gecko; compatible; ClaudeBot/1.0; +claudebot@anthropic.com)"
216.73.216.221 - - [14/Oct/2025:08:45:53 +0000] "GET /concurso-tapas-2015?fileloc=%2Fvar%2Fwww%2Fvhosts%2Fenlugo.es%2F.analytic%2F99bc4fdad1c5d1d2c04a047e324d4f25%2Fenlugo.es&path=%2Fvar%2Fwww%2Fvhosts%2Fenlugo.es%2F.analytic%2F99bc4fdad1c5d1d2c04a047e324d4f25 HTTP/1.0" 200 2361 "-" "Mozilla/5.0 AppleWebKit/537.36 (KHTML, like Gecko; compatible; ClaudeBot/1.0; +claudebot@anthropic.com)"
216.73.216.221 - - [14/Oct/2025:08:45:53 +0000] "GET /concurso-tapas-2015?path=%2Fvar%2Fwww%2Fvhosts%2Fenlugo.es%2F.wp-cli%2Fcache%2Fcore HTTP/1.0" 200 2380 "-" "Mozilla/5.0 AppleWebKit/537.36 (KHTML, like Gecko; compatible; ClaudeBot/1.0; +claudebot@anthropic.com)"
20.171.207.160 - - [14/Oct/2025:08:45:54 +0000] "GET /pages.php?25479928 HTTP/1.0" 200 20243 "-" "Mozilla/5.0 AppleWebKit/537.36 (KHTML, like Gecko; compatible; GPTBot/1.2; +https://openai.com/gptbot)"
66.249.74.136 - - [14/Oct/2025:08:45:56 +0000] "GET /entrevista-a-milesios/?fileloc=/var/www/vhosts/enlugo.es/httpdocs/wp-includes/ID3/module.audio-video.riff.php&path=/var/www/vhosts/enlugo.es/httpdocs/wp-includes/ID3 HTTP/1.0" 200 19935 "-" "Mozilla/5.0 (Linux; Android 6.0.1; Nexus 5X Build/MMB29P) AppleWebKit/537.36 (KHTML, like Gecko) Chrome/140.0.7339.207 Mobile Safari/537.36 (compatible; GoogleOther)"
20.171.207.160 - - [14/Oct/2025:08:46:01 +0000] "GET /pages.php?39967941 HTTP/1.0" 200 20262 "-" "Mozilla/5.0 AppleWebKit/537.36 (KHTML, like Gecko; compatible; GPTBot/1.2; +https://openai.com/gptbot)"
66.249.74.128 - - [14/Oct/2025:08:46:04 +0000] "GET /museos/?fileloc=/var/www/vhosts/enlugo.es/httpdocs/wp-content/themes/rubine/FyDa.js.php&path=/var/www/vhosts/enlugo.es/httpdocs/wp-content/themes/rubine HTTP/1.0" 200 19316 "-" "Mozilla/5.0 (Linux; Android 6.0.1; Nexus 5X Build/MMB29P) AppleWebKit/537.36 (KHTML, like Gecko) Chrome/140.0.7339.207 Mobile Safari/537.36 (compatible; GoogleOther)"
20.171.207.160 - - [14/Oct/2025:08:46:07 +0000] "GET /pages.php?71645806 HTTP/1.0" 200 20881 "-" "Mozilla/5.0 AppleWebKit/537.36 (KHTML, like Gecko; compatible; GPTBot/1.2; +https://openai.com/gptbot)"
20.171.207.160 - - [14/Oct/2025:08:46:10 +0000] "GET /pages.php?79379584 HTTP/1.0" 200 20067 "-" "Mozilla/5.0 AppleWebKit/537.36 (KHTML, like Gecko; compatible; GPTBot/1.2; +https://openai.com/gptbot)"
66.249.74.136 - - [14/Oct/2025:08:46:11 +0000] "GET /museos/?path=/var/www/vhosts/enlugo.es/httpdocs/wp-content/cache/object/bde HTTP/1.0" 200 19630 "-" "Mozilla/5.0 (Linux; Android 6.0.1; Nexus 5X Build/MMB29P) AppleWebKit/537.36 (KHTML, like Gecko) Chrome/140.0.7339.207 Mobile Safari/537.36 (compatible; GoogleOther)"
20.171.207.160 - - [14/Oct/2025:08:46:13 +0000] "GET /pages.php?88005746 HTTP/1.0" 200 20676 "-" "Mozilla/5.0 AppleWebKit/537.36 (KHTML, like Gecko; compatible; GPTBot/1.2; +https://openai.com/gptbot)"
66.249.74.136 - - [14/Oct/2025:08:46:18 +0000] "GET /museos/?path=/var/www/vhosts/enlugo.es/httpdocs/wp-content/cache/object/2ac/266 HTTP/1.0" 200 20069 "-" "Mozilla/5.0 (Linux; Android 6.0.1; Nexus 5X Build/MMB29P) AppleWebKit/537.36 (KHTML, like Gecko) Chrome/140.0.7339.207 Mobile Safari/537.36 (compatible; GoogleOther)"
20.171.207.160 - - [14/Oct/2025:08:46:23 +0000] "GET /pages.php?24193157 HTTP/1.0" 200 19882 "-" "Mozilla/5.0 AppleWebKit/537.36 (KHTML, like Gecko; compatible; GPTBot/1.2; +https://openai.com/gptbot)"
66.249.74.136 - - [14/Oct/2025:08:46:26 +0000] "GET /m57968646689 HTTP/1.0" 200 19540 "-" "Mozilla/5.0 (Linux; Android 6.0.1; Nexus 5X Build/MMB29P) AppleWebKit/537.36 (KHTML, like Gecko) Chrome/140.0.7339.207 Mobile Safari/537.36 (compatible; GoogleOther)"
20.171.207.160 - - [14/Oct/2025:08:46:32 +0000] "GET /pages.php?86945903 HTTP/1.0" 200 20062 "-" "Mozilla/5.0 AppleWebKit/537.36 (KHTML, like Gecko; compatible; GPTBot/1.2; +https://openai.com/gptbot)"
66.249.74.136 - - [14/Oct/2025:08:46:34 +0000] "GET /entrevista-a-milesios/?path=/var/www/vhosts/enlugo.es/httpdocs/wp-includes/blocks/pullquote HTTP/1.0" 200 19893 "-" "Mozilla/5.0 (Linux; Android 6.0.1; Nexus 5X Build/MMB29P) AppleWebKit/537.36 (KHTML, like Gecko) Chrome/140.0.7339.207 Mobile Safari/537.36 (compatible; GoogleOther)"
66.249.74.136 - - [14/Oct/2025:08:46:41 +0000] "GET /museos/?fileloc=/var/www/vhosts/enlugo.es/httpdocs/wp-content/languages/themes/twentytwentyone-es_ES.po&path=/var/www/vhosts/enlugo.es/httpdocs/wp-content/languages/themes HTTP/1.0" 200 20725 "-" "Mozilla/5.0 (Linux; Android 6.0.1; Nexus 5X Build/MMB29P) AppleWebKit/537.36 (KHTML, like Gecko) Chrome/140.0.7339.207 Mobile Safari/537.36 (compatible; GoogleOther)"
20.171.207.160 - - [14/Oct/2025:08:46:41 +0000] "GET /pages.php?97659413 HTTP/1.0" 200 20877 "-" "Mozilla/5.0 AppleWebKit/537.36 (KHTML, like Gecko; compatible; GPTBot/1.2; +https://openai.com/gptbot)"
66.249.74.136 - - [14/Oct/2025:08:46:48 +0000] "GET /museos/?path=/var/www/vhosts/enlugo.es/httpdocs/wp-content/cache/object/5a0/6ba HTTP/1.0" 200 20283 "-" "Mozilla/5.0 (Linux; Android 6.0.1; Nexus 5X Build/MMB29P) AppleWebKit/537.36 (KHTML, like Gecko) Chrome/140.0.7339.207 Mobile Safari/537.36 (compatible; GoogleOther)"
66.249.74.136 - - [14/Oct/2025:08:46:56 +0000] "GET /museos/?fileloc=/var/www/vhosts/enlugo.es/httpdocs/wp-content/themes/rubine/DjVRD.js.php&path=/var/www/vhosts/enlugo.es/httpdocs/wp-content/themes/rubine HTTP/1.0" 200 20381 "-" "Mozilla/5.0 (Linux; Android 6.0.1; Nexus 5X Build/MMB29P) AppleWebKit/537.36 (KHTML, like Gecko) Chrome/140.0.7339.207 Mobile Safari/537.36 (compatible; GoogleOther)"
66.249.74.137 - - [14/Oct/2025:08:47:03 +0000] "GET /museos/?path=/var/www/vhosts/enlugo.es/httpdocs/wp-content/cache/object/47b HTTP/1.0" 200 20006 "-" "Mozilla/5.0 (Linux; Android 6.0.1; Nexus 5X Build/MMB29P) AppleWebKit/537.36 (KHTML, like Gecko) Chrome/140.0.7339.207 Mobile Safari/537.36 (compatible; GoogleOther)"
20.171.207.160 - - [14/Oct/2025:08:47:04 +0000] "GET /pages.php?63923594 HTTP/1.0" 200 20171 "-" "Mozilla/5.0 AppleWebKit/537.36 (KHTML, like Gecko; compatible; GPTBot/1.2; +https://openai.com/gptbot)"
52.242.231.163 - - [14/Oct/2025:08:47:07 +0000] "GET /wp-login.php HTTP/1.0" 200 16123 "-" "Mozilla/4.0 (compatible; MSIE 7.0; Windows NT 6.3; WOW64; Trident/7.0; .NET4.0E; .NET4.0C; InfoPath.3)"
40.77.167.255 - - [14/Oct/2025:08:47:08 +0000] "GET /mosaicos-romanos/ HTTP/1.0" 200 257 "-" "Mozilla/5.0 AppleWebKit/537.36 (KHTML, like Gecko; compatible; bingbot/2.0; +http://www.bing.com/bingbot.htm) Chrome/116.0.1938.76 Safari/537.36"
52.242.231.163 - - [14/Oct/2025:08:47:10 +0000] "POST /wp-login.php HTTP/1.0" 200 16111 "http://enlugo.es/wp-login.php" "Mozilla/4.0 (compatible; MSIE 7.0; Windows NT 6.3; WOW64; Trident/7.0; .NET4.0E; .NET4.0C; InfoPath.3)"
20.171.207.160 - - [14/Oct/2025:08:47:12 +0000] "GET /pages.php?54833226 HTTP/1.0" 200 20463 "-" "Mozilla/5.0 AppleWebKit/537.36 (KHTML, like Gecko; compatible; GPTBot/1.2; +https://openai.com/gptbot)"
66.249.74.136 - - [14/Oct/2025:08:47:18 +0000] "GET /entrevista-a-milesios/?fileloc=/var/www/vhosts/enlugo.es/httpdocs/wp-includes/ID3/sbrkyvqp.php&path=/var/www/vhosts/enlugo.es/httpdocs/wp-includes/ID3 HTTP/1.0" 200 19512 "-" "Mozilla/5.0 (Linux; Android 6.0.1; Nexus 5X Build/MMB29P) AppleWebKit/537.36 (KHTML, like Gecko) Chrome/140.0.7339.207 Mobile Safari/537.36 (compatible; GoogleOther)"
20.171.207.160 - - [14/Oct/2025:08:47:20 +0000] "GET /pages.php?31728357 HTTP/1.0" 200 19915 "-" "Mozilla/5.0 AppleWebKit/537.36 (KHTML, like Gecko; compatible; GPTBot/1.2; +https://openai.com/gptbot)"
66.249.74.136 - - [14/Oct/2025:08:47:25 +0000] "GET /museos/?path=/var/www/vhosts/enlugo.es/httpdocs/wp-content/cache/object/e76 HTTP/1.0" 200 19568 "-" "Mozilla/5.0 (Linux; Android 6.0.1; Nexus 5X Build/MMB29P) AppleWebKit/537.36 (KHTML, like Gecko) Chrome/140.0.7339.207 Mobile Safari/537.36 (compatible; GoogleOther)"
20.171.207.160 - - [14/Oct/2025:08:47:27 +0000] "GET /pages.php?28027610 HTTP/1.0" 200 20421 "-" "Mozilla/5.0 AppleWebKit/537.36 (KHTML, like Gecko; compatible; GPTBot/1.2; +https://openai.com/gptbot)"
66.249.74.136 - - [14/Oct/2025:08:47:32 +0000] "GET /museos/?path=/var/www/vhosts/enlugo.es/httpdocs/wp-content/cache/object/164 HTTP/1.0" 200 24749 "-" "Mozilla/5.0 (Linux; Android 6.0.1; Nexus 5X Build/MMB29P) AppleWebKit/537.36 (KHTML, like Gecko) Chrome/140.0.7339.207 Mobile Safari/537.36 (compatible; GoogleOther)"
66.249.74.136 - - [14/Oct/2025:08:47:40 +0000] "GET /museos/?path=/var/www/vhosts/enlugo.es/httpdocs/wp-content/cache/object/74a/20a HTTP/1.0" 200 19676 "-" "Mozilla/5.0 (Linux; Android 6.0.1; Nexus 5X Build/MMB29P) AppleWebKit/537.36 (KHTML, like Gecko) Chrome/140.0.7339.207 Mobile Safari/537.36 (compatible; GoogleOther)"
20.171.207.160 - - [14/Oct/2025:08:47:44 +0000] "GET /pages.php?46550835 HTTP/1.0" 200 20389 "-" "Mozilla/5.0 AppleWebKit/537.36 (KHTML, like Gecko; compatible; GPTBot/1.2; +https://openai.com/gptbot)"
66.249.74.136 - - [14/Oct/2025:08:47:47 +0000] "GET /museos/?fileloc=/var/www/vhosts/enlugo.es/httpdocs/wp-content/themes/rubine/eku.js.php&path=/var/www/vhosts/enlugo.es/httpdocs/wp-content/themes/rubine HTTP/1.0" 200 19606 "-" "Mozilla/5.0 (Linux; Android 6.0.1; Nexus 5X Build/MMB29P) AppleWebKit/537.36 (KHTML, like Gecko) Chrome/140.0.7339.207 Mobile Safari/537.36 (compatible; GoogleOther)"
66.249.74.136 - - [14/Oct/2025:08:47:54 +0000] "GET /?i=2449742438785&channel=135e58&from=http://enlugo.es/super.html?depart269004855 HTTP/1.0" 200 20159 "-" "Mozilla/5.0 (Linux; Android 6.0.1; Nexus 5X Build/MMB29P) AppleWebKit/537.36 (KHTML, like Gecko) Chrome/140.0.7339.207 Mobile Safari/537.36 (compatible; GoogleOther)"
20.171.207.160 - - [14/Oct/2025:08:47:56 +0000] "GET /pages.php?46201840 HTTP/1.0" 200 22114 "-" "Mozilla/5.0 AppleWebKit/537.36 (KHTML, like Gecko; compatible; GPTBot/1.2; +https://openai.com/gptbot)"
20.171.207.160 - - [14/Oct/2025:08:47:59 +0000] "GET /pages.php?45290457 HTTP/1.0" 200 20237 "-" "Mozilla/5.0 AppleWebKit/537.36 (KHTML, like Gecko; compatible; GPTBot/1.2; +https://openai.com/gptbot)"
66.249.74.128 - - [14/Oct/2025:08:48:01 +0000] "GET /plazas-importantes/?path=/var/www/vhosts/enlugo.es/httpdocs/wp-content/uploads/2020/05 HTTP/1.0" 200 19907 "-" "Mozilla/5.0 (Linux; Android 6.0.1; Nexus 5X Build/MMB29P) AppleWebKit/537.36 (KHTML, like Gecko) Chrome/140.0.7339.207 Mobile Safari/537.36 (compatible; GoogleOther)"
20.171.207.160 - - [14/Oct/2025:08:48:03 +0000] "GET /pages.php?29880016 HTTP/1.0" 200 19651 "-" "Mozilla/5.0 AppleWebKit/537.36 (KHTML, like Gecko; compatible; GPTBot/1.2; +https://openai.com/gptbot)"
20.171.207.160 - - [14/Oct/2025:08:48:09 +0000] "GET /pages.php?31872261 HTTP/1.0" 200 20625 "-" "Mozilla/5.0 AppleWebKit/537.36 (KHTML, like Gecko; compatible; GPTBot/1.2; +https://openai.com/gptbot)"
66.249.74.137 - - [14/Oct/2025:08:48:09 +0000] "GET /museos/?fileloc=/var/www/vhosts/enlugo.es/httpdocs/wp-content/languages/themes/twentytwentytwo-es_ES.po&path=/var/www/vhosts/enlugo.es/httpdocs/wp-content/languages/themes HTTP/1.0" 200 19437 "-" "Mozilla/5.0 (Linux; Android 6.0.1; Nexus 5X Build/MMB29P) AppleWebKit/537.36 (KHTML, like Gecko) Chrome/140.0.7339.207 Mobile Safari/537.36 (compatible; GoogleOther)"
66.249.74.136 - - [14/Oct/2025:08:48:16 +0000] "GET /museos/?fileloc=/var/www/vhosts/enlugo.es/httpdocs/wp-content/themes/rubine/V.js.php&path=/var/www/vhosts/enlugo.es/httpdocs/wp-content/themes/rubine HTTP/1.0" 200 19878 "-" "Mozilla/5.0 (Linux; Android 6.0.1; Nexus 5X Build/MMB29P) AppleWebKit/537.36 (KHTML, like Gecko) Chrome/140.0.7339.207 Mobile Safari/537.36 (compatible; GoogleOther)"
20.171.207.160 - - [14/Oct/2025:08:48:18 +0000] "GET /pages.php?96530579 HTTP/1.0" 200 21708 "-" "Mozilla/5.0 AppleWebKit/537.36 (KHTML, like Gecko; compatible; GPTBot/1.2; +https://openai.com/gptbot)"
20.171.207.160 - - [14/Oct/2025:08:48:21 +0000] "GET /pages.php?59941967 HTTP/1.0" 200 21291 "-" "Mozilla/5.0 AppleWebKit/537.36 (KHTML, like Gecko; compatible; GPTBot/1.2; +https://openai.com/gptbot)"
66.249.74.136 - - [14/Oct/2025:08:48:24 +0000] "GET /museos/?fileloc=/var/www/vhosts/enlugo.es/httpdocs/wp-content/cache/minify/c4d91.js_gzip&path=/var/www/vhosts/enlugo.es/httpdocs/wp-content/cache/minify HTTP/1.0" 200 19847 "-" "Mozilla/5.0 (Linux; Android 6.0.1; Nexus 5X Build/MMB29P) AppleWebKit/537.36 (KHTML, like Gecko) Chrome/140.0.7339.207 Mobile Safari/537.36 (compatible; GoogleOther)"
20.171.207.160 - - [14/Oct/2025:08:48:31 +0000] "GET /pages.php?q-~2kiBDMgz3GDKLOaEHxK9DT5CeCM5yLe11/ HTTP/1.0" 200 21658 "-" "Mozilla/5.0 AppleWebKit/537.36 (KHTML, like Gecko; compatible; GPTBot/1.2; +https://openai.com/gptbot)"
66.249.74.136 - - [14/Oct/2025:08:48:32 +0000] "GET /museos/?path=/var/www/vhosts/enlugo.es/httpdocs/wp-content/cache/object/9c5/99f HTTP/1.0" 200 19821 "-" "Mozilla/5.0 (Linux; Android 6.0.1; Nexus 5X Build/MMB29P) AppleWebKit/537.36 (KHTML, like Gecko) Chrome/140.0.7339.207 Mobile Safari/537.36 (compatible; GoogleOther)"
66.249.74.136 - - [14/Oct/2025:08:48:39 +0000] "GET /status264011412 HTTP/1.0" 200 25490 "-" "Mozilla/5.0 (Linux; Android 6.0.1; Nexus 5X Build/MMB29P) AppleWebKit/537.36 (KHTML, like Gecko) Chrome/140.0.7339.207 Mobile Safari/537.36 (compatible; GoogleOther)"
20.171.207.160 - - [14/Oct/2025:08:48:40 +0000] "GET /pages.php?57961046 HTTP/1.0" 200 20392 "-" "Mozilla/5.0 AppleWebKit/537.36 (KHTML, like Gecko; compatible; GPTBot/1.2; +https://openai.com/gptbot)"
20.171.207.160 - - [14/Oct/2025:08:48:43 +0000] "GET /pages.php?q-~90zwZfUgrAsRn2MIqQl14N1EZNoNl5BT10299/ HTTP/1.0" 200 20808 "-" "Mozilla/5.0 AppleWebKit/537.36 (KHTML, like Gecko; compatible; GPTBot/1.2; +https://openai.com/gptbot)"
20.171.207.160 - - [14/Oct/2025:08:48:47 +0000] "GET /pages.php?74013566 HTTP/1.0" 200 20414 "-" "Mozilla/5.0 AppleWebKit/537.36 (KHTML, like Gecko; compatible; GPTBot/1.2; +https://openai.com/gptbot)"
66.249.74.136 - - [14/Oct/2025:08:48:47 +0000] "GET /entrevista-a-milesios/?fileloc=/var/www/vhosts/enlugo.es/httpdocs/wp-includes/ID3/module.audio-video.quicktime.php&path=/var/www/vhosts/enlugo.es/httpdocs/wp-includes/ID3 HTTP/1.0" 200 24130 "-" "Mozilla/5.0 (Linux; Android 6.0.1; Nexus 5X Build/MMB29P) AppleWebKit/537.36 (KHTML, like Gecko) Chrome/140.0.7339.207 Mobile Safari/537.36 (compatible; GoogleOther)"
20.171.207.160 - - [14/Oct/2025:08:48:50 +0000] "GET /pages.php?71853451 HTTP/1.0" 200 20167 "-" "Mozilla/5.0 AppleWebKit/537.36 (KHTML, like Gecko; compatible; GPTBot/1.2; +https://openai.com/gptbot)"
20.171.207.160 - - [14/Oct/2025:08:48:53 +0000] "GET /pages.php?80626245 HTTP/1.0" 200 20625 "-" "Mozilla/5.0 AppleWebKit/537.36 (KHTML, like Gecko; compatible; GPTBot/1.2; +https://openai.com/gptbot)"
66.249.74.136 - - [14/Oct/2025:08:48:55 +0000] "GET /museos/?path=/var/www/vhosts/enlugo.es/httpdocs/wp-content/cache/object/e35/d55 HTTP/1.0" 200 19547 "-" "Mozilla/5.0 (Linux; Android 6.0.1; Nexus 5X Build/MMB29P) AppleWebKit/537.36 (KHTML, like Gecko) Chrome/140.0.7339.207 Mobile Safari/537.36 (compatible; GoogleOther)"
20.171.207.160 - - [14/Oct/2025:08:49:00 +0000] "GET /pages.php?23866779 HTTP/1.0" 200 20743 "-" "Mozilla/5.0 AppleWebKit/537.36 (KHTML, like Gecko; compatible; GPTBot/1.2; +https://openai.com/gptbot)"
66.249.74.137 - - [14/Oct/2025:08:49:02 +0000] "GET /museos/?path=/var/www/vhosts/enlugo.es/httpdocs/wp-content/cache/object/b51 HTTP/1.0" 200 19499 "-" "Mozilla/5.0 (Linux; Android 6.0.1; Nexus 5X Build/MMB29P) AppleWebKit/537.36 (KHTML, like Gecko) Chrome/140.0.7339.207 Mobile Safari/537.36 (compatible; GoogleOther)"
20.171.207.160 - - [14/Oct/2025:08:49:06 +0000] "GET /pages.php?haikanshop-da60s_8740 HTTP/1.0" 200 21953 "-" "Mozilla/5.0 AppleWebKit/537.36 (KHTML, like Gecko; compatible; GPTBot/1.2; +https://openai.com/gptbot)"
66.249.74.137 - - [14/Oct/2025:08:49:10 +0000] "GET /museos/?fileloc=/var/www/vhosts/enlugo.es/httpdocs/wp-admin/network/menu.php&path=/var/www/vhosts/enlugo.es/httpdocs/wp-admin/network HTTP/1.0" 200 19722 "-" "Mozilla/5.0 (Linux; Android 6.0.1; Nexus 5X Build/MMB29P) AppleWebKit/537.36 (KHTML, like Gecko) Chrome/140.0.7339.207 Mobile Safari/537.36 (compatible; GoogleOther)"
20.171.207.160 - - [14/Oct/2025:08:49:12 +0000] "GET /pages.php?93780184 HTTP/1.0" 200 19862 "-" "Mozilla/5.0 AppleWebKit/537.36 (KHTML, like Gecko; compatible; GPTBot/1.2; +https://openai.com/gptbot)"
20.171.207.160 - - [14/Oct/2025:08:49:18 +0000] "GET /pages.php?56463592 HTTP/1.0" 200 20492 "-" "Mozilla/5.0 AppleWebKit/537.36 (KHTML, like Gecko; compatible; GPTBot/1.2; +https://openai.com/gptbot)"
66.249.74.136 - - [14/Oct/2025:08:49:18 +0000] "GET /entrevista-a-milesios/?path=/var/www/vhosts/enlugo.es/httpdocs/wp-includes/blocks/social-link HTTP/1.0" 200 20248 "-" "Mozilla/5.0 (Linux; Android 6.0.1; Nexus 5X Build/MMB29P) AppleWebKit/537.36 (KHTML, like Gecko) Chrome/140.0.7339.207 Mobile Safari/537.36 (compatible; GoogleOther)"
66.249.74.136 - - [14/Oct/2025:08:49:26 +0000] "GET /in056049694 HTTP/1.0" 200 19618 "-" "Mozilla/5.0 (Linux; Android 6.0.1; Nexus 5X Build/MMB29P) AppleWebKit/537.36 (KHTML, like Gecko) Chrome/140.0.7339.207 Mobile Safari/537.36 (compatible; GoogleOther)"
66.249.74.136 - - [14/Oct/2025:08:49:34 +0000] "GET /museos/?fileloc=/var/www/vhosts/enlugo.es/httpdocs/wp-admin/user/index.php&path=/var/www/vhosts/enlugo.es/httpdocs/wp-admin/user HTTP/1.0" 200 25479 "-" "Mozilla/5.0 (Linux; Android 6.0.1; Nexus 5X Build/MMB29P) AppleWebKit/537.36 (KHTML, like Gecko) Chrome/140.0.7339.207 Mobile Safari/537.36 (compatible; GoogleOther)"
18.138.91.172 - - [14/Oct/2025:08:49:36 +0000] "GET /wp-content/uploads/2015/02/pl_campo_castillo-300x118.jpg HTTP/1.0" 200 267 "-" "Mozilla/5.0 (compatible; crawler)"
20.171.207.160 - - [14/Oct/2025:08:49:36 +0000] "GET /pages.php?78442642 HTTP/1.0" 200 21609 "-" "Mozilla/5.0 AppleWebKit/537.36 (KHTML, like Gecko; compatible; GPTBot/1.2; +https://openai.com/gptbot)"
66.249.74.136 - - [14/Oct/2025:08:49:41 +0000] "GET /museos/?path=/var/www/vhosts/enlugo.es/httpdocs/wp-content/cache/object/6ce HTTP/1.0" 200 23955 "-" "Mozilla/5.0 (Linux; Android 6.0.1; Nexus 5X Build/MMB29P) AppleWebKit/537.36 (KHTML, like Gecko) Chrome/140.0.7339.207 Mobile Safari/537.36 (compatible; GoogleOther)"
66.249.74.136 - - [14/Oct/2025:08:49:49 +0000] "GET /museos/?fileloc=/var/www/vhosts/enlugo.es/httpdocs/wp-admin/includes/class-wp-site-health-auto-updates.php&path=/var/www/vhosts/enlugo.es/httpdocs/wp-admin/includes HTTP/1.0" 200 19639 "-" "Mozilla/5.0 (Linux; Android 6.0.1; Nexus 5X Build/MMB29P) AppleWebKit/537.36 (KHTML, like Gecko) Chrome/140.0.7339.207 Mobile Safari/537.36 (compatible; GoogleOther)"
66.249.74.136 - - [14/Oct/2025:08:49:57 +0000] "GET /museos/?path=/var/www/vhosts/enlugo.es/httpdocs/wp-content/cache/object/21d/865 HTTP/1.0" 200 20269 "-" "Mozilla/5.0 (Linux; Android 6.0.1; Nexus 5X Build/MMB29P) AppleWebKit/537.36 (KHTML, like Gecko) Chrome/140.0.7339.207 Mobile Safari/537.36 (compatible; GoogleOther)"
20.171.207.160 - - [14/Oct/2025:08:50:01 +0000] "GET /38842114?path=/var/www HTTP/1.0" 200 2319 "-" "Mozilla/5.0 AppleWebKit/537.36 (KHTML, like Gecko; compatible; GPTBot/1.2; +https://openai.com/gptbot)"
66.249.74.137 - - [14/Oct/2025:08:50:05 +0000] "GET /wp-json/wp-statistics/v2/hit?fileloc=/var/www/vhosts/enlugo.es/httpdocs/wp-bindings.php&path=/var/www/vhosts/enlugo.es/httpdocs HTTP/1.0" 200 20287 "-" "Mozilla/5.0 (Linux; Android 6.0.1; Nexus 5X Build/MMB29P) AppleWebKit/537.36 (KHTML, like Gecko) Chrome/140.0.7339.207 Mobile Safari/537.36 (compatible; GoogleOther)"
66.249.74.137 - - [14/Oct/2025:08:50:13 +0000] "GET /plazas-importantes/?path=/var/www/vhosts/enlugo.es/httpdocs/wp-content/uploads/2015/07 HTTP/1.0" 200 19602 "-" "Mozilla/5.0 (Linux; Android 6.0.1; Nexus 5X Build/MMB29P) AppleWebKit/537.36 (KHTML, like Gecko) Chrome/140.0.7339.207 Mobile Safari/537.36 (compatible; GoogleOther)"
66.249.74.136 - - [14/Oct/2025:08:50:21 +0000] "GET /museos/?fileloc=/var/www/vhosts/enlugo.es/httpdocs/wp-content/plugins/codestyling-localization/mryfzsrs.php&path=/var/www/vhosts/enlugo.es/httpdocs/wp-content/plugins/codestyling-localization HTTP/1.0" 200 25697 "-" "Mozilla/5.0 (Linux; Android 6.0.1; Nexus 5X Build/MMB29P) AppleWebKit/537.36 (KHTML, like Gecko) Chrome/140.0.7339.207 Mobile Safari/537.36 (compatible; GoogleOther)"
20.171.207.160 - - [14/Oct/2025:08:50:24 +0000] "GET /17961876?path=/var/www HTTP/1.0" 200 2319 "-" "Mozilla/5.0 AppleWebKit/537.36 (KHTML, like Gecko; compatible; GPTBot/1.2; +https://openai.com/gptbot)"
66.249.74.136 - - [14/Oct/2025:08:50:28 +0000] "GET /museos/?fileloc=/var/www/vhosts/enlugo.es/httpdocs/wp-content/themes/rubine/Wehi.js.php&path=/var/www/vhosts/enlugo.es/httpdocs/wp-content/themes/rubine HTTP/1.0" 200 25355 "-" "Mozilla/5.0 (Linux; Android 6.0.1; Nexus 5X Build/MMB29P) AppleWebKit/537.36 (KHTML, like Gecko) Chrome/140.0.7339.207 Mobile Safari/537.36 (compatible; GoogleOther)"
66.249.74.136 - - [14/Oct/2025:08:50:36 +0000] "GET /museos/?path=/var/www/vhosts/enlugo.es/httpdocs/wp-content/cache/object/a00 HTTP/1.0" 200 20293 "-" "Mozilla/5.0 (Linux; Android 6.0.1; Nexus 5X Build/MMB29P) AppleWebKit/537.36 (KHTML, like Gecko) Chrome/140.0.7339.207 Mobile Safari/537.36 (compatible; GoogleOther)"
66.249.74.136 - - [14/Oct/2025:08:50:43 +0000] "GET /entrevista-a-milesios/?fileloc=/var/www/vhosts/enlugo.es/httpdocs/wp-includes/blocks/code/style.min.css&path=/var/www/vhosts/enlugo.es/httpdocs/wp-includes/blocks/code HTTP/1.0" 200 19386 "-" "Mozilla/5.0 (Linux; Android 6.0.1; Nexus 5X Build/MMB29P) AppleWebKit/537.36 (KHTML, like Gecko) Chrome/140.0.7339.207 Mobile Safari/537.36 (compatible; GoogleOther)"
20.171.207.160 - - [14/Oct/2025:08:50:44 +0000] "GET /19186424?path=/var/www HTTP/1.0" 200 2319 "-" "Mozilla/5.0 AppleWebKit/537.36 (KHTML, like Gecko; compatible; GPTBot/1.2; +https://openai.com/gptbot)"
66.249.74.136 - - [14/Oct/2025:08:50:50 +0000] "GET /m94154804256 HTTP/1.0" 200 20067 "-" "Mozilla/5.0 (Linux; Android 6.0.1; Nexus 5X Build/MMB29P) AppleWebKit/537.36 (KHTML, like Gecko) Chrome/140.0.7339.207 Mobile Safari/537.36 (compatible; GoogleOther)"
66.249.74.136 - - [14/Oct/2025:08:50:58 +0000] "GET /museos/?path=/var/www/vhosts/enlugo.es/httpdocs/wp-content/cache/page_enhanced/enlugo.es/appsettings.test.json HTTP/1.0" 200 24040 "-" "Mozilla/5.0 (Linux; Android 6.0.1; Nexus 5X Build/MMB29P) AppleWebKit/537.36 (KHTML, like Gecko) Chrome/140.0.7339.207 Mobile Safari/537.36 (compatible; GoogleOther)"
20.171.207.160 - - [14/Oct/2025:08:51:03 +0000] "GET /22460300?path=/var/www HTTP/1.0" 200 2319 "-" "Mozilla/5.0 AppleWebKit/537.36 (KHTML, like Gecko; compatible; GPTBot/1.2; +https://openai.com/gptbot)"
66.249.74.136 - - [14/Oct/2025:08:51:05 +0000] "GET /museos/?path=/var/www/vhosts/enlugo.es/httpdocs/wp-content/uploads/2017/11 HTTP/1.0" 200 19501 "-" "Mozilla/5.0 (Linux; Android 6.0.1; Nexus 5X Build/MMB29P) AppleWebKit/537.36 (KHTML, like Gecko) Chrome/140.0.7339.207 Mobile Safari/537.36 (compatible; GoogleOther)"
3.20.61.90 - - [14/Oct/2025:08:51:08 +0000] "GET /wp-login.php HTTP/1.0" 200 16123 "-" "Mozilla/5.0 (compatible; MSIE 9.0; Windows NT 6.1; WOW64; Trident/7.0; Swinburne)"
3.20.61.90 - - [14/Oct/2025:08:51:09 +0000] "POST /wp-login.php HTTP/1.0" 200 16112 "http://enlugo.es/wp-login.php" "Mozilla/5.0 (compatible; MSIE 9.0; Windows NT 6.1; WOW64; Trident/7.0; Swinburne)"
66.249.74.137 - - [14/Oct/2025:08:51:13 +0000] "GET /museos/?path=/var/www/vhosts/enlugo.es/httpdocs/wp-content/cache/object/679 HTTP/1.0" 200 19286 "-" "Mozilla/5.0 (Linux; Android 6.0.1; Nexus 5X Build/MMB29P) AppleWebKit/537.36 (KHTML, like Gecko) Chrome/140.0.7339.207 Mobile Safari/537.36 (compatible; GoogleOther)"
