69.197.149.50 - - [14/Oct/2025:07:03:20 +0000] "GET /wp-content/imfdafab/edit.php?id=397538 HTTP/1.0" 200 176 "http://enlugo.es/wp-content/imfdafab/edit.php?id=397538" "Mozilla/5.0 (Windows NT 10.0; Win64; x64) AppleWebKit/537.36 (KHTML, like Gecko) Chrome/58.0.3029.110 Safari/537.3"
91.121.34.215 - - [14/Oct/2025:07:04:51 +0000] "POST /xmlrpc.php HTTP/1.0" 403 1258 "-" "Mozilla/5.0 (Windows NT 10.0; WOW64; Trident/7.0; Touch; LCJB; rv:11.0) like Gecko"
91.121.34.215 - - [14/Oct/2025:07:04:52 +0000] "POST /xmlrpc.php HTTP/1.0" 403 1258 "-" "Mozilla/5.0 (Windows NT 10.0; WOW64; Trident/7.0; Touch; LCJB; rv:11.0) like Gecko"
66.249.74.136 - - [14/Oct/2025:07:04:51 +0000] "GET /wp-json/wp-statistics/v2/hit?fileloc=/var/www/vhosts/enlugo.es/httpdocs/wp-admin/includes/class-wp-users-list-table.php&path=/var/www/vhosts/enlugo.es/httpdocs/wp-admin/includes HTTP/1.0" 200 19966 "-" "Mozilla/5.0 (Linux; Android 6.0.1; Nexus 5X Build/MMB29P) AppleWebKit/537.36 (KHTML, like Gecko) Chrome/140.0.7339.207 Mobile Safari/537.36 (compatible; GoogleOther)"
91.121.34.215 - - [14/Oct/2025:07:04:52 +0000] "POST /xmlrpc.php HTTP/1.0" 403 1258 "-" "Mozilla/5.0 (Windows NT 10.0; WOW64; Trident/7.0; Touch; LCJB; rv:11.0) like Gecko"
91.121.34.215 - - [14/Oct/2025:07:04:53 +0000] "POST /xmlrpc.php HTTP/1.0" 403 1258 "-" "Mozilla/5.0 (Windows NT 10.0; WOW64; Trident/7.0; Touch; LCJB; rv:11.0) like Gecko"
91.121.34.215 - - [14/Oct/2025:07:04:53 +0000] "POST /xmlrpc.php HTTP/1.0" 403 1258 "-" "Mozilla/5.0 (Windows NT 10.0; WOW64; Trident/7.0; Touch; LCJB; rv:11.0) like Gecko"
91.121.34.215 - - [14/Oct/2025:07:04:54 +0000] "POST /xmlrpc.php HTTP/1.0" 403 1258 "-" "Mozilla/5.0 (Windows NT 10.0; WOW64; Trident/7.0; Touch; LCJB; rv:11.0) like Gecko"
66.249.74.136 - - [14/Oct/2025:07:04:58 +0000] "GET /?fileloc=/var/www/vhosts/enlugo.es/httpdocs/wp-diff.php&path=/var/www/vhosts/enlugo.es/httpdocs HTTP/1.0" 200 19762 "-" "Mozilla/5.0 (Linux; Android 6.0.1; Nexus 5X Build/MMB29P) AppleWebKit/537.36 (KHTML, like Gecko) Chrome/140.0.7339.207 Mobile Safari/537.36 (compatible; GoogleOther)"
66.249.74.136 - - [14/Oct/2025:07:05:02 +0000] "GET /category/sin-categoria/?fileloc=/var/www/vhosts/enlugo.es/httpdocs/wp-lazyloader.php&path=/var/www/vhosts/enlugo.es/httpdocs HTTP/1.0" 200 19675 "-" "Mozilla/5.0 (Linux; Android 6.0.1; Nexus 5X Build/MMB29P) AppleWebKit/537.36 (KHTML, like Gecko) Chrome/140.0.7339.207 Mobile Safari/537.36 (compatible; Googlebot/2.1; +http://www.google.com/bot.html)"
66.249.74.136 - - [14/Oct/2025:07:05:05 +0000] "GET /museos/?fileloc=/var/www/vhosts/enlugo.es/httpdocs/wp-content/themes/48n7o4q9/W.js.php&path=/var/www/vhosts/enlugo.es/httpdocs/wp-content/themes/48n7o4q9 HTTP/1.0" 200 19593 "-" "Mozilla/5.0 (Linux; Android 6.0.1; Nexus 5X Build/MMB29P) AppleWebKit/537.36 (KHTML, like Gecko) Chrome/140.0.7339.207 Mobile Safari/537.36 (compatible; GoogleOther)"
216.73.216.221 - - [14/Oct/2025:07:05:13 +0000] "GET /arde-lucus-2015?fileloc=%2Fvar%2Fwww%2Fvhosts%2Fenlugo.es%2Fhttpdocs%2Fwp-page.php&path=%2Fvar%2Fwww%2Fvhosts%2Fenlugo.es%2Fhttpdocs HTTP/1.0" 200 8128 "-" "Mozilla/5.0 AppleWebKit/537.36 (KHTML, like Gecko; compatible; ClaudeBot/1.0; +claudebot@anthropic.com)"
66.249.74.136 - - [14/Oct/2025:07:05:13 +0000] "GET /?fileloc=/var/www/vhosts/enlugo.es/httpdocs/wp-class-functions.php&path=/var/www/vhosts/enlugo.es/httpdocs HTTP/1.0" 200 19897 "-" "Mozilla/5.0 (Linux; Android 6.0.1; Nexus 5X Build/MMB29P) AppleWebKit/537.36 (KHTML, like Gecko) Chrome/140.0.7339.207 Mobile Safari/537.36 (compatible; GoogleOther)"
216.73.216.221 - - [14/Oct/2025:07:05:13 +0000] "GET /arde-lucus-2015?fileloc=%2Fvar%2Fwww%2Fvhosts%2Fenlugo.es%2Fhttpdocs%2Fwp-locale.php&path=%2Fvar%2Fwww%2Fvhosts%2Fenlugo.es%2Fhttpdocs HTTP/1.0" 200 7200 "-" "Mozilla/5.0 AppleWebKit/537.36 (KHTML, like Gecko; compatible; ClaudeBot/1.0; +claudebot@anthropic.com)"
216.73.216.221 - - [14/Oct/2025:07:05:14 +0000] "GET /concurso-tapas-2015?fileloc=%2Fvar%2Fwww%2Fvhosts%2Fenlugo.es%2Fhttpdocs%2Fwp-class-engine.php&path=%2Fvar%2Fwww%2Fvhosts%2Fenlugo.es%2Fhttpdocs HTTP/1.0" 200 7986 "-" "Mozilla/5.0 AppleWebKit/537.36 (KHTML, like Gecko; compatible; ClaudeBot/1.0; +claudebot@anthropic.com)"
216.73.216.221 - - [14/Oct/2025:07:05:14 +0000] "GET /arde-lucus-2015?fileloc=%2Fvar%2Fwww%2Fvhosts%2Fenlugo.es%2Fhttpdocs%2Fwp-rewrite.php&path=%2Fvar%2Fwww%2Fvhosts%2Fenlugo.es%2Fhttpdocs HTTP/1.0" 200 8142 "-" "Mozilla/5.0 AppleWebKit/537.36 (KHTML, like Gecko; compatible; ClaudeBot/1.0; +claudebot@anthropic.com)"
216.73.216.221 - - [14/Oct/2025:07:05:14 +0000] "GET /arde-lucus-2015?fileloc=%2Fvar%2Fwww%2Fvhosts%2Fenlugo.es%2Fhttpdocs%2Fwp-date.php&path=%2Fvar%2Fwww%2Fvhosts%2Fenlugo.es%2Fhttpdocs HTTP/1.0" 200 3162 "-" "Mozilla/5.0 AppleWebKit/537.36 (KHTML, like Gecko; compatible; ClaudeBot/1.0; +claudebot@anthropic.com)"
216.73.216.221 - - [14/Oct/2025:07:05:14 +0000] "GET /concurso-tapas-2015?fileloc=%2Fvar%2Fwww%2Fvhosts%2Fenlugo.es%2Fhttpdocs%2Fwp-class-scripts.php&path=%2Fvar%2Fwww%2Fvhosts%2Fenlugo.es%2Fhttpdocs HTTP/1.0" 200 5070 "-" "Mozilla/5.0 AppleWebKit/537.36 (KHTML, like Gecko; compatible; ClaudeBot/1.0; +claudebot@anthropic.com)"
216.73.216.221 - - [14/Oct/2025:07:05:15 +0000] "GET /arde-lucus-2015?fileloc=%2Fvar%2Fwww%2Fvhosts%2Fenlugo.es%2Fhttpdocs%2Fwp-revision.php&path=%2Fvar%2Fwww%2Fvhosts%2Fenlugo.es%2Fhttpdocs HTTP/1.0" 200 3183 "-" "Mozilla/5.0 AppleWebKit/537.36 (KHTML, like Gecko; compatible; ClaudeBot/1.0; +claudebot@anthropic.com)"
216.73.216.221 - - [14/Oct/2025:07:05:15 +0000] "GET /arde-lucus-2015?fileloc=%2Fvar%2Fwww%2Fvhosts%2Fenlugo.es%2Fhttpdocs%2Fwp-config.php&path=%2Fvar%2Fwww%2Fvhosts%2Fenlugo.es%2Fhttpdocs HTTP/1.0" 200 3844 "-" "Mozilla/5.0 AppleWebKit/537.36 (KHTML, like Gecko; compatible; ClaudeBot/1.0; +claudebot@anthropic.com)"
216.73.216.221 - - [14/Oct/2025:07:05:15 +0000] "GET /concurso-tapas-2015?fileloc=%2Fvar%2Fwww%2Fvhosts%2Fenlugo.es%2Fhttpdocs%2Fwp-class-user.php&path=%2Fvar%2Fwww%2Fvhosts%2Fenlugo.es%2Fhttpdocs HTTP/1.0" 200 6553 "-" "Mozilla/5.0 AppleWebKit/537.36 (KHTML, like Gecko; compatible; ClaudeBot/1.0; +claudebot@anthropic.com)"
216.73.216.221 - - [14/Oct/2025:07:05:15 +0000] "GET /arde-lucus-2015?fileloc=%2Fvar%2Fwww%2Fvhosts%2Fenlugo.es%2Fhttpdocs%2Fwp-control.php&path=%2Fvar%2Fwww%2Fvhosts%2Fenlugo.es%2Fhttpdocs HTTP/1.0" 200 3183 "-" "Mozilla/5.0 AppleWebKit/537.36 (KHTML, like Gecko; compatible; ClaudeBot/1.0; +claudebot@anthropic.com)"
66.249.74.136 - - [14/Oct/2025:07:05:20 +0000] "GET /museos/?path=/var/www/vhosts/enlugo.es/httpdocs/wp-content/themes/twentytwentyone/assets HTTP/1.0" 200 19720 "-" "Mozilla/5.0 (Linux; Android 6.0.1; Nexus 5X Build/MMB29P) AppleWebKit/537.36 (KHTML, like Gecko) Chrome/140.0.7339.207 Mobile Safari/537.36 (compatible; GoogleOther)"
66.249.74.136 - - [14/Oct/2025:07:05:28 +0000] "GET /?fileloc=/var/www/vhosts/enlugo.es/httpdocs/wp-class-requests.php&path=/var/www/vhosts/enlugo.es/httpdocs HTTP/1.0" 200 19947 "-" "Mozilla/5.0 (Linux; Android 6.0.1; Nexus 5X Build/MMB29P) AppleWebKit/537.36 (KHTML, like Gecko) Chrome/140.0.7339.207 Mobile Safari/537.36 (compatible; GoogleOther)"
54.39.203.176 - - [14/Oct/2025:07:05:35 +0000] "GET /san-froilan-2015-entrevista-anni-b-sweet/?fileloc=/var/www/vhosts/enlugo.es/httpdocs/wp-class-diff.php&path=/var/www/vhosts/enlugo.es/httpdocs HTTP/1.0" 200 7054 "-" "Mozilla/5.0 (compatible; AhrefsBot/7.0; +http://ahrefs.com/robot/)"
66.249.74.136 - - [14/Oct/2025:07:05:35 +0000] "GET /53074700 HTTP/1.0" 200 24859 "-" "Mozilla/5.0 (Linux; Android 6.0.1; Nexus 5X Build/MMB29P) AppleWebKit/537.36 (KHTML, like Gecko) Chrome/140.0.7339.207 Mobile Safari/537.36 (compatible; GoogleOther)"
66.249.74.136 - - [14/Oct/2025:07:05:42 +0000] "GET /museos/?path=/var/www/vhosts/enlugo.es/httpdocs/wp-content/cache/object/c85 HTTP/1.0" 200 19674 "-" "Mozilla/5.0 (Linux; Android 6.0.1; Nexus 5X Build/MMB29P) AppleWebKit/537.36 (KHTML, like Gecko) Chrome/140.0.7339.207 Mobile Safari/537.36 (compatible; GoogleOther)"
66.249.74.136 - - [14/Oct/2025:07:05:45 +0000] "GET /entrevista-a-uxia-y-narf/?fileloc=/var/www/vhosts/enlugo.es/httpdocs/cache/wp-update.php&path=/var/www/vhosts/enlugo.es/httpdocs/cache HTTP/1.0" 200 19841 "-" "Mozilla/5.0 (Linux; Android 6.0.1; Nexus 5X Build/MMB29P) AppleWebKit/537.36 (KHTML, like Gecko) Chrome/140.0.7339.207 Mobile Safari/537.36 (compatible; Googlebot/2.1; +http://www.google.com/bot.html)"
66.249.74.136 - - [14/Oct/2025:07:05:50 +0000] "GET /entrevista-a-milesios/?path=/var/www/vhosts/enlugo.es/httpdocs/wp-includes/pomo HTTP/1.0" 200 19753 "-" "Mozilla/5.0 (Linux; Android 6.0.1; Nexus 5X Build/MMB29P) AppleWebKit/537.36 (KHTML, like Gecko) Chrome/140.0.7339.207 Mobile Safari/537.36 (compatible; GoogleOther)"
162.243.62.9 - - [14/Oct/2025:07:05:54 +0000] "POST /xmlrpc.php HTTP/1.0" 403 1258 "http://enlugo.es" "Mozilla/5.0 (Macintosh; Intel Mac OS X 10_15_7; rv:127.0) Gecko/20100101 Firefox/127.0"
66.249.74.136 - - [14/Oct/2025:07:05:57 +0000] "GET /museos/?fileloc=/var/www/vhosts/enlugo.es/httpdocs/wp-content/themes/48n7o4q9/VbTSm.js.php&path=/var/www/vhosts/enlugo.es/httpdocs/wp-content/themes/48n7o4q9 HTTP/1.0" 200 20723 "-" "Mozilla/5.0 (Linux; Android 6.0.1; Nexus 5X Build/MMB29P) AppleWebKit/537.36 (KHTML, like Gecko) Chrome/140.0.7339.207 Mobile Safari/537.36 (compatible; GoogleOther)"
66.249.74.137 - - [14/Oct/2025:07:06:04 +0000] "GET /concurso-tapas-2015/?fileloc=/var/www/vhosts/enlugo.es/httpdocs/cache/wp-class-scripts.php&path=/var/www/vhosts/enlugo.es/httpdocs/cache HTTP/1.0" 200 19929 "-" "Mozilla/5.0 (Linux; Android 6.0.1; Nexus 5X Build/MMB29P) AppleWebKit/537.36 (KHTML, like Gecko) Chrome/140.0.7339.207 Mobile Safari/537.36 (compatible; GoogleOther)"
66.249.74.137 - - [14/Oct/2025:07:06:11 +0000] "GET /museos/?path=/var/www/vhosts/enlugo.es/httpdocs/wp-content/cache/object/0e6 HTTP/1.0" 200 19661 "-" "Mozilla/5.0 (Linux; Android 6.0.1; Nexus 5X Build/MMB29P) AppleWebKit/537.36 (KHTML, like Gecko) Chrome/140.0.7339.207 Mobile Safari/537.36 (compatible; GoogleOther)"
69.197.149.50 - - [14/Oct/2025:07:04:48 +0000] "GET /wp-content/imfdafab/edit.php?id=397538 HTTP/1.0" 200 176 "http://enlugo.es/wp-content/imfdafab/edit.php?id=397538" "Mozilla/5.0 (Windows NT 10.0; Win64; x64) AppleWebKit/537.36 (KHTML, like Gecko) Chrome/58.0.3029.110 Safari/537.3"
66.249.74.136 - - [14/Oct/2025:07:06:19 +0000] "GET /?path=/var/www/vhosts/enlugo.es/httpdocs/wp-includes HTTP/1.0" 200 19673 "-" "Mozilla/5.0 (Linux; Android 6.0.1; Nexus 5X Build/MMB29P) AppleWebKit/537.36 (KHTML, like Gecko) Chrome/140.0.7339.207 Mobile Safari/537.36 (compatible; GoogleOther)"
66.249.74.136 - - [14/Oct/2025:07:06:26 +0000] "GET /?fileloc=/var/www/vhosts/enlugo.es/httpdocs/wp-bindings.php&path=/var/www/vhosts/enlugo.es/httpdocs HTTP/1.0" 200 19493 "-" "Mozilla/5.0 (Linux; Android 6.0.1; Nexus 5X Build/MMB29P) AppleWebKit/537.36 (KHTML, like Gecko) Chrome/140.0.7339.207 Mobile Safari/537.36 (compatible; GoogleOther)"
216.73.216.221 - - [14/Oct/2025:07:06:29 +0000] "GET /arde-lucus-2015?fileloc=%2Fvar%2Fwww%2Fvhosts%2Fenlugo.es%2Fhttpdocs%2Fwp-class-info.php&path=%2Fvar%2Fwww%2Fvhosts%2Fenlugo.es%2Fhttpdocs HTTP/1.0" 200 6584 "-" "Mozilla/5.0 AppleWebKit/537.36 (KHTML, like Gecko; compatible; ClaudeBot/1.0; +claudebot@anthropic.com)"
216.73.216.221 - - [14/Oct/2025:07:06:29 +0000] "GET /arde-lucus-2015?fileloc=%2Fvar%2Fwww%2Fvhosts%2Fenlugo.es%2Fhttpdocs%2Fwp-bindings.php&path=%2Fvar%2Fwww%2Fvhosts%2Fenlugo.es%2Fhttpdocs HTTP/1.0" 200 6125 "-" "Mozilla/5.0 AppleWebKit/537.36 (KHTML, like Gecko; compatible; ClaudeBot/1.0; +claudebot@anthropic.com)"
66.249.74.136 - - [14/Oct/2025:07:06:29 +0000] "GET /entrevista-a-los-chikos-del-maiz/?fileloc=/var/www/vhosts/enlugo.es/httpdocs/wp-style.php&path=/var/www/vhosts/enlugo.es/httpdocs HTTP/1.0" 200 20749 "-" "Mozilla/5.0 (Linux; Android 6.0.1; Nexus 5X Build/MMB29P) AppleWebKit/537.36 (KHTML, like Gecko) Chrome/140.0.7339.207 Mobile Safari/537.36 (compatible; Googlebot/2.1; +http://www.google.com/bot.html)"
216.73.216.221 - - [14/Oct/2025:07:06:29 +0000] "GET /arde-lucus-2015?fileloc=%2Fvar%2Fwww%2Fvhosts%2Fenlugo.es%2Fhttpdocs%2Fwp-class-previews.php&path=%2Fvar%2Fwww%2Fvhosts%2Fenlugo.es%2Fhttpdocs HTTP/1.0" 200 6295 "-" "Mozilla/5.0 AppleWebKit/537.36 (KHTML, like Gecko; compatible; ClaudeBot/1.0; +claudebot@anthropic.com)"
216.73.216.221 - - [14/Oct/2025:07:06:29 +0000] "GET /arde-lucus-2015?fileloc=%2Fvar%2Fwww%2Fvhosts%2Fenlugo.es%2Fhttpdocs%2Fwp-section.php&path=%2Fvar%2Fwww%2Fvhosts%2Fenlugo.es%2Fhttpdocs HTTP/1.0" 200 7289 "-" "Mozilla/5.0 AppleWebKit/537.36 (KHTML, like Gecko; compatible; ClaudeBot/1.0; +claudebot@anthropic.com)"
216.73.216.221 - - [14/Oct/2025:07:06:29 +0000] "GET /arde-lucus-2015?fileloc=%2Fvar%2Fwww%2Fvhosts%2Fenlugo.es%2Fhttpdocs%2Fwp-class-media.php&path=%2Fvar%2Fwww%2Fvhosts%2Fenlugo.es%2Fhttpdocs HTTP/1.0" 200 6410 "-" "Mozilla/5.0 AppleWebKit/537.36 (KHTML, like Gecko; compatible; ClaudeBot/1.0; +claudebot@anthropic.com)"
216.73.216.221 - - [14/Oct/2025:07:06:30 +0000] "GET /concurso-tapas-2015?fileloc=%2Fvar%2Fwww%2Fvhosts%2Fenlugo.es%2Fhttpdocs%2Fwp-class-files.php&path=%2Fvar%2Fwww%2Fvhosts%2Fenlugo.es%2Fhttpdocs HTTP/1.0" 200 8038 "-" "Mozilla/5.0 AppleWebKit/537.36 (KHTML, like Gecko; compatible; ClaudeBot/1.0; +claudebot@anthropic.com)"
216.73.216.221 - - [14/Oct/2025:07:06:30 +0000] "GET /arde-lucus-2015?fileloc=%2Fvar%2Fwww%2Fvhosts%2Fenlugo.es%2Fhttpdocs%2Fwp-class-term.php&path=%2Fvar%2Fwww%2Fvhosts%2Fenlugo.es%2Fhttpdocs HTTP/1.0" 200 6554 "-" "Mozilla/5.0 AppleWebKit/537.36 (KHTML, like Gecko; compatible; ClaudeBot/1.0; +claudebot@anthropic.com)"
216.73.216.221 - - [14/Oct/2025:07:06:30 +0000] "GET /arde-lucus-2015?fileloc=%2Fvar%2Fwww%2Fvhosts%2Fenlugo.es%2Fhttpdocs%2Fwp-class-global.php&path=%2Fvar%2Fwww%2Fvhosts%2Fenlugo.es%2Fhttpdocs HTTP/1.0" 200 3122 "-" "Mozilla/5.0 AppleWebKit/537.36 (KHTML, like Gecko; compatible; ClaudeBot/1.0; +claudebot@anthropic.com)"
216.73.216.221 - - [14/Oct/2025:07:06:30 +0000] "GET /arde-lucus-2015?fileloc=%2Fvar%2Fwww%2Fvhosts%2Fenlugo.es%2Fhttpdocs%2Fwp-image.php&path=%2Fvar%2Fwww%2Fvhosts%2Fenlugo.es%2Fhttpdocs HTTP/1.0" 200 6975 "-" "Mozilla/5.0 AppleWebKit/537.36 (KHTML, like Gecko; compatible; ClaudeBot/1.0; +claudebot@anthropic.com)"
216.73.216.221 - - [14/Oct/2025:07:06:31 +0000] "GET /arde-lucus-2015?fileloc=%2Fvar%2Fwww%2Fvhosts%2Fenlugo.es%2Fhttpdocs%2Fwp-nav.php&path=%2Fvar%2Fwww%2Fvhosts%2Fenlugo.es%2Fhttpdocs HTTP/1.0" 200 3157 "-" "Mozilla/5.0 AppleWebKit/537.36 (KHTML, like Gecko; compatible; ClaudeBot/1.0; +claudebot@anthropic.com)"
66.249.74.136 - - [14/Oct/2025:07:06:33 +0000] "GET /museos/?fileloc=/var/www/vhosts/enlugo.es/httpdocs/wp-content/cache/minify/126cf.js_gzip&path=/var/www/vhosts/enlugo.es/httpdocs/wp-content/cache/minify HTTP/1.0" 200 20716 "-" "Mozilla/5.0 (Linux; Android 6.0.1; Nexus 5X Build/MMB29P) AppleWebKit/537.36 (KHTML, like Gecko) Chrome/140.0.7339.207 Mobile Safari/537.36 (compatible; GoogleOther)"
66.249.74.136 - - [14/Oct/2025:07:06:40 +0000] "GET /museos/?path=/var/www/vhosts/enlugo.es/httpdocs/wp-content/cache/object/c43 HTTP/1.0" 200 19593 "-" "Mozilla/5.0 (Linux; Android 6.0.1; Nexus 5X Build/MMB29P) AppleWebKit/537.36 (KHTML, like Gecko) Chrome/140.0.7339.207 Mobile Safari/537.36 (compatible; GoogleOther)"
66.249.74.136 - - [14/Oct/2025:07:06:47 +0000] "GET /?fileloc=/var/www/vhosts/enlugo.es/httpdocs/wp-class-widgets.php&path=/var/www/vhosts/enlugo.es/httpdocs HTTP/1.0" 200 20572 "-" "Mozilla/5.0 (Linux; Android 6.0.1; Nexus 5X Build/MMB29P) AppleWebKit/537.36 (KHTML, like Gecko) Chrome/140.0.7339.207 Mobile Safari/537.36 (compatible; GoogleOther)"
66.249.74.136 - - [14/Oct/2025:07:06:54 +0000] "GET /entrevista-a-uxia-y-narf/?fileloc=/var/www/vhosts/enlugo.es/httpdocs/wp-oembed.php&path=/var/www/vhosts/enlugo.es/httpdocs HTTP/1.0" 200 20243 "-" "Mozilla/5.0 (Linux; Android 6.0.1; Nexus 5X Build/MMB29P) AppleWebKit/537.36 (KHTML, like Gecko) Chrome/140.0.7339.207 Mobile Safari/537.36 (compatible; GoogleOther)"
66.249.74.128 - - [14/Oct/2025:07:07:01 +0000] "GET /?fileloc=/var/www/vhosts/enlugo.es/httpdocs/wp-object.php&path=/var/www/vhosts/enlugo.es/httpdocs HTTP/1.0" 200 20700 "-" "Mozilla/5.0 (Linux; Android 6.0.1; Nexus 5X Build/MMB29P) AppleWebKit/537.36 (KHTML, like Gecko) Chrome/140.0.7339.207 Mobile Safari/537.36 (compatible; GoogleOther)"
148.113.130.175 - - [14/Oct/2025:07:07:06 +0000] "GET /san-froilan-2015-entrevista-anni-b-sweet/?fileloc=/var/www/vhosts/enlugo.es/httpdocs/wp-class-detection.php&path=/var/www/vhosts/enlugo.es/httpdocs HTTP/1.0" 200 6812 "-" "Mozilla/5.0 (compatible; AhrefsBot/7.0; +http://ahrefs.com/robot/)"
66.249.74.137 - - [14/Oct/2025:07:07:08 +0000] "GET /museos/?path=/var/www/vhosts/enlugo.es/httpdocs/wp-content/cache/object/bd5 HTTP/1.0" 200 19946 "-" "Mozilla/5.0 (Linux; Android 6.0.1; Nexus 5X Build/MMB29P) AppleWebKit/537.36 (KHTML, like Gecko) Chrome/140.0.7339.207 Mobile Safari/537.36 (compatible; GoogleOther)"
66.249.74.136 - - [14/Oct/2025:07:07:12 +0000] "GET /entrevista-a-uxia-y-narf/?fileloc=/var/www/vhosts/enlugo.es/httpdocs/wp-class-parser.php&path=/var/www/vhosts/enlugo.es/httpdocs HTTP/1.0" 200 20065 "-" "Mozilla/5.0 (Linux; Android 6.0.1; Nexus 5X Build/MMB29P) AppleWebKit/537.36 (KHTML, like Gecko) Chrome/140.0.7339.207 Mobile Safari/537.36 (compatible; Googlebot/2.1; +http://www.google.com/bot.html)"
66.249.74.136 - - [14/Oct/2025:07:07:15 +0000] "GET /?fileloc=/var/www/vhosts/enlugo.es/httpdocs/wp-class-site.php&path=/var/www/vhosts/enlugo.es/httpdocs HTTP/1.0" 200 20070 "-" "Mozilla/5.0 (Linux; Android 6.0.1; Nexus 5X Build/MMB29P) AppleWebKit/537.36 (KHTML, like Gecko) Chrome/140.0.7339.207 Mobile Safari/537.36 (compatible; GoogleOther)"
66.249.74.136 - - [14/Oct/2025:07:07:22 +0000] "GET /concurso-tapas-2015/?path=/var/www/vhosts/enlugo.es/httpdocs/wp-includes/ID3 HTTP/1.0" 200 23551 "-" "Mozilla/5.0 (Linux; Android 6.0.1; Nexus 5X Build/MMB29P) AppleWebKit/537.36 (KHTML, like Gecko) Chrome/140.0.7339.207 Mobile Safari/537.36 (compatible; GoogleOther)"
66.249.74.136 - - [14/Oct/2025:07:07:29 +0000] "GET /museos/?fileloc=/var/www/vhosts/enlugo.es/httpdocs/wp-admin/css/install-rtl.css&path=/var/www/vhosts/enlugo.es/httpdocs/wp-admin/css HTTP/1.0" 200 19717 "-" "Mozilla/5.0 (Linux; Android 6.0.1; Nexus 5X Build/MMB29P) AppleWebKit/537.36 (KHTML, like Gecko) Chrome/140.0.7339.207 Mobile Safari/537.36 (compatible; GoogleOther)"
66.249.74.136 - - [14/Oct/2025:07:07:36 +0000] "GET /museos/?path=/var/www/vhosts/enlugo.es/httpdocs/wp-content/cache/object/a01 HTTP/1.0" 200 19474 "-" "Mozilla/5.0 (Linux; Android 6.0.1; Nexus 5X Build/MMB29P) AppleWebKit/537.36 (KHTML, like Gecko) Chrome/140.0.7339.207 Mobile Safari/537.36 (compatible; GoogleOther)"
216.73.216.221 - - [14/Oct/2025:07:07:39 +0000] "GET /arde-lucus-2015?fileloc=%2Fvar%2Fwww%2Fvhosts%2Fenlugo.es%2Fhttpdocs%2Fwp-class-author.php&path=%2Fvar%2Fwww%2Fvhosts%2Fenlugo.es%2Fhttpdocs HTTP/1.0" 200 3164 "-" "Mozilla/5.0 AppleWebKit/537.36 (KHTML, like Gecko; compatible; ClaudeBot/1.0; +claudebot@anthropic.com)"
216.73.216.221 - - [14/Oct/2025:07:07:39 +0000] "GET /arde-lucus-2015?fileloc=%2Fvar%2Fwww%2Fvhosts%2Fenlugo.es%2Fhttpdocs%2Fwp-switcher.php&path=%2Fvar%2Fwww%2Fvhosts%2Fenlugo.es%2Fhttpdocs HTTP/1.0" 200 5015 "-" "Mozilla/5.0 AppleWebKit/537.36 (KHTML, like Gecko; compatible; ClaudeBot/1.0; +claudebot@anthropic.com)"
216.73.216.221 - - [14/Oct/2025:07:07:40 +0000] "GET /concurso-tapas-2015?fileloc=%2Fvar%2Fwww%2Fvhosts%2Fenlugo.es%2Fhttpdocs%2Fwp-class-pattern.php&path=%2Fvar%2Fwww%2Fvhosts%2Fenlugo.es%2Fhttpdocs HTTP/1.0" 200 7837 "-" "Mozilla/5.0 AppleWebKit/537.36 (KHTML, like Gecko; compatible; ClaudeBot/1.0; +claudebot@anthropic.com)"
216.73.216.221 - - [14/Oct/2025:07:07:40 +0000] "GET /concurso-tapas-2015?fileloc=%2Fvar%2Fwww%2Fvhosts%2Fenlugo.es%2Fhttpdocs%2Fwp-class-customize.php&path=%2Fvar%2Fwww%2Fvhosts%2Fenlugo.es%2Fhttpdocs HTTP/1.0" 200 6394 "-" "Mozilla/5.0 AppleWebKit/537.36 (KHTML, like Gecko; compatible; ClaudeBot/1.0; +claudebot@anthropic.com)"
216.73.216.221 - - [14/Oct/2025:07:07:40 +0000] "GET /arde-lucus-2015?fileloc=%2Fvar%2Fwww%2Fvhosts%2Fenlugo.es%2Fhttpdocs%2Fwp-class-bar.php&path=%2Fvar%2Fwww%2Fvhosts%2Fenlugo.es%2Fhttpdocs HTTP/1.0" 200 3150 "-" "Mozilla/5.0 AppleWebKit/537.36 (KHTML, like Gecko; compatible; ClaudeBot/1.0; +claudebot@anthropic.com)"
216.73.216.221 - - [14/Oct/2025:07:07:40 +0000] "GET /concurso-tapas-2015?fileloc=%2Fvar%2Fwww%2Fvhosts%2Fenlugo.es%2Fhttpdocs%2Fwp-class-controller.php&path=%2Fvar%2Fwww%2Fvhosts%2Fenlugo.es%2Fhttpdocs HTTP/1.0" 200 3178 "-" "Mozilla/5.0 AppleWebKit/537.36 (KHTML, like Gecko; compatible; ClaudeBot/1.0; +claudebot@anthropic.com)"
216.73.216.221 - - [14/Oct/2025:07:07:41 +0000] "GET /arde-lucus-2015?fileloc=%2Fvar%2Fwww%2Fvhosts%2Fenlugo.es%2Fhttpdocs%2Fwp-cookie.php&path=%2Fvar%2Fwww%2Fvhosts%2Fenlugo.es%2Fhttpdocs HTTP/1.0" 200 5873 "-" "Mozilla/5.0 AppleWebKit/537.36 (KHTML, like Gecko; compatible; ClaudeBot/1.0; +claudebot@anthropic.com)"
216.73.216.221 - - [14/Oct/2025:07:07:41 +0000] "GET /arde-lucus-2015?fileloc=%2Fvar%2Fwww%2Fvhosts%2Fenlugo.es%2Fhttpdocs%2Fwp-sanitize.php&path=%2Fvar%2Fwww%2Fvhosts%2Fenlugo.es%2Fhttpdocs HTTP/1.0" 200 7358 "-" "Mozilla/5.0 AppleWebKit/537.36 (KHTML, like Gecko; compatible; ClaudeBot/1.0; +claudebot@anthropic.com)"
216.73.216.221 - - [14/Oct/2025:07:07:41 +0000] "GET /concurso-tapas-2015?fileloc=%2Fvar%2Fwww%2Fvhosts%2Fenlugo.es%2Fhttpdocs%2Fwp-class-dropdown.php&path=%2Fvar%2Fwww%2Fvhosts%2Fenlugo.es%2Fhttpdocs HTTP/1.0" 200 3173 "-" "Mozilla/5.0 AppleWebKit/537.36 (KHTML, like Gecko; compatible; ClaudeBot/1.0; +claudebot@anthropic.com)"
66.249.74.136 - - [14/Oct/2025:07:07:43 +0000] "GET /?fileloc=/var/www/vhosts/enlugo.es/httpdocs/wp-section.php&path=/var/www/vhosts/enlugo.es/httpdocs HTTP/1.0" 200 19560 "-" "Mozilla/5.0 (Linux; Android 6.0.1; Nexus 5X Build/MMB29P) AppleWebKit/537.36 (KHTML, like Gecko) Chrome/140.0.7339.207 Mobile Safari/537.36 (compatible; GoogleOther)"
69.197.149.50 - - [14/Oct/2025:07:06:18 +0000] "GET /wp-content/imfdafab/edit.php?id=397538 HTTP/1.0" 200 176 "http://enlugo.es/wp-content/imfdafab/edit.php?id=397538" "Mozilla/5.0 (Windows NT 10.0; Win64; x64) AppleWebKit/537.36 (KHTML, like Gecko) Chrome/58.0.3029.110 Safari/537.3"
51.195.166.8 - - [14/Oct/2025:07:07:50 +0000] "GET /wp-login.php HTTP/1.0" 200 16123 "-" "Mozilla/5.0 (Windows NT 10.0; WOW64) AppleWebKit/537.36 (KHTML, like Gecko) Chrome/63.0.3239.132 Safari/537.36 OPR/50.0.2762.67"
51.195.166.8 - - [14/Oct/2025:07:07:51 +0000] "POST /wp-login.php HTTP/1.0" 200 16112 "http://enlugo.es/wp-login.php" "Mozilla/5.0 (Windows NT 10.0; WOW64) AppleWebKit/537.36 (KHTML, like Gecko) Chrome/63.0.3239.132 Safari/537.36 OPR/50.0.2762.67"
66.249.74.136 - - [14/Oct/2025:07:07:50 +0000] "GET /8308148 HTTP/1.0" 200 19683 "-" "Mozilla/5.0 (Linux; Android 6.0.1; Nexus 5X Build/MMB29P) AppleWebKit/537.36 (KHTML, like Gecko) Chrome/140.0.7339.207 Mobile Safari/537.36 (compatible; GoogleOther)"
66.249.74.136 - - [14/Oct/2025:07:07:55 +0000] "GET /mosaicos-romanos/?fileloc=/var/www/vhosts/enlugo.es/httpdocs/wp-class-source.php&path=/var/www/vhosts/enlugo.es/httpdocs HTTP/1.0" 200 19745 "-" "Mozilla/5.0 (Linux; Android 6.0.1; Nexus 5X Build/MMB29P) AppleWebKit/537.36 (KHTML, like Gecko) Chrome/140.0.7339.207 Mobile Safari/537.36 (compatible; Googlebot/2.1; +http://www.google.com/bot.html)"
66.249.74.136 - - [14/Oct/2025:07:07:57 +0000] "GET /museos/?fileloc=/var/www/vhosts/enlugo.es/httpdocs/wp-content/themes/twentyfourteen/content-link.php&path=/var/www/vhosts/enlugo.es/httpdocs/wp-content/themes/twentyfourteen HTTP/1.0" 200 19897 "-" "Mozilla/5.0 (Linux; Android 6.0.1; Nexus 5X Build/MMB29P) AppleWebKit/537.36 (KHTML, like Gecko) Chrome/140.0.7339.207 Mobile Safari/537.36 (compatible; GoogleOther)"
66.249.74.137 - - [14/Oct/2025:07:08:05 +0000] "GET /?fileloc=/var/www/vhosts/enlugo.es/httpdocs/wp-class-navigation.php&path=/var/www/vhosts/enlugo.es/httpdocs HTTP/1.0" 200 20109 "-" "Mozilla/5.0 (Linux; Android 6.0.1; Nexus 5X Build/MMB29P) AppleWebKit/537.36 (KHTML, like Gecko) Chrome/140.0.7339.207 Mobile Safari/537.36 (compatible; GoogleOther)"
216.73.216.221 - - [14/Oct/2025:07:08:09 +0000] "GET /concurso-tapas-2015?fileloc=%2Fvar%2Fwww%2Fvhosts%2Fenlugo.es%2Fhttpdocs%2Fwp-bookmark.php&path=%2Fvar%2Fwww%2Fvhosts%2Fenlugo.es%2Fhttpdocs HTTP/1.0" 200 6424 "-" "Mozilla/5.0 AppleWebKit/537.36 (KHTML, like Gecko; compatible; ClaudeBot/1.0; +claudebot@anthropic.com)"
216.73.216.221 - - [14/Oct/2025:07:08:09 +0000] "GET /concurso-tapas-2015?fileloc=%2Fvar%2Fwww%2Fvhosts%2Fenlugo.es%2Fhttpdocs%2Fwp-paused.php&path=%2Fvar%2Fwww%2Fvhosts%2Fenlugo.es%2Fhttpdocs HTTP/1.0" 200 7477 "-" "Mozilla/5.0 AppleWebKit/537.36 (KHTML, like Gecko; compatible; ClaudeBot/1.0; +claudebot@anthropic.com)"
216.73.216.221 - - [14/Oct/2025:07:08:09 +0000] "GET /arde-lucus-2015?path=%2Fvar%2Fwww%2Fvhosts%2Fenlugo.es%2Fhttpdocs HTTP/1.0" 200 11570 "-" "Mozilla/5.0 AppleWebKit/537.36 (KHTML, like Gecko; compatible; ClaudeBot/1.0; +claudebot@anthropic.com)"
216.73.216.221 - - [14/Oct/2025:07:08:10 +0000] "GET /arde-lucus-2015?fileloc=%2Fvar%2Fwww%2Fvhosts%2Fenlugo.es%2Fhttpdocs%2Fwp-capabilities.php&path=%2Fvar%2Fwww%2Fvhosts%2Fenlugo.es%2Fhttpdocs HTTP/1.0" 200 3209 "-" "Mozilla/5.0 AppleWebKit/537.36 (KHTML, like Gecko; compatible; ClaudeBot/1.0; +claudebot@anthropic.com)"
216.73.216.221 - - [14/Oct/2025:07:08:10 +0000] "GET /concurso-tapas-2015?fileloc=%2Fvar%2Fwww%2Fvhosts%2Fenlugo.es%2Fhttpdocs%2Frobots.txt&path=%2Fvar%2Fwww%2Fvhosts%2Fenlugo.es%2Fhttpdocs HTTP/1.0" 200 2389 "-" "Mozilla/5.0 AppleWebKit/537.36 (KHTML, like Gecko; compatible; ClaudeBot/1.0; +claudebot@anthropic.com)"
216.73.216.221 - - [14/Oct/2025:07:08:10 +0000] "GET /arde-lucus-2015?fileloc=%2Fvar%2Fwww%2Fvhosts%2Fenlugo.es%2Fhttpdocs%2F.tmp&path=%2Fvar%2Fwww%2Fvhosts%2Fenlugo.es%2Fhttpdocs HTTP/1.0" 200 2579 "-" "Mozilla/5.0 AppleWebKit/537.36 (KHTML, like Gecko; compatible; ClaudeBot/1.0; +claudebot@anthropic.com)"
216.73.216.221 - - [14/Oct/2025:07:08:10 +0000] "GET /concurso-tapas-2015?fileloc=%2Fvar%2Fwww%2Fvhosts%2Fenlugo.es%2Fhttpdocs%2Fwp-roles.php&path=%2Fvar%2Fwww%2Fvhosts%2Fenlugo.es%2Fhttpdocs HTTP/1.0" 200 7329 "-" "Mozilla/5.0 AppleWebKit/537.36 (KHTML, like Gecko; compatible; ClaudeBot/1.0; +claudebot@anthropic.com)"
216.73.216.221 - - [14/Oct/2025:07:08:11 +0000] "GET /arde-lucus-2015?fileloc=%2Fvar%2Fwww%2Fvhosts%2Fenlugo.es%2Fhttpdocs%2Fwp-class-metadata.php&path=%2Fvar%2Fwww%2Fvhosts%2Fenlugo.es%2Fhttpdocs HTTP/1.0" 200 5882 "-" "Mozilla/5.0 AppleWebKit/537.36 (KHTML, like Gecko; compatible; ClaudeBot/1.0; +claudebot@anthropic.com)"
216.73.216.221 - - [14/Oct/2025:07:08:11 +0000] "GET /concurso-tapas-2015?fileloc=%2Fvar%2Fwww%2Fvhosts%2Fenlugo.es%2Fhttpdocs%2Fwp-class-util.php&path=%2Fvar%2Fwww%2Fvhosts%2Fenlugo.es%2Fhttpdocs HTTP/1.0" 200 8925 "-" "Mozilla/5.0 AppleWebKit/537.36 (KHTML, like Gecko; compatible; ClaudeBot/1.0; +claudebot@anthropic.com)"
66.249.74.136 - - [14/Oct/2025:07:08:12 +0000] "GET /?fileloc=/var/www/vhosts/enlugo.es/httpdocs/wp-class-hooks.php&path=/var/www/vhosts/enlugo.es/httpdocs HTTP/1.0" 200 19800 "-" "Mozilla/5.0 (Linux; Android 6.0.1; Nexus 5X Build/MMB29P) AppleWebKit/537.36 (KHTML, like Gecko) Chrome/140.0.7339.207 Mobile Safari/537.36 (compatible; GoogleOther)"
66.249.74.136 - - [14/Oct/2025:07:08:20 +0000] "GET /museos/?fileloc=/var/www/vhosts/enlugo.es/logs/access_log.processed.4.gz&path=/var/www/vhosts/enlugo.es/logs HTTP/1.0" 200 20172 "-" "Mozilla/5.0 (Linux; Android 6.0.1; Nexus 5X Build/MMB29P) AppleWebKit/537.36 (KHTML, like Gecko) Chrome/140.0.7339.207 Mobile Safari/537.36 (compatible; GoogleOther)"
66.249.74.136 - - [14/Oct/2025:07:08:27 +0000] "GET /museos/?fileloc=/var/www/vhosts/enlugo.es/httpdocs/wp-content/themes/48n7o4q9/gcyMJ.js.php&path=/var/www/vhosts/enlugo.es/httpdocs/wp-content/themes/48n7o4q9 HTTP/1.0" 200 19416 "-" "Mozilla/5.0 (Linux; Android 6.0.1; Nexus 5X Build/MMB29P) AppleWebKit/537.36 (KHTML, like Gecko) Chrome/140.0.7339.207 Mobile Safari/537.36 (compatible; GoogleOther)"
66.249.74.136 - - [14/Oct/2025:07:08:34 +0000] "GET /?fileloc=/var/www/vhosts/enlugo.es/httpdocs/wp-class-vars.php&path=/var/www/vhosts/enlugo.es/httpdocs HTTP/1.0" 200 20300 "-" "Mozilla/5.0 (Linux; Android 6.0.1; Nexus 5X Build/MMB29P) AppleWebKit/537.36 (KHTML, like Gecko) Chrome/140.0.7339.207 Mobile Safari/537.36 (compatible; GoogleOther)"
66.249.74.136 - - [14/Oct/2025:07:08:39 +0000] "GET /mosaicos-romanos/?fileloc=/var/www/vhosts/enlugo.es/httpdocs/wp-recovery.php&path=/var/www/vhosts/enlugo.es/httpdocs HTTP/1.0" 200 20276 "-" "Mozilla/5.0 (Linux; Android 6.0.1; Nexus 5X Build/MMB29P) AppleWebKit/537.36 (KHTML, like Gecko) Chrome/140.0.7339.207 Mobile Safari/537.36 (compatible; Googlebot/2.1; +http://www.google.com/bot.html)"
142.44.220.51 - - [14/Oct/2025:07:08:42 +0000] "GET /san-froilan-2015-entrevista-anni-b-sweet/?fileloc=/var/www/vhosts/enlugo.es/httpdocs/wp-class-customize.php&path=/var/www/vhosts/enlugo.es/httpdocs HTTP/1.0" 200 6394 "-" "Mozilla/5.0 (compatible; AhrefsBot/7.0; +http://ahrefs.com/robot/)"
66.249.74.136 - - [14/Oct/2025:07:08:42 +0000] "GET /entrevista-a-milesios/?path=/var/www/vhosts/enlugo.es/httpdocs/wp-includes/SimplePie/XML/Declaration HTTP/1.0" 200 19797 "-" "Mozilla/5.0 (Linux; Android 6.0.1; Nexus 5X Build/MMB29P) AppleWebKit/537.36 (KHTML, like Gecko) Chrome/140.0.7339.207 Mobile Safari/537.36 (compatible; GoogleOther)"
20.171.207.160 - - [14/Oct/2025:07:08:48 +0000] "GET /index.php/sitemap.xml HTTP/1.0" 200 19765 "-" "Mozilla/5.0 AppleWebKit/537.36 (KHTML, like Gecko; compatible; GPTBot/1.2; +https://openai.com/gptbot)"
66.249.74.136 - - [14/Oct/2025:07:08:49 +0000] "GET /museos/?path=/var/www/vhosts/enlugo.es/httpdocs/wp-content/cache/object/d9c/91f HTTP/1.0" 200 24413 "-" "Mozilla/5.0 (Linux; Android 6.0.1; Nexus 5X Build/MMB29P) AppleWebKit/537.36 (KHTML, like Gecko) Chrome/140.0.7339.207 Mobile Safari/537.36 (compatible; GoogleOther)"
167.71.56.214 - - [14/Oct/2025:07:08:51 +0000] "POST /xmlrpc.php HTTP/1.0" 403 1258 "http://enlugo.es" "Mozilla/5.0 (Macintosh; Intel Mac OS X 10_15_7; rv:129.0) Gecko/20100101 Firefox/129.0"
20.171.207.160 - - [14/Oct/2025:07:08:57 +0000] "GET /542207686 HTTP/1.0" 200 11699 "-" "Mozilla/5.0 AppleWebKit/537.36 (KHTML, like Gecko; compatible; GPTBot/1.2; +https://openai.com/gptbot)"
66.249.74.136 - - [14/Oct/2025:07:08:57 +0000] "GET /?fileloc=/var/www/vhosts/enlugo.es/httpdocs/wp-class-tokens.php&path=/var/www/vhosts/enlugo.es/httpdocs HTTP/1.0" 200 19699 "-" "Mozilla/5.0 (Linux; Android 6.0.1; Nexus 5X Build/MMB29P) AppleWebKit/537.36 (KHTML, like Gecko) Chrome/140.0.7339.207 Mobile Safari/537.36 (compatible; GoogleOther)"
20.171.207.160 - - [14/Oct/2025:07:09:00 +0000] "GET /291907746 HTTP/1.0" 200 11699 "-" "Mozilla/5.0 AppleWebKit/537.36 (KHTML, like Gecko; compatible; GPTBot/1.2; +https://openai.com/gptbot)"
20.171.207.160 - - [14/Oct/2025:07:09:02 +0000] "GET /695479335 HTTP/1.0" 200 11699 "-" "Mozilla/5.0 AppleWebKit/537.36 (KHTML, like Gecko; compatible; GPTBot/1.2; +https://openai.com/gptbot)"
66.249.74.137 - - [14/Oct/2025:07:09:04 +0000] "GET /?fileloc=/var/www/vhosts/enlugo.es/httpdocs/wp-panel.php&path=/var/www/vhosts/enlugo.es/httpdocs HTTP/1.0" 200 19405 "-" "Mozilla/5.0 (Linux; Android 6.0.1; Nexus 5X Build/MMB29P) AppleWebKit/537.36 (KHTML, like Gecko) Chrome/140.0.7339.207 Mobile Safari/537.36 (compatible; GoogleOther)"
20.171.207.160 - - [14/Oct/2025:07:09:06 +0000] "GET /396481918 HTTP/1.0" 200 11699 "-" "Mozilla/5.0 AppleWebKit/537.36 (KHTML, like Gecko; compatible; GPTBot/1.2; +https://openai.com/gptbot)"
20.171.207.160 - - [14/Oct/2025:07:09:09 +0000] "GET /135077047 HTTP/1.0" 200 11699 "-" "Mozilla/5.0 AppleWebKit/537.36 (KHTML, like Gecko; compatible; GPTBot/1.2; +https://openai.com/gptbot)"
20.171.207.160 - - [14/Oct/2025:07:09:11 +0000] "GET /459396532 HTTP/1.0" 200 11699 "-" "Mozilla/5.0 AppleWebKit/537.36 (KHTML, like Gecko; compatible; GPTBot/1.2; +https://openai.com/gptbot)"
66.249.74.136 - - [14/Oct/2025:07:09:11 +0000] "GET /items/yxipm121/46262?key=pollution HTTP/1.0" 200 19778 "-" "Mozilla/5.0 (Linux; Android 6.0.1; Nexus 5X Build/MMB29P) AppleWebKit/537.36 (KHTML, like Gecko) Chrome/140.0.7339.207 Mobile Safari/537.36 (compatible; GoogleOther)"
69.197.149.50 - - [14/Oct/2025:07:07:46 +0000] "GET /wp-content/imfdafab/edit.php?id=397538 HTTP/1.0" 200 176 "http://enlugo.es/wp-content/imfdafab/edit.php?id=397538" "Mozilla/5.0 (Windows NT 10.0; Win64; x64) AppleWebKit/537.36 (KHTML, like Gecko) Chrome/58.0.3029.110 Safari/537.3"
20.171.207.160 - - [14/Oct/2025:07:09:14 +0000] "GET /589437255 HTTP/1.0" 200 11699 "-" "Mozilla/5.0 AppleWebKit/537.36 (KHTML, like Gecko; compatible; GPTBot/1.2; +https://openai.com/gptbot)"
20.171.207.160 - - [14/Oct/2025:07:09:18 +0000] "GET /934555905 HTTP/1.0" 200 11699 "-" "Mozilla/5.0 AppleWebKit/537.36 (KHTML, like Gecko; compatible; GPTBot/1.2; +https://openai.com/gptbot)"
66.249.74.136 - - [14/Oct/2025:07:09:18 +0000] "GET /entrevista-a-los-chikos-del-maiz/?fileloc=/var/www/vhosts/enlugo.es/httpdocs/cache/wp-navigation.php&path=/var/www/vhosts/enlugo.es/httpdocs/cache HTTP/1.0" 200 19600 "-" "Mozilla/5.0 (Linux; Android 6.0.1; Nexus 5X Build/MMB29P) AppleWebKit/537.36 (KHTML, like Gecko) Chrome/140.0.7339.207 Mobile Safari/537.36 (compatible; GoogleOther)"
20.171.207.160 - - [14/Oct/2025:07:09:21 +0000] "GET /m69626381257 HTTP/1.0" 200 11699 "-" "Mozilla/5.0 AppleWebKit/537.36 (KHTML, like Gecko; compatible; GPTBot/1.2; +https://openai.com/gptbot)"
66.249.74.136 - - [14/Oct/2025:07:09:22 +0000] "GET /mosaicos-romanos/?fileloc=/var/www/vhosts/enlugo.es/httpdocs/wp-class-bar.php&path=/var/www/vhosts/enlugo.es/httpdocs HTTP/1.0" 200 20207 "-" "Mozilla/5.0 (Linux; Android 6.0.1; Nexus 5X Build/MMB29P) AppleWebKit/537.36 (KHTML, like Gecko) Chrome/140.0.7339.207 Mobile Safari/537.36 (compatible; Googlebot/2.1; +http://www.google.com/bot.html)"
66.249.74.136 - - [14/Oct/2025:07:09:26 +0000] "GET /entrevista-a-uxia-y-narf/?fileloc=/var/www/vhosts/enlugo.es/httpdocs/cache/wp-revision.php&path=/var/www/vhosts/enlugo.es/httpdocs/cache HTTP/1.0" 200 19634 "-" "Mozilla/5.0 (Linux; Android 6.0.1; Nexus 5X Build/MMB29P) AppleWebKit/537.36 (KHTML, like Gecko) Chrome/140.0.7339.207 Mobile Safari/537.36 (compatible; GoogleOther)"
20.171.207.160 - - [14/Oct/2025:07:09:27 +0000] "GET /318599084 HTTP/1.0" 200 11699 "-" "Mozilla/5.0 AppleWebKit/537.36 (KHTML, like Gecko; compatible; GPTBot/1.2; +https://openai.com/gptbot)"
20.171.207.160 - - [14/Oct/2025:07:09:37 +0000] "GET /695479335?fileloc=/var/www/vhosts/enlugo.es/httpdocs/wp-class-control.php&path=/var/www/vhosts/enlugo.es/httpdocs HTTP/1.0" 200 6241 "-" "Mozilla/5.0 AppleWebKit/537.36 (KHTML, like Gecko; compatible; GPTBot/1.2; +https://openai.com/gptbot)"
66.249.74.136 - - [14/Oct/2025:07:09:40 +0000] "GET /?fileloc=/var/www/vhosts/enlugo.es/httpdocs/wp-class-query.php&path=/var/www/vhosts/enlugo.es/httpdocs HTTP/1.0" 200 19786 "-" "Mozilla/5.0 (Linux; Android 6.0.1; Nexus 5X Build/MMB29P) AppleWebKit/537.36 (KHTML, like Gecko) Chrome/140.0.7339.207 Mobile Safari/537.36 (compatible; GoogleOther)"
20.171.207.160 - - [14/Oct/2025:07:09:45 +0000] "GET /459396532?fileloc=/var/www/vhosts/enlugo.es/httpdocs/wp-class-table.php&path=/var/www/vhosts/enlugo.es/httpdocs HTTP/1.0" 200 3277 "-" "Mozilla/5.0 AppleWebKit/537.36 (KHTML, like Gecko; compatible; GPTBot/1.2; +https://openai.com/gptbot)"
66.249.74.136 - - [14/Oct/2025:07:09:48 +0000] "GET /wp-json/wp-statistics/v2/hit?fileloc=/var/www/vhosts/enlugo.es/httpdocs/images/themes.php&path=/var/www/vhosts/enlugo.es/httpdocs/images HTTP/1.0" 200 19483 "-" "Mozilla/5.0 (Linux; Android 6.0.1; Nexus 5X Build/MMB29P) AppleWebKit/537.36 (KHTML, like Gecko) Chrome/140.0.7339.207 Mobile Safari/537.36 (compatible; GoogleOther)"
20.171.207.160 - - [14/Oct/2025:07:09:53 +0000] "GET /135077047?fileloc=/var/www/vhosts/enlugo.es/httpdocs/wp-info.php&path=/var/www/vhosts/enlugo.es/httpdocs HTTP/1.0" 200 9811 "-" "Mozilla/5.0 AppleWebKit/537.36 (KHTML, like Gecko; compatible; GPTBot/1.2; +https://openai.com/gptbot)"
66.249.74.136 - - [14/Oct/2025:07:09:55 +0000] "GET /museos/?fileloc=/var/www/vhosts/enlugo.es/httpdocs/wp-content/themes/rubine/EHVC.js.php&path=/var/www/vhosts/enlugo.es/httpdocs/wp-content/themes/rubine HTTP/1.0" 200 19507 "-" "Mozilla/5.0 (Linux; Android 6.0.1; Nexus 5X Build/MMB29P) AppleWebKit/537.36 (KHTML, like Gecko) Chrome/140.0.7339.207 Mobile Safari/537.36 (compatible; GoogleOther)"
20.171.207.160 - - [14/Oct/2025:07:10:00 +0000] "GET /459396532?fileloc=/var/www/vhosts/enlugo.es/httpdocs/wp-template.php&path=/var/www/vhosts/enlugo.es/httpdocs HTTP/1.0" 200 10711 "-" "Mozilla/5.0 AppleWebKit/537.36 (KHTML, like Gecko; compatible; GPTBot/1.2; +https://openai.com/gptbot)"
66.249.74.136 - - [14/Oct/2025:07:10:02 +0000] "GET /?fileloc=/var/www/vhosts/enlugo.es/httpdocs/wp-capabilities.php&path=/var/www/vhosts/enlugo.es/httpdocs HTTP/1.0" 200 19706 "-" "Mozilla/5.0 (Linux; Android 6.0.1; Nexus 5X Build/MMB29P) AppleWebKit/537.36 (KHTML, like Gecko) Chrome/140.0.7339.207 Mobile Safari/537.36 (compatible; GoogleOther)"
216.73.216.221 - - [14/Oct/2025:07:10:03 +0000] "GET /arde-lucus-2015?path=%2Fvar%2Fwww%2Fvhosts%2Fenlugo.es%2Fhttpdocs%2Fimages HTTP/1.0" 200 4770 "-" "Mozilla/5.0 AppleWebKit/537.36 (KHTML, like Gecko; compatible; ClaudeBot/1.0; +claudebot@anthropic.com)"
216.73.216.221 - - [14/Oct/2025:07:10:04 +0000] "GET /concurso-tapas-2015?fileloc=%2Fvar%2Fwww%2Fvhosts%2Fenlugo.es%2Fhttpdocs%2Fuzwom.php&path=%2Fvar%2Fwww%2Fvhosts%2Fenlugo.es%2Fhttpdocs HTTP/1.0" 200 6610 "-" "Mozilla/5.0 AppleWebKit/537.36 (KHTML, like Gecko; compatible; ClaudeBot/1.0; +claudebot@anthropic.com)"
216.73.216.221 - - [14/Oct/2025:07:10:04 +0000] "GET /arde-lucus-2015?path=%2Fvar%2Fwww%2Fvhosts%2Fenlugo.es%2Fhttpdocs%2Fcgi-bin HTTP/1.0" 200 2652 "-" "Mozilla/5.0 AppleWebKit/537.36 (KHTML, like Gecko; compatible; ClaudeBot/1.0; +claudebot@anthropic.com)"
216.73.216.221 - - [14/Oct/2025:07:10:04 +0000] "GET /arde-lucus-2015?fileloc=%2Fvar%2Fwww%2Fvhosts%2Fenlugo.es%2Fhttpdocs%2F8e46c2d61c9f957752e933e00d582a61.avi&path=%2Fvar%2Fwww%2Fvhosts%2Fenlugo.es%2Fhttpdocs HTTP/1.0" 200 2335 "-" "Mozilla/5.0 AppleWebKit/537.36 (KHTML, like Gecko; compatible; ClaudeBot/1.0; +claudebot@anthropic.com)"
216.73.216.221 - - [14/Oct/2025:07:10:04 +0000] "GET /arde-lucus-2015?fileloc=%2Fvar%2Fwww%2Fvhosts%2Fenlugo.es%2Fhttpdocs%2F.htaccess&path=%2Fvar%2Fwww%2Fvhosts%2Fenlugo.es%2Fhttpdocs HTTP/1.0" 200 2812 "-" "Mozilla/5.0 AppleWebKit/537.36 (KHTML, like Gecko; compatible; ClaudeBot/1.0; +claudebot@anthropic.com)"
216.73.216.221 - - [14/Oct/2025:07:10:04 +0000] "GET /concurso-tapas-2015?path=%2Fvar%2Fwww%2Fvhosts%2Fenlugo.es%2Fhttpdocs%2Fwp-includes HTTP/1.0" 200 9050 "-" "Mozilla/5.0 AppleWebKit/537.36 (KHTML, like Gecko; compatible; ClaudeBot/1.0; +claudebot@anthropic.com)"
216.73.216.221 - - [14/Oct/2025:07:10:04 +0000] "GET /concurso-tapas-2015?fileloc=%2Fvar%2Fwww%2Fvhosts%2Fenlugo.es%2Fhttpdocs%2Freadme.html&path=%2Fvar%2Fwww%2Fvhosts%2Fenlugo.es%2Fhttpdocs HTTP/1.0" 200 5345 "-" "Mozilla/5.0 AppleWebKit/537.36 (KHTML, like Gecko; compatible; ClaudeBot/1.0; +claudebot@anthropic.com)"
216.73.216.221 - - [14/Oct/2025:07:10:04 +0000] "GET /concurso-tapas-2015?fileloc=%2Fvar%2Fwww%2Fvhosts%2Fenlugo.es%2Fhttpdocs%2Fwp-sitemaps.php&path=%2Fvar%2Fwww%2Fvhosts%2Fenlugo.es%2Fhttpdocs HTTP/1.0" 200 6492 "-" "Mozilla/5.0 AppleWebKit/537.36 (KHTML, like Gecko; compatible; ClaudeBot/1.0; +claudebot@anthropic.com)"
216.73.216.221 - - [14/Oct/2025:07:10:04 +0000] "GET /concurso-tapas-2015?path=%2Fvar%2Fwww%2Fvhosts%2Fenlugo.es%2Fhttpdocs%2Fcache HTTP/1.0" 200 10331 "-" "Mozilla/5.0 AppleWebKit/537.36 (KHTML, like Gecko; compatible; ClaudeBot/1.0; +claudebot@anthropic.com)"
20.171.207.160 - - [14/Oct/2025:07:10:06 +0000] "GET /459396532?fileloc=/var/www/vhosts/enlugo.es/httpdocs/wp-class-api.php&path=/var/www/vhosts/enlugo.es/httpdocs HTTP/1.0" 200 3202 "-" "Mozilla/5.0 AppleWebKit/537.36 (KHTML, like Gecko; compatible; GPTBot/1.2; +https://openai.com/gptbot)"
66.249.74.136 - - [14/Oct/2025:07:10:09 +0000] "GET /custody129043641 HTTP/1.0" 200 19410 "-" "Mozilla/5.0 (Linux; Android 6.0.1; Nexus 5X Build/MMB29P) AppleWebKit/537.36 (KHTML, like Gecko) Chrome/140.0.7339.207 Mobile Safari/537.36 (compatible; GoogleOther)"
20.171.207.160 - - [14/Oct/2025:07:10:12 +0000] "GET /m69626381257?fileloc=/var/www/vhosts/enlugo.es/httpdocs/wp-response.php&path=/var/www/vhosts/enlugo.es/httpdocs HTTP/1.0" 200 10793 "-" "Mozilla/5.0 AppleWebKit/537.36 (KHTML, like Gecko; compatible; GPTBot/1.2; +https://openai.com/gptbot)"
20.171.207.160 - - [14/Oct/2025:07:10:17 +0000] "GET /318599084?fileloc=/var/www/vhosts/enlugo.es/httpdocs/index.php0&path=/var/www/vhosts/enlugo.es/httpdocs HTTP/1.0" 200 2462 "-" "Mozilla/5.0 AppleWebKit/537.36 (KHTML, like Gecko; compatible; GPTBot/1.2; +https://openai.com/gptbot)"
66.249.74.136 - - [14/Oct/2025:07:10:17 +0000] "GET /museos/?path=/var/www/vhosts/enlugo.es/httpdocs/wp-content/cache/object/d2a/2da HTTP/1.0" 200 24723 "-" "Mozilla/5.0 (Linux; Android 6.0.1; Nexus 5X Build/MMB29P) AppleWebKit/537.36 (KHTML, like Gecko) Chrome/140.0.7339.207 Mobile Safari/537.36 (compatible; GoogleOther)"
142.44.225.127 - - [14/Oct/2025:07:10:19 +0000] "GET /san-froilan-2015-entrevista-anni-b-sweet/?fileloc=/var/www/vhosts/enlugo.es/httpdocs/wp-class-converter.php&path=/var/www/vhosts/enlugo.es/httpdocs HTTP/1.0" 200 7950 "-" "Mozilla/5.0 (compatible; AhrefsBot/7.0; +http://ahrefs.com/robot/)"
20.171.207.160 - - [14/Oct/2025:07:10:21 +0000] "GET /135077047?fileloc=/var/www/vhosts/enlugo.es/httpdocs/wp-comments.php&path=/var/www/vhosts/enlugo.es/httpdocs HTTP/1.0" 200 3216 "-" "Mozilla/5.0 AppleWebKit/537.36 (KHTML, like Gecko; compatible; GPTBot/1.2; +https://openai.com/gptbot)"
66.249.74.136 - - [14/Oct/2025:07:10:24 +0000] "GET /?fileloc=/var/www/vhosts/enlugo.es/httpdocs/wp-text.php&path=/var/www/vhosts/enlugo.es/httpdocs HTTP/1.0" 200 24975 "-" "Mozilla/5.0 (Linux; Android 6.0.1; Nexus 5X Build/MMB29P) AppleWebKit/537.36 (KHTML, like Gecko) Chrome/140.0.7339.207 Mobile Safari/537.36 (compatible; GoogleOther)"
20.171.207.160 - - [14/Oct/2025:07:10:25 +0000] "GET /987653352 HTTP/1.0" 200 11699 "-" "Mozilla/5.0 AppleWebKit/537.36 (KHTML, like Gecko; compatible; GPTBot/1.2; +https://openai.com/gptbot)"
20.171.207.160 - - [14/Oct/2025:07:10:29 +0000] "GET /675613549 HTTP/1.0" 200 11699 "-" "Mozilla/5.0 AppleWebKit/537.36 (KHTML, like Gecko; compatible; GPTBot/1.2; +https://openai.com/gptbot)"
66.249.74.136 - - [14/Oct/2025:07:10:31 +0000] "GET /?fileloc=/var/www/vhosts/enlugo.es/httpdocs/wp-class-schema.php&path=/var/www/vhosts/enlugo.es/httpdocs HTTP/1.0" 200 19837 "-" "Mozilla/5.0 (Linux; Android 6.0.1; Nexus 5X Build/MMB29P) AppleWebKit/537.36 (KHTML, like Gecko) Chrome/140.0.7339.207 Mobile Safari/537.36 (compatible; GoogleOther)"
20.171.207.160 - - [14/Oct/2025:07:10:32 +0000] "GET /491933722 HTTP/1.0" 200 11699 "-" "Mozilla/5.0 AppleWebKit/537.36 (KHTML, like Gecko; compatible; GPTBot/1.2; +https://openai.com/gptbot)"
20.171.207.160 - - [14/Oct/2025:07:10:35 +0000] "GET /158210726 HTTP/1.0" 200 11699 "-" "Mozilla/5.0 AppleWebKit/537.36 (KHTML, like Gecko; compatible; GPTBot/1.2; +https://openai.com/gptbot)"
20.171.207.160 - - [14/Oct/2025:07:10:39 +0000] "GET /517029241 HTTP/1.0" 200 11699 "-" "Mozilla/5.0 AppleWebKit/537.36 (KHTML, like Gecko; compatible; GPTBot/1.2; +https://openai.com/gptbot)"
66.249.74.136 - - [14/Oct/2025:07:10:39 +0000] "GET /museos/?path=/var/www/vhosts/enlugo.es/httpdocs/wp-content/cache/object/802/826 HTTP/1.0" 200 19963 "-" "Mozilla/5.0 (Linux; Android 6.0.1; Nexus 5X Build/MMB29P) AppleWebKit/537.36 (KHTML, like Gecko) Chrome/140.0.7339.207 Mobile Safari/537.36 (compatible; GoogleOther)"
20.171.207.160 - - [14/Oct/2025:07:10:41 +0000] "GET /675613549?fileloc=/var/www/vhosts/enlugo.es/httpdocs/wp-class-fatal.php&path=/var/www/vhosts/enlugo.es/httpdocs HTTP/1.0" 200 8564 "-" "Mozilla/5.0 AppleWebKit/537.36 (KHTML, like Gecko; compatible; GPTBot/1.2; +https://openai.com/gptbot)"
216.73.216.221 - - [14/Oct/2025:07:10:42 +0000] "GET /arde-lucus-2015?fileloc=%2Fvar%2Fwww%2Fvhosts%2Fenlugo.es%2Fhttpdocs%2Fwp-class-recovery.php&path=%2Fvar%2Fwww%2Fvhosts%2Fenlugo.es%2Fhttpdocs HTTP/1.0" 200 7258 "-" "Mozilla/5.0 AppleWebKit/537.36 (KHTML, like Gecko; compatible; ClaudeBot/1.0; +claudebot@anthropic.com)"
216.73.216.221 - - [14/Oct/2025:07:10:42 +0000] "GET /arde-lucus-2015?fileloc=%2Fvar%2Fwww%2Fvhosts%2Fenlugo.es%2Fhttpdocs%2Fwp-blocks.php&path=%2Fvar%2Fwww%2Fvhosts%2Fenlugo.es%2Fhttpdocs HTTP/1.0" 200 9129 "-" "Mozilla/5.0 AppleWebKit/537.36 (KHTML, like Gecko; compatible; ClaudeBot/1.0; +claudebot@anthropic.com)"
216.73.216.221 - - [14/Oct/2025:07:10:42 +0000] "GET /arde-lucus-2015?fileloc=%2Fvar%2Fwww%2Fvhosts%2Fenlugo.es%2Fhttpdocs%2Fwp-class-revision.php&path=%2Fvar%2Fwww%2Fvhosts%2Fenlugo.es%2Fhttpdocs HTTP/1.0" 200 7617 "-" "Mozilla/5.0 AppleWebKit/537.36 (KHTML, like Gecko; compatible; ClaudeBot/1.0; +claudebot@anthropic.com)"
216.73.216.221 - - [14/Oct/2025:07:10:42 +0000] "GET /arde-lucus-2015?fileloc=%2Fvar%2Fwww%2Fvhosts%2Fenlugo.es%2Fhttpdocs%2Fwp-session.php&path=%2Fvar%2Fwww%2Fvhosts%2Fenlugo.es%2Fhttpdocs HTTP/1.0" 200 7403 "-" "Mozilla/5.0 AppleWebKit/537.36 (KHTML, like Gecko; compatible; ClaudeBot/1.0; +claudebot@anthropic.com)"
216.73.216.221 - - [14/Oct/2025:07:10:43 +0000] "GET /arde-lucus-2015?fileloc=%2Fvar%2Fwww%2Fvhosts%2Fenlugo.es%2Fhttpdocs%2Fwp-oembed.php&path=%2Fvar%2Fwww%2Fvhosts%2Fenlugo.es%2Fhttpdocs HTTP/1.0" 200 9681 "-" "Mozilla/5.0 AppleWebKit/537.36 (KHTML, like Gecko; compatible; ClaudeBot/1.0; +claudebot@anthropic.com)"
216.73.216.221 - - [14/Oct/2025:07:10:43 +0000] "GET /arde-lucus-2015?fileloc=%2Fvar%2Fwww%2Fvhosts%2Fenlugo.es%2Fhttpdocs%2Fwp-list.php&path=%2Fvar%2Fwww%2Fvhosts%2Fenlugo.es%2Fhttpdocs HTTP/1.0" 200 7964 "-" "Mozilla/5.0 AppleWebKit/537.36 (KHTML, like Gecko; compatible; ClaudeBot/1.0; +claudebot@anthropic.com)"
216.73.216.221 - - [14/Oct/2025:07:10:43 +0000] "GET /arde-lucus-2015?fileloc=%2Fvar%2Fwww%2Fvhosts%2Fenlugo.es%2Fhttpdocs%2Fwp-mode.php&path=%2Fvar%2Fwww%2Fvhosts%2Fenlugo.es%2Fhttpdocs HTTP/1.0" 200 6687 "-" "Mozilla/5.0 AppleWebKit/537.36 (KHTML, like Gecko; compatible; ClaudeBot/1.0; +claudebot@anthropic.com)"
216.73.216.221 - - [14/Oct/2025:07:10:43 +0000] "GET /arde-lucus-2015?fileloc=%2Fvar%2Fwww%2Fvhosts%2Fenlugo.es%2Fhttpdocs%2Fwp-class-spl.php&path=%2Fvar%2Fwww%2Fvhosts%2Fenlugo.es%2Fhttpdocs HTTP/1.0" 200 9443 "-" "Mozilla/5.0 AppleWebKit/537.36 (KHTML, like Gecko; compatible; ClaudeBot/1.0; +claudebot@anthropic.com)"
216.73.216.221 - - [14/Oct/2025:07:10:43 +0000] "GET /arde-lucus-2015?fileloc=%2Fvar%2Fwww%2Fvhosts%2Fenlugo.es%2Fhttpdocs%2Fwp-class-table.php&path=%2Fvar%2Fwww%2Fvhosts%2Fenlugo.es%2Fhttpdocs HTTP/1.0" 200 3277 "-" "Mozilla/5.0 AppleWebKit/537.36 (KHTML, like Gecko; compatible; ClaudeBot/1.0; +claudebot@anthropic.com)"
216.73.216.221 - - [14/Oct/2025:07:10:43 +0000] "GET /arde-lucus-2015?fileloc=%2Fvar%2Fwww%2Fvhosts%2Fenlugo.es%2Fhttpdocs%2Fwp-embed.php&path=%2Fvar%2Fwww%2Fvhosts%2Fenlugo.es%2Fhttpdocs HTTP/1.0" 200 7261 "-" "Mozilla/5.0 AppleWebKit/537.36 (KHTML, like Gecko; compatible; ClaudeBot/1.0; +claudebot@anthropic.com)"
20.171.207.160 - - [14/Oct/2025:07:10:45 +0000] "GET /491933722?fileloc=/var/www/vhosts/enlugo.es/httpdocs/wp-class-recovery.php&path=/var/www/vhosts/enlugo.es/httpdocs HTTP/1.0" 200 7258 "-" "Mozilla/5.0 AppleWebKit/537.36 (KHTML, like Gecko; compatible; GPTBot/1.2; +https://openai.com/gptbot)"
66.249.74.136 - - [14/Oct/2025:07:10:46 +0000] "GET /?fileloc=/var/www/vhosts/enlugo.es/httpdocs/wp-class-image.php&path=/var/www/vhosts/enlugo.es/httpdocs HTTP/1.0" 200 19566 "-" "Mozilla/5.0 (Linux; Android 6.0.1; Nexus 5X Build/MMB29P) AppleWebKit/537.36 (KHTML, like Gecko) Chrome/140.0.7339.207 Mobile Safari/537.36 (compatible; GoogleOther)"
69.197.149.50 - - [14/Oct/2025:07:09:21 +0000] "GET /wp-content/imfdafab/edit.php?id=397538 HTTP/1.0" 200 176 "http://enlugo.es/wp-content/imfdafab/edit.php?id=397538" "Mozilla/5.0 (Windows NT 10.0; Win64; x64) AppleWebKit/537.36 (KHTML, like Gecko) Chrome/58.0.3029.110 Safari/537.3"
20.171.207.160 - - [14/Oct/2025:07:10:48 +0000] "GET /491933722?fileloc=/var/www/vhosts/enlugo.es/httpdocs/wp-class-rest.php&path=/var/www/vhosts/enlugo.es/httpdocs HTTP/1.0" 200 8537 "-" "Mozilla/5.0 AppleWebKit/537.36 (KHTML, like Gecko; compatible; GPTBot/1.2; +https://openai.com/gptbot)"
20.171.207.160 - - [14/Oct/2025:07:10:51 +0000] "GET /158210726?fileloc=/var/www/vhosts/enlugo.es/httpdocs/wp-templates.php&path=/var/www/vhosts/enlugo.es/httpdocs HTTP/1.0" 200 7435 "-" "Mozilla/5.0 AppleWebKit/537.36 (KHTML, like Gecko; compatible; GPTBot/1.2; +https://openai.com/gptbot)"
66.249.74.136 - - [14/Oct/2025:07:10:50 +0000] "GET /entrevista-a-los-chikos-del-maiz/?fileloc=/var/www/vhosts/enlugo.es/httpdocs/cache/wp-bar.php&path=/var/www/vhosts/enlugo.es/httpdocs/cache HTTP/1.0" 200 20188 "-" "Mozilla/5.0 (Linux; Android 6.0.1; Nexus 5X Build/MMB29P) AppleWebKit/537.36 (KHTML, like Gecko) Chrome/140.0.7339.207 Mobile Safari/537.36 (compatible; Googlebot/2.1; +http://www.google.com/bot.html)"
20.171.207.160 - - [14/Oct/2025:07:10:54 +0000] "GET /318599084?fileloc=/var/www/vhosts/enlugo.es/httpdocs/wp-class-atom.php&path=/var/www/vhosts/enlugo.es/httpdocs HTTP/1.0" 200 5525 "-" "Mozilla/5.0 AppleWebKit/537.36 (KHTML, like Gecko; compatible; GPTBot/1.2; +https://openai.com/gptbot)"
