20.171.207.160 - - [14/Oct/2025:09:42:04 +0000] "GET /pages.php?items/007000247.html?srsltid=AfmBOoojfOZRrakvnFRUxxr3EYIpcUTyde7hMHnaw3ESraXs5jgB HTTP/1.0" 200 22313 "-" "Mozilla/5.0 AppleWebKit/537.36 (KHTML, like Gecko; compatible; GPTBot/1.2; +https://openai.com/gptbot)"
142.93.120.13 - - [14/Oct/2025:09:42:06 +0000] "POST /xmlrpc.php HTTP/1.0" 403 3277 "-" "Mozilla/5.0 (Windows NT 5.1; WOW64; Trident/7.0; rv:11.0) like Gecko"
20.171.207.160 - - [14/Oct/2025:09:42:07 +0000] "GET /pages.php?r-syo-ei-siaz99594-1 HTTP/1.0" 200 22339 "-" "Mozilla/5.0 AppleWebKit/537.36 (KHTML, like Gecko; compatible; GPTBot/1.2; +https://openai.com/gptbot)"
142.93.120.13 - - [14/Oct/2025:09:42:09 +0000] "POST /xmlrpc.php HTTP/1.0" 403 3277 "-" "Mozilla/5.0 (Windows NT 5.1; WOW64; Trident/7.0; rv:11.0) like Gecko"
54.37.118.75 - - [14/Oct/2025:09:42:47 +0000] "GET /?fileloc=/var/www/vhosts/enlugo.es/httpdocs/wp-thumbnail.php&path=/var/www/vhosts/enlugo.es/httpdocs HTTP/1.0" 200 9439 "-" "Mozilla/5.0 (compatible; AhrefsBot/7.0; +http://ahrefs.com/robot/)"
20.171.207.160 - - [14/Oct/2025:09:43:39 +0000] "GET /pages.php?hcvalor-eshop-trusco-6948271 HTTP/1.0" 200 21737 "-" "Mozilla/5.0 AppleWebKit/537.36 (KHTML, like Gecko; compatible; GPTBot/1.2; +https://openai.com/gptbot)"
20.171.207.160 - - [14/Oct/2025:09:43:42 +0000] "GET /pages.php?hcvalor-eshop-trusco-4490260 HTTP/1.0" 200 22499 "-" "Mozilla/5.0 AppleWebKit/537.36 (KHTML, like Gecko; compatible; GPTBot/1.2; +https://openai.com/gptbot)"
176.31.139.16 - - [14/Oct/2025:09:44:02 +0000] "GET /?fileloc=/var/www/vhosts/enlugo.es/httpdocs/wp-text.php&path=/var/www/vhosts/enlugo.es/httpdocs HTTP/1.0" 200 8910 "-" "Mozilla/5.0 (compatible; AhrefsBot/7.0; +http://ahrefs.com/robot/)"
92.222.108.108 - - [14/Oct/2025:09:45:15 +0000] "GET /?fileloc=/var/www/vhosts/enlugo.es/httpdocs/wp-templates.php&path=/var/www/vhosts/enlugo.es/httpdocs HTTP/1.0" 200 9454 "-" "Mozilla/5.0 (compatible; AhrefsBot/7.0; +http://ahrefs.com/robot/)"
94.23.188.202 - - [14/Oct/2025:09:46:37 +0000] "GET /?fileloc=/var/www/vhosts/enlugo.es/httpdocs/wp-template.php&path=/var/www/vhosts/enlugo.es/httpdocs HTTP/1.0" 200 12796 "-" "Mozilla/5.0 (compatible; AhrefsBot/7.0; +http://ahrefs.com/robot/)"
220.158.233.124 - - [14/Oct/2025:09:47:01 +0000] "POST /xmlrpc.php HTTP/1.0" 403 3277 "-" "Mozilla/5.0 (Windows NT 6.1; Win64; x64) AppleWebKit/537.36 (KHTML, like Gecko) Chrome/63.0.3239.132 Safari/537.36 OPR/50.0.2762.67"
220.158.233.124 - - [14/Oct/2025:09:47:03 +0000] "POST /xmlrpc.php HTTP/1.0" 403 3277 "-" "Mozilla/5.0 (Windows NT 6.1; Win64; x64) AppleWebKit/537.36 (KHTML, like Gecko) Chrome/63.0.3239.132 Safari/537.36 OPR/50.0.2762.67"
220.158.233.124 - - [14/Oct/2025:09:47:05 +0000] "POST /xmlrpc.php HTTP/1.0" 403 3277 "-" "Mozilla/5.0 (Windows NT 6.1; Win64; x64) AppleWebKit/537.36 (KHTML, like Gecko) Chrome/63.0.3239.132 Safari/537.36 OPR/50.0.2762.67"
220.158.233.124 - - [14/Oct/2025:09:47:06 +0000] "POST /xmlrpc.php HTTP/1.0" 403 3277 "-" "Mozilla/5.0 (Windows NT 6.1; Win64; x64) AppleWebKit/537.36 (KHTML, like Gecko) Chrome/63.0.3239.132 Safari/537.36 OPR/50.0.2762.67"
220.158.233.124 - - [14/Oct/2025:09:47:08 +0000] "POST /xmlrpc.php HTTP/1.0" 403 3277 "-" "Mozilla/5.0 (Windows NT 6.1; Win64; x64) AppleWebKit/537.36 (KHTML, like Gecko) Chrome/63.0.3239.132 Safari/537.36 OPR/50.0.2762.67"
220.158.233.124 - - [14/Oct/2025:09:47:09 +0000] "POST /xmlrpc.php HTTP/1.0" 403 3277 "-" "Mozilla/5.0 (Windows NT 6.1; Win64; x64) AppleWebKit/537.36 (KHTML, like Gecko) Chrome/63.0.3239.132 Safari/537.36 OPR/50.0.2762.67"
92.222.108.111 - - [14/Oct/2025:09:47:52 +0000] "GET /?fileloc=/var/www/vhosts/enlugo.es/httpdocs/wp-taxonomy.php&path=/var/www/vhosts/enlugo.es/httpdocs HTTP/1.0" 200 8637 "-" "Mozilla/5.0 (compatible; AhrefsBot/7.0; +http://ahrefs.com/robot/)"
20.171.207.160 - - [14/Oct/2025:09:48:35 +0000] "GET /pages.php?e-shokujuu-cf-t60h-c HTTP/1.0" 200 22243 "-" "Mozilla/5.0 AppleWebKit/537.36 (KHTML, like Gecko; compatible; GPTBot/1.2; +https://openai.com/gptbot)"
94.23.188.194 - - [14/Oct/2025:09:49:20 +0000] "GET /?fileloc=/var/www/vhosts/enlugo.es/httpdocs/wp-switcher.php&path=/var/www/vhosts/enlugo.es/httpdocs HTTP/1.0" 200 7034 "-" "Mozilla/5.0 (compatible; AhrefsBot/7.0; +http://ahrefs.com/robot/)"
94.23.188.216 - - [14/Oct/2025:09:50:41 +0000] "GET /?fileloc=/var/www/vhosts/enlugo.es/httpdocs/wp-supports.php&path=/var/www/vhosts/enlugo.es/httpdocs HTTP/1.0" 200 9298 "-" "Mozilla/5.0 (compatible; AhrefsBot/7.0; +http://ahrefs.com/robot/)"
20.171.207.160 - - [14/Oct/2025:09:51:29 +0000] "GET /pages.php?q-~64iWBYb5pTfjqKjrUBIkuYN7beohhZPZ777/ HTTP/1.0" 200 22432 "-" "Mozilla/5.0 AppleWebKit/537.36 (KHTML, like Gecko; compatible; GPTBot/1.2; +https://openai.com/gptbot)"
54.37.118.89 - - [14/Oct/2025:09:52:02 +0000] "GET /?fileloc=/var/www/vhosts/enlugo.es/httpdocs/wp-styles.php&path=/var/www/vhosts/enlugo.es/httpdocs HTTP/1.0" 200 8611 "-" "Mozilla/5.0 (compatible; AhrefsBot/7.0; +http://ahrefs.com/robot/)"
92.222.104.194 - - [14/Oct/2025:09:53:17 +0000] "GET /?fileloc=/var/www/vhosts/enlugo.es/httpdocs/wp-style.php&path=/var/www/vhosts/enlugo.es/httpdocs HTTP/1.0" 200 11176 "-" "Mozilla/5.0 (compatible; AhrefsBot/7.0; +http://ahrefs.com/robot/)"
54.37.118.69 - - [14/Oct/2025:09:54:49 +0000] "GET /?fileloc=/var/www/vhosts/enlugo.es/httpdocs/wp-storage.php&path=/var/www/vhosts/enlugo.es/httpdocs HTTP/1.0" 200 11490 "-" "Mozilla/5.0 (compatible; AhrefsBot/7.0; +http://ahrefs.com/robot/)"
92.222.104.192 - - [14/Oct/2025:09:56:14 +0000] "GET /?fileloc=/var/www/vhosts/enlugo.es/httpdocs/wp-snoopy.php&path=/var/www/vhosts/enlugo.es/httpdocs HTTP/1.0" 200 9538 "-" "Mozilla/5.0 (compatible; AhrefsBot/7.0; +http://ahrefs.com/robot/)"
94.23.188.196 - - [14/Oct/2025:09:57:41 +0000] "GET /?fileloc=/var/www/vhosts/enlugo.es/httpdocs/wp-shortcodes.php&path=/var/www/vhosts/enlugo.es/httpdocs HTTP/1.0" 200 7792 "-" "Mozilla/5.0 (compatible; AhrefsBot/7.0; +http://ahrefs.com/robot/)"
92.222.104.219 - - [14/Oct/2025:09:59:32 +0000] "GET /?fileloc=/var/www/vhosts/enlugo.es/httpdocs/wp-setting.php&path=/var/www/vhosts/enlugo.es/httpdocs HTTP/1.0" 200 9263 "-" "Mozilla/5.0 (compatible; AhrefsBot/7.0; +http://ahrefs.com/robot/)"
148.113.197.67 - - [14/Oct/2025:09:59:36 +0000] "POST /xmlrpc.php HTTP/1.0" 403 3277 "-" "Mozilla/4.0 (compatible; MSIE 7.0; Windows NT 6.2; WOW64; Trident/7.0; .NET4.0E; .NET4.0C)"
148.113.1.176 - - [14/Oct/2025:10:00:20 +0000] "POST /xmlrpc.php HTTP/1.0" 403 3277 "-" "Mozilla/4.0 (compatible; MSIE 7.0; Windows NT 6.1; WOW64; Trident/7.0; SLCC2; .NET CLR 2.0.50727; .NET CLR 3.5.30729; .NET CLR 3.0.30729; Media Center PC 6.0; .NET4.0C; .NET4.0E; InfoPath.3; GWX:MANAGED)"
148.113.1.176 - - [14/Oct/2025:10:00:23 +0000] "POST /xmlrpc.php HTTP/1.0" 403 3277 "-" "Mozilla/4.0 (compatible; MSIE 7.0; Windows NT 6.1; WOW64; Trident/7.0; SLCC2; .NET CLR 2.0.50727; .NET CLR 3.5.30729; .NET CLR 3.0.30729; Media Center PC 6.0; .NET4.0C; .NET4.0E; InfoPath.3; GWX:MANAGED)"
148.113.1.176 - - [14/Oct/2025:10:00:25 +0000] "POST /xmlrpc.php HTTP/1.0" 403 3277 "-" "Mozilla/4.0 (compatible; MSIE 7.0; Windows NT 6.1; WOW64; Trident/7.0; SLCC2; .NET CLR 2.0.50727; .NET CLR 3.5.30729; .NET CLR 3.0.30729; Media Center PC 6.0; .NET4.0C; .NET4.0E; InfoPath.3; GWX:MANAGED)"
148.113.1.176 - - [14/Oct/2025:10:00:26 +0000] "POST /xmlrpc.php HTTP/1.0" 403 3277 "-" "Mozilla/4.0 (compatible; MSIE 7.0; Windows NT 6.1; WOW64; Trident/7.0; SLCC2; .NET CLR 2.0.50727; .NET CLR 3.5.30729; .NET CLR 3.0.30729; Media Center PC 6.0; .NET4.0C; .NET4.0E; InfoPath.3; GWX:MANAGED)"
148.113.1.176 - - [14/Oct/2025:10:00:28 +0000] "POST /xmlrpc.php HTTP/1.0" 403 3277 "-" "Mozilla/4.0 (compatible; MSIE 7.0; Windows NT 6.1; WOW64; Trident/7.0; SLCC2; .NET CLR 2.0.50727; .NET CLR 3.5.30729; .NET CLR 3.0.30729; Media Center PC 6.0; .NET4.0C; .NET4.0E; InfoPath.3; GWX:MANAGED)"
148.113.1.176 - - [14/Oct/2025:10:00:29 +0000] "POST /xmlrpc.php HTTP/1.0" 403 3277 "-" "Mozilla/4.0 (compatible; MSIE 7.0; Windows NT 6.1; WOW64; Trident/7.0; SLCC2; .NET CLR 2.0.50727; .NET CLR 3.5.30729; .NET CLR 3.0.30729; Media Center PC 6.0; .NET4.0C; .NET4.0E; InfoPath.3; GWX:MANAGED)"
94.23.188.205 - - [14/Oct/2025:10:00:41 +0000] "GET /?fileloc=/var/www/vhosts/enlugo.es/httpdocs/wp-session.php&path=/var/www/vhosts/enlugo.es/httpdocs HTTP/1.0" 200 9422 "-" "Mozilla/5.0 (compatible; AhrefsBot/7.0; +http://ahrefs.com/robot/)"
20.171.207.160 - - [14/Oct/2025:10:01:36 +0000] "GET /pages.php?shop/e/e009001044001/ HTTP/1.0" 200 24542 "-" "Mozilla/5.0 AppleWebKit/537.36 (KHTML, like Gecko; compatible; GPTBot/1.2; +https://openai.com/gptbot)"
148.113.197.67 - - [14/Oct/2025:10:01:40 +0000] "POST /xmlrpc.php HTTP/1.0" 403 3277 "-" "Mozilla/4.0 (compatible; MSIE 7.0; Windows NT 6.2; WOW64; Trident/7.0; .NET4.0E; .NET4.0C)"
20.171.207.160 - - [14/Oct/2025:10:01:50 +0000] "GET /pages.php?shop/e/e009001036001/ HTTP/1.0" 200 22417 "-" "Mozilla/5.0 AppleWebKit/537.36 (KHTML, like Gecko; compatible; GPTBot/1.2; +https://openai.com/gptbot)"
20.171.207.160 - - [14/Oct/2025:10:02:11 +0000] "GET /pages.php?74555967 HTTP/1.0" 200 22514 "-" "Mozilla/5.0 AppleWebKit/537.36 (KHTML, like Gecko; compatible; GPTBot/1.2; +https://openai.com/gptbot)"
94.23.188.197 - - [14/Oct/2025:10:02:12 +0000] "GET /?fileloc=/var/www/vhosts/enlugo.es/httpdocs/wp-server.php&path=/var/www/vhosts/enlugo.es/httpdocs HTTP/1.0" 200 8106 "-" "Mozilla/5.0 (compatible; AhrefsBot/7.0; +http://ahrefs.com/robot/)"
20.171.207.160 - - [14/Oct/2025:10:02:15 +0000] "GET /pages.php?77367364 HTTP/1.0" 200 22202 "-" "Mozilla/5.0 AppleWebKit/537.36 (KHTML, like Gecko; compatible; GPTBot/1.2; +https://openai.com/gptbot)"
20.171.207.160 - - [14/Oct/2025:10:02:41 +0000] "GET /pages.php?fujix-a4938233593111 HTTP/1.0" 200 22061 "-" "Mozilla/5.0 AppleWebKit/537.36 (KHTML, like Gecko; compatible; GPTBot/1.2; +https://openai.com/gptbot)"
20.171.207.160 - - [14/Oct/2025:10:02:44 +0000] "GET /pages.php?category/4_5496/1 HTTP/1.0" 200 23112 "-" "Mozilla/5.0 AppleWebKit/537.36 (KHTML, like Gecko; compatible; GPTBot/1.2; +https://openai.com/gptbot)"
54.37.118.80 - - [14/Oct/2025:10:03:23 +0000] "GET /?fileloc=/var/www/vhosts/enlugo.es/httpdocs/wp-scripts.php&path=/var/www/vhosts/enlugo.es/httpdocs HTTP/1.0" 200 5198 "-" "Mozilla/5.0 (compatible; AhrefsBot/7.0; +http://ahrefs.com/robot/)"
92.222.104.212 - - [14/Oct/2025:10:04:45 +0000] "GET /?fileloc=/var/www/vhosts/enlugo.es/httpdocs/wp-script.php&path=/var/www/vhosts/enlugo.es/httpdocs HTTP/1.0" 200 5209 "-" "Mozilla/5.0 (compatible; AhrefsBot/7.0; +http://ahrefs.com/robot/)"
20.171.207.160 - - [14/Oct/2025:10:05:05 +0000] "GET /pages.php?tenpos2-2500008210978 HTTP/1.0" 200 23568 "-" "Mozilla/5.0 AppleWebKit/537.36 (KHTML, like Gecko; compatible; GPTBot/1.2; +https://openai.com/gptbot)"
20.171.207.160 - - [14/Oct/2025:10:05:11 +0000] "GET /pages.php?e-cle-3340030100-003777600061400 HTTP/1.0" 200 22323 "-" "Mozilla/5.0 AppleWebKit/537.36 (KHTML, like Gecko; compatible; GPTBot/1.2; +https://openai.com/gptbot)"
20.171.207.160 - - [14/Oct/2025:10:05:15 +0000] "GET /pages.php?category/117_118/1 HTTP/1.0" 200 22254 "-" "Mozilla/5.0 AppleWebKit/537.36 (KHTML, like Gecko; compatible; GPTBot/1.2; +https://openai.com/gptbot)"
20.171.207.160 - - [14/Oct/2025:10:05:18 +0000] "GET /pages.php?category/123_124/1 HTTP/1.0" 200 23246 "-" "Mozilla/5.0 AppleWebKit/537.36 (KHTML, like Gecko; compatible; GPTBot/1.2; +https://openai.com/gptbot)"
20.171.207.160 - - [14/Oct/2025:10:05:24 +0000] "GET /pages.php?27070701 HTTP/1.0" 200 22375 "-" "Mozilla/5.0 AppleWebKit/537.36 (KHTML, like Gecko; compatible; GPTBot/1.2; +https://openai.com/gptbot)"
97.74.210.8 - - [14/Oct/2025:10:05:27 +0000] "POST /xmlrpc.php HTTP/1.0" 403 3277 "-" "Mozilla/5.0 (Macintosh; Intel Mac OS X 10_13_5) AppleWebKit/537.36 (KHTML, like Gecko) Chrome/67.0.3396.79 Safari/537.36"
20.171.207.160 - - [14/Oct/2025:10:05:27 +0000] "GET /pages.php?category/139_140/1 HTTP/1.0" 200 22187 "-" "Mozilla/5.0 AppleWebKit/537.36 (KHTML, like Gecko; compatible; GPTBot/1.2; +https://openai.com/gptbot)"
20.171.207.160 - - [14/Oct/2025:10:05:31 +0000] "GET /pages.php?category/316_728/1 HTTP/1.0" 200 22727 "-" "Mozilla/5.0 AppleWebKit/537.36 (KHTML, like Gecko; compatible; GPTBot/1.2; +https://openai.com/gptbot)"
97.74.210.8 - - [14/Oct/2025:10:05:32 +0000] "POST /xmlrpc.php HTTP/1.0" 403 3277 "-" "Mozilla/5.0 (Macintosh; Intel Mac OS X 10_13_5) AppleWebKit/537.36 (KHTML, like Gecko) Chrome/67.0.3396.79 Safari/537.36"
20.171.207.160 - - [14/Oct/2025:10:05:34 +0000] "GET /pages.php?category/220_516/1 HTTP/1.0" 200 22066 "-" "Mozilla/5.0 AppleWebKit/537.36 (KHTML, like Gecko; compatible; GPTBot/1.2; +https://openai.com/gptbot)"
97.74.210.8 - - [14/Oct/2025:10:05:37 +0000] "POST /xmlrpc.php HTTP/1.0" 403 3277 "-" "Mozilla/5.0 (Macintosh; Intel Mac OS X 10_13_5) AppleWebKit/537.36 (KHTML, like Gecko) Chrome/67.0.3396.79 Safari/537.36"
20.171.207.160 - - [14/Oct/2025:10:05:37 +0000] "GET /pages.php?category/316_317/1 HTTP/1.0" 200 22479 "-" "Mozilla/5.0 AppleWebKit/537.36 (KHTML, like Gecko; compatible; GPTBot/1.2; +https://openai.com/gptbot)"
20.171.207.160 - - [14/Oct/2025:10:05:40 +0000] "GET /pages.php?category/619_620/1 HTTP/1.0" 200 22061 "-" "Mozilla/5.0 AppleWebKit/537.36 (KHTML, like Gecko; compatible; GPTBot/1.2; +https://openai.com/gptbot)"
20.171.207.160 - - [14/Oct/2025:10:05:43 +0000] "GET /pages.php?category/153_881/1 HTTP/1.0" 200 21837 "-" "Mozilla/5.0 AppleWebKit/537.36 (KHTML, like Gecko; compatible; GPTBot/1.2; +https://openai.com/gptbot)"
97.74.210.8 - - [14/Oct/2025:10:05:44 +0000] "POST /xmlrpc.php HTTP/1.0" 403 3277 "-" "Mozilla/5.0 (Macintosh; Intel Mac OS X 10_13_5) AppleWebKit/537.36 (KHTML, like Gecko) Chrome/67.0.3396.79 Safari/537.36"
20.171.207.160 - - [14/Oct/2025:10:05:46 +0000] "GET /pages.php?category/92_2395/1 HTTP/1.0" 200 22698 "-" "Mozilla/5.0 AppleWebKit/537.36 (KHTML, like Gecko; compatible; GPTBot/1.2; +https://openai.com/gptbot)"
20.171.207.160 - - [14/Oct/2025:10:05:49 +0000] "GET /pages.php?category/57_3592/1 HTTP/1.0" 200 22271 "-" "Mozilla/5.0 AppleWebKit/537.36 (KHTML, like Gecko; compatible; GPTBot/1.2; +https://openai.com/gptbot)"
20.171.207.160 - - [14/Oct/2025:10:05:52 +0000] "GET /pages.php?category/155_862/1 HTTP/1.0" 200 21884 "-" "Mozilla/5.0 AppleWebKit/537.36 (KHTML, like Gecko; compatible; GPTBot/1.2; +https://openai.com/gptbot)"
20.171.207.160 - - [14/Oct/2025:10:05:55 +0000] "GET /pages.php?category/220_221/1 HTTP/1.0" 200 22493 "-" "Mozilla/5.0 AppleWebKit/537.36 (KHTML, like Gecko; compatible; GPTBot/1.2; +https://openai.com/gptbot)"
20.171.207.160 - - [14/Oct/2025:10:05:59 +0000] "GET /pages.php?q-~56ztz5GKv0RG5FsRlte6bfB2iXzLSeIp43913/ HTTP/1.0" 200 23985 "-" "Mozilla/5.0 AppleWebKit/537.36 (KHTML, like Gecko; compatible; GPTBot/1.2; +https://openai.com/gptbot)"
176.31.139.25 - - [14/Oct/2025:10:06:00 +0000] "GET /?fileloc=/var/www/vhosts/enlugo.es/httpdocs/wp-role.php&path=/var/www/vhosts/enlugo.es/httpdocs HTTP/1.0" 200 9539 "-" "Mozilla/5.0 (compatible; AhrefsBot/7.0; +http://ahrefs.com/robot/)"
20.171.207.160 - - [14/Oct/2025:10:06:02 +0000] "GET /pages.php?sakan8man-trus-8652682 HTTP/1.0" 200 22935 "-" "Mozilla/5.0 AppleWebKit/537.36 (KHTML, like Gecko; compatible; GPTBot/1.2; +https://openai.com/gptbot)"
20.171.207.160 - - [14/Oct/2025:10:06:08 +0000] "GET /pages.php?category/18_1082/1 HTTP/1.0" 200 22143 "-" "Mozilla/5.0 AppleWebKit/537.36 (KHTML, like Gecko; compatible; GPTBot/1.2; +https://openai.com/gptbot)"
20.171.207.160 - - [14/Oct/2025:10:06:18 +0000] "GET /pages.php?SJUN1982DRO1576AW020101 HTTP/1.0" 200 21880 "-" "Mozilla/5.0 AppleWebKit/537.36 (KHTML, like Gecko; compatible; GPTBot/1.2; +https://openai.com/gptbot)"
20.171.207.160 - - [14/Oct/2025:10:06:26 +0000] "GET /pages.php?category/168_850/1 HTTP/1.0" 200 23173 "-" "Mozilla/5.0 AppleWebKit/537.36 (KHTML, like Gecko; compatible; GPTBot/1.2; +https://openai.com/gptbot)"
20.171.207.160 - - [14/Oct/2025:10:06:34 +0000] "GET /pages.php?category/613_694/1 HTTP/1.0" 200 22242 "-" "Mozilla/5.0 AppleWebKit/537.36 (KHTML, like Gecko; compatible; GPTBot/1.2; +https://openai.com/gptbot)"
20.171.207.160 - - [14/Oct/2025:10:06:41 +0000] "GET /pages.php?category/99_7052/1 HTTP/1.0" 200 22841 "-" "Mozilla/5.0 AppleWebKit/537.36 (KHTML, like Gecko; compatible; GPTBot/1.2; +https://openai.com/gptbot)"
20.171.207.160 - - [14/Oct/2025:10:06:47 +0000] "GET /pages.php?category/297_394/1 HTTP/1.0" 200 22831 "-" "Mozilla/5.0 AppleWebKit/537.36 (KHTML, like Gecko; compatible; GPTBot/1.2; +https://openai.com/gptbot)"
20.171.207.160 - - [14/Oct/2025:10:06:53 +0000] "GET /pages.php?category/395_834/1 HTTP/1.0" 200 22403 "-" "Mozilla/5.0 AppleWebKit/537.36 (KHTML, like Gecko; compatible; GPTBot/1.2; +https://openai.com/gptbot)"
20.171.207.160 - - [14/Oct/2025:10:06:58 +0000] "GET /pages.php?miniroku-z0367 HTTP/1.0" 200 23329 "-" "Mozilla/5.0 AppleWebKit/537.36 (KHTML, like Gecko; compatible; GPTBot/1.2; +https://openai.com/gptbot)"
20.171.207.160 - - [14/Oct/2025:10:07:02 +0000] "GET /pages.php?category/23_4311/1 HTTP/1.0" 200 22212 "-" "Mozilla/5.0 AppleWebKit/537.36 (KHTML, like Gecko; compatible; GPTBot/1.2; +https://openai.com/gptbot)"
20.171.207.160 - - [14/Oct/2025:10:07:06 +0000] "GET /pages.php?category/88_4529/1 HTTP/1.0" 200 23291 "-" "Mozilla/5.0 AppleWebKit/537.36 (KHTML, like Gecko; compatible; GPTBot/1.2; +https://openai.com/gptbot)"
20.171.207.160 - - [14/Oct/2025:10:07:10 +0000] "GET /pages.php?category/16_1088/1 HTTP/1.0" 200 22465 "-" "Mozilla/5.0 AppleWebKit/537.36 (KHTML, like Gecko; compatible; GPTBot/1.2; +https://openai.com/gptbot)"
20.171.207.160 - - [14/Oct/2025:10:07:13 +0000] "GET /pages.php?category/155_156/1 HTTP/1.0" 200 21829 "-" "Mozilla/5.0 AppleWebKit/537.36 (KHTML, like Gecko; compatible; GPTBot/1.2; +https://openai.com/gptbot)"
20.171.207.160 - - [14/Oct/2025:10:07:17 +0000] "GET /pages.php?category/73_1095/1 HTTP/1.0" 200 22096 "-" "Mozilla/5.0 AppleWebKit/537.36 (KHTML, like Gecko; compatible; GPTBot/1.2; +https://openai.com/gptbot)"
20.171.207.160 - - [14/Oct/2025:10:07:20 +0000] "GET /pages.php?q-~103MVYV48nkI5LHxmVjSKiHUU3yZyfg5Z272/ HTTP/1.0" 200 21798 "-" "Mozilla/5.0 AppleWebKit/537.36 (KHTML, like Gecko; compatible; GPTBot/1.2; +https://openai.com/gptbot)"
20.171.207.160 - - [14/Oct/2025:10:07:23 +0000] "GET /pages.php?category/63_370/1 HTTP/1.0" 200 22228 "-" "Mozilla/5.0 AppleWebKit/537.36 (KHTML, like Gecko; compatible; GPTBot/1.2; +https://openai.com/gptbot)"
54.37.118.82 - - [14/Oct/2025:10:07:25 +0000] "GET /?fileloc=/var/www/vhosts/enlugo.es/httpdocs/wp-robots.php&path=/var/www/vhosts/enlugo.es/httpdocs HTTP/1.0" 200 8769 "-" "Mozilla/5.0 (compatible; AhrefsBot/7.0; +http://ahrefs.com/robot/)"
20.171.207.160 - - [14/Oct/2025:10:07:26 +0000] "GET /pages.php?category/13_1172/1 HTTP/1.0" 200 22379 "-" "Mozilla/5.0 AppleWebKit/537.36 (KHTML, like Gecko; compatible; GPTBot/1.2; +https://openai.com/gptbot)"
20.171.207.160 - - [14/Oct/2025:10:07:29 +0000] "GET /pages.php?tuzukiya-i329-157078 HTTP/1.0" 200 23038 "-" "Mozilla/5.0 AppleWebKit/537.36 (KHTML, like Gecko; compatible; GPTBot/1.2; +https://openai.com/gptbot)"
20.171.207.160 - - [14/Oct/2025:10:07:33 +0000] "GET /pages.php?sies-rosso-lhr-808tq HTTP/1.0" 200 21859 "-" "Mozilla/5.0 AppleWebKit/537.36 (KHTML, like Gecko; compatible; GPTBot/1.2; +https://openai.com/gptbot)"
20.171.207.160 - - [14/Oct/2025:10:07:36 +0000] "GET /pages.php?items/037000241.html?srsltid=AfmBOodfnfWnowDeuwyVGnpvJMwLTCwQ6VCINVKeWsta30OeYH1q HTTP/1.0" 200 22960 "-" "Mozilla/5.0 AppleWebKit/537.36 (KHTML, like Gecko; compatible; GPTBot/1.2; +https://openai.com/gptbot)"
20.171.207.160 - - [14/Oct/2025:10:07:39 +0000] "GET /pages.php?category/32_922/1 HTTP/1.0" 200 23308 "-" "Mozilla/5.0 AppleWebKit/537.36 (KHTML, like Gecko; compatible; GPTBot/1.2; +https://openai.com/gptbot)"
20.171.207.160 - - [14/Oct/2025:10:07:42 +0000] "GET /pages.php?category/77_267/1 HTTP/1.0" 200 22258 "-" "Mozilla/5.0 AppleWebKit/537.36 (KHTML, like Gecko; compatible; GPTBot/1.2; +https://openai.com/gptbot)"
20.171.207.160 - - [14/Oct/2025:10:07:45 +0000] "GET /pages.php?category/146_147/1 HTTP/1.0" 200 22334 "-" "Mozilla/5.0 AppleWebKit/537.36 (KHTML, like Gecko; compatible; GPTBot/1.2; +https://openai.com/gptbot)"
20.171.207.160 - - [14/Oct/2025:10:07:48 +0000] "GET /pages.php?category/30_1356/1 HTTP/1.0" 200 22391 "-" "Mozilla/5.0 AppleWebKit/537.36 (KHTML, like Gecko; compatible; GPTBot/1.2; +https://openai.com/gptbot)"
20.171.207.160 - - [14/Oct/2025:10:07:52 +0000] "GET /pages.php?category/200_201/1 HTTP/1.0" 200 22342 "-" "Mozilla/5.0 AppleWebKit/537.36 (KHTML, like Gecko; compatible; GPTBot/1.2; +https://openai.com/gptbot)"
20.171.207.160 - - [14/Oct/2025:10:07:55 +0000] "GET /pages.php?category/148/1 HTTP/1.0" 200 21679 "-" "Mozilla/5.0 AppleWebKit/537.36 (KHTML, like Gecko; compatible; GPTBot/1.2; +https://openai.com/gptbot)"
20.171.207.160 - - [14/Oct/2025:10:07:58 +0000] "GET /pages.php?category/944/1 HTTP/1.0" 200 22032 "-" "Mozilla/5.0 AppleWebKit/537.36 (KHTML, like Gecko; compatible; GPTBot/1.2; +https://openai.com/gptbot)"
20.171.207.160 - - [14/Oct/2025:10:08:01 +0000] "GET /pages.php?category/179_180/1 HTTP/1.0" 200 21816 "-" "Mozilla/5.0 AppleWebKit/537.36 (KHTML, like Gecko; compatible; GPTBot/1.2; +https://openai.com/gptbot)"
20.171.207.160 - - [14/Oct/2025:10:08:04 +0000] "GET /pages.php?category/168_283/1 HTTP/1.0" 200 22048 "-" "Mozilla/5.0 AppleWebKit/537.36 (KHTML, like Gecko; compatible; GPTBot/1.2; +https://openai.com/gptbot)"
20.171.207.160 - - [14/Oct/2025:10:08:07 +0000] "GET /pages.php?category/101_853/1 HTTP/1.0" 200 22846 "-" "Mozilla/5.0 AppleWebKit/537.36 (KHTML, like Gecko; compatible; GPTBot/1.2; +https://openai.com/gptbot)"
20.171.207.160 - - [14/Oct/2025:10:08:10 +0000] "GET /pages.php?doriem-hb0098hldkm HTTP/1.0" 200 22241 "-" "Mozilla/5.0 AppleWebKit/537.36 (KHTML, like Gecko; compatible; GPTBot/1.2; +https://openai.com/gptbot)"
20.171.207.160 - - [14/Oct/2025:10:08:13 +0000] "GET /pages.php?category/101_379/1 HTTP/1.0" 200 22249 "-" "Mozilla/5.0 AppleWebKit/537.36 (KHTML, like Gecko; compatible; GPTBot/1.2; +https://openai.com/gptbot)"
20.171.207.160 - - [14/Oct/2025:10:08:16 +0000] "GET /pages.php?q-~233nUJDm6ogGUPH0ar4vVYBnUtfG8GlOZ10712/ HTTP/1.0" 200 23109 "-" "Mozilla/5.0 AppleWebKit/537.36 (KHTML, like Gecko; compatible; GPTBot/1.2; +https://openai.com/gptbot)"
20.171.207.160 - - [14/Oct/2025:10:08:20 +0000] "GET /pages.php?category/88_4553/1 HTTP/1.0" 200 22263 "-" "Mozilla/5.0 AppleWebKit/537.36 (KHTML, like Gecko; compatible; GPTBot/1.2; +https://openai.com/gptbot)"
20.171.207.160 - - [14/Oct/2025:10:08:23 +0000] "GET /pages.php?category/38_1377/1 HTTP/1.0" 200 22714 "-" "Mozilla/5.0 AppleWebKit/537.36 (KHTML, like Gecko; compatible; GPTBot/1.2; +https://openai.com/gptbot)"
20.171.207.160 - - [14/Oct/2025:10:08:26 +0000] "GET /pages.php?category/166_299/1 HTTP/1.0" 200 21936 "-" "Mozilla/5.0 AppleWebKit/537.36 (KHTML, like Gecko; compatible; GPTBot/1.2; +https://openai.com/gptbot)"
20.171.207.160 - - [14/Oct/2025:10:08:29 +0000] "GET /pages.php?category/308/1 HTTP/1.0" 200 22940 "-" "Mozilla/5.0 AppleWebKit/537.36 (KHTML, like Gecko; compatible; GPTBot/1.2; +https://openai.com/gptbot)"
20.171.207.160 - - [14/Oct/2025:10:08:32 +0000] "GET /pages.php?category/148_149/1 HTTP/1.0" 200 21987 "-" "Mozilla/5.0 AppleWebKit/537.36 (KHTML, like Gecko; compatible; GPTBot/1.2; +https://openai.com/gptbot)"
20.171.207.160 - - [14/Oct/2025:10:08:36 +0000] "GET /pages.php?category/194_195/1 HTTP/1.0" 200 23362 "-" "Mozilla/5.0 AppleWebKit/537.36 (KHTML, like Gecko; compatible; GPTBot/1.2; +https://openai.com/gptbot)"
20.171.207.160 - - [14/Oct/2025:10:08:39 +0000] "GET /pages.php?category/771_886/1 HTTP/1.0" 200 22285 "-" "Mozilla/5.0 AppleWebKit/537.36 (KHTML, like Gecko; compatible; GPTBot/1.2; +https://openai.com/gptbot)"
20.171.207.160 - - [14/Oct/2025:10:08:42 +0000] "GET /pages.php?category/251_252/1 HTTP/1.0" 200 22411 "-" "Mozilla/5.0 AppleWebKit/537.36 (KHTML, like Gecko; compatible; GPTBot/1.2; +https://openai.com/gptbot)"
20.171.207.160 - - [14/Oct/2025:10:08:45 +0000] "GET /pages.php?category/16_1713/1 HTTP/1.0" 200 22788 "-" "Mozilla/5.0 AppleWebKit/537.36 (KHTML, like Gecko; compatible; GPTBot/1.2; +https://openai.com/gptbot)"
54.37.118.67 - - [14/Oct/2025:10:08:46 +0000] "GET /?fileloc=/var/www/vhosts/enlugo.es/httpdocs/wp-requests.php&path=/var/www/vhosts/enlugo.es/httpdocs HTTP/1.0" 200 9853 "-" "Mozilla/5.0 (compatible; AhrefsBot/7.0; +http://ahrefs.com/robot/)"
20.171.207.160 - - [14/Oct/2025:10:08:48 +0000] "GET /pages.php?category/297_298/1 HTTP/1.0" 200 22068 "-" "Mozilla/5.0 AppleWebKit/537.36 (KHTML, like Gecko; compatible; GPTBot/1.2; +https://openai.com/gptbot)"
20.171.207.160 - - [14/Oct/2025:10:08:51 +0000] "GET /pages.php?asty-shop-k0-1xeex07rvg-5g6s HTTP/1.0" 200 21701 "-" "Mozilla/5.0 AppleWebKit/537.36 (KHTML, like Gecko; compatible; GPTBot/1.2; +https://openai.com/gptbot)"
20.171.207.160 - - [14/Oct/2025:10:08:54 +0000] "GET /pages.php?category/24_2035/1 HTTP/1.0" 200 21917 "-" "Mozilla/5.0 AppleWebKit/537.36 (KHTML, like Gecko; compatible; GPTBot/1.2; +https://openai.com/gptbot)"
20.171.207.160 - - [14/Oct/2025:10:08:58 +0000] "GET /pages.php?category/186/1 HTTP/1.0" 200 22590 "-" "Mozilla/5.0 AppleWebKit/537.36 (KHTML, like Gecko; compatible; GPTBot/1.2; +https://openai.com/gptbot)"
20.171.207.160 - - [14/Oct/2025:10:09:01 +0000] "GET /pages.php?68479085 HTTP/1.0" 200 22306 "-" "Mozilla/5.0 AppleWebKit/537.36 (KHTML, like Gecko; compatible; GPTBot/1.2; +https://openai.com/gptbot)"
20.171.207.160 - - [14/Oct/2025:10:09:04 +0000] "GET /pages.php?category/132_133/1 HTTP/1.0" 200 22776 "-" "Mozilla/5.0 AppleWebKit/537.36 (KHTML, like Gecko; compatible; GPTBot/1.2; +https://openai.com/gptbot)"
20.171.207.160 - - [14/Oct/2025:10:09:07 +0000] "GET /pages.php?hirochishop-267167-tr HTTP/1.0" 200 22498 "-" "Mozilla/5.0 AppleWebKit/537.36 (KHTML, like Gecko; compatible; GPTBot/1.2; +https://openai.com/gptbot)"
20.171.207.160 - - [14/Oct/2025:10:09:17 +0000] "GET /pages.php?category/594/1 HTTP/1.0" 200 23007 "-" "Mozilla/5.0 AppleWebKit/537.36 (KHTML, like Gecko; compatible; GPTBot/1.2; +https://openai.com/gptbot)"
20.171.207.160 - - [14/Oct/2025:10:09:29 +0000] "GET /pages.php?q-~2lMPTj70M16X8K3IaAELbKYjSNHnpjx26773/ HTTP/1.0" 200 23089 "-" "Mozilla/5.0 AppleWebKit/537.36 (KHTML, like Gecko; compatible; GPTBot/1.2; +https://openai.com/gptbot)"
51.75.236.134 - - [14/Oct/2025:10:10:08 +0000] "GET /?fileloc=/var/www/vhosts/enlugo.es/httpdocs/wp-registry.php&path=/var/www/vhosts/enlugo.es/httpdocs HTTP/1.0" 200 5175 "-" "Mozilla/5.0 (compatible; AhrefsBot/7.0; +http://ahrefs.com/robot/)"
20.171.207.160 - - [14/Oct/2025:10:10:23 +0000] "GET /pages.php?first34-ebm-5824100 HTTP/1.0" 200 22011 "-" "Mozilla/5.0 AppleWebKit/537.36 (KHTML, like Gecko; compatible; GPTBot/1.2; +https://openai.com/gptbot)"
51.68.247.221 - - [14/Oct/2025:10:11:13 +0000] "GET /?fileloc=/var/www/vhosts/enlugo.es/httpdocs/wp-registration.php&path=/var/www/vhosts/enlugo.es/httpdocs HTTP/1.0" 200 8472 "-" "Mozilla/5.0 (compatible; AhrefsBot/7.0; +http://ahrefs.com/robot/)"
94.23.188.200 - - [14/Oct/2025:10:12:35 +0000] "GET /?fileloc=/var/www/vhosts/enlugo.es/httpdocs/wp-protection.php&path=/var/www/vhosts/enlugo.es/httpdocs HTTP/1.0" 200 8248 "-" "Mozilla/5.0 (compatible; AhrefsBot/7.0; +http://ahrefs.com/robot/)"
51.75.236.143 - - [14/Oct/2025:10:14:00 +0000] "GET /?fileloc=/var/www/vhosts/enlugo.es/httpdocs/wp-plugin.php&path=/var/www/vhosts/enlugo.es/httpdocs HTTP/1.0" 200 8235 "-" "Mozilla/5.0 (compatible; AhrefsBot/7.0; +http://ahrefs.com/robot/)"
20.171.207.160 - - [14/Oct/2025:10:14:04 +0000] "GET /pages.php?shop/customer/menu.aspx HTTP/1.0" 200 22703 "-" "Mozilla/5.0 AppleWebKit/537.36 (KHTML, like Gecko; compatible; GPTBot/1.2; +https://openai.com/gptbot)"
20.171.207.160 - - [14/Oct/2025:10:14:09 +0000] "GET /pages.php?q-~190uqnRYBjlVOPSx9RAllccNH1JrNZazb21139/ HTTP/1.0" 200 22071 "-" "Mozilla/5.0 AppleWebKit/537.36 (KHTML, like Gecko; compatible; GPTBot/1.2; +https://openai.com/gptbot)"
20.171.207.160 - - [14/Oct/2025:10:14:25 +0000] "GET /pages.php?category/182/1 HTTP/1.0" 200 22258 "-" "Mozilla/5.0 AppleWebKit/537.36 (KHTML, like Gecko; compatible; GPTBot/1.2; +https://openai.com/gptbot)"
20.171.207.160 - - [14/Oct/2025:10:14:28 +0000] "GET /pages.php?contents/reform/ HTTP/1.0" 200 23621 "-" "Mozilla/5.0 AppleWebKit/537.36 (KHTML, like Gecko; compatible; GPTBot/1.2; +https://openai.com/gptbot)"
20.171.207.160 - - [14/Oct/2025:10:14:31 +0000] "GET /pages.php?category/106/1 HTTP/1.0" 200 22565 "-" "Mozilla/5.0 AppleWebKit/537.36 (KHTML, like Gecko; compatible; GPTBot/1.2; +https://openai.com/gptbot)"
20.171.207.160 - - [14/Oct/2025:10:14:37 +0000] "GET /pages.php?category/106_877/1 HTTP/1.0" 200 22645 "-" "Mozilla/5.0 AppleWebKit/537.36 (KHTML, like Gecko; compatible; GPTBot/1.2; +https://openai.com/gptbot)"
20.171.207.160 - - [14/Oct/2025:10:14:44 +0000] "GET /pages.php?q-~153UBGkOhaEX3pwDchqC6t4dXPFVd1bVe42216/ HTTP/1.0" 200 21778 "-" "Mozilla/5.0 AppleWebKit/537.36 (KHTML, like Gecko; compatible; GPTBot/1.2; +https://openai.com/gptbot)"
20.171.207.160 - - [14/Oct/2025:10:14:50 +0000] "GET /pages.php?tuzukiya-i329-153295 HTTP/1.0" 200 22290 "-" "Mozilla/5.0 AppleWebKit/537.36 (KHTML, like Gecko; compatible; GPTBot/1.2; +https://openai.com/gptbot)"
20.171.207.160 - - [14/Oct/2025:10:15:12 +0000] "GET /pages.php?18888104 HTTP/1.0" 200 22185 "-" "Mozilla/5.0 AppleWebKit/537.36 (KHTML, like Gecko; compatible; GPTBot/1.2; +https://openai.com/gptbot)"
20.171.207.160 - - [14/Oct/2025:10:15:25 +0000] "GET /pages.php?category/88_8886/1 HTTP/1.0" 200 23623 "-" "Mozilla/5.0 AppleWebKit/537.36 (KHTML, like Gecko; compatible; GPTBot/1.2; +https://openai.com/gptbot)"
20.171.207.160 - - [14/Oct/2025:10:15:40 +0000] "GET /pages.php?kaichouseikatsu-4955872530291 HTTP/1.0" 200 22939 "-" "Mozilla/5.0 AppleWebKit/537.36 (KHTML, like Gecko; compatible; GPTBot/1.2; +https://openai.com/gptbot)"
54.37.118.73 - - [14/Oct/2025:10:15:56 +0000] "GET /?fileloc=/var/www/vhosts/enlugo.es/httpdocs/wp-pluggable.php&path=/var/www/vhosts/enlugo.es/httpdocs HTTP/1.0" 200 5201 "-" "Mozilla/5.0 (compatible; AhrefsBot/7.0; +http://ahrefs.com/robot/)"
20.171.207.160 - - [14/Oct/2025:10:16:15 +0000] "GET /pages.php?ouchikenko-ahegkehhv7rqpxcvcnyk2d6rf4-ouc-1 HTTP/1.0" 200 22397 "-" "Mozilla/5.0 AppleWebKit/537.36 (KHTML, like Gecko; compatible; GPTBot/1.2; +https://openai.com/gptbot)"
94.23.188.213 - - [14/Oct/2025:10:16:32 +0000] "GET /?fileloc=/var/www/vhosts/enlugo.es/httpdocs/wp-pattern.php&path=/var/www/vhosts/enlugo.es/httpdocs HTTP/1.0" 200 8824 "-" "Mozilla/5.0 (compatible; AhrefsBot/7.0; +http://ahrefs.com/robot/)"
61.171.113.15 - - [14/Oct/2025:10:17:39 +0000] "POST /xmlrpc.php HTTP/1.0" 403 3277 "-" "Mozilla/5.0 (Windows NT 10.0; WOW64) AppleWebKit/537.36 (KHTML, like Gecko) Chrome/66.0.3359.139 Safari/537.36"
51.68.247.202 - - [14/Oct/2025:10:17:40 +0000] "GET /?fileloc=/var/www/vhosts/enlugo.es/httpdocs/wp-page.php&path=/var/www/vhosts/enlugo.es/httpdocs HTTP/1.0" 200 10147 "-" "Mozilla/5.0 (compatible; AhrefsBot/7.0; +http://ahrefs.com/robot/)"
61.171.113.15 - - [14/Oct/2025:10:17:59 +0000] "POST /xmlrpc.php HTTP/1.0" 403 3277 "-" "Mozilla/5.0 (Windows NT 10.0; WOW64) AppleWebKit/537.36 (KHTML, like Gecko) Chrome/66.0.3359.139 Safari/537.36"
61.171.113.15 - - [14/Oct/2025:10:18:19 +0000] "POST /xmlrpc.php HTTP/1.0" 403 3277 "-" "Mozilla/5.0 (Windows NT 10.0; WOW64) AppleWebKit/537.36 (KHTML, like Gecko) Chrome/66.0.3359.139 Safari/537.36"
61.171.113.15 - - [14/Oct/2025:10:18:37 +0000] "POST /xmlrpc.php HTTP/1.0" 403 3277 "-" "Mozilla/5.0 (Windows NT 10.0; WOW64) AppleWebKit/537.36 (KHTML, like Gecko) Chrome/66.0.3359.139 Safari/537.36"
20.171.207.160 - - [14/Oct/2025:10:18:39 +0000] "GET /pages.php?murauchi-denki-4549550285957 HTTP/1.0" 200 22112 "-" "Mozilla/5.0 AppleWebKit/537.36 (KHTML, like Gecko; compatible; GPTBot/1.2; +https://openai.com/gptbot)"
61.171.113.15 - - [14/Oct/2025:10:18:59 +0000] "POST /xmlrpc.php HTTP/1.0" 403 3277 "-" "Mozilla/5.0 (Windows NT 10.0; WOW64) AppleWebKit/537.36 (KHTML, like Gecko) Chrome/66.0.3359.139 Safari/537.36"
51.75.236.135 - - [14/Oct/2025:10:18:59 +0000] "GET /?fileloc=/var/www/vhosts/enlugo.es/httpdocs/wp-oembed.php&path=/var/www/vhosts/enlugo.es/httpdocs HTTP/1.0" 200 11766 "-" "Mozilla/5.0 (compatible; AhrefsBot/7.0; +http://ahrefs.com/robot/)"
20.171.207.160 - - [14/Oct/2025:10:20:06 +0000] "GET /pages.php?information/privacy_policy.html HTTP/1.0" 200 21848 "-" "Mozilla/5.0 AppleWebKit/537.36 (KHTML, like Gecko; compatible; GPTBot/1.2; +https://openai.com/gptbot)"
5.39.109.167 - - [14/Oct/2025:10:20:09 +0000] "GET /?fileloc=/var/www/vhosts/enlugo.es/httpdocs/wp-network.php&path=/var/www/vhosts/enlugo.es/httpdocs HTTP/1.0" 200 8955 "-" "Mozilla/5.0 (compatible; AhrefsBot/7.0; +http://ahrefs.com/robot/)"
20.171.207.160 - - [14/Oct/2025:10:20:15 +0000] "GET /pages.php?category/297_685/1 HTTP/1.0" 200 23171 "-" "Mozilla/5.0 AppleWebKit/537.36 (KHTML, like Gecko; compatible; GPTBot/1.2; +https://openai.com/gptbot)"
20.171.207.160 - - [14/Oct/2025:10:20:41 +0000] "GET /pages.php?category/99_653/1 HTTP/1.0" 200 23385 "-" "Mozilla/5.0 AppleWebKit/537.36 (KHTML, like Gecko; compatible; GPTBot/1.2; +https://openai.com/gptbot)"
20.171.207.160 - - [14/Oct/2025:10:20:46 +0000] "GET /pages.php?contents/renga/ HTTP/1.0" 200 23191 "-" "Mozilla/5.0 AppleWebKit/537.36 (KHTML, like Gecko; compatible; GPTBot/1.2; +https://openai.com/gptbot)"
51.68.247.194 - - [14/Oct/2025:10:21:13 +0000] "GET /?fileloc=/var/www/vhosts/enlugo.es/httpdocs/wp-navigation.php&path=/var/www/vhosts/enlugo.es/httpdocs HTTP/1.0" 200 7369 "-" "Mozilla/5.0 (compatible; AhrefsBot/7.0; +http://ahrefs.com/robot/)"
20.171.207.160 - - [14/Oct/2025:10:22:04 +0000] "GET /pages.php?546000805 HTTP/1.0" 200 22104 "-" "Mozilla/5.0 AppleWebKit/537.36 (KHTML, like Gecko; compatible; GPTBot/1.2; +https://openai.com/gptbot)"
20.171.207.160 - - [14/Oct/2025:10:22:13 +0000] "GET /pages.php?q-~33fzcgGG99ve2j18WUyaZokO7OqJH6DY586/ HTTP/1.0" 200 22075 "-" "Mozilla/5.0 AppleWebKit/537.36 (KHTML, like Gecko; compatible; GPTBot/1.2; +https://openai.com/gptbot)"
20.171.207.160 - - [14/Oct/2025:10:22:27 +0000] "GET /pages.php?934555905 HTTP/1.0" 200 22962 "-" "Mozilla/5.0 AppleWebKit/537.36 (KHTML, like Gecko; compatible; GPTBot/1.2; +https://openai.com/gptbot)"
94.23.188.200 - - [14/Oct/2025:10:22:30 +0000] "GET /?fileloc=/var/www/vhosts/enlugo.es/httpdocs/wp-modules.php&path=/var/www/vhosts/enlugo.es/httpdocs HTTP/1.0" 200 8994 "-" "Mozilla/5.0 (compatible; AhrefsBot/7.0; +http://ahrefs.com/robot/)"
20.171.207.160 - - [14/Oct/2025:10:22:52 +0000] "GET /pages.php?q-~205U5lszaEylocBnxx4KFbnVyPC1xQPxe43046/ HTTP/1.0" 200 24756 "-" "Mozilla/5.0 AppleWebKit/537.36 (KHTML, like Gecko; compatible; GPTBot/1.2; +https://openai.com/gptbot)"
20.171.207.160 - - [14/Oct/2025:10:22:56 +0000] "GET /pages.php?category/4/1 HTTP/1.0" 200 24644 "-" "Mozilla/5.0 AppleWebKit/537.36 (KHTML, like Gecko; compatible; GPTBot/1.2; +https://openai.com/gptbot)"
20.171.207.160 - - [14/Oct/2025:10:23:06 +0000] "GET /pages.php?82705771 HTTP/1.0" 200 22151 "-" "Mozilla/5.0 AppleWebKit/537.36 (KHTML, like Gecko; compatible; GPTBot/1.2; +https://openai.com/gptbot)"
20.171.207.160 - - [14/Oct/2025:10:23:12 +0000] "GET /pages.php?SWLD0372D-TA1277EM28028 HTTP/1.0" 200 22344 "-" "Mozilla/5.0 AppleWebKit/537.36 (KHTML, like Gecko; compatible; GPTBot/1.2; +https://openai.com/gptbot)"
20.171.207.160 - - [14/Oct/2025:10:23:21 +0000] "GET /pages.php?shop/pg/1SiteUse/ HTTP/1.0" 200 22438 "-" "Mozilla/5.0 AppleWebKit/537.36 (KHTML, like Gecko; compatible; GPTBot/1.2; +https://openai.com/gptbot)"
20.171.207.160 - - [14/Oct/2025:10:23:30 +0000] "GET /pages.php?61719027 HTTP/1.0" 200 22127 "-" "Mozilla/5.0 AppleWebKit/537.36 (KHTML, like Gecko; compatible; GPTBot/1.2; +https://openai.com/gptbot)"
20.171.207.160 - - [14/Oct/2025:10:23:37 +0000] "GET /pages.php?shop/pg/1Sitemap/ HTTP/1.0" 200 22981 "-" "Mozilla/5.0 AppleWebKit/537.36 (KHTML, like Gecko; compatible; GPTBot/1.2; +https://openai.com/gptbot)"
20.171.207.160 - - [14/Oct/2025:10:23:40 +0000] "GET /pages.php?category/804/1 HTTP/1.0" 200 22020 "-" "Mozilla/5.0 AppleWebKit/537.36 (KHTML, like Gecko; compatible; GPTBot/1.2; +https://openai.com/gptbot)"
92.222.104.222 - - [14/Oct/2025:10:23:47 +0000] "GET /?fileloc=/var/www/vhosts/enlugo.es/httpdocs/wp-mode.php&path=/var/www/vhosts/enlugo.es/httpdocs HTTP/1.0" 200 8706 "-" "Mozilla/5.0 (compatible; AhrefsBot/7.0; +http://ahrefs.com/robot/)"
20.171.207.160 - - [14/Oct/2025:10:23:53 +0000] "GET /pages.php?category/4228/1 HTTP/1.0" 200 22700 "-" "Mozilla/5.0 AppleWebKit/537.36 (KHTML, like Gecko; compatible; GPTBot/1.2; +https://openai.com/gptbot)"
20.171.207.160 - - [14/Oct/2025:10:23:59 +0000] "GET /pages.php?category/4306/1 HTTP/1.0" 200 22813 "-" "Mozilla/5.0 AppleWebKit/537.36 (KHTML, like Gecko; compatible; GPTBot/1.2; +https://openai.com/gptbot)"
20.171.207.160 - - [14/Oct/2025:10:24:09 +0000] "GET /pages.php?category/472/1 HTTP/1.0" 200 22911 "-" "Mozilla/5.0 AppleWebKit/537.36 (KHTML, like Gecko; compatible; GPTBot/1.2; +https://openai.com/gptbot)"
20.171.207.160 - - [14/Oct/2025:10:24:12 +0000] "GET /pages.php?category/1294/1 HTTP/1.0" 200 22247 "-" "Mozilla/5.0 AppleWebKit/537.36 (KHTML, like Gecko; compatible; GPTBot/1.2; +https://openai.com/gptbot)"
20.171.207.160 - - [14/Oct/2025:10:24:15 +0000] "GET /pages.php?category/3070/1 HTTP/1.0" 200 23099 "-" "Mozilla/5.0 AppleWebKit/537.36 (KHTML, like Gecko; compatible; GPTBot/1.2; +https://openai.com/gptbot)"
20.171.207.160 - - [14/Oct/2025:10:24:18 +0000] "GET /pages.php?category/649/1 HTTP/1.0" 200 21839 "-" "Mozilla/5.0 AppleWebKit/537.36 (KHTML, like Gecko; compatible; GPTBot/1.2; +https://openai.com/gptbot)"
20.171.207.160 - - [14/Oct/2025:10:24:21 +0000] "GET /pages.php?category/4325/1 HTTP/1.0" 200 22126 "-" "Mozilla/5.0 AppleWebKit/537.36 (KHTML, like Gecko; compatible; GPTBot/1.2; +https://openai.com/gptbot)"
20.171.207.160 - - [14/Oct/2025:10:24:28 +0000] "GET /pages.php?mint1225-b0czx2bxkl-1 HTTP/1.0" 200 21921 "-" "Mozilla/5.0 AppleWebKit/537.36 (KHTML, like Gecko; compatible; GPTBot/1.2; +https://openai.com/gptbot)"
20.171.207.160 - - [14/Oct/2025:10:24:34 +0000] "GET /pages.php?category/4235/1 HTTP/1.0" 200 23120 "-" "Mozilla/5.0 AppleWebKit/537.36 (KHTML, like Gecko; compatible; GPTBot/1.2; +https://openai.com/gptbot)"
20.171.207.160 - - [14/Oct/2025:10:24:43 +0000] "GET /pages.php?klavislab-zjjfvwstdhgckm7mxfhblobeue HTTP/1.0" 200 21886 "-" "Mozilla/5.0 AppleWebKit/537.36 (KHTML, like Gecko; compatible; GPTBot/1.2; +https://openai.com/gptbot)"
20.171.207.160 - - [14/Oct/2025:10:24:51 +0000] "GET /pages.php?category/5895/1 HTTP/1.0" 200 22261 "-" "Mozilla/5.0 AppleWebKit/537.36 (KHTML, like Gecko; compatible; GPTBot/1.2; +https://openai.com/gptbot)"
20.171.207.160 - - [14/Oct/2025:10:24:59 +0000] "GET /pages.php?category/4335/1 HTTP/1.0" 200 22491 "-" "Mozilla/5.0 AppleWebKit/537.36 (KHTML, like Gecko; compatible; GPTBot/1.2; +https://openai.com/gptbot)"
20.171.207.160 - - [14/Oct/2025:10:25:05 +0000] "GET /pages.php?category/73_655/1 HTTP/1.0" 200 21794 "-" "Mozilla/5.0 AppleWebKit/537.36 (KHTML, like Gecko; compatible; GPTBot/1.2; +https://openai.com/gptbot)"
20.171.207.160 - - [14/Oct/2025:10:25:12 +0000] "GET /pages.php?category/5924/1 HTTP/1.0" 200 22251 "-" "Mozilla/5.0 AppleWebKit/537.36 (KHTML, like Gecko; compatible; GPTBot/1.2; +https://openai.com/gptbot)"
5.39.109.165 - - [14/Oct/2025:10:25:16 +0000] "GET /?fileloc=/var/www/vhosts/enlugo.es/httpdocs/wp-meta.php&path=/var/www/vhosts/enlugo.es/httpdocs HTTP/1.0" 200 5180 "-" "Mozilla/5.0 (compatible; AhrefsBot/7.0; +http://ahrefs.com/robot/)"
20.171.207.160 - - [14/Oct/2025:10:25:17 +0000] "GET /pages.php?category/121/1 HTTP/1.0" 200 21952 "-" "Mozilla/5.0 AppleWebKit/537.36 (KHTML, like Gecko; compatible; GPTBot/1.2; +https://openai.com/gptbot)"
20.171.207.160 - - [14/Oct/2025:10:25:22 +0000] "GET /pages.php?category/121_122/1 HTTP/1.0" 200 21984 "-" "Mozilla/5.0 AppleWebKit/537.36 (KHTML, like Gecko; compatible; GPTBot/1.2; +https://openai.com/gptbot)"
20.171.207.160 - - [14/Oct/2025:10:25:26 +0000] "GET /pages.php?category/1913/1 HTTP/1.0" 200 23399 "-" "Mozilla/5.0 AppleWebKit/537.36 (KHTML, like Gecko; compatible; GPTBot/1.2; +https://openai.com/gptbot)"
20.171.207.160 - - [14/Oct/2025:10:25:30 +0000] "GET /pages.php?category/1810/1 HTTP/1.0" 200 22069 "-" "Mozilla/5.0 AppleWebKit/537.36 (KHTML, like Gecko; compatible; GPTBot/1.2; +https://openai.com/gptbot)"
20.171.207.160 - - [14/Oct/2025:10:25:34 +0000] "GET /pages.php?sportsplaza-zet-blp1248s-1 HTTP/1.0" 200 23146 "-" "Mozilla/5.0 AppleWebKit/537.36 (KHTML, like Gecko; compatible; GPTBot/1.2; +https://openai.com/gptbot)"
20.171.207.160 - - [14/Oct/2025:10:25:37 +0000] "GET /pages.php?category/5441/1 HTTP/1.0" 200 22149 "-" "Mozilla/5.0 AppleWebKit/537.36 (KHTML, like Gecko; compatible; GPTBot/1.2; +https://openai.com/gptbot)"
20.171.207.160 - - [14/Oct/2025:10:25:40 +0000] "GET /pages.php?category/6984/1 HTTP/1.0" 200 23695 "-" "Mozilla/5.0 AppleWebKit/537.36 (KHTML, like Gecko; compatible; GPTBot/1.2; +https://openai.com/gptbot)"
20.171.207.160 - - [14/Oct/2025:10:25:44 +0000] "GET /pages.php?category/619_697/1 HTTP/1.0" 200 21887 "-" "Mozilla/5.0 AppleWebKit/537.36 (KHTML, like Gecko; compatible; GPTBot/1.2; +https://openai.com/gptbot)"
20.171.207.160 - - [14/Oct/2025:10:25:47 +0000] "GET /pages.php?category/2700/1 HTTP/1.0" 200 22307 "-" "Mozilla/5.0 AppleWebKit/537.36 (KHTML, like Gecko; compatible; GPTBot/1.2; +https://openai.com/gptbot)"
20.171.207.160 - - [14/Oct/2025:10:25:50 +0000] "GET /pages.php?category/2626/1 HTTP/1.0" 200 22379 "-" "Mozilla/5.0 AppleWebKit/537.36 (KHTML, like Gecko; compatible; GPTBot/1.2; +https://openai.com/gptbot)"
20.171.207.160 - - [14/Oct/2025:10:25:53 +0000] "GET /pages.php?category/4237/1 HTTP/1.0" 200 21969 "-" "Mozilla/5.0 AppleWebKit/537.36 (KHTML, like Gecko; compatible; GPTBot/1.2; +https://openai.com/gptbot)"
20.171.207.160 - - [14/Oct/2025:10:25:56 +0000] "GET /pages.php?hachigoten-eclb015-1 HTTP/1.0" 200 22124 "-" "Mozilla/5.0 AppleWebKit/537.36 (KHTML, like Gecko; compatible; GPTBot/1.2; +https://openai.com/gptbot)"
20.171.207.160 - - [14/Oct/2025:10:25:59 +0000] "GET /pages.php?first34-trusco-6946704 HTTP/1.0" 200 22332 "-" "Mozilla/5.0 AppleWebKit/537.36 (KHTML, like Gecko; compatible; GPTBot/1.2; +https://openai.com/gptbot)"
20.171.207.160 - - [14/Oct/2025:10:26:03 +0000] "GET /pages.php?category/2987/1 HTTP/1.0" 200 22425 "-" "Mozilla/5.0 AppleWebKit/537.36 (KHTML, like Gecko; compatible; GPTBot/1.2; +https://openai.com/gptbot)"
20.171.207.160 - - [14/Oct/2025:10:26:06 +0000] "GET /pages.php?category/5228/1 HTTP/1.0" 200 22041 "-" "Mozilla/5.0 AppleWebKit/537.36 (KHTML, like Gecko; compatible; GPTBot/1.2; +https://openai.com/gptbot)"
20.171.207.160 - - [14/Oct/2025:10:26:09 +0000] "GET /pages.php?category/5500/1 HTTP/1.0" 200 22044 "-" "Mozilla/5.0 AppleWebKit/537.36 (KHTML, like Gecko; compatible; GPTBot/1.2; +https://openai.com/gptbot)"
20.171.207.160 - - [14/Oct/2025:10:26:12 +0000] "GET /pages.php?category/1057/1 HTTP/1.0" 200 22017 "-" "Mozilla/5.0 AppleWebKit/537.36 (KHTML, like Gecko; compatible; GPTBot/1.2; +https://openai.com/gptbot)"
20.171.207.160 - - [14/Oct/2025:10:26:15 +0000] "GET /pages.php?category/8950/1 HTTP/1.0" 200 22316 "-" "Mozilla/5.0 AppleWebKit/537.36 (KHTML, like Gecko; compatible; GPTBot/1.2; +https://openai.com/gptbot)"
20.171.207.160 - - [14/Oct/2025:10:26:18 +0000] "GET /pages.php?tkonline-5289321 HTTP/1.0" 200 22902 "-" "Mozilla/5.0 AppleWebKit/537.36 (KHTML, like Gecko; compatible; GPTBot/1.2; +https://openai.com/gptbot)"
51.75.236.149 - - [14/Oct/2025:10:26:19 +0000] "GET /?fileloc=/var/www/vhosts/enlugo.es/httpdocs/wp-menus.php&path=/var/www/vhosts/enlugo.es/httpdocs HTTP/1.0" 200 7574 "-" "Mozilla/5.0 (compatible; AhrefsBot/7.0; +http://ahrefs.com/robot/)"
20.171.207.160 - - [14/Oct/2025:10:26:22 +0000] "GET /pages.php?category/303/1 HTTP/1.0" 200 22344 "-" "Mozilla/5.0 AppleWebKit/537.36 (KHTML, like Gecko; compatible; GPTBot/1.2; +https://openai.com/gptbot)"
20.171.207.160 - - [14/Oct/2025:10:26:25 +0000] "GET /pages.php?category/303_480/1 HTTP/1.0" 200 23140 "-" "Mozilla/5.0 AppleWebKit/537.36 (KHTML, like Gecko; compatible; GPTBot/1.2; +https://openai.com/gptbot)"
20.171.207.160 - - [14/Oct/2025:10:26:28 +0000] "GET /pages.php?category/2425/1 HTTP/1.0" 200 24338 "-" "Mozilla/5.0 AppleWebKit/537.36 (KHTML, like Gecko; compatible; GPTBot/1.2; +https://openai.com/gptbot)"
20.171.207.160 - - [14/Oct/2025:10:26:31 +0000] "GET /pages.php?category/2141/1 HTTP/1.0" 200 22531 "-" "Mozilla/5.0 AppleWebKit/537.36 (KHTML, like Gecko; compatible; GPTBot/1.2; +https://openai.com/gptbot)"
20.171.207.160 - - [14/Oct/2025:10:26:34 +0000] "GET /pages.php?category/695/1 HTTP/1.0" 200 21950 "-" "Mozilla/5.0 AppleWebKit/537.36 (KHTML, like Gecko; compatible; GPTBot/1.2; +https://openai.com/gptbot)"
20.171.207.160 - - [14/Oct/2025:10:26:37 +0000] "GET /pages.php?86361350 HTTP/1.0" 200 23564 "-" "Mozilla/5.0 AppleWebKit/537.36 (KHTML, like Gecko; compatible; GPTBot/1.2; +https://openai.com/gptbot)"
20.171.207.160 - - [14/Oct/2025:10:26:40 +0000] "GET /pages.php?category/695_696/1 HTTP/1.0" 200 22031 "-" "Mozilla/5.0 AppleWebKit/537.36 (KHTML, like Gecko; compatible; GPTBot/1.2; +https://openai.com/gptbot)"
20.171.207.160 - - [14/Oct/2025:10:26:44 +0000] "GET /cdn-cgi/scripts/5c5dd728/cloudflare-static/email-decode.min.js HTTP/1.0" 200 13655 "-" "Mozilla/5.0 AppleWebKit/537.36 (KHTML, like Gecko; compatible; GPTBot/1.2; +https://openai.com/gptbot)"
20.171.207.160 - - [14/Oct/2025:10:26:47 +0000] "GET /pages.php?category/8539/1 HTTP/1.0" 200 21625 "-" "Mozilla/5.0 AppleWebKit/537.36 (KHTML, like Gecko; compatible; GPTBot/1.2; +https://openai.com/gptbot)"
20.171.207.160 - - [14/Oct/2025:10:26:50 +0000] "GET /pages.php?category/69_1036/1 HTTP/1.0" 200 23351 "-" "Mozilla/5.0 AppleWebKit/537.36 (KHTML, like Gecko; compatible; GPTBot/1.2; +https://openai.com/gptbot)"
20.171.207.160 - - [14/Oct/2025:10:26:53 +0000] "GET /pages.php?category/1163/1 HTTP/1.0" 200 22657 "-" "Mozilla/5.0 AppleWebKit/537.36 (KHTML, like Gecko; compatible; GPTBot/1.2; +https://openai.com/gptbot)"
20.171.207.160 - - [14/Oct/2025:10:26:56 +0000] "GET /pages.php?category/1251/1 HTTP/1.0" 200 21724 "-" "Mozilla/5.0 AppleWebKit/537.36 (KHTML, like Gecko; compatible; GPTBot/1.2; +https://openai.com/gptbot)"
20.171.207.160 - - [14/Oct/2025:10:26:59 +0000] "GET /cdn-cgi/scripts/5c5dd728/cloudflare-static/email-decode.min.js?fileloc=/var/www/vhosts/enlugo.es/httpdocs/wp-filters.php&path=/var/www/vhosts/enlugo.es/httpdocs HTTP/1.0" 200 12300 "-" "Mozilla/5.0 AppleWebKit/537.36 (KHTML, like Gecko; compatible; GPTBot/1.2; +https://openai.com/gptbot)"
20.171.207.160 - - [14/Oct/2025:10:27:03 +0000] "GET /cdn-cgi/scripts/5c5dd728/cloudflare-static/email-decode.min.js?fileloc=/var/www/vhosts/enlugo.es/httpdocs/wp-cookie.php&path=/var/www/vhosts/enlugo.es/httpdocs HTTP/1.0" 200 7892 "-" "Mozilla/5.0 AppleWebKit/537.36 (KHTML, like Gecko; compatible; GPTBot/1.2; +https://openai.com/gptbot)"
20.171.207.160 - - [14/Oct/2025:10:27:06 +0000] "GET /cdn-cgi/l/email-protection HTTP/1.0" 200 13655 "-" "Mozilla/5.0 AppleWebKit/537.36 (KHTML, like Gecko; compatible; GPTBot/1.2; +https://openai.com/gptbot)"
20.171.207.160 - - [14/Oct/2025:10:27:09 +0000] "GET /cdn-cgi/scripts/5c5dd728/cloudflare-static/email-decode.min.js?fileloc=/var/www/vhosts/enlugo.es/httpdocs/wp-class-schema.php&path=/var/www/vhosts/enlugo.es/httpdocs HTTP/1.0" 200 5210 "-" "Mozilla/5.0 AppleWebKit/537.36 (KHTML, like Gecko; compatible; GPTBot/1.2; +https://openai.com/gptbot)"
20.171.207.160 - - [14/Oct/2025:10:27:12 +0000] "GET /pages.php?egaos-ckfw5397 HTTP/1.0" 200 23335 "-" "Mozilla/5.0 AppleWebKit/537.36 (KHTML, like Gecko; compatible; GPTBot/1.2; +https://openai.com/gptbot)"
20.171.207.160 - - [14/Oct/2025:10:27:15 +0000] "GET /pages.php?category/445/1 HTTP/1.0" 200 22806 "-" "Mozilla/5.0 AppleWebKit/537.36 (KHTML, like Gecko; compatible; GPTBot/1.2; +https://openai.com/gptbot)"
20.171.207.160 - - [14/Oct/2025:10:27:18 +0000] "GET /pages.php?category/6652/1 HTTP/1.0" 200 22473 "-" "Mozilla/5.0 AppleWebKit/537.36 (KHTML, like Gecko; compatible; GPTBot/1.2; +https://openai.com/gptbot)"
20.171.207.160 - - [14/Oct/2025:10:27:21 +0000] "GET /pages.php?category/5710/1 HTTP/1.0" 200 23030 "-" "Mozilla/5.0 AppleWebKit/537.36 (KHTML, like Gecko; compatible; GPTBot/1.2; +https://openai.com/gptbot)"
5.39.109.168 - - [14/Oct/2025:10:27:23 +0000] "GET /?fileloc=/var/www/vhosts/enlugo.es/httpdocs/wp-menu.php&path=/var/www/vhosts/enlugo.es/httpdocs HTTP/1.0" 200 8272 "-" "Mozilla/5.0 (compatible; AhrefsBot/7.0; +http://ahrefs.com/robot/)"
20.171.207.160 - - [14/Oct/2025:10:27:24 +0000] "GET /cdn-cgi/l/email-protection?fileloc=/var/www/vhosts/enlugo.es/httpdocs/wp-class-blogs.php&path=/var/www/vhosts/enlugo.es/httpdocs HTTP/1.0" 200 10313 "-" "Mozilla/5.0 AppleWebKit/537.36 (KHTML, like Gecko; compatible; GPTBot/1.2; +https://openai.com/gptbot)"
20.171.207.160 - - [14/Oct/2025:10:27:28 +0000] "GET /pages.php?category/4332/1 HTTP/1.0" 200 22041 "-" "Mozilla/5.0 AppleWebKit/537.36 (KHTML, like Gecko; compatible; GPTBot/1.2; +https://openai.com/gptbot)"
20.171.207.160 - - [14/Oct/2025:10:27:31 +0000] "GET /pages.php?haikanshop-8583791 HTTP/1.0" 200 21803 "-" "Mozilla/5.0 AppleWebKit/537.36 (KHTML, like Gecko; compatible; GPTBot/1.2; +https://openai.com/gptbot)"
20.171.207.160 - - [14/Oct/2025:10:27:34 +0000] "GET /pages.php?category/5976/1 HTTP/1.0" 200 22842 "-" "Mozilla/5.0 AppleWebKit/537.36 (KHTML, like Gecko; compatible; GPTBot/1.2; +https://openai.com/gptbot)"
