51.222.42.140 - - [14/Oct/2025:08:20:53 +0000] "GET /?fileloc=/var/www/vhosts/enlugo.es/httpdocs/cache/wp-class-passwords.php&path=/var/www/vhosts/enlugo.es/httpdocs/cache HTTP/1.0" 200 11922 "-" "Mozilla/5.0 (compatible; MJ12bot/v1.4.8; http://mj12bot.com/)"
20.171.207.160 - - [14/Oct/2025:08:20:52 +0000] "GET /pages.php?tkonline-2444527 HTTP/1.0" 200 22439 "-" "Mozilla/5.0 AppleWebKit/537.36 (KHTML, like Gecko; compatible; GPTBot/1.2; +https://openai.com/gptbot)"
51.222.42.140 - - [14/Oct/2025:08:20:54 +0000] "GET /?fileloc=/var/www/vhosts/enlugo.es/httpdocs/cache/wp-class-pattern.php&path=/var/www/vhosts/enlugo.es/httpdocs/cache HTTP/1.0" 200 9294 "-" "Mozilla/5.0 (compatible; MJ12bot/v1.4.8; http://mj12bot.com/)"
20.171.207.160 - - [14/Oct/2025:08:20:55 +0000] "GET /pages.php?akarica-ed3230553 HTTP/1.0" 200 22211 "-" "Mozilla/5.0 AppleWebKit/537.36 (KHTML, like Gecko; compatible; GPTBot/1.2; +https://openai.com/gptbot)"
51.222.42.140 - - [14/Oct/2025:08:20:56 +0000] "GET /?fileloc=/var/www/vhosts/enlugo.es/httpdocs/cache/wp-class-patterns.php&path=/var/www/vhosts/enlugo.es/httpdocs/cache HTTP/1.0" 200 8637 "-" "Mozilla/5.0 (compatible; MJ12bot/v1.4.8; http://mj12bot.com/)"
20.171.207.160 - - [14/Oct/2025:08:20:58 +0000] "GET /pages.php?category/24/1 HTTP/1.0" 200 22554 "-" "Mozilla/5.0 AppleWebKit/537.36 (KHTML, like Gecko; compatible; GPTBot/1.2; +https://openai.com/gptbot)"
51.222.42.140 - - [14/Oct/2025:08:20:59 +0000] "GET /?fileloc=/var/www/vhosts/enlugo.es/httpdocs/cache/wp-class-paused.php&path=/var/www/vhosts/enlugo.es/httpdocs/cache HTTP/1.0" 200 8761 "-" "Mozilla/5.0 (compatible; MJ12bot/v1.4.8; http://mj12bot.com/)"
51.222.42.140 - - [14/Oct/2025:08:21:02 +0000] "GET /?fileloc=/var/www/vhosts/enlugo.es/httpdocs/cache/wp-class-pluggable.php&path=/var/www/vhosts/enlugo.es/httpdocs/cache HTTP/1.0" 200 8851 "-" "Mozilla/5.0 (compatible; MJ12bot/v1.4.8; http://mj12bot.com/)"
20.171.207.160 - - [14/Oct/2025:08:21:01 +0000] "GET /pages.php?category/30/1 HTTP/1.0" 200 22776 "-" "Mozilla/5.0 AppleWebKit/537.36 (KHTML, like Gecko; compatible; GPTBot/1.2; +https://openai.com/gptbot)"
51.222.42.140 - - [14/Oct/2025:08:21:04 +0000] "GET /?fileloc=/var/www/vhosts/enlugo.es/httpdocs/cache/wp-class-plugin.php&path=/var/www/vhosts/enlugo.es/httpdocs/cache HTTP/1.0" 200 75672 "-" "Mozilla/5.0 (compatible; MJ12bot/v1.4.8; http://mj12bot.com/)"
20.171.207.160 - - [14/Oct/2025:08:21:05 +0000] "GET /pages.php?jyusetsupro-4101678 HTTP/1.0" 200 22059 "-" "Mozilla/5.0 AppleWebKit/537.36 (KHTML, like Gecko; compatible; GPTBot/1.2; +https://openai.com/gptbot)"
51.222.42.140 - - [14/Oct/2025:08:21:06 +0000] "GET /?fileloc=/var/www/vhosts/enlugo.es/httpdocs/cache/wp-class-previews.php&path=/var/www/vhosts/enlugo.es/httpdocs/cache HTTP/1.0" 200 10731 "-" "Mozilla/5.0 (compatible; MJ12bot/v1.4.8; http://mj12bot.com/)"
51.222.42.140 - - [14/Oct/2025:08:21:08 +0000] "GET /?fileloc=/var/www/vhosts/enlugo.es/httpdocs/cache/wp-class-protection.php&path=/var/www/vhosts/enlugo.es/httpdocs/cache HTTP/1.0" 200 10368 "-" "Mozilla/5.0 (compatible; MJ12bot/v1.4.8; http://mj12bot.com/)"
20.171.207.160 - - [14/Oct/2025:08:21:08 +0000] "GET /pages.php?category/69/1 HTTP/1.0" 200 22732 "-" "Mozilla/5.0 AppleWebKit/537.36 (KHTML, like Gecko; compatible; GPTBot/1.2; +https://openai.com/gptbot)"
51.222.42.140 - - [14/Oct/2025:08:21:10 +0000] "GET /?fileloc=/var/www/vhosts/enlugo.es/httpdocs/cache/wp-class-query.php&path=/var/www/vhosts/enlugo.es/httpdocs/cache HTTP/1.0" 200 11032 "-" "Mozilla/5.0 (compatible; MJ12bot/v1.4.8; http://mj12bot.com/)"
20.171.207.160 - - [14/Oct/2025:08:21:11 +0000] "GET /pages.php?category/29/1 HTTP/1.0" 200 22215 "-" "Mozilla/5.0 AppleWebKit/537.36 (KHTML, like Gecko; compatible; GPTBot/1.2; +https://openai.com/gptbot)"
51.222.42.140 - - [14/Oct/2025:08:21:12 +0000] "GET /?fileloc=/var/www/vhosts/enlugo.es/httpdocs/cache/wp-class-recovery.php&path=/var/www/vhosts/enlugo.es/httpdocs/cache HTTP/1.0" 200 21689 "-" "Mozilla/5.0 (compatible; MJ12bot/v1.4.8; http://mj12bot.com/)"
51.222.42.140 - - [14/Oct/2025:08:21:14 +0000] "GET /?fileloc=/var/www/vhosts/enlugo.es/httpdocs/cache/wp-class-registration.php&path=/var/www/vhosts/enlugo.es/httpdocs/cache HTTP/1.0" 200 8920 "-" "Mozilla/5.0 (compatible; MJ12bot/v1.4.8; http://mj12bot.com/)"
20.171.207.160 - - [14/Oct/2025:08:21:14 +0000] "GET /pages.php?inspiration-44624 HTTP/1.0" 200 23006 "-" "Mozilla/5.0 AppleWebKit/537.36 (KHTML, like Gecko; compatible; GPTBot/1.2; +https://openai.com/gptbot)"
51.222.42.140 - - [14/Oct/2025:08:21:16 +0000] "GET /?fileloc=/var/www/vhosts/enlugo.es/httpdocs/cache/wp-class-registry.php&path=/var/www/vhosts/enlugo.es/httpdocs/cache HTTP/1.0" 200 59802 "-" "Mozilla/5.0 (compatible; MJ12bot/v1.4.8; http://mj12bot.com/)"
20.171.207.160 - - [14/Oct/2025:08:21:17 +0000] "GET /pages.php?category/59/1 HTTP/1.0" 200 22258 "-" "Mozilla/5.0 AppleWebKit/537.36 (KHTML, like Gecko; compatible; GPTBot/1.2; +https://openai.com/gptbot)"
51.222.42.140 - - [14/Oct/2025:08:21:18 +0000] "GET /?fileloc=/var/www/vhosts/enlugo.es/httpdocs/cache/wp-class-renderer.php&path=/var/www/vhosts/enlugo.es/httpdocs/cache HTTP/1.0" 200 8662 "-" "Mozilla/5.0 (compatible; MJ12bot/v1.4.8; http://mj12bot.com/)"
51.222.42.140 - - [14/Oct/2025:08:21:20 +0000] "GET /?fileloc=/var/www/vhosts/enlugo.es/httpdocs/cache/wp-class-request.php&path=/var/www/vhosts/enlugo.es/httpdocs/cache HTTP/1.0" 200 9307 "-" "Mozilla/5.0 (compatible; MJ12bot/v1.4.8; http://mj12bot.com/)"
20.171.207.160 - - [14/Oct/2025:08:21:20 +0000] "GET /pages.php?yuubido-w212as HTTP/1.0" 200 22196 "-" "Mozilla/5.0 AppleWebKit/537.36 (KHTML, like Gecko; compatible; GPTBot/1.2; +https://openai.com/gptbot)"
51.222.42.140 - - [14/Oct/2025:08:21:22 +0000] "GET /?fileloc=/var/www/vhosts/enlugo.es/httpdocs/cache/wp-class-requests.php&path=/var/www/vhosts/enlugo.es/httpdocs/cache HTTP/1.0" 200 12087 "-" "Mozilla/5.0 (compatible; MJ12bot/v1.4.8; http://mj12bot.com/)"
51.222.42.140 - - [14/Oct/2025:08:21:24 +0000] "GET /?fileloc=/var/www/vhosts/enlugo.es/httpdocs/cache/wp-class-resolver.php&path=/var/www/vhosts/enlugo.es/httpdocs/cache HTTP/1.0" 200 11427 "-" "Mozilla/5.0 (compatible; MJ12bot/v1.4.8; http://mj12bot.com/)"
20.171.207.160 - - [14/Oct/2025:08:21:23 +0000] "GET /pages.php?category/38/1 HTTP/1.0" 200 22305 "-" "Mozilla/5.0 AppleWebKit/537.36 (KHTML, like Gecko; compatible; GPTBot/1.2; +https://openai.com/gptbot)"
51.222.42.140 - - [14/Oct/2025:08:21:26 +0000] "GET /?fileloc=/var/www/vhosts/enlugo.es/httpdocs/cache/wp-class-rest.php&path=/var/www/vhosts/enlugo.es/httpdocs/cache HTTP/1.0" 200 7910 "-" "Mozilla/5.0 (compatible; MJ12bot/v1.4.8; http://mj12bot.com/)"
20.171.207.160 - - [14/Oct/2025:08:21:26 +0000] "GET /pages.php?category/23/1 HTTP/1.0" 200 21906 "-" "Mozilla/5.0 AppleWebKit/537.36 (KHTML, like Gecko; compatible; GPTBot/1.2; +https://openai.com/gptbot)"
51.222.42.140 - - [14/Oct/2025:08:21:28 +0000] "GET /?fileloc=/var/www/vhosts/enlugo.es/httpdocs/cache/wp-class-rewrite.php&path=/var/www/vhosts/enlugo.es/httpdocs/cache HTTP/1.0" 200 10466 "-" "Mozilla/5.0 (compatible; MJ12bot/v1.4.8; http://mj12bot.com/)"
51.222.42.140 - - [14/Oct/2025:08:21:30 +0000] "GET /?fileloc=/var/www/vhosts/enlugo.es/httpdocs/cache/wp-class-robots.php&path=/var/www/vhosts/enlugo.es/httpdocs/cache HTTP/1.0" 200 8641 "-" "Mozilla/5.0 (compatible; MJ12bot/v1.4.8; http://mj12bot.com/)"
20.171.207.160 - - [14/Oct/2025:08:21:29 +0000] "GET /pages.php?shop/order/make_estimate.aspx HTTP/1.0" 200 21965 "-" "Mozilla/5.0 AppleWebKit/537.36 (KHTML, like Gecko; compatible; GPTBot/1.2; +https://openai.com/gptbot)"
51.222.42.140 - - [14/Oct/2025:08:21:32 +0000] "GET /?fileloc=/var/www/vhosts/enlugo.es/httpdocs/cache/wp-class-role.php&path=/var/www/vhosts/enlugo.es/httpdocs/cache HTTP/1.0" 200 10540 "-" "Mozilla/5.0 (compatible; MJ12bot/v1.4.8; http://mj12bot.com/)"
20.171.207.160 - - [14/Oct/2025:08:21:33 +0000] "GET /pages.php?category/10/1 HTTP/1.0" 200 23214 "-" "Mozilla/5.0 AppleWebKit/537.36 (KHTML, like Gecko; compatible; GPTBot/1.2; +https://openai.com/gptbot)"
51.222.42.140 - - [14/Oct/2025:08:21:34 +0000] "GET /?fileloc=/var/www/vhosts/enlugo.es/httpdocs/cache/wp-class-roles.php&path=/var/www/vhosts/enlugo.es/httpdocs/cache HTTP/1.0" 200 7921 "-" "Mozilla/5.0 (compatible; MJ12bot/v1.4.8; http://mj12bot.com/)"
51.222.42.140 - - [14/Oct/2025:08:21:36 +0000] "GET /?fileloc=/var/www/vhosts/enlugo.es/httpdocs/cache/wp-class-sanitize.php&path=/var/www/vhosts/enlugo.es/httpdocs/cache HTTP/1.0" 200 15810 "-" "Mozilla/5.0 (compatible; MJ12bot/v1.4.8; http://mj12bot.com/)"
20.171.207.160 - - [14/Oct/2025:08:21:36 +0000] "GET /pages.php?category/88/1 HTTP/1.0" 200 22534 "-" "Mozilla/5.0 AppleWebKit/537.36 (KHTML, like Gecko; compatible; GPTBot/1.2; +https://openai.com/gptbot)"
51.222.42.140 - - [14/Oct/2025:08:21:38 +0000] "GET /?fileloc=/var/www/vhosts/enlugo.es/httpdocs/cache/wp-class-schema.php&path=/var/www/vhosts/enlugo.es/httpdocs/cache HTTP/1.0" 200 11814 "-" "Mozilla/5.0 (compatible; MJ12bot/v1.4.8; http://mj12bot.com/)"
20.171.207.160 - - [14/Oct/2025:08:21:39 +0000] "GET /pages.php?SMKS1049DSO8087DU000004 HTTP/1.0" 200 22735 "-" "Mozilla/5.0 AppleWebKit/537.36 (KHTML, like Gecko; compatible; GPTBot/1.2; +https://openai.com/gptbot)"
51.222.42.140 - - [14/Oct/2025:08:21:40 +0000] "GET /?fileloc=/var/www/vhosts/enlugo.es/httpdocs/cache/wp-class-script.php&path=/var/www/vhosts/enlugo.es/httpdocs/cache HTTP/1.0" 200 12998 "-" "Mozilla/5.0 (compatible; MJ12bot/v1.4.8; http://mj12bot.com/)"
85.10.206.80 - - [14/Oct/2025:08:21:42 +0000] "POST /xmlrpc.php HTTP/1.0" 403 3277 "-" "Mozilla/5.0 (Windows NT 6.1; WOW64; Trident/7.0; yie11; rv:11.0) like Gecko"
51.222.42.140 - - [14/Oct/2025:08:21:42 +0000] "GET /?fileloc=/var/www/vhosts/enlugo.es/httpdocs/cache/wp-class-scripts.php&path=/var/www/vhosts/enlugo.es/httpdocs/cache HTTP/1.0" 200 9768 "-" "Mozilla/5.0 (compatible; MJ12bot/v1.4.8; http://mj12bot.com/)"
85.10.206.80 - - [14/Oct/2025:08:21:42 +0000] "POST /xmlrpc.php HTTP/1.0" 403 3277 "-" "Mozilla/5.0 (Windows NT 6.1; WOW64; Trident/7.0; yie11; rv:11.0) like Gecko"
85.10.206.80 - - [14/Oct/2025:08:21:43 +0000] "POST /xmlrpc.php HTTP/1.0" 403 3277 "-" "Mozilla/5.0 (Windows NT 6.1; WOW64; Trident/7.0; yie11; rv:11.0) like Gecko"
20.171.207.160 - - [14/Oct/2025:08:21:42 +0000] "GET /pages.php?category/32/1 HTTP/1.0" 200 22516 "-" "Mozilla/5.0 AppleWebKit/537.36 (KHTML, like Gecko; compatible; GPTBot/1.2; +https://openai.com/gptbot)"
51.222.42.140 - - [14/Oct/2025:08:21:43 +0000] "GET /?fileloc=/var/www/vhosts/enlugo.es/httpdocs/cache/wp-class-section.php&path=/var/www/vhosts/enlugo.es/httpdocs/cache HTTP/1.0" 200 16321 "-" "Mozilla/5.0 (compatible; MJ12bot/v1.4.8; http://mj12bot.com/)"
51.222.42.140 - - [14/Oct/2025:08:21:45 +0000] "GET /?fileloc=/var/www/vhosts/enlugo.es/httpdocs/cache/wp-class-server.php&path=/var/www/vhosts/enlugo.es/httpdocs/cache HTTP/1.0" 200 9472 "-" "Mozilla/5.0 (compatible; MJ12bot/v1.4.8; http://mj12bot.com/)"
20.171.207.160 - - [14/Oct/2025:08:21:46 +0000] "GET /pages.php?category/73/1 HTTP/1.0" 200 22914 "-" "Mozilla/5.0 AppleWebKit/537.36 (KHTML, like Gecko; compatible; GPTBot/1.2; +https://openai.com/gptbot)"
51.222.42.140 - - [14/Oct/2025:08:21:47 +0000] "GET /?fileloc=/var/www/vhosts/enlugo.es/httpdocs/cache/wp-class-service.php&path=/var/www/vhosts/enlugo.es/httpdocs/cache HTTP/1.0" 200 57157 "-" "Mozilla/5.0 (compatible; MJ12bot/v1.4.8; http://mj12bot.com/)"
51.222.42.140 - - [14/Oct/2025:08:21:49 +0000] "GET /?fileloc=/var/www/vhosts/enlugo.es/httpdocs/cache/wp-class-session.php&path=/var/www/vhosts/enlugo.es/httpdocs/cache HTTP/1.0" 200 12420 "-" "Mozilla/5.0 (compatible; MJ12bot/v1.4.8; http://mj12bot.com/)"
20.171.207.160 - - [14/Oct/2025:08:21:49 +0000] "GET /pages.php?auc-toyoking-kc2047-alblk11 HTTP/1.0" 200 21868 "-" "Mozilla/5.0 AppleWebKit/537.36 (KHTML, like Gecko; compatible; GPTBot/1.2; +https://openai.com/gptbot)"
51.222.42.140 - - [14/Oct/2025:08:21:51 +0000] "GET /?fileloc=/var/www/vhosts/enlugo.es/httpdocs/cache/wp-class-setting.php&path=/var/www/vhosts/enlugo.es/httpdocs/cache HTTP/1.0" 200 20739 "-" "Mozilla/5.0 (compatible; MJ12bot/v1.4.8; http://mj12bot.com/)"
20.171.207.160 - - [14/Oct/2025:08:21:52 +0000] "GET /pages.php?SPHJ1683D-AR454EW011591 HTTP/1.0" 200 22910 "-" "Mozilla/5.0 AppleWebKit/537.36 (KHTML, like Gecko; compatible; GPTBot/1.2; +https://openai.com/gptbot)"
51.222.42.140 - - [14/Oct/2025:08:21:53 +0000] "GET /?fileloc=/var/www/vhosts/enlugo.es/httpdocs/cache/wp-class-site.php&path=/var/www/vhosts/enlugo.es/httpdocs/cache HTTP/1.0" 200 10641 "-" "Mozilla/5.0 (compatible; MJ12bot/v1.4.8; http://mj12bot.com/)"
51.222.42.140 - - [14/Oct/2025:08:21:54 +0000] "GET /?fileloc=/var/www/vhosts/enlugo.es/httpdocs/cache/wp-class-sitemaps.php&path=/var/www/vhosts/enlugo.es/httpdocs/cache HTTP/1.0" 200 10313 "-" "Mozilla/5.0 (compatible; MJ12bot/v1.4.8; http://mj12bot.com/)"
20.171.207.160 - - [14/Oct/2025:08:21:55 +0000] "GET /pages.php?shop/customer/bookmark_guest.aspx HTTP/1.0" 200 22005 "-" "Mozilla/5.0 AppleWebKit/537.36 (KHTML, like Gecko; compatible; GPTBot/1.2; +https://openai.com/gptbot)"
51.222.42.140 - - [14/Oct/2025:08:21:56 +0000] "GET /?fileloc=/var/www/vhosts/enlugo.es/httpdocs/cache/wp-class-snoopy.php&path=/var/www/vhosts/enlugo.es/httpdocs/cache HTTP/1.0" 200 9898 "-" "Mozilla/5.0 (compatible; MJ12bot/v1.4.8; http://mj12bot.com/)"
51.222.42.140 - - [14/Oct/2025:08:21:58 +0000] "GET /?fileloc=/var/www/vhosts/enlugo.es/httpdocs/cache/wp-class-tokens.php&path=/var/www/vhosts/enlugo.es/httpdocs/cache HTTP/1.0" 200 33144 "-" "Mozilla/5.0 (compatible; MJ12bot/v1.4.8; http://mj12bot.com/)"
20.171.207.160 - - [14/Oct/2025:08:21:58 +0000] "GET /pages.php?shop/pg/1sancyoku/ HTTP/1.0" 200 22471 "-" "Mozilla/5.0 AppleWebKit/537.36 (KHTML, like Gecko; compatible; GPTBot/1.2; +https://openai.com/gptbot)"
51.222.42.140 - - [14/Oct/2025:08:21:59 +0000] "GET /?fileloc=/var/www/vhosts/enlugo.es/httpdocs/cache/wp-class-transient.php&path=/var/www/vhosts/enlugo.es/httpdocs/cache HTTP/1.0" 200 10236 "-" "Mozilla/5.0 (compatible; MJ12bot/v1.4.8; http://mj12bot.com/)"
51.222.42.140 - - [14/Oct/2025:08:22:01 +0000] "GET /?fileloc=/var/www/vhosts/enlugo.es/httpdocs/cache/wp-class-type.php&path=/var/www/vhosts/enlugo.es/httpdocs/cache HTTP/1.0" 200 26479 "-" "Mozilla/5.0 (compatible; MJ12bot/v1.4.8; http://mj12bot.com/)"
20.171.207.160 - - [14/Oct/2025:08:22:01 +0000] "GET /pages.php?shop/pg/1recruit/ HTTP/1.0" 200 22238 "-" "Mozilla/5.0 AppleWebKit/537.36 (KHTML, like Gecko; compatible; GPTBot/1.2; +https://openai.com/gptbot)"
51.222.42.140 - - [14/Oct/2025:08:22:03 +0000] "GET /?fileloc=/var/www/vhosts/enlugo.es/httpdocs/cache/wp-class-utils.php&path=/var/www/vhosts/enlugo.es/httpdocs/cache HTTP/1.0" 200 15595 "-" "Mozilla/5.0 (compatible; MJ12bot/v1.4.8; http://mj12bot.com/)"
51.222.42.140 - - [14/Oct/2025:08:22:05 +0000] "GET /?fileloc=/var/www/vhosts/enlugo.es/httpdocs/wp-class-paused.php&path=/var/www/vhosts/enlugo.es/httpdocs HTTP/1.0" 200 53246 "-" "Mozilla/5.0 (compatible; MJ12bot/v1.4.8; http://mj12bot.com/)"
20.171.207.160 - - [14/Oct/2025:08:22:04 +0000] "GET /pages.php?tuzukiya-t51-0259 HTTP/1.0" 200 22638 "-" "Mozilla/5.0 AppleWebKit/537.36 (KHTML, like Gecko; compatible; GPTBot/1.2; +https://openai.com/gptbot)"
51.222.42.140 - - [14/Oct/2025:08:22:07 +0000] "GET /?fileloc=/var/www/vhosts/enlugo.es/httpdocs/wp-class-pluggable.php&path=/var/www/vhosts/enlugo.es/httpdocs HTTP/1.0" 200 10627 "-" "Mozilla/5.0 (compatible; MJ12bot/v1.4.8; http://mj12bot.com/)"
20.171.207.160 - - [14/Oct/2025:08:22:08 +0000] "GET /pages.php?category/63/1 HTTP/1.0" 200 23202 "-" "Mozilla/5.0 AppleWebKit/537.36 (KHTML, like Gecko; compatible; GPTBot/1.2; +https://openai.com/gptbot)"
51.222.42.140 - - [14/Oct/2025:08:22:08 +0000] "GET /?fileloc=/var/www/vhosts/enlugo.es/httpdocs/wp-class-plugin.php&path=/var/www/vhosts/enlugo.es/httpdocs HTTP/1.0" 200 9930 "-" "Mozilla/5.0 (compatible; MJ12bot/v1.4.8; http://mj12bot.com/)"
51.222.42.140 - - [14/Oct/2025:08:22:10 +0000] "GET /?fileloc=/var/www/vhosts/enlugo.es/httpdocs/wp-class-previews.php&path=/var/www/vhosts/enlugo.es/httpdocs HTTP/1.0" 200 8314 "-" "Mozilla/5.0 (compatible; MJ12bot/v1.4.8; http://mj12bot.com/)"
20.171.207.160 - - [14/Oct/2025:08:22:11 +0000] "GET /pages.php?shop/pg/1005024240/ HTTP/1.0" 200 23041 "-" "Mozilla/5.0 AppleWebKit/537.36 (KHTML, like Gecko; compatible; GPTBot/1.2; +https://openai.com/gptbot)"
51.222.42.140 - - [14/Oct/2025:08:22:12 +0000] "GET /?fileloc=/var/www/vhosts/enlugo.es/httpdocs/wp-class-protection.php&path=/var/www/vhosts/enlugo.es/httpdocs HTTP/1.0" 200 11838 "-" "Mozilla/5.0 (compatible; MJ12bot/v1.4.8; http://mj12bot.com/)"
51.222.42.140 - - [14/Oct/2025:08:22:14 +0000] "GET /?fileloc=/var/www/vhosts/enlugo.es/httpdocs/wp-class-proxy.php&path=/var/www/vhosts/enlugo.es/httpdocs HTTP/1.0" 200 5339 "-" "Mozilla/5.0 (compatible; MJ12bot/v1.4.8; http://mj12bot.com/)"
5.39.1.247 - - [14/Oct/2025:08:22:14 +0000] "GET /author/diego-v/?fileloc=/var/www/vhosts/enlugo.es/httpdocs/wp-config-sample.php&path=/var/www/vhosts/enlugo.es/httpdocs HTTP/1.0" 200 5513 "-" "Mozilla/5.0 (compatible; AhrefsBot/7.0; +http://ahrefs.com/robot/)"
20.171.207.160 - - [14/Oct/2025:08:22:14 +0000] "GET /pages.php?category/54/1 HTTP/1.0" 200 21936 "-" "Mozilla/5.0 AppleWebKit/537.36 (KHTML, like Gecko; compatible; GPTBot/1.2; +https://openai.com/gptbot)"
51.222.42.140 - - [14/Oct/2025:08:22:15 +0000] "GET /?fileloc=/var/www/vhosts/enlugo.es/httpdocs/wp-class-query.php&path=/var/www/vhosts/enlugo.es/httpdocs HTTP/1.0" 200 8708 "-" "Mozilla/5.0 (compatible; MJ12bot/v1.4.8; http://mj12bot.com/)"
51.222.42.140 - - [14/Oct/2025:08:22:17 +0000] "GET /?fileloc=/var/www/vhosts/enlugo.es/httpdocs/wp-class-recovery.php&path=/var/www/vhosts/enlugo.es/httpdocs HTTP/1.0" 200 9277 "-" "Mozilla/5.0 (compatible; MJ12bot/v1.4.8; http://mj12bot.com/)"
20.171.207.160 - - [14/Oct/2025:08:22:17 +0000] "GET /pages.php?shop/pg/1005024010/ HTTP/1.0" 200 21634 "-" "Mozilla/5.0 AppleWebKit/537.36 (KHTML, like Gecko; compatible; GPTBot/1.2; +https://openai.com/gptbot)"
51.222.42.140 - - [14/Oct/2025:08:22:19 +0000] "GET /?fileloc=/var/www/vhosts/enlugo.es/httpdocs/wp-class-registration.php&path=/var/www/vhosts/enlugo.es/httpdocs HTTP/1.0" 200 11104 "-" "Mozilla/5.0 (compatible; MJ12bot/v1.4.8; http://mj12bot.com/)"
51.222.42.140 - - [14/Oct/2025:08:22:20 +0000] "GET /?fileloc=/var/www/vhosts/enlugo.es/httpdocs/wp-class-registry.php&path=/var/www/vhosts/enlugo.es/httpdocs HTTP/1.0" 200 8392 "-" "Mozilla/5.0 (compatible; MJ12bot/v1.4.8; http://mj12bot.com/)"
20.171.207.160 - - [14/Oct/2025:08:22:20 +0000] "GET /pages.php?shop/pg/1005022001/ HTTP/1.0" 200 24062 "-" "Mozilla/5.0 AppleWebKit/537.36 (KHTML, like Gecko; compatible; GPTBot/1.2; +https://openai.com/gptbot)"
51.222.42.140 - - [14/Oct/2025:08:22:22 +0000] "GET /?fileloc=/var/www/vhosts/enlugo.es/httpdocs/wp-class-renderer.php&path=/var/www/vhosts/enlugo.es/httpdocs HTTP/1.0" 200 5234 "-" "Mozilla/5.0 (compatible; MJ12bot/v1.4.8; http://mj12bot.com/)"
51.222.42.140 - - [14/Oct/2025:08:22:24 +0000] "GET /?fileloc=/var/www/vhosts/enlugo.es/httpdocs/wp-class-request.php&path=/var/www/vhosts/enlugo.es/httpdocs HTTP/1.0" 200 5185 "-" "Mozilla/5.0 (compatible; MJ12bot/v1.4.8; http://mj12bot.com/)"
20.171.207.160 - - [14/Oct/2025:08:22:23 +0000] "GET /pages.php?category/21/1 HTTP/1.0" 200 22584 "-" "Mozilla/5.0 AppleWebKit/537.36 (KHTML, like Gecko; compatible; GPTBot/1.2; +https://openai.com/gptbot)"
51.222.42.140 - - [14/Oct/2025:08:22:25 +0000] "GET /?fileloc=/var/www/vhosts/enlugo.es/httpdocs/wp-class-requests.php&path=/var/www/vhosts/enlugo.es/httpdocs HTTP/1.0" 200 9852 "-" "Mozilla/5.0 (compatible; MJ12bot/v1.4.8; http://mj12bot.com/)"
20.171.207.160 - - [14/Oct/2025:08:22:27 +0000] "GET /pages.php?category/45/1 HTTP/1.0" 200 22149 "-" "Mozilla/5.0 AppleWebKit/537.36 (KHTML, like Gecko; compatible; GPTBot/1.2; +https://openai.com/gptbot)"
51.222.42.140 - - [14/Oct/2025:08:22:27 +0000] "GET /?fileloc=/var/www/vhosts/enlugo.es/httpdocs/wp-class-resolver.php&path=/var/www/vhosts/enlugo.es/httpdocs HTTP/1.0" 200 9911 "-" "Mozilla/5.0 (compatible; MJ12bot/v1.4.8; http://mj12bot.com/)"
51.222.42.140 - - [14/Oct/2025:08:22:29 +0000] "GET /?fileloc=/var/www/vhosts/enlugo.es/httpdocs/wp-class-rest.php&path=/var/www/vhosts/enlugo.es/httpdocs HTTP/1.0" 200 10622 "-" "Mozilla/5.0 (compatible; MJ12bot/v1.4.8; http://mj12bot.com/)"
20.171.207.160 - - [14/Oct/2025:08:22:30 +0000] "GET /pages.php?first34-trusco-6951476 HTTP/1.0" 200 22944 "-" "Mozilla/5.0 AppleWebKit/537.36 (KHTML, like Gecko; compatible; GPTBot/1.2; +https://openai.com/gptbot)"
51.222.42.140 - - [14/Oct/2025:08:22:30 +0000] "GET /?fileloc=/var/www/vhosts/enlugo.es/httpdocs/wp-class-taxonomy.php&path=/var/www/vhosts/enlugo.es/httpdocs HTTP/1.0" 200 5146 "-" "Mozilla/5.0 (compatible; MJ12bot/v1.4.8; http://mj12bot.com/)"
51.222.42.140 - - [14/Oct/2025:08:22:32 +0000] "GET /?fileloc=/var/www/vhosts/enlugo.es/httpdocs/wp-class-template.php&path=/var/www/vhosts/enlugo.es/httpdocs HTTP/1.0" 200 8859 "-" "Mozilla/5.0 (compatible; MJ12bot/v1.4.8; http://mj12bot.com/)"
20.171.207.160 - - [14/Oct/2025:08:22:33 +0000] "GET /pages.php?q-~1SHGwK0ajtA92NNWot7kyb6vYoGeH4R756/ HTTP/1.0" 200 23684 "-" "Mozilla/5.0 AppleWebKit/537.36 (KHTML, like Gecko; compatible; GPTBot/1.2; +https://openai.com/gptbot)"
51.222.42.140 - - [14/Oct/2025:08:22:34 +0000] "GET /?fileloc=/var/www/vhosts/enlugo.es/httpdocs/wp-class-templates.php&path=/var/www/vhosts/enlugo.es/httpdocs HTTP/1.0" 200 9108 "-" "Mozilla/5.0 (compatible; MJ12bot/v1.4.8; http://mj12bot.com/)"
51.222.42.140 - - [14/Oct/2025:08:22:36 +0000] "GET /?fileloc=/var/www/vhosts/enlugo.es/inputs.php&path=/var/www/vhosts/enlugo.es HTTP/1.0" 200 24153 "-" "Mozilla/5.0 (compatible; MJ12bot/v1.4.8; http://mj12bot.com/)"
20.171.207.160 - - [14/Oct/2025:08:22:36 +0000] "GET /pages.php?18858277 HTTP/1.0" 200 22929 "-" "Mozilla/5.0 AppleWebKit/537.36 (KHTML, like Gecko; compatible; GPTBot/1.2; +https://openai.com/gptbot)"
51.222.42.140 - - [14/Oct/2025:08:22:38 +0000] "GET /?fileloc=/var/www/vhosts/enlugo.es/radio.txt&path=/var/www/vhosts/enlugo.es HTTP/1.0" 200 4356 "-" "Mozilla/5.0 (compatible; MJ12bot/v1.4.8; http://mj12bot.com/)"
51.222.42.140 - - [14/Oct/2025:08:22:39 +0000] "GET /?path=/var/www/vhosts/enlugo.es/.analytic HTTP/1.0" 200 4609 "-" "Mozilla/5.0 (compatible; MJ12bot/v1.4.8; http://mj12bot.com/)"
20.171.207.160 - - [14/Oct/2025:08:22:39 +0000] "GET /pages.php?87804500 HTTP/1.0" 200 21726 "-" "Mozilla/5.0 AppleWebKit/537.36 (KHTML, like Gecko; compatible; GPTBot/1.2; +https://openai.com/gptbot)"
51.222.42.140 - - [14/Oct/2025:08:22:41 +0000] "GET /?path=/var/www/vhosts/enlugo.es/.composer HTTP/1.0" 200 4705 "-" "Mozilla/5.0 (compatible; MJ12bot/v1.4.8; http://mj12bot.com/)"
51.222.42.140 - - [14/Oct/2025:08:22:43 +0000] "GET /?path=/var/www/vhosts/enlugo.es/.revisium_antivirus_cache HTTP/1.0" 200 4592 "-" "Mozilla/5.0 (compatible; MJ12bot/v1.4.8; http://mj12bot.com/)"
20.171.207.160 - - [14/Oct/2025:08:22:42 +0000] "GET /pages.php?46594156 HTTP/1.0" 200 23040 "-" "Mozilla/5.0 AppleWebKit/537.36 (KHTML, like Gecko; compatible; GPTBot/1.2; +https://openai.com/gptbot)"
51.222.42.140 - - [14/Oct/2025:08:22:44 +0000] "GET /?path=/var/www/vhosts/enlugo.es/.ssh HTTP/1.0" 200 4625 "-" "Mozilla/5.0 (compatible; MJ12bot/v1.4.8; http://mj12bot.com/)"
20.171.207.160 - - [14/Oct/2025:08:22:45 +0000] "GET /pages.php?51830388 HTTP/1.0" 200 22870 "-" "Mozilla/5.0 AppleWebKit/537.36 (KHTML, like Gecko; compatible; GPTBot/1.2; +https://openai.com/gptbot)"
20.171.207.160 - - [14/Oct/2025:08:22:48 +0000] "GET /pages.php?36434022 HTTP/1.0" 200 22129 "-" "Mozilla/5.0 AppleWebKit/537.36 (KHTML, like Gecko; compatible; GPTBot/1.2; +https://openai.com/gptbot)"
20.171.207.160 - - [14/Oct/2025:08:22:51 +0000] "GET /pages.php?39653375 HTTP/1.0" 200 22465 "-" "Mozilla/5.0 AppleWebKit/537.36 (KHTML, like Gecko; compatible; GPTBot/1.2; +https://openai.com/gptbot)"
20.171.207.160 - - [14/Oct/2025:08:22:55 +0000] "GET /pages.php?10336710 HTTP/1.0" 200 22540 "-" "Mozilla/5.0 AppleWebKit/537.36 (KHTML, like Gecko; compatible; GPTBot/1.2; +https://openai.com/gptbot)"
20.171.207.160 - - [14/Oct/2025:08:22:58 +0000] "GET /pages.php?52575578 HTTP/1.0" 200 23419 "-" "Mozilla/5.0 AppleWebKit/537.36 (KHTML, like Gecko; compatible; GPTBot/1.2; +https://openai.com/gptbot)"
20.171.207.160 - - [14/Oct/2025:08:23:01 +0000] "GET /pages.php?55227127 HTTP/1.0" 200 23111 "-" "Mozilla/5.0 AppleWebKit/537.36 (KHTML, like Gecko; compatible; GPTBot/1.2; +https://openai.com/gptbot)"
20.171.207.160 - - [14/Oct/2025:08:23:04 +0000] "GET /pages.php?category/77/1 HTTP/1.0" 200 23121 "-" "Mozilla/5.0 AppleWebKit/537.36 (KHTML, like Gecko; compatible; GPTBot/1.2; +https://openai.com/gptbot)"
20.171.207.160 - - [14/Oct/2025:08:23:07 +0000] "GET /pages.php?17871279 HTTP/1.0" 200 22471 "-" "Mozilla/5.0 AppleWebKit/537.36 (KHTML, like Gecko; compatible; GPTBot/1.2; +https://openai.com/gptbot)"
92.222.104.193 - - [14/Oct/2025:08:23:09 +0000] "GET /author/diego-v/?fileloc=/var/www/vhosts/enlugo.es/httpdocs/wp-compat.php&path=/var/www/vhosts/enlugo.es/httpdocs HTTP/1.0" 200 5198 "-" "Mozilla/5.0 (compatible; AhrefsBot/7.0; +http://ahrefs.com/robot/)"
20.171.207.160 - - [14/Oct/2025:08:23:10 +0000] "GET /pages.php?65337265 HTTP/1.0" 200 22313 "-" "Mozilla/5.0 AppleWebKit/537.36 (KHTML, like Gecko; compatible; GPTBot/1.2; +https://openai.com/gptbot)"
20.171.207.160 - - [14/Oct/2025:08:23:17 +0000] "GET /pages.php?96889318 HTTP/1.0" 200 21955 "-" "Mozilla/5.0 AppleWebKit/537.36 (KHTML, like Gecko; compatible; GPTBot/1.2; +https://openai.com/gptbot)"
20.171.207.160 - - [14/Oct/2025:08:23:20 +0000] "GET /pages.php?81684822 HTTP/1.0" 200 22309 "-" "Mozilla/5.0 AppleWebKit/537.36 (KHTML, like Gecko; compatible; GPTBot/1.2; +https://openai.com/gptbot)"
20.171.207.160 - - [14/Oct/2025:08:23:29 +0000] "GET /pages.php?67959575 HTTP/1.0" 200 21788 "-" "Mozilla/5.0 AppleWebKit/537.36 (KHTML, like Gecko; compatible; GPTBot/1.2; +https://openai.com/gptbot)"
20.171.207.160 - - [14/Oct/2025:08:23:32 +0000] "GET /pages.php?category/92/1 HTTP/1.0" 200 21827 "-" "Mozilla/5.0 AppleWebKit/537.36 (KHTML, like Gecko; compatible; GPTBot/1.2; +https://openai.com/gptbot)"
20.171.207.160 - - [14/Oct/2025:08:23:36 +0000] "GET /pages.php?22460300 HTTP/1.0" 200 22965 "-" "Mozilla/5.0 AppleWebKit/537.36 (KHTML, like Gecko; compatible; GPTBot/1.2; +https://openai.com/gptbot)"
20.171.207.160 - - [14/Oct/2025:08:23:39 +0000] "GET /pages.php?86813080 HTTP/1.0" 200 22274 "-" "Mozilla/5.0 AppleWebKit/537.36 (KHTML, like Gecko; compatible; GPTBot/1.2; +https://openai.com/gptbot)"
20.171.207.160 - - [14/Oct/2025:08:23:42 +0000] "GET /pages.php?38842114 HTTP/1.0" 200 22109 "-" "Mozilla/5.0 AppleWebKit/537.36 (KHTML, like Gecko; compatible; GPTBot/1.2; +https://openai.com/gptbot)"
20.171.207.160 - - [14/Oct/2025:08:23:45 +0000] "GET /pages.php?rcmdva-4t-1752395 HTTP/1.0" 200 22324 "-" "Mozilla/5.0 AppleWebKit/537.36 (KHTML, like Gecko; compatible; GPTBot/1.2; +https://openai.com/gptbot)"
20.171.207.160 - - [14/Oct/2025:08:23:49 +0000] "GET /pages.php?tenpos2-bp1-pa-p112t6gdnb HTTP/1.0" 200 21819 "-" "Mozilla/5.0 AppleWebKit/537.36 (KHTML, like Gecko; compatible; GPTBot/1.2; +https://openai.com/gptbot)"
20.171.207.160 - - [14/Oct/2025:08:23:55 +0000] "GET /pages.php?71122135 HTTP/1.0" 200 22558 "-" "Mozilla/5.0 AppleWebKit/537.36 (KHTML, like Gecko; compatible; GPTBot/1.2; +https://openai.com/gptbot)"
20.171.207.160 - - [14/Oct/2025:08:23:58 +0000] "GET /pages.php?lecollier-10002530-1 HTTP/1.0" 200 22950 "-" "Mozilla/5.0 AppleWebKit/537.36 (KHTML, like Gecko; compatible; GPTBot/1.2; +https://openai.com/gptbot)"
20.171.207.160 - - [14/Oct/2025:08:24:01 +0000] "GET /pages.php?24326822 HTTP/1.0" 200 23656 "-" "Mozilla/5.0 AppleWebKit/537.36 (KHTML, like Gecko; compatible; GPTBot/1.2; +https://openai.com/gptbot)"
20.171.207.160 - - [14/Oct/2025:08:24:10 +0000] "GET /pages.php?q-~23vH80Zbnhh0zU6V4K566VepebOOV5um644/ HTTP/1.0" 200 22853 "-" "Mozilla/5.0 AppleWebKit/537.36 (KHTML, like Gecko; compatible; GPTBot/1.2; +https://openai.com/gptbot)"
20.171.207.160 - - [14/Oct/2025:08:24:17 +0000] "GET /pages.php?q-~133UeoxLli64WLHW1103DhTnzjQjsFPCi43172/ HTTP/1.0" 200 21752 "-" "Mozilla/5.0 AppleWebKit/537.36 (KHTML, like Gecko; compatible; GPTBot/1.2; +https://openai.com/gptbot)"
20.171.207.160 - - [14/Oct/2025:08:24:20 +0000] "GET /pages.php?51829289 HTTP/1.0" 200 22439 "-" "Mozilla/5.0 AppleWebKit/537.36 (KHTML, like Gecko; compatible; GPTBot/1.2; +https://openai.com/gptbot)"
20.171.207.160 - - [14/Oct/2025:08:24:23 +0000] "GET /pages.php?53074700 HTTP/1.0" 200 22226 "-" "Mozilla/5.0 AppleWebKit/537.36 (KHTML, like Gecko; compatible; GPTBot/1.2; +https://openai.com/gptbot)"
176.31.139.18 - - [14/Oct/2025:08:24:24 +0000] "GET /author/diego-v/?fileloc=/var/www/vhosts/enlugo.es/httpdocs/wp-comments.php&path=/var/www/vhosts/enlugo.es/httpdocs HTTP/1.0" 200 5235 "-" "Mozilla/5.0 (compatible; AhrefsBot/7.0; +http://ahrefs.com/robot/)"
20.171.207.160 - - [14/Oct/2025:08:24:26 +0000] "GET /pages.php?39141330 HTTP/1.0" 200 22425 "-" "Mozilla/5.0 AppleWebKit/537.36 (KHTML, like Gecko; compatible; GPTBot/1.2; +https://openai.com/gptbot)"
20.171.207.160 - - [14/Oct/2025:08:24:29 +0000] "GET /pages.php?88234218 HTTP/1.0" 200 22710 "-" "Mozilla/5.0 AppleWebKit/537.36 (KHTML, like Gecko; compatible; GPTBot/1.2; +https://openai.com/gptbot)"
20.171.207.160 - - [14/Oct/2025:08:24:42 +0000] "GET /pages.php?14059504 HTTP/1.0" 200 23635 "-" "Mozilla/5.0 AppleWebKit/537.36 (KHTML, like Gecko; compatible; GPTBot/1.2; +https://openai.com/gptbot)"
20.171.207.160 - - [14/Oct/2025:08:24:55 +0000] "GET /pages.php?SSPS1979DSP6945EW015261 HTTP/1.0" 200 23272 "-" "Mozilla/5.0 AppleWebKit/537.36 (KHTML, like Gecko; compatible; GPTBot/1.2; +https://openai.com/gptbot)"
20.171.207.160 - - [14/Oct/2025:08:25:01 +0000] "GET /pages.php?29911232 HTTP/1.0" 200 23771 "-" "Mozilla/5.0 AppleWebKit/537.36 (KHTML, like Gecko; compatible; GPTBot/1.2; +https://openai.com/gptbot)"
20.171.207.160 - - [14/Oct/2025:08:25:04 +0000] "GET /pages.php?53070752 HTTP/1.0" 200 22031 "-" "Mozilla/5.0 AppleWebKit/537.36 (KHTML, like Gecko; compatible; GPTBot/1.2; +https://openai.com/gptbot)"
20.171.207.160 - - [14/Oct/2025:08:25:10 +0000] "GET /pages.php?17961876 HTTP/1.0" 200 21814 "-" "Mozilla/5.0 AppleWebKit/537.36 (KHTML, like Gecko; compatible; GPTBot/1.2; +https://openai.com/gptbot)"
92.222.108.111 - - [14/Oct/2025:08:25:27 +0000] "GET /author/diego-v/?fileloc=/var/www/vhosts/enlugo.es/httpdocs/wp-comments-post.php&path=/var/www/vhosts/enlugo.es/httpdocs HTTP/1.0" 200 5383 "-" "Mozilla/5.0 (compatible; AhrefsBot/7.0; +http://ahrefs.com/robot/)"
5.39.1.255 - - [14/Oct/2025:08:26:34 +0000] "GET /author/diego-v/?fileloc=/var/www/vhosts/enlugo.es/httpdocs/wp-comment.php&path=/var/www/vhosts/enlugo.es/httpdocs HTTP/1.0" 200 5264 "-" "Mozilla/5.0 (compatible; AhrefsBot/7.0; +http://ahrefs.com/robot/)"
92.222.108.127 - - [14/Oct/2025:08:28:00 +0000] "GET /author/diego-v/?fileloc=/var/www/vhosts/enlugo.es/httpdocs/wp-client.php&path=/var/www/vhosts/enlugo.es/httpdocs HTTP/1.0" 200 5184 "-" "Mozilla/5.0 (compatible; AhrefsBot/7.0; +http://ahrefs.com/robot/)"
20.171.207.160 - - [14/Oct/2025:08:28:20 +0000] "GET /pages.php?jukyuban/ HTTP/1.0" 200 23356 "-" "Mozilla/5.0 AppleWebKit/537.36 (KHTML, like Gecko; compatible; GPTBot/1.2; +https://openai.com/gptbot)"
20.171.207.160 - - [14/Oct/2025:08:28:32 +0000] "GET /pages.php?3264698 HTTP/1.0" 200 22501 "-" "Mozilla/5.0 AppleWebKit/537.36 (KHTML, like Gecko; compatible; GPTBot/1.2; +https://openai.com/gptbot)"
54.37.118.64 - - [14/Oct/2025:08:29:20 +0000] "GET /author/diego-v/?fileloc=/var/www/vhosts/enlugo.es/httpdocs/wp-classic.php&path=/var/www/vhosts/enlugo.es/httpdocs HTTP/1.0" 200 10841 "-" "Mozilla/5.0 (compatible; AhrefsBot/7.0; +http://ahrefs.com/robot/)"
92.222.108.102 - - [14/Oct/2025:08:30:30 +0000] "GET /author/diego-v/?fileloc=/var/www/vhosts/enlugo.es/httpdocs/wp-class-widgets.php&path=/var/www/vhosts/enlugo.es/httpdocs HTTP/1.0" 200 8502 "-" "Mozilla/5.0 (compatible; AhrefsBot/7.0; +http://ahrefs.com/robot/)"
92.222.104.194 - - [14/Oct/2025:08:31:48 +0000] "GET /author/diego-v/?fileloc=/var/www/vhosts/enlugo.es/httpdocs/wp-class-widget.php&path=/var/www/vhosts/enlugo.es/httpdocs HTTP/1.0" 200 13778 "-" "Mozilla/5.0 (compatible; AhrefsBot/7.0; +http://ahrefs.com/robot/)"
94.23.188.207 - - [14/Oct/2025:08:32:59 +0000] "GET /author/diego-v/?fileloc=/var/www/vhosts/enlugo.es/httpdocs/wp-class-walker.php&path=/var/www/vhosts/enlugo.es/httpdocs HTTP/1.0" 200 8912 "-" "Mozilla/5.0 (compatible; AhrefsBot/7.0; +http://ahrefs.com/robot/)"
20.171.207.160 - - [14/Oct/2025:08:33:02 +0000] "GET /pages.php?shop/pg/1005024086/ HTTP/1.0" 200 22542 "-" "Mozilla/5.0 AppleWebKit/537.36 (KHTML, like Gecko; compatible; GPTBot/1.2; +https://openai.com/gptbot)"
20.171.207.160 - - [14/Oct/2025:08:33:20 +0000] "GET /pages.php?shop/customer/bookmark.aspx HTTP/1.0" 200 21886 "-" "Mozilla/5.0 AppleWebKit/537.36 (KHTML, like Gecko; compatible; GPTBot/1.2; +https://openai.com/gptbot)"
20.171.207.160 - - [14/Oct/2025:08:33:39 +0000] "GET /pages.php?q-~219bVqDLskqsBjBFwvcWLnoJAUXO1qbZf43052/ HTTP/1.0" 200 22404 "-" "Mozilla/5.0 AppleWebKit/537.36 (KHTML, like Gecko; compatible; GPTBot/1.2; +https://openai.com/gptbot)"
20.171.207.160 - - [14/Oct/2025:08:33:45 +0000] "GET /pages.php?office-japan-e-05254339 HTTP/1.0" 200 22246 "-" "Mozilla/5.0 AppleWebKit/537.36 (KHTML, like Gecko; compatible; GPTBot/1.2; +https://openai.com/gptbot)"
5.39.1.240 - - [14/Oct/2025:08:34:03 +0000] "GET /author/diego-v/?fileloc=/var/www/vhosts/enlugo.es/httpdocs/wp-class-version.php&path=/var/www/vhosts/enlugo.es/httpdocs HTTP/1.0" 200 8666 "-" "Mozilla/5.0 (compatible; AhrefsBot/7.0; +http://ahrefs.com/robot/)"
92.222.104.219 - - [14/Oct/2025:08:35:23 +0000] "GET /author/diego-v/?fileloc=/var/www/vhosts/enlugo.es/httpdocs/wp-class-vars.php&path=/var/www/vhosts/enlugo.es/httpdocs HTTP/1.0" 200 9490 "-" "Mozilla/5.0 (compatible; AhrefsBot/7.0; +http://ahrefs.com/robot/)"
92.222.108.108 - - [14/Oct/2025:08:36:29 +0000] "GET /author/diego-v/?fileloc=/var/www/vhosts/enlugo.es/httpdocs/wp-class-utils.php&path=/var/www/vhosts/enlugo.es/httpdocs HTTP/1.0" 200 9344 "-" "Mozilla/5.0 (compatible; AhrefsBot/7.0; +http://ahrefs.com/robot/)"
51.68.247.202 - - [14/Oct/2025:08:37:33 +0000] "GET /author/diego-v/?fileloc=/var/www/vhosts/enlugo.es/httpdocs/wp-class-util.php&path=/var/www/vhosts/enlugo.es/httpdocs HTTP/1.0" 200 11010 "-" "Mozilla/5.0 (compatible; AhrefsBot/7.0; +http://ahrefs.com/robot/)"
51.75.236.129 - - [14/Oct/2025:08:38:32 +0000] "GET /author/diego-v/?fileloc=/var/www/vhosts/enlugo.es/httpdocs/wp-class-user.php&path=/var/www/vhosts/enlugo.es/httpdocs HTTP/1.0" 200 8572 "-" "Mozilla/5.0 (compatible; AhrefsBot/7.0; +http://ahrefs.com/robot/)"
148.72.211.168 - - [14/Oct/2025:08:40:29 +0000] "POST /xmlrpc.php HTTP/1.0" 403 3277 "-" "Mozilla/5.0 (Windows NT 6.3; WOW64; Trident/7.0; MASEJS; rv:11.0) like Gecko"
148.72.211.168 - - [14/Oct/2025:08:40:37 +0000] "POST /xmlrpc.php HTTP/1.0" 403 3277 "-" "Mozilla/5.0 (Windows NT 6.3; WOW64; Trident/7.0; MASEJS; rv:11.0) like Gecko"
148.72.211.168 - - [14/Oct/2025:08:40:43 +0000] "POST /xmlrpc.php HTTP/1.0" 403 3277 "-" "Mozilla/5.0 (Windows NT 6.3; WOW64; Trident/7.0; MASEJS; rv:11.0) like Gecko"
148.72.211.168 - - [14/Oct/2025:08:40:51 +0000] "POST /xmlrpc.php HTTP/1.0" 403 3277 "-" "Mozilla/5.0 (Windows NT 6.3; WOW64; Trident/7.0; MASEJS; rv:11.0) like Gecko"
148.72.211.168 - - [14/Oct/2025:08:40:57 +0000] "POST /xmlrpc.php HTTP/1.0" 403 3277 "-" "Mozilla/5.0 (Windows NT 6.3; WOW64; Trident/7.0; MASEJS; rv:11.0) like Gecko"
148.72.211.168 - - [14/Oct/2025:08:41:02 +0000] "POST /xmlrpc.php HTTP/1.0" 403 3277 "-" "Mozilla/5.0 (Windows NT 6.3; WOW64; Trident/7.0; MASEJS; rv:11.0) like Gecko"
20.171.207.160 - - [14/Oct/2025:08:41:20 +0000] "GET /pages.php?38155979 HTTP/1.0" 200 22207 "-" "Mozilla/5.0 AppleWebKit/537.36 (KHTML, like Gecko; compatible; GPTBot/1.2; +https://openai.com/gptbot)"
54.37.118.92 - - [14/Oct/2025:08:41:45 +0000] "GET /?pilihan&path=/var/www/vhosts/enlugo.es/httpdocs HTTP/1.0" 200 13655 "-" "Mozilla/5.0 (compatible; AhrefsBot/7.0; +http://ahrefs.com/robot/)"
20.171.207.160 - - [14/Oct/2025:08:41:45 +0000] "GET /pages.php?84600278 HTTP/1.0" 200 22503 "-" "Mozilla/5.0 AppleWebKit/537.36 (KHTML, like Gecko; compatible; GPTBot/1.2; +https://openai.com/gptbot)"
20.171.207.160 - - [14/Oct/2025:08:42:08 +0000] "GET /pages.php?82400636 HTTP/1.0" 200 22117 "-" "Mozilla/5.0 AppleWebKit/537.36 (KHTML, like Gecko; compatible; GPTBot/1.2; +https://openai.com/gptbot)"
20.171.207.160 - - [14/Oct/2025:08:42:47 +0000] "GET /pages.php?39967941 HTTP/1.0" 200 22084 "-" "Mozilla/5.0 AppleWebKit/537.36 (KHTML, like Gecko; compatible; GPTBot/1.2; +https://openai.com/gptbot)"
51.75.236.135 - - [14/Oct/2025:08:43:49 +0000] "GET /?path=/var/www/vhosts/enlugo.es/httpdocs/wp-includes HTTP/1.0" 200 11135 "-" "Mozilla/5.0 (compatible; AhrefsBot/7.0; +http://ahrefs.com/robot/)"
20.171.207.160 - - [14/Oct/2025:08:44:06 +0000] "GET /pages.php?43063780 HTTP/1.0" 200 23196 "-" "Mozilla/5.0 AppleWebKit/537.36 (KHTML, like Gecko; compatible; GPTBot/1.2; +https://openai.com/gptbot)"
20.171.207.160 - - [14/Oct/2025:08:44:23 +0000] "GET /pages.php?12798764 HTTP/1.0" 200 22239 "-" "Mozilla/5.0 AppleWebKit/537.36 (KHTML, like Gecko; compatible; GPTBot/1.2; +https://openai.com/gptbot)"
20.171.207.160 - - [14/Oct/2025:08:44:30 +0000] "GET /pages.php?72426295 HTTP/1.0" 200 22766 "-" "Mozilla/5.0 AppleWebKit/537.36 (KHTML, like Gecko; compatible; GPTBot/1.2; +https://openai.com/gptbot)"
20.171.207.160 - - [14/Oct/2025:08:44:43 +0000] "GET /pages.php?q-~105s7myqtN7Qy5iiuyJumBNqfutTyrB6n46250/ HTTP/1.0" 200 23224 "-" "Mozilla/5.0 AppleWebKit/537.36 (KHTML, like Gecko; compatible; GPTBot/1.2; +https://openai.com/gptbot)"
20.171.207.160 - - [14/Oct/2025:08:44:48 +0000] "GET /pages.php?19186424 HTTP/1.0" 200 22330 "-" "Mozilla/5.0 AppleWebKit/537.36 (KHTML, like Gecko; compatible; GPTBot/1.2; +https://openai.com/gptbot)"
20.171.207.160 - - [14/Oct/2025:08:44:52 +0000] "GET /pages.php?51786772 HTTP/1.0" 200 22128 "-" "Mozilla/5.0 AppleWebKit/537.36 (KHTML, like Gecko; compatible; GPTBot/1.2; +https://openai.com/gptbot)"
20.171.207.160 - - [14/Oct/2025:08:44:56 +0000] "GET /pages.php?category/18/1 HTTP/1.0" 200 22925 "-" "Mozilla/5.0 AppleWebKit/537.36 (KHTML, like Gecko; compatible; GPTBot/1.2; +https://openai.com/gptbot)"
20.171.207.160 - - [14/Oct/2025:08:45:00 +0000] "GET /pages.php?54833226 HTTP/1.0" 200 22294 "-" "Mozilla/5.0 AppleWebKit/537.36 (KHTML, like Gecko; compatible; GPTBot/1.2; +https://openai.com/gptbot)"
20.171.207.160 - - [14/Oct/2025:08:45:04 +0000] "GET /pages.php?71645806 HTTP/1.0" 200 22873 "-" "Mozilla/5.0 AppleWebKit/537.36 (KHTML, like Gecko; compatible; GPTBot/1.2; +https://openai.com/gptbot)"
20.171.207.160 - - [14/Oct/2025:08:45:07 +0000] "GET /pages.php?category/13/1 HTTP/1.0" 200 22457 "-" "Mozilla/5.0 AppleWebKit/537.36 (KHTML, like Gecko; compatible; GPTBot/1.2; +https://openai.com/gptbot)"
20.171.207.160 - - [14/Oct/2025:08:45:10 +0000] "GET /pages.php?45290457 HTTP/1.0" 200 22974 "-" "Mozilla/5.0 AppleWebKit/537.36 (KHTML, like Gecko; compatible; GPTBot/1.2; +https://openai.com/gptbot)"
20.171.207.160 - - [14/Oct/2025:08:45:13 +0000] "GET /pages.php?31728357 HTTP/1.0" 200 21971 "-" "Mozilla/5.0 AppleWebKit/537.36 (KHTML, like Gecko; compatible; GPTBot/1.2; +https://openai.com/gptbot)"
20.171.207.160 - - [14/Oct/2025:08:45:16 +0000] "GET /pages.php?category/16/1 HTTP/1.0" 200 22357 "-" "Mozilla/5.0 AppleWebKit/537.36 (KHTML, like Gecko; compatible; GPTBot/1.2; +https://openai.com/gptbot)"
20.171.207.160 - - [14/Oct/2025:08:45:29 +0000] "GET /pages.php?77161506 HTTP/1.0" 200 22872 "-" "Mozilla/5.0 AppleWebKit/537.36 (KHTML, like Gecko; compatible; GPTBot/1.2; +https://openai.com/gptbot)"
20.171.207.160 - - [14/Oct/2025:08:45:39 +0000] "GET /pages.php?90177267 HTTP/1.0" 200 22158 "-" "Mozilla/5.0 AppleWebKit/537.36 (KHTML, like Gecko; compatible; GPTBot/1.2; +https://openai.com/gptbot)"
20.171.207.160 - - [14/Oct/2025:08:45:42 +0000] "GET /pages.php?72628991 HTTP/1.0" 200 22190 "-" "Mozilla/5.0 AppleWebKit/537.36 (KHTML, like Gecko; compatible; GPTBot/1.2; +https://openai.com/gptbot)"
20.171.207.160 - - [14/Oct/2025:08:45:45 +0000] "GET /pages.php?25479928 HTTP/1.0" 200 22221 "-" "Mozilla/5.0 AppleWebKit/537.36 (KHTML, like Gecko; compatible; GPTBot/1.2; +https://openai.com/gptbot)"
20.171.207.160 - - [14/Oct/2025:08:45:48 +0000] "GET /pages.php?59941967 HTTP/1.0" 200 22394 "-" "Mozilla/5.0 AppleWebKit/537.36 (KHTML, like Gecko; compatible; GPTBot/1.2; +https://openai.com/gptbot)"
20.171.207.160 - - [14/Oct/2025:08:45:51 +0000] "GET /pages.php?87394001 HTTP/1.0" 200 21915 "-" "Mozilla/5.0 AppleWebKit/537.36 (KHTML, like Gecko; compatible; GPTBot/1.2; +https://openai.com/gptbot)"
20.171.207.160 - - [14/Oct/2025:08:45:57 +0000] "GET /pages.php?96730615 HTTP/1.0" 200 22156 "-" "Mozilla/5.0 AppleWebKit/537.36 (KHTML, like Gecko; compatible; GPTBot/1.2; +https://openai.com/gptbot)"
20.171.207.160 - - [14/Oct/2025:08:46:04 +0000] "GET /pages.php?q-~59i3O7jlIARqPeuycF02vAjDBzIO8ZXj26918/ HTTP/1.0" 200 22053 "-" "Mozilla/5.0 AppleWebKit/537.36 (KHTML, like Gecko; compatible; GPTBot/1.2; +https://openai.com/gptbot)"
20.171.207.160 - - [14/Oct/2025:08:46:17 +0000] "GET /pages.php?63923594 HTTP/1.0" 200 22259 "-" "Mozilla/5.0 AppleWebKit/537.36 (KHTML, like Gecko; compatible; GPTBot/1.2; +https://openai.com/gptbot)"
20.171.207.160 - - [14/Oct/2025:08:46:20 +0000] "GET /pages.php?86945903 HTTP/1.0" 200 22554 "-" "Mozilla/5.0 AppleWebKit/537.36 (KHTML, like Gecko; compatible; GPTBot/1.2; +https://openai.com/gptbot)"
20.171.207.160 - - [14/Oct/2025:08:46:26 +0000] "GET /pages.php?87082966 HTTP/1.0" 200 22289 "-" "Mozilla/5.0 AppleWebKit/537.36 (KHTML, like Gecko; compatible; GPTBot/1.2; +https://openai.com/gptbot)"
20.171.207.160 - - [14/Oct/2025:08:46:29 +0000] "GET /pages.php?56463592 HTTP/1.0" 200 22274 "-" "Mozilla/5.0 AppleWebKit/537.36 (KHTML, like Gecko; compatible; GPTBot/1.2; +https://openai.com/gptbot)"
20.171.207.160 - - [14/Oct/2025:08:46:35 +0000] "GET /pages.php?84769527 HTTP/1.0" 200 23238 "-" "Mozilla/5.0 AppleWebKit/537.36 (KHTML, like Gecko; compatible; GPTBot/1.2; +https://openai.com/gptbot)"
20.171.207.160 - - [14/Oct/2025:08:46:38 +0000] "GET /pages.php?items/087046393.html?srsltid=AfmBOowjzlIRCLxINoSfjFagYoKWtjVUlnTSheNEXnhJyGNgpst5 HTTP/1.0" 200 22424 "-" "Mozilla/5.0 AppleWebKit/537.36 (KHTML, like Gecko; compatible; GPTBot/1.2; +https://openai.com/gptbot)"
20.171.207.160 - - [14/Oct/2025:08:46:45 +0000] "GET /pages.php?75413718 HTTP/1.0" 200 22453 "-" "Mozilla/5.0 AppleWebKit/537.36 (KHTML, like Gecko; compatible; GPTBot/1.2; +https://openai.com/gptbot)"
20.171.207.160 - - [14/Oct/2025:08:46:48 +0000] "GET /pages.php?87535145 HTTP/1.0" 200 22306 "-" "Mozilla/5.0 AppleWebKit/537.36 (KHTML, like Gecko; compatible; GPTBot/1.2; +https://openai.com/gptbot)"
20.171.207.160 - - [14/Oct/2025:08:46:54 +0000] "GET /pages.php?SUSA1951DGE4999DU044846 HTTP/1.0" 200 22140 "-" "Mozilla/5.0 AppleWebKit/537.36 (KHTML, like Gecko; compatible; GPTBot/1.2; +https://openai.com/gptbot)"
20.171.207.160 - - [14/Oct/2025:08:47:33 +0000] "GET /pages.php?93780184 HTTP/1.0" 200 22194 "-" "Mozilla/5.0 AppleWebKit/537.36 (KHTML, like Gecko; compatible; GPTBot/1.2; +https://openai.com/gptbot)"
20.171.207.160 - - [14/Oct/2025:08:47:39 +0000] "GET /pages.php?57961046 HTTP/1.0" 200 21837 "-" "Mozilla/5.0 AppleWebKit/537.36 (KHTML, like Gecko; compatible; GPTBot/1.2; +https://openai.com/gptbot)"
51.68.247.206 - - [14/Oct/2025:08:47:43 +0000] "GET /?path=/var/www/vhosts/enlugo.es/httpdocs/wp-admin HTTP/1.0" 200 7301 "-" "Mozilla/5.0 (compatible; AhrefsBot/7.0; +http://ahrefs.com/robot/)"
20.171.207.160 - - [14/Oct/2025:08:47:48 +0000] "GET /pages.php?23866779 HTTP/1.0" 200 22559 "-" "Mozilla/5.0 AppleWebKit/537.36 (KHTML, like Gecko; compatible; GPTBot/1.2; +https://openai.com/gptbot)"
20.171.207.160 - - [14/Oct/2025:08:47:52 +0000] "GET /pages.php?29880016 HTTP/1.0" 200 22103 "-" "Mozilla/5.0 AppleWebKit/537.36 (KHTML, like Gecko; compatible; GPTBot/1.2; +https://openai.com/gptbot)"
20.171.207.160 - - [14/Oct/2025:08:48:06 +0000] "GET /pages.php?items/099000221.html?srsltid=AfmBOomiiTTTKWsDngkqxVlYVqaTGzJAnyCLHgQRMqq7Q7qondma HTTP/1.0" 200 22697 "-" "Mozilla/5.0 AppleWebKit/537.36 (KHTML, like Gecko; compatible; GPTBot/1.2; +https://openai.com/gptbot)"
20.171.207.160 - - [14/Oct/2025:08:48:12 +0000] "GET /pages.php?46201840 HTTP/1.0" 200 23836 "-" "Mozilla/5.0 AppleWebKit/537.36 (KHTML, like Gecko; compatible; GPTBot/1.2; +https://openai.com/gptbot)"
20.171.207.160 - - [14/Oct/2025:08:48:15 +0000] "GET /pages.php?cate_id=9639&channel=persuade-equipment-happily&page=https://enlugo.es/item.aspx?items/085000563.html?srsltid=AfmBOofyypWJACsozXCJH2QsTObjwERb3ALxbkaQy5mSBXJZB7sQ&pid=24392447580 HTTP/1.0" 200 23678 "-" "Mozilla/5.0 AppleWebKit/537.36 (KHTML, like Gecko; compatible; GPTBot/1.2; +https://openai.com/gptbot)"
20.171.207.160 - - [14/Oct/2025:08:48:25 +0000] "GET /pages.php?74013566 HTTP/1.0" 200 22501 "-" "Mozilla/5.0 AppleWebKit/537.36 (KHTML, like Gecko; compatible; GPTBot/1.2; +https://openai.com/gptbot)"
20.171.207.160 - - [14/Oct/2025:08:48:28 +0000] "GET /pages.php?97151232 HTTP/1.0" 200 22084 "-" "Mozilla/5.0 AppleWebKit/537.36 (KHTML, like Gecko; compatible; GPTBot/1.2; +https://openai.com/gptbot)"
20.171.207.160 - - [14/Oct/2025:08:48:34 +0000] "GET /pages.php?84426153 HTTP/1.0" 200 22412 "-" "Mozilla/5.0 AppleWebKit/537.36 (KHTML, like Gecko; compatible; GPTBot/1.2; +https://openai.com/gptbot)"
20.171.207.160 - - [14/Oct/2025:08:48:37 +0000] "GET /pages.php?79379584 HTTP/1.0" 200 22175 "-" "Mozilla/5.0 AppleWebKit/537.36 (KHTML, like Gecko; compatible; GPTBot/1.2; +https://openai.com/gptbot)"
20.171.207.160 - - [14/Oct/2025:08:48:56 +0000] "GET /pages.php?46550835 HTTP/1.0" 200 22192 "-" "Mozilla/5.0 AppleWebKit/537.36 (KHTML, like Gecko; compatible; GPTBot/1.2; +https://openai.com/gptbot)"
20.171.207.160 - - [14/Oct/2025:08:49:03 +0000] "GET /pages.php?31872261 HTTP/1.0" 200 22312 "-" "Mozilla/5.0 AppleWebKit/537.36 (KHTML, like Gecko; compatible; GPTBot/1.2; +https://openai.com/gptbot)"
20.171.207.160 - - [14/Oct/2025:08:49:09 +0000] "GET /pages.php?24193157 HTTP/1.0" 200 22131 "-" "Mozilla/5.0 AppleWebKit/537.36 (KHTML, like Gecko; compatible; GPTBot/1.2; +https://openai.com/gptbot)"
51.75.236.131 - - [14/Oct/2025:08:51:22 +0000] "GET /?path=/var/www/vhosts/enlugo.es/httpdocs/images HTTP/1.0" 200 6789 "-" "Mozilla/5.0 (compatible; AhrefsBot/7.0; +http://ahrefs.com/robot/)"
20.171.207.160 - - [14/Oct/2025:08:52:00 +0000] "GET /pages.php?28027610 HTTP/1.0" 200 23027 "-" "Mozilla/5.0 AppleWebKit/537.36 (KHTML, like Gecko; compatible; GPTBot/1.2; +https://openai.com/gptbot)"
20.171.207.160 - - [14/Oct/2025:08:52:10 +0000] "GET /pages.php?97659413 HTTP/1.0" 200 22599 "-" "Mozilla/5.0 AppleWebKit/537.36 (KHTML, like Gecko; compatible; GPTBot/1.2; +https://openai.com/gptbot)"
20.171.207.160 - - [14/Oct/2025:08:52:36 +0000] "GET /pages.php?96530579 HTTP/1.0" 200 23147 "-" "Mozilla/5.0 AppleWebKit/537.36 (KHTML, like Gecko; compatible; GPTBot/1.2; +https://openai.com/gptbot)"
20.171.207.160 - - [14/Oct/2025:08:53:14 +0000] "GET /pages.php?70072265 HTTP/1.0" 200 22566 "-" "Mozilla/5.0 AppleWebKit/537.36 (KHTML, like Gecko; compatible; GPTBot/1.2; +https://openai.com/gptbot)"
20.171.207.160 - - [14/Oct/2025:08:53:17 +0000] "GET /pages.php?85587530 HTTP/1.0" 200 21797 "-" "Mozilla/5.0 AppleWebKit/537.36 (KHTML, like Gecko; compatible; GPTBot/1.2; +https://openai.com/gptbot)"
20.171.207.160 - - [14/Oct/2025:08:53:26 +0000] "GET /pages.php?q-~186ljceY1uWXVJf0Y025Kl8HfSEjWdLVt30877/ HTTP/1.0" 200 22448 "-" "Mozilla/5.0 AppleWebKit/537.36 (KHTML, like Gecko; compatible; GPTBot/1.2; +https://openai.com/gptbot)"
20.171.207.160 - - [14/Oct/2025:08:53:29 +0000] "GET /pages.php?q-~8w7JH9LV1bqcd05oeJCIVoF5CZiKO3S985/ HTTP/1.0" 200 21611 "-" "Mozilla/5.0 AppleWebKit/537.36 (KHTML, like Gecko; compatible; GPTBot/1.2; +https://openai.com/gptbot)"
92.222.108.126 - - [14/Oct/2025:08:54:19 +0000] "GET /?path=/var/www/vhosts/enlugo.es/httpdocs/cgi-bin HTTP/1.0" 200 4671 "-" "Mozilla/5.0 (compatible; AhrefsBot/7.0; +http://ahrefs.com/robot/)"
20.171.207.160 - - [14/Oct/2025:08:55:08 +0000] "GET /pages.php?shop/userreview/write.aspx HTTP/1.0" 200 22398 "-" "Mozilla/5.0 AppleWebKit/537.36 (KHTML, like Gecko; compatible; GPTBot/1.2; +https://openai.com/gptbot)"
20.171.207.160 - - [14/Oct/2025:08:55:14 +0000] "GET /pages.php?first23-trusco-2217686 HTTP/1.0" 200 22737 "-" "Mozilla/5.0 AppleWebKit/537.36 (KHTML, like Gecko; compatible; GPTBot/1.2; +https://openai.com/gptbot)"
20.171.207.160 - - [14/Oct/2025:08:55:17 +0000] "GET /pages.php?first34-trusco-6938856 HTTP/1.0" 200 22383 "-" "Mozilla/5.0 AppleWebKit/537.36 (KHTML, like Gecko; compatible; GPTBot/1.2; +https://openai.com/gptbot)"
92.222.104.193 - - [14/Oct/2025:08:56:55 +0000] "GET /?path=/var/www/vhosts/enlugo.es/httpdocs/cache HTTP/1.0" 200 12416 "-" "Mozilla/5.0 (compatible; AhrefsBot/7.0; +http://ahrefs.com/robot/)"
20.171.207.160 - - [14/Oct/2025:08:59:04 +0000] "GET /pages.php?64399956 HTTP/1.0" 200 22756 "-" "Mozilla/5.0 AppleWebKit/537.36 (KHTML, like Gecko; compatible; GPTBot/1.2; +https://openai.com/gptbot)"
20.171.207.160 - - [14/Oct/2025:08:59:14 +0000] "GET /pages.php?59535557 HTTP/1.0" 200 23105 "-" "Mozilla/5.0 AppleWebKit/537.36 (KHTML, like Gecko; compatible; GPTBot/1.2; +https://openai.com/gptbot)"
