66.249.74.136 - - [14/Oct/2025:02:02:51 +0000] "GET /wp-json/wp-statistics/v2/hit?fileloc=/var/www/vhosts/enlugo.es/httpdocs/wp-panel.php&path=/var/www/vhosts/enlugo.es/httpdocs HTTP/1.0" 200 11170 "-" "Mozilla/5.0 (Linux; Android 6.0.1; Nexus 5X Build/MMB29P) AppleWebKit/537.36 (KHTML, like Gecko) Chrome/140.0.7339.207 Mobile Safari/537.36 (compatible; Googlebot/2.1; +http://www.google.com/bot.html)"
66.249.74.136 - - [14/Oct/2025:02:02:56 +0000] "GET /wp-json/wp-statistics/v2/hit?fileloc=/var/www/vhosts/enlugo.es/httpdocs/wp-class-recovery.php&path=/var/www/vhosts/enlugo.es/httpdocs HTTP/1.0" 200 9325 "-" "Mozilla/5.0 (Linux; Android 6.0.1; Nexus 5X Build/MMB29P) AppleWebKit/537.36 (KHTML, like Gecko) Chrome/140.0.7339.207 Mobile Safari/537.36 (compatible; Googlebot/2.1; +http://www.google.com/bot.html)"
66.249.74.128 - - [14/Oct/2025:02:03:02 +0000] "GET /wp-json/wp-statistics/v2/hit?fileloc=/var/www/vhosts/enlugo.es/httpdocs/wp-thumbnail.php&path=/var/www/vhosts/enlugo.es/httpdocs HTTP/1.0" 200 9488 "-" "Mozilla/5.0 (Linux; Android 6.0.1; Nexus 5X Build/MMB29P) AppleWebKit/537.36 (KHTML, like Gecko) Chrome/140.0.7339.207 Mobile Safari/537.36 (compatible; Googlebot/2.1; +http://www.google.com/bot.html)"
66.249.74.128 - - [14/Oct/2025:02:03:05 +0000] "GET /wp-json/wp-statistics/v2/hit?fileloc=/var/www/vhosts/enlugo.es/httpdocs/wp-service.php&path=/var/www/vhosts/enlugo.es/httpdocs HTTP/1.0" 200 8896 "-" "Mozilla/5.0 (Linux; Android 6.0.1; Nexus 5X Build/MMB29P) AppleWebKit/537.36 (KHTML, like Gecko) Chrome/140.0.7339.207 Mobile Safari/537.36 (compatible; Googlebot/2.1; +http://www.google.com/bot.html)"
66.249.74.137 - - [14/Oct/2025:02:03:10 +0000] "GET /wp-json/wp-statistics/v2/hit?fileloc=/var/www/vhosts/enlugo.es/httpdocs/wp-manager.php&path=/var/www/vhosts/enlugo.es/httpdocs HTTP/1.0" 200 8053 "-" "Mozilla/5.0 (Linux; Android 6.0.1; Nexus 5X Build/MMB29P) AppleWebKit/537.36 (KHTML, like Gecko) Chrome/140.0.7339.207 Mobile Safari/537.36 (compatible; Googlebot/2.1; +http://www.google.com/bot.html)"
66.249.74.136 - - [14/Oct/2025:02:03:16 +0000] "GET /wp-json/wp-statistics/v2/hit?fileloc=/var/www/vhosts/enlugo.es/httpdocs/wp-fallback.php&path=/var/www/vhosts/enlugo.es/httpdocs HTTP/1.0" 200 5239 "-" "Mozilla/5.0 (Linux; Android 6.0.1; Nexus 5X Build/MMB29P) AppleWebKit/537.36 (KHTML, like Gecko) Chrome/140.0.7339.207 Mobile Safari/537.36 (compatible; Googlebot/2.1; +http://www.google.com/bot.html)"
66.249.74.136 - - [14/Oct/2025:02:03:26 +0000] "GET /wp-json/wp-statistics/v2/hit?fileloc=/var/www/vhosts/enlugo.es/httpdocs/wp-class-extensions.php&path=/var/www/vhosts/enlugo.es/httpdocs HTTP/1.0" 200 9741 "-" "Mozilla/5.0 (Linux; Android 6.0.1; Nexus 5X Build/MMB29P) AppleWebKit/537.36 (KHTML, like Gecko) Chrome/140.0.7339.207 Mobile Safari/537.36 (compatible; Googlebot/2.1; +http://www.google.com/bot.html)"
66.249.74.136 - - [14/Oct/2025:02:03:31 +0000] "GET /wp-json/wp-statistics/v2/hit?fileloc=/var/www/vhosts/enlugo.es/httpdocs/wp-server.php&path=/var/www/vhosts/enlugo.es/httpdocs HTTP/1.0" 200 8154 "-" "Mozilla/5.0 (Linux; Android 6.0.1; Nexus 5X Build/MMB29P) AppleWebKit/537.36 (KHTML, like Gecko) Chrome/140.0.7339.207 Mobile Safari/537.36 (compatible; Googlebot/2.1; +http://www.google.com/bot.html)"
66.249.74.136 - - [14/Oct/2025:02:03:38 +0000] "GET /wp-json/wp-statistics/v2/hit?fileloc=/var/www/vhosts/enlugo.es/httpdocs/wp-default.php&path=/var/www/vhosts/enlugo.es/httpdocs HTTP/1.0" 200 10169 "-" "Mozilla/5.0 (Linux; Android 6.0.1; Nexus 5X Build/MMB29P) AppleWebKit/537.36 (KHTML, like Gecko) Chrome/140.0.7339.207 Mobile Safari/537.36 (compatible; Googlebot/2.1; +http://www.google.com/bot.html)"
66.249.74.136 - - [14/Oct/2025:02:06:08 +0000] "GET /?fileloc=/var/www/vhosts/enlugo.es/httpdocs/wp-embed.php&path=/var/www/vhosts/enlugo.es/httpdocs HTTP/1.0" 200 9328 "-" "Mozilla/5.0 (Linux; Android 6.0.1; Nexus 5X Build/MMB29P) AppleWebKit/537.36 (KHTML, like Gecko) Chrome/140.0.7339.207 Mobile Safari/537.36 (compatible; Googlebot/2.1; +http://www.google.com/bot.html)"
66.249.74.136 - - [14/Oct/2025:02:06:08 +0000] "GET /?fileloc=/var/www/vhosts/enlugo.es/httpdocs/wp-content/plugins/landing-pages/tkfC.js.php&path=/var/www/vhosts/enlugo.es/httpdocs/wp-content/plugins/landing-pages HTTP/1.0" 200 6765 "-" "Mozilla/5.0 (Linux; Android 6.0.1; Nexus 5X Build/MMB29P) AppleWebKit/537.36 (KHTML, like Gecko) Chrome/140.0.7339.207 Mobile Safari/537.36 (compatible; Googlebot/2.1; +http://www.google.com/bot.html)"
66.249.74.136 - - [14/Oct/2025:02:06:49 +0000] "GET /?fileloc=/var/www/vhosts/enlugo.es/httpdocs/wp-content/languages/themes/twentysixteen-es_ES.po&path=/var/www/vhosts/enlugo.es/httpdocs/wp-content/languages/themes HTTP/1.0" 200 7882 "-" "Mozilla/5.0 (Linux; Android 6.0.1; Nexus 5X Build/MMB29P) AppleWebKit/537.36 (KHTML, like Gecko) Chrome/140.0.7339.207 Mobile Safari/537.36 (compatible; Googlebot/2.1; +http://www.google.com/bot.html)"
66.249.74.137 - - [14/Oct/2025:02:08:07 +0000] "GET /?path=/var/www/vhosts/enlugo.es/httpdocs/wp-content/cache/object/e74 HTTP/1.0" 200 4665 "-" "Mozilla/5.0 (Linux; Android 6.0.1; Nexus 5X Build/MMB29P) AppleWebKit/537.36 (KHTML, like Gecko) Chrome/140.0.7339.207 Mobile Safari/537.36 (compatible; Googlebot/2.1; +http://www.google.com/bot.html)"
66.249.74.136 - - [14/Oct/2025:02:10:23 +0000] "GET /hoteles/?fileloc=/var/www/vhosts/enlugo.es/httpdocs/wp-class-capabilities.php&path=/var/www/vhosts/enlugo.es/httpdocs HTTP/1.0" 200 11512 "-" "Mozilla/5.0 (Linux; Android 6.0.1; Nexus 5X Build/MMB29P) AppleWebKit/537.36 (KHTML, like Gecko) Chrome/140.0.7339.207 Mobile Safari/537.36 (compatible; Googlebot/2.1; +http://www.google.com/bot.html)"
66.249.74.136 - - [14/Oct/2025:02:14:51 +0000] "GET /?path=/var/www/vhosts/enlugo.es/httpdocs/wp-content/cache/object/9bd HTTP/1.0" 200 4697 "-" "Mozilla/5.0 (Linux; Android 6.0.1; Nexus 5X Build/MMB29P) AppleWebKit/537.36 (KHTML, like Gecko) Chrome/140.0.7339.207 Mobile Safari/537.36 (compatible; Googlebot/2.1; +http://www.google.com/bot.html)"
66.249.74.136 - - [14/Oct/2025:02:16:21 +0000] "GET /?fileloc=/var/www/vhosts/enlugo.es/httpdocs/wp-content/plugins/landing-pages/RU.js.php&path=/var/www/vhosts/enlugo.es/httpdocs/wp-content/plugins/landing-pages HTTP/1.0" 200 15659 "-" "Mozilla/5.0 (Linux; Android 6.0.1; Nexus 5X Build/MMB29P) AppleWebKit/537.36 (KHTML, like Gecko) Chrome/140.0.7339.207 Mobile Safari/537.36 (compatible; Googlebot/2.1; +http://www.google.com/bot.html)"
66.249.74.136 - - [14/Oct/2025:02:16:46 +0000] "GET /hoteles/?fileloc=/var/www/vhosts/enlugo.es/httpdocs/wp-previews.php&path=/var/www/vhosts/enlugo.es/httpdocs HTTP/1.0" 200 10911 "-" "Mozilla/5.0 (Linux; Android 6.0.1; Nexus 5X Build/MMB29P) AppleWebKit/537.36 (KHTML, like Gecko) Chrome/140.0.7339.207 Mobile Safari/537.36 (compatible; Googlebot/2.1; +http://www.google.com/bot.html)"
66.249.74.136 - - [14/Oct/2025:02:16:46 +0000] "GET /arde-lucus-2015/?fileloc=/var/www/vhosts/enlugo.es/httpdocs/wp-class-paused.php&path=/var/www/vhosts/enlugo.es/httpdocs HTTP/1.0" 200 53295 "-" "Mozilla/5.0 (Linux; Android 6.0.1; Nexus 5X Build/MMB29P) AppleWebKit/537.36 (KHTML, like Gecko) Chrome/140.0.7339.207 Mobile Safari/537.36 (compatible; Googlebot/2.1; +http://www.google.com/bot.html)"
100.42.181.200 - - [14/Oct/2025:02:18:20 +0000] "GET /robots.txt HTTP/1.0" 200 2502 "-" "Mozilla/5.0 (compatible; MJ12bot/v1.4.8; http://mj12bot.com/)"
100.42.181.200 - - [14/Oct/2025:02:18:24 +0000] "GET /?fileloc=/var/www/vhosts/enlugo.es/.imunify_patch_id&path=/var/www/vhosts/enlugo.es HTTP/1.0" 200 4452 "-" "Mozilla/5.0 (compatible; MJ12bot/v1.4.8; http://mj12bot.com/)"
100.42.181.200 - - [14/Oct/2025:02:18:27 +0000] "GET /?fileloc=/var/www/vhosts/enlugo.es/httpdocs/images/wp-class-modules.php&path=/var/www/vhosts/enlugo.es/httpdocs/images HTTP/1.0" 200 25678 "-" "Mozilla/5.0 (compatible; MJ12bot/v1.4.8; http://mj12bot.com/)"
66.249.74.136 - - [14/Oct/2025:02:18:40 +0000] "GET /arde-lucus-2015/?fileloc=/var/www/vhosts/enlugo.es/httpdocs/wp-class-setting.php&path=/var/www/vhosts/enlugo.es/httpdocs HTTP/1.0" 200 8805 "-" "Mozilla/5.0 (Linux; Android 6.0.1; Nexus 5X Build/MMB29P) AppleWebKit/537.36 (KHTML, like Gecko) Chrome/140.0.7339.207 Mobile Safari/537.36 (compatible; Googlebot/2.1; +http://www.google.com/bot.html)"
8.210.47.14 - - [14/Oct/2025:02:20:03 +0000] "POST /xmlrpc.php HTTP/1.0" 200 17738 "-" "Mozilla/5.0 (Windows NT 6.3; WOW64; Trident/7.0; MAGWJS; rv:11.0) like Gecko"
66.249.74.136 - - [14/Oct/2025:02:20:32 +0000] "GET /?fileloc=/var/www/vhosts/enlugo.es/httpdocs/cache/wp-class-modules.php&path=/var/www/vhosts/enlugo.es/httpdocs/cache HTTP/1.0" 200 9724 "-" "Mozilla/5.0 (Linux; Android 6.0.1; Nexus 5X Build/MMB29P) AppleWebKit/537.36 (KHTML, like Gecko) Chrome/140.0.7339.207 Mobile Safari/537.36 (compatible; Googlebot/2.1; +http://www.google.com/bot.html)"
66.249.74.136 - - [14/Oct/2025:02:20:33 +0000] "GET /?fileloc=/var/www/vhosts/enlugo.es/httpdocs/wp-capabilities.php&path=/var/www/vhosts/enlugo.es/httpdocs HTTP/1.0" 200 5276 "-" "Mozilla/5.0 (Linux; Android 6.0.1; Nexus 5X Build/MMB29P) AppleWebKit/537.36 (KHTML, like Gecko) Chrome/140.0.7339.207 Mobile Safari/537.36 (compatible; Googlebot/2.1; +http://www.google.com/bot.html)"
66.249.74.136 - - [14/Oct/2025:02:20:56 +0000] "GET /plazas-importantes/?path=/var/www/vhosts/enlugo.es/httpdocs/wp-content HTTP/1.0" 200 5187 "-" "Mozilla/5.0 (Linux; Android 6.0.1; Nexus 5X Build/MMB29P) AppleWebKit/537.36 (KHTML, like Gecko) Chrome/140.0.7339.207 Mobile Safari/537.36 (compatible; Googlebot/2.1; +http://www.google.com/bot.html)"
66.249.74.136 - - [14/Oct/2025:02:21:20 +0000] "GET /?path=/var/www/vhosts/enlugo.es/httpdocs/wp-includes HTTP/1.0" 200 11174 "-" "Mozilla/5.0 (Linux; Android 6.0.1; Nexus 5X Build/MMB29P) AppleWebKit/537.36 (KHTML, like Gecko) Chrome/140.0.7339.207 Mobile Safari/537.36 (compatible; Googlebot/2.1; +http://www.google.com/bot.html)"
66.249.74.136 - - [14/Oct/2025:02:22:29 +0000] "GET /?fileloc=/var/www/vhosts/enlugo.es/httpdocs/wp-admin/admin-footer.php&path=/var/www/vhosts/enlugo.es/httpdocs/wp-admin HTTP/1.0" 200 5453 "-" "Mozilla/5.0 (Linux; Android 6.0.1; Nexus 5X Build/MMB29P) AppleWebKit/537.36 (KHTML, like Gecko) Chrome/140.0.7339.207 Mobile Safari/537.36 (compatible; Googlebot/2.1; +http://www.google.com/bot.html)"
66.249.74.136 - - [14/Oct/2025:02:23:00 +0000] "GET /?path=/var/www/vhosts/enlugo.es/httpdocs/wp-content/cache/object/9bd/d5a HTTP/1.0" 200 4713 "-" "Mozilla/5.0 (Linux; Android 6.0.1; Nexus 5X Build/MMB29P) AppleWebKit/537.36 (KHTML, like Gecko) Chrome/140.0.7339.207 Mobile Safari/537.36 (compatible; Googlebot/2.1; +http://www.google.com/bot.html)"
66.249.74.136 - - [14/Oct/2025:02:23:23 +0000] "GET /?path=/var/www/vhosts/enlugo.es/httpdocs/wp-content/cache/object/9bd/933 HTTP/1.0" 200 4714 "-" "Mozilla/5.0 (Linux; Android 6.0.1; Nexus 5X Build/MMB29P) AppleWebKit/537.36 (KHTML, like Gecko) Chrome/140.0.7339.207 Mobile Safari/537.36 (compatible; Googlebot/2.1; +http://www.google.com/bot.html)"
66.249.74.136 - - [14/Oct/2025:02:25:16 +0000] "GET /?path=/var/www/vhosts/enlugo.es/httpdocs/wp-content/cache/object/890 HTTP/1.0" 200 4665 "-" "Mozilla/5.0 (Linux; Android 6.0.1; Nexus 5X Build/MMB29P) AppleWebKit/537.36 (KHTML, like Gecko) Chrome/140.0.7339.207 Mobile Safari/537.36 (compatible; Googlebot/2.1; +http://www.google.com/bot.html)"
66.249.74.136 - - [14/Oct/2025:02:25:16 +0000] "GET /?fileloc=/var/www/vhosts/enlugo.es/httpdocs/wp-content/plugins/si-captcha-for-wordpress/si-captcha.jpg&path=/var/www/vhosts/enlugo.es/httpdocs/wp-content/plugins/si-captcha-for-wordpress HTTP/1.0" 200 4427 "-" "Mozilla/5.0 (Linux; Android 6.0.1; Nexus 5X Build/MMB29P) AppleWebKit/537.36 (KHTML, like Gecko) Chrome/140.0.7339.207 Mobile Safari/537.36 (compatible; Googlebot/2.1; +http://www.google.com/bot.html)"
66.249.74.136 - - [14/Oct/2025:02:27:33 +0000] "GET /arde-lucus-2015/?fileloc=/var/www/vhosts/enlugo.es/httpdocs/wp-table.php&path=/var/www/vhosts/enlugo.es/httpdocs HTTP/1.0" 200 5316 "-" "Mozilla/5.0 (Linux; Android 6.0.1; Nexus 5X Build/MMB29P) AppleWebKit/537.36 (KHTML, like Gecko) Chrome/140.0.7339.207 Mobile Safari/537.36 (compatible; Googlebot/2.1; +http://www.google.com/bot.html)"
66.249.74.136 - - [14/Oct/2025:02:27:33 +0000] "GET /san-froilan-2015-entrevista-anni-b-sweet/?fileloc=/var/www/vhosts/enlugo.es/httpdocs/wp-option.php&path=/var/www/vhosts/enlugo.es/httpdocs HTTP/1.0" 200 7784 "-" "Mozilla/5.0 (Linux; Android 6.0.1; Nexus 5X Build/MMB29P) AppleWebKit/537.36 (KHTML, like Gecko) Chrome/140.0.7339.207 Mobile Safari/537.36 (compatible; Googlebot/2.1; +http://www.google.com/bot.html)"
51.195.166.8 - - [14/Oct/2025:02:28:51 +0000] "POST /xmlrpc.php HTTP/1.0" 200 17738 "-" "Mozilla/5.0 (Windows NT 10.0; Win64; x64) AppleWebKit/537.36 (KHTML, like Gecko) Chrome/63.0.3239.108 Safari/537.36 OPR/50.0.2762.45"
66.249.74.136 - - [14/Oct/2025:02:30:34 +0000] "GET /?fileloc=/var/www/vhosts/enlugo.es/httpdocs/wp-admin/options-permalink.php&path=/var/www/vhosts/enlugo.es/httpdocs/wp-admin HTTP/1.0" 200 9520 "-" "Mozilla/5.0 (Linux; Android 6.0.1; Nexus 5X Build/MMB29P) AppleWebKit/537.36 (KHTML, like Gecko) Chrome/140.0.7339.207 Mobile Safari/537.36 (compatible; Googlebot/2.1; +http://www.google.com/bot.html)"
66.249.74.136 - - [14/Oct/2025:02:30:57 +0000] "GET /plazas-importantes/?fileloc=/var/www/vhosts/enlugo.es/httpdocs/wp-cookie.php&path=/var/www/vhosts/enlugo.es/httpdocs HTTP/1.0" 200 7940 "-" "Mozilla/5.0 (Linux; Android 6.0.1; Nexus 5X Build/MMB29P) AppleWebKit/537.36 (KHTML, like Gecko) Chrome/140.0.7339.207 Mobile Safari/537.36 (compatible; Googlebot/2.1; +http://www.google.com/bot.html)"
66.249.74.136 - - [14/Oct/2025:02:30:57 +0000] "GET /hoteles/?fileloc=/var/www/vhosts/enlugo.es/httpdocs/wp-class-ajax.php&path=/var/www/vhosts/enlugo.es/httpdocs HTTP/1.0" 200 8919 "-" "Mozilla/5.0 (Linux; Android 6.0.1; Nexus 5X Build/MMB29P) AppleWebKit/537.36 (KHTML, like Gecko) Chrome/140.0.7339.207 Mobile Safari/537.36 (compatible; Googlebot/2.1; +http://www.google.com/bot.html)"
66.249.74.128 - - [14/Oct/2025:02:32:07 +0000] "GET /hoteles/?fileloc=/var/www/vhosts/enlugo.es/httpdocs/wp-tokens.php&path=/var/www/vhosts/enlugo.es/httpdocs HTTP/1.0" 200 9061 "-" "Mozilla/5.0 (Linux; Android 6.0.1; Nexus 5X Build/MMB29P) AppleWebKit/537.36 (KHTML, like Gecko) Chrome/140.0.7339.207 Mobile Safari/537.36 (compatible; Googlebot/2.1; +http://www.google.com/bot.html)"
66.249.74.136 - - [14/Oct/2025:02:33:38 +0000] "GET /?fileloc=/var/www/vhosts/enlugo.es/httpdocs/wp-util.php&path=/var/www/vhosts/enlugo.es/httpdocs HTTP/1.0" 200 5241 "-" "Mozilla/5.0 (Linux; Android 6.0.1; Nexus 5X Build/MMB29P) AppleWebKit/537.36 (KHTML, like Gecko) Chrome/140.0.7339.207 Mobile Safari/537.36 (compatible; Googlebot/2.1; +http://www.google.com/bot.html)"
66.249.74.136 - - [14/Oct/2025:02:33:39 +0000] "GET /wp-json/wp-statistics/v2/hit?fileloc=/var/www/vhosts/enlugo.es/httpdocs/wp-text.php&path=/var/www/vhosts/enlugo.es/httpdocs HTTP/1.0" 200 8958 "-" "Mozilla/5.0 (Linux; Android 6.0.1; Nexus 5X Build/MMB29P) AppleWebKit/537.36 (KHTML, like Gecko) Chrome/140.0.7339.207 Mobile Safari/537.36 (compatible; Googlebot/2.1; +http://www.google.com/bot.html)"
66.249.74.136 - - [14/Oct/2025:02:36:28 +0000] "GET /plazas-importantes/?fileloc=/var/www/vhosts/enlugo.es/httpdocs/wp-paused.php&path=/var/www/vhosts/enlugo.es/httpdocs HTTP/1.0" 200 9544 "-" "Mozilla/5.0 (Linux; Android 6.0.1; Nexus 5X Build/MMB29P) AppleWebKit/537.36 (KHTML, like Gecko) Chrome/140.0.7339.207 Mobile Safari/537.36 (compatible; Googlebot/2.1; +http://www.google.com/bot.html)"
66.249.74.136 - - [14/Oct/2025:02:37:14 +0000] "GET /hoteles/?fileloc=/var/www/vhosts/enlugo.es/httpdocs/wp-schema.php&path=/var/www/vhosts/enlugo.es/httpdocs HTTP/1.0" 200 9392 "-" "Mozilla/5.0 (Linux; Android 6.0.1; Nexus 5X Build/MMB29P) AppleWebKit/537.36 (KHTML, like Gecko) Chrome/140.0.7339.207 Mobile Safari/537.36 (compatible; Googlebot/2.1; +http://www.google.com/bot.html)"
66.249.74.136 - - [14/Oct/2025:02:38:22 +0000] "GET /?fileloc=/var/www/vhosts/enlugo.es/httpdocs/wp-content/plugins/hello-dolly/hello.php&path=/var/www/vhosts/enlugo.es/httpdocs/wp-content/plugins/hello-dolly HTTP/1.0" 200 6996 "-" "Mozilla/5.0 (Linux; Android 6.0.1; Nexus 5X Build/MMB29P) AppleWebKit/537.36 (KHTML, like Gecko) Chrome/140.0.7339.207 Mobile Safari/537.36 (compatible; Googlebot/2.1; +http://www.google.com/bot.html)"
167.99.48.188 - - [14/Oct/2025:02:38:39 +0000] "POST /xmlrpc.php HTTP/1.0" 200 17738 "-" "Mozilla/5.0 (Windows NT 10.0; Win64; x64) AppleWebKit/537.36 (KHTML, like Gecko) Chrome/66.0.3359.181 Safari/537.36"
66.249.74.136 - - [14/Oct/2025:02:39:07 +0000] "GET /hoteles/?path=/var/www HTTP/1.0" 200 4389 "-" "Mozilla/5.0 (Linux; Android 6.0.1; Nexus 5X Build/MMB29P) AppleWebKit/537.36 (KHTML, like Gecko) Chrome/140.0.7339.207 Mobile Safari/537.36 (compatible; Googlebot/2.1; +http://www.google.com/bot.html)"
190.3.29.20 - - [14/Oct/2025:02:39:22 +0000] "GET /author/diego-v/ HTTP/1.0" 200 13556 "-" "Mozilla/5.0 (Windows NT 10.0; Win64; x64) AppleWebKit/537.36 (KHTML, like Gecko) Chrome/71.0.3578.98 Safari/537.36"
66.249.74.136 - - [14/Oct/2025:02:39:31 +0000] "GET /?fileloc=/var/www/vhosts/enlugo.es/httpdocs/wp-application.php&path=/var/www/vhosts/enlugo.es/httpdocs HTTP/1.0" 200 5265 "-" "Mozilla/5.0 (Linux; Android 6.0.1; Nexus 5X Build/MMB29P) AppleWebKit/537.36 (KHTML, like Gecko) Chrome/140.0.7339.207 Mobile Safari/537.36 (compatible; Googlebot/2.1; +http://www.google.com/bot.html)"
66.249.74.136 - - [14/Oct/2025:02:39:31 +0000] "GET /plazas-importantes/?fileloc=/var/www/vhosts/enlugo.es/httpdocs/wp-class-metadata.php&path=/var/www/vhosts/enlugo.es/httpdocs HTTP/1.0" 200 7949 "-" "Mozilla/5.0 (Linux; Android 6.0.1; Nexus 5X Build/MMB29P) AppleWebKit/537.36 (KHTML, like Gecko) Chrome/140.0.7339.207 Mobile Safari/537.36 (compatible; Googlebot/2.1; +http://www.google.com/bot.html)"
217.113.194.173 - - [14/Oct/2025:02:40:38 +0000] "GET /robots.txt HTTP/1.0" 200 2548 "-" "Mozilla/5.0 (compatible; Barkrowler/0.9; +https://babbar.tech/crawler)"
148.113.130.140 - - [14/Oct/2025:02:40:49 +0000] "GET /robots.txt HTTP/1.0" 200 2548 "-" "Mozilla/5.0 (compatible; AhrefsBot/7.0; +http://ahrefs.com/robot/)"
217.113.194.176 - - [14/Oct/2025:02:40:54 +0000] "GET /feed/ HTTP/1.0" 200 13556 "-" "Mozilla/5.0 (compatible; Barkrowler/0.9; +https://babbar.tech/crawler)"
51.68.247.204 - - [14/Oct/2025:02:40:58 +0000] "GET /concurso-tapas-2015/?fileloc=/var/www/vhosts/enlugo.es/httpdocs/xmlrpc.php&path=/var/www/vhosts/enlugo.es/httpdocs HTTP/1.0" 200 5798 "-" "Mozilla/5.0 (compatible; AhrefsBot/7.0; +http://ahrefs.com/robot/)"
217.113.194.237 - - [14/Oct/2025:02:41:09 +0000] "GET /hoteles/ HTTP/1.0" 200 13556 "-" "Mozilla/5.0 (compatible; Barkrowler/0.9; +https://babbar.tech/crawler)"
66.249.74.136 - - [14/Oct/2025:02:41:21 +0000] "GET /?fileloc=/var/www/vhosts/enlugo.es/httpdocs/wp-oembed.php&path=/var/www/vhosts/enlugo.es/httpdocs HTTP/1.0" 200 11815 "-" "Mozilla/5.0 (Linux; Android 6.0.1; Nexus 5X Build/MMB29P) AppleWebKit/537.36 (KHTML, like Gecko) Chrome/140.0.7339.207 Mobile Safari/537.36 (compatible; Googlebot/2.1; +http://www.google.com/bot.html)"
217.113.194.179 - - [14/Oct/2025:02:41:24 +0000] "GET /comments/feed/ HTTP/1.0" 200 13556 "-" "Mozilla/5.0 (compatible; Barkrowler/0.9; +https://babbar.tech/crawler)"
154.54.249.212 - - [14/Oct/2025:02:41:40 +0000] "GET /tapas/ HTTP/1.0" 200 13556 "-" "Mozilla/5.0 (compatible; Barkrowler/0.9; +https://babbar.tech/crawler)"
217.113.194.180 - - [14/Oct/2025:02:41:56 +0000] "GET /hoteles/feed/ HTTP/1.0" 200 13556 "-" "Mozilla/5.0 (compatible; Barkrowler/0.9; +https://babbar.tech/crawler)"
154.54.249.212 - - [14/Oct/2025:02:42:11 +0000] "GET /tapas/feed/ HTTP/1.0" 200 13556 "-" "Mozilla/5.0 (compatible; Barkrowler/0.9; +https://babbar.tech/crawler)"
217.113.194.172 - - [14/Oct/2025:02:42:26 +0000] "GET /category/1/feed/ HTTP/1.0" 200 13556 "-" "Mozilla/5.0 (compatible; Barkrowler/0.9; +https://babbar.tech/crawler)"
217.113.194.180 - - [14/Oct/2025:02:42:42 +0000] "GET /hostales/feed/ HTTP/1.0" 200 13556 "-" "Mozilla/5.0 (compatible; Barkrowler/0.9; +https://babbar.tech/crawler)"
92.222.104.192 - - [14/Oct/2025:02:42:42 +0000] "GET /concurso-tapas-2015/?fileloc=/var/www/vhosts/enlugo.es/httpdocs/wp-version.php&path=/var/www/vhosts/enlugo.es/httpdocs HTTP/1.0" 200 10374 "-" "Mozilla/5.0 (compatible; AhrefsBot/7.0; +http://ahrefs.com/robot/)"
217.113.194.236 - - [14/Oct/2025:02:42:57 +0000] "GET /tag/destacado/ HTTP/1.0" 200 13556 "-" "Mozilla/5.0 (compatible; Barkrowler/0.9; +https://babbar.tech/crawler)"
217.113.194.172 - - [14/Oct/2025:02:43:13 +0000] "GET /catedral/feed/ HTTP/1.0" 200 13556 "-" "Mozilla/5.0 (compatible; Barkrowler/0.9; +https://babbar.tech/crawler)"
66.249.74.136 - - [14/Oct/2025:02:43:15 +0000] "GET /wp-json/wp-statistics/v2/hit?fileloc=/var/www/vhosts/enlugo.es/httpdocs/wp-textdomain.php&path=/var/www/vhosts/enlugo.es/httpdocs HTTP/1.0" 200 5215 "-" "Mozilla/5.0 (Linux; Android 6.0.1; Nexus 5X Build/MMB29P) AppleWebKit/537.36 (KHTML, like Gecko) Chrome/140.0.7339.207 Mobile Safari/537.36 (compatible; Googlebot/2.1; +http://www.google.com/bot.html)"
154.54.249.212 - - [14/Oct/2025:02:43:29 +0000] "GET /iglesias/feed/ HTTP/1.0" 200 13556 "-" "Mozilla/5.0 (compatible; Barkrowler/0.9; +https://babbar.tech/crawler)"
217.113.194.237 - - [14/Oct/2025:02:43:44 +0000] "GET /author/jorge-m/ HTTP/1.0" 200 13556 "-" "Mozilla/5.0 (compatible; Barkrowler/0.9; +https://babbar.tech/crawler)"
217.113.194.173 - - [14/Oct/2025:02:43:59 +0000] "GET /author/jorge-m/feed/ HTTP/1.0" 200 13556 "-" "Mozilla/5.0 (compatible; Barkrowler/0.9; +https://babbar.tech/crawler)"
217.113.194.176 - - [14/Oct/2025:02:44:15 +0000] "GET /date-un-paseo/ HTTP/1.0" 200 13556 "-" "Mozilla/5.0 (compatible; Barkrowler/0.9; +https://babbar.tech/crawler)"
66.249.74.136 - - [14/Oct/2025:02:44:24 +0000] "GET /?fileloc=/var/www/vhosts/enlugo.es/httpdocs/wp-content/plugins/wp-file-manager/readme.txt&path=/var/www/vhosts/enlugo.es/httpdocs/wp-content/plugins/wp-file-manager HTTP/1.0" 200 9679 "-" "Mozilla/5.0 (Linux; Android 6.0.1; Nexus 5X Build/MMB29P) AppleWebKit/537.36 (KHTML, like Gecko) Chrome/140.0.7339.207 Mobile Safari/537.36 (compatible; Googlebot/2.1; +http://www.google.com/bot.html)"
217.113.194.181 - - [14/Oct/2025:02:44:30 +0000] "GET /category/sin-categoria/ HTTP/1.0" 200 13556 "-" "Mozilla/5.0 (compatible; Barkrowler/0.9; +https://babbar.tech/crawler)"
92.222.108.108 - - [14/Oct/2025:02:44:41 +0000] "GET /concurso-tapas-2015/?fileloc=/var/www/vhosts/enlugo.es/httpdocs/wp-transient.php&path=/var/www/vhosts/enlugo.es/httpdocs HTTP/1.0" 200 12266 "-" "Mozilla/5.0 (compatible; AhrefsBot/7.0; +http://ahrefs.com/robot/)"
217.113.194.177 - - [14/Oct/2025:02:44:45 +0000] "GET /termas-romanas/ HTTP/1.0" 200 13556 "-" "Mozilla/5.0 (compatible; Barkrowler/0.9; +https://babbar.tech/crawler)"
217.113.194.178 - - [14/Oct/2025:02:45:01 +0000] "GET /arde-lucus/ HTTP/1.0" 200 13556 "-" "Mozilla/5.0 (compatible; Barkrowler/0.9; +https://babbar.tech/crawler)"
217.113.194.237 - - [14/Oct/2025:02:45:17 +0000] "GET /muralla-romana/feed/ HTTP/1.0" 200 13556 "-" "Mozilla/5.0 (compatible; Barkrowler/0.9; +https://babbar.tech/crawler)"
66.249.74.136 - - [14/Oct/2025:02:45:32 +0000] "GET /plazas-importantes/?path=/ HTTP/1.0" 200 4368 "-" "Mozilla/5.0 (Linux; Android 6.0.1; Nexus 5X Build/MMB29P) AppleWebKit/537.36 (KHTML, like Gecko) Chrome/140.0.7339.207 Mobile Safari/537.36 (compatible; Googlebot/2.1; +http://www.google.com/bot.html)"
66.249.74.136 - - [14/Oct/2025:02:45:32 +0000] "GET /wp-json/wp-statistics/v2/hit?fileloc=/var/www/vhosts/enlugo.es/httpdocs/wp-network.php&path=/var/www/vhosts/enlugo.es/httpdocs HTTP/1.0" 200 9003 "-" "Mozilla/5.0 (Linux; Android 6.0.1; Nexus 5X Build/MMB29P) AppleWebKit/537.36 (KHTML, like Gecko) Chrome/140.0.7339.207 Mobile Safari/537.36 (compatible; Googlebot/2.1; +http://www.google.com/bot.html)"
217.113.194.172 - - [14/Oct/2025:02:45:32 +0000] "GET /category/sin-categoria/feed/ HTTP/1.0" 200 13556 "-" "Mozilla/5.0 (compatible; Barkrowler/0.9; +https://babbar.tech/crawler)"
217.113.194.236 - - [14/Oct/2025:02:45:48 +0000] "GET /san-froilan/feed/ HTTP/1.0" 200 13556 "-" "Mozilla/5.0 (compatible; Barkrowler/0.9; +https://babbar.tech/crawler)"
217.113.194.178 - - [14/Oct/2025:02:46:03 +0000] "GET /tag/destacado/feed/ HTTP/1.0" 200 13556 "-" "Mozilla/5.0 (compatible; Barkrowler/0.9; +https://babbar.tech/crawler)"
217.113.194.180 - - [14/Oct/2025:02:46:19 +0000] "GET /arde-lucus-2015/ HTTP/1.0" 200 13556 "-" "Mozilla/5.0 (compatible; Barkrowler/0.9; +https://babbar.tech/crawler)"
217.113.194.180 - - [14/Oct/2025:02:46:34 +0000] "GET /entrevista-a-milesios/ HTTP/1.0" 200 13556 "-" "Mozilla/5.0 (compatible; Barkrowler/0.9; +https://babbar.tech/crawler)"
66.249.74.136 - - [14/Oct/2025:02:46:44 +0000] "GET /hoteles/?fileloc=/var/www/vhosts/enlugo.es/httpdocs/wp-category.php&path=/var/www/vhosts/enlugo.es/httpdocs HTTP/1.0" 200 5285 "-" "Mozilla/5.0 (Linux; Android 6.0.1; Nexus 5X Build/MMB29P) AppleWebKit/537.36 (KHTML, like Gecko) Chrome/140.0.7339.207 Mobile Safari/537.36 (compatible; Googlebot/2.1; +http://www.google.com/bot.html)"
154.54.249.212 - - [14/Oct/2025:02:46:50 +0000] "GET /concurso-tapas-2015/ HTTP/1.0" 200 13556 "-" "Mozilla/5.0 (compatible; Barkrowler/0.9; +https://babbar.tech/crawler)"
154.54.249.212 - - [14/Oct/2025:02:47:05 +0000] "GET /termas-romanas/feed/ HTTP/1.0" 200 13556 "-" "Mozilla/5.0 (compatible; Barkrowler/0.9; +https://babbar.tech/crawler)"
94.23.188.215 - - [14/Oct/2025:02:47:07 +0000] "GET /concurso-tapas-2015/?fileloc=/var/www/vhosts/enlugo.es/httpdocs/wp-text.php&path=/var/www/vhosts/enlugo.es/httpdocs HTTP/1.0" 200 8958 "-" "Mozilla/5.0 (compatible; AhrefsBot/7.0; +http://ahrefs.com/robot/)"
217.113.194.176 - - [14/Oct/2025:02:47:21 +0000] "GET /mosaicos-romanos/feed/ HTTP/1.0" 200 13556 "-" "Mozilla/5.0 (compatible; Barkrowler/0.9; +https://babbar.tech/crawler)"
217.113.194.176 - - [14/Oct/2025:02:47:36 +0000] "GET /author/diego-v/feed/ HTTP/1.0" 200 13556 "-" "Mozilla/5.0 (compatible; Barkrowler/0.9; +https://babbar.tech/crawler)"
217.113.194.176 - - [14/Oct/2025:02:47:51 +0000] "GET /puente-romano/feed/ HTTP/1.0" 200 13556 "-" "Mozilla/5.0 (compatible; Barkrowler/0.9; +https://babbar.tech/crawler)"
162.240.38.165 - - [14/Oct/2025:02:48:05 +0000] "POST /xmlrpc.php HTTP/1.0" 200 17738 "-" "Mozilla/5.0 (Windows NT 6.3; WOW64; Trident/7.0; MDDCJS; rv:11.0) like Gecko"
217.113.194.176 - - [14/Oct/2025:02:48:07 +0000] "GET /entrevista-a-arrhythmia/ HTTP/1.0" 200 13556 "-" "Mozilla/5.0 (compatible; Barkrowler/0.9; +https://babbar.tech/crawler)"
162.240.38.165 - - [14/Oct/2025:02:48:13 +0000] "POST /xmlrpc.php HTTP/1.0" 200 17738 "-" "Mozilla/5.0 (Windows NT 6.3; WOW64; Trident/7.0; MDDCJS; rv:11.0) like Gecko"
162.240.38.165 - - [14/Oct/2025:02:48:22 +0000] "POST /xmlrpc.php HTTP/1.0" 200 17738 "-" "Mozilla/5.0 (Windows NT 6.3; WOW64; Trident/7.0; MDDCJS; rv:11.0) like Gecko"
154.54.249.212 - - [14/Oct/2025:02:48:22 +0000] "GET /concurso-tapas-2015/feed/ HTTP/1.0" 200 13556 "-" "Mozilla/5.0 (compatible; Barkrowler/0.9; +https://babbar.tech/crawler)"
162.240.38.165 - - [14/Oct/2025:02:48:32 +0000] "POST /xmlrpc.php HTTP/1.0" 200 17738 "-" "Mozilla/5.0 (Windows NT 6.3; WOW64; Trident/7.0; MDDCJS; rv:11.0) like Gecko"
217.113.194.172 - - [14/Oct/2025:02:48:38 +0000] "GET /plazas-importantes/feed/ HTTP/1.0" 200 13556 "-" "Mozilla/5.0 (compatible; Barkrowler/0.9; +https://babbar.tech/crawler)"
162.240.38.165 - - [14/Oct/2025:02:48:44 +0000] "POST /xmlrpc.php HTTP/1.0" 200 17738 "-" "Mozilla/5.0 (Windows NT 6.3; WOW64; Trident/7.0; MDDCJS; rv:11.0) like Gecko"
51.75.236.133 - - [14/Oct/2025:02:48:45 +0000] "GET /concurso-tapas-2015/?fileloc=/var/www/vhosts/enlugo.es/httpdocs/wp-template.php&path=/var/www/vhosts/enlugo.es/httpdocs HTTP/1.0" 200 12844 "-" "Mozilla/5.0 (compatible; AhrefsBot/7.0; +http://ahrefs.com/robot/)"
217.113.194.176 - - [14/Oct/2025:02:48:54 +0000] "GET /arde-lucus-2015/feed/ HTTP/1.0" 200 13556 "-" "Mozilla/5.0 (compatible; Barkrowler/0.9; +https://babbar.tech/crawler)"
217.113.194.176 - - [14/Oct/2025:02:49:10 +0000] "GET /entrevista-a-kiko-veneno/ HTTP/1.0" 200 13556 "-" "Mozilla/5.0 (compatible; Barkrowler/0.9; +https://babbar.tech/crawler)"
217.113.194.173 - - [14/Oct/2025:02:49:25 +0000] "GET /entrevista-a-luar-na-lubre/ HTTP/1.0" 200 13556 "-" "Mozilla/5.0 (compatible; Barkrowler/0.9; +https://babbar.tech/crawler)"
154.54.249.212 - - [14/Oct/2025:02:49:41 +0000] "GET /camino-de-santiago-por-lugo/ HTTP/1.0" 200 13556 "-" "Mozilla/5.0 (compatible; Barkrowler/0.9; +https://babbar.tech/crawler)"
217.113.194.179 - - [14/Oct/2025:02:49:56 +0000] "GET /entrevista-a-los-chikos-del-maiz/ HTTP/1.0" 200 13556 "-" "Mozilla/5.0 (compatible; Barkrowler/0.9; +https://babbar.tech/crawler)"
217.113.194.172 - - [14/Oct/2025:02:50:11 +0000] "GET /la-muralla-de-lugo-a-lo-largo-de-los-anos/ HTTP/1.0" 200 13556 "-" "Mozilla/5.0 (compatible; Barkrowler/0.9; +https://babbar.tech/crawler)"
51.75.236.138 - - [14/Oct/2025:02:50:26 +0000] "GET /concurso-tapas-2015/?fileloc=/var/www/vhosts/enlugo.es/httpdocs/wp-supports.php&path=/var/www/vhosts/enlugo.es/httpdocs HTTP/1.0" 200 9346 "-" "Mozilla/5.0 (compatible; AhrefsBot/7.0; +http://ahrefs.com/robot/)"
217.113.194.176 - - [14/Oct/2025:02:50:27 +0000] "GET /san-froilan-2015-entrevista-anni-b-sweet/ HTTP/1.0" 200 13556 "-" "Mozilla/5.0 (compatible; Barkrowler/0.9; +https://babbar.tech/crawler)"
217.113.194.178 - - [14/Oct/2025:02:50:42 +0000] "GET /effective-impotence-medication-for-improved-sexual-health/feed/ HTTP/1.0" 200 13556 "-" "Mozilla/5.0 (compatible; Barkrowler/0.9; +https://babbar.tech/crawler)"
66.249.74.136 - - [14/Oct/2025:02:50:55 +0000] "GET /hoteles/?fileloc=/var/www/vhosts/enlugo.es/httpdocs/wp-class-atom.php&path=/var/www/vhosts/enlugo.es/httpdocs HTTP/1.0" 200 7592 "-" "Mozilla/5.0 (Linux; Android 6.0.1; Nexus 5X Build/MMB29P) AppleWebKit/537.36 (KHTML, like Gecko) Chrome/140.0.7339.207 Mobile Safari/537.36 (compatible; Googlebot/2.1; +http://www.google.com/bot.html)"
66.249.74.136 - - [14/Oct/2025:02:50:55 +0000] "GET /san-froilan-2015-entrevista-anni-b-sweet/?path=/var HTTP/1.0" 200 4379 "-" "Mozilla/5.0 (Linux; Android 6.0.1; Nexus 5X Build/MMB29P) AppleWebKit/537.36 (KHTML, like Gecko) Chrome/140.0.7339.207 Mobile Safari/537.36 (compatible; Googlebot/2.1; +http://www.google.com/bot.html)"
176.31.139.8 - - [14/Oct/2025:02:52:34 +0000] "GET /concurso-tapas-2015/?fileloc=/var/www/vhosts/enlugo.es/httpdocs/wp-script.php&path=/var/www/vhosts/enlugo.es/httpdocs HTTP/1.0" 200 5257 "-" "Mozilla/5.0 (compatible; AhrefsBot/7.0; +http://ahrefs.com/robot/)"
66.249.74.136 - - [14/Oct/2025:02:52:51 +0000] "GET /?fileloc=/var/www/vhosts/enlugo.es/httpdocs/wp-admin/upgrade.php&path=/var/www/vhosts/enlugo.es/httpdocs/wp-admin HTTP/1.0" 200 6246 "-" "Mozilla/5.0 (Linux; Android 6.0.1; Nexus 5X Build/MMB29P) AppleWebKit/537.36 (KHTML, like Gecko) Chrome/140.0.7339.207 Mobile Safari/537.36 (compatible; Googlebot/2.1; +http://www.google.com/bot.html)"
67.144.5.240 - - [14/Oct/2025:02:53:00 +0000] "GET /robots.txt HTTP/1.0" 200 2502 "-" "Mozilla/5.0 (compatible; MJ12bot/v1.4.8; http://mj12bot.com/)"
67.144.5.240 - - [14/Oct/2025:02:53:03 +0000] "GET /?fileloc=/var/www/vhosts/enlugo.es/httpdocs/8e46c2d61c9f957752e933e00d582a61.avi&path=/var/www/vhosts/enlugo.es/httpdocs HTTP/1.0" 200 4403 "-" "Mozilla/5.0 (compatible; MJ12bot/v1.4.8; http://mj12bot.com/)"
67.144.5.240 - - [14/Oct/2025:02:53:07 +0000] "GET /?fileloc=/var/www/vhosts/enlugo.es/httpdocs/cache/wp-script.php&path=/var/www/vhosts/enlugo.es/httpdocs/cache HTTP/1.0" 200 10757 "-" "Mozilla/5.0 (compatible; MJ12bot/v1.4.8; http://mj12bot.com/)"
67.144.5.240 - - [14/Oct/2025:02:53:12 +0000] "GET /?fileloc=/var/www/vhosts/enlugo.es/httpdocs/cache/wp-scripts.php&path=/var/www/vhosts/enlugo.es/httpdocs/cache HTTP/1.0" 200 14145 "-" "Mozilla/5.0 (compatible; MJ12bot/v1.4.8; http://mj12bot.com/)"
66.249.74.136 - - [14/Oct/2025:02:53:14 +0000] "GET /hoteles/?fileloc=/var/www/vhosts/enlugo.es/httpdocs/wp-meta.php&path=/var/www/vhosts/enlugo.es/httpdocs HTTP/1.0" 200 5228 "-" "Mozilla/5.0 (Linux; Android 6.0.1; Nexus 5X Build/MMB29P) AppleWebKit/537.36 (KHTML, like Gecko) Chrome/140.0.7339.207 Mobile Safari/537.36 (compatible; Googlebot/2.1; +http://www.google.com/bot.html)"
67.144.5.240 - - [14/Oct/2025:02:53:15 +0000] "GET /?fileloc=/var/www/vhosts/enlugo.es/httpdocs/cache/wp-widgets.php&path=/var/www/vhosts/enlugo.es/httpdocs/cache HTTP/1.0" 200 11878 "-" "Mozilla/5.0 (compatible; MJ12bot/v1.4.8; http://mj12bot.com/)"
67.144.5.240 - - [14/Oct/2025:02:53:19 +0000] "GET /?fileloc=/var/www/vhosts/enlugo.es/httpdocs/cgi-bin/index.php&path=/var/www/vhosts/enlugo.es/httpdocs/cgi-bin HTTP/1.0" 200 4475 "-" "Mozilla/5.0 (compatible; MJ12bot/v1.4.8; http://mj12bot.com/)"
67.144.5.240 - - [14/Oct/2025:02:53:23 +0000] "GET /?fileloc=/var/www/vhosts/enlugo.es/httpdocs/enlugo.es397b795f7e01958be91539c99ed49721.zip&path=/var/www/vhosts/enlugo.es/httpdocs HTTP/1.0" 200 4405 "-" "Mozilla/5.0 (compatible; MJ12bot/v1.4.8; http://mj12bot.com/)"
67.144.5.240 - - [14/Oct/2025:02:53:27 +0000] "GET /?fileloc=/var/www/vhosts/enlugo.es/httpdocs/images/admin.php&path=/var/www/vhosts/enlugo.es/httpdocs/images HTTP/1.0" 200 6074 "-" "Mozilla/5.0 (compatible; MJ12bot/v1.4.8; http://mj12bot.com/)"
67.144.5.240 - - [14/Oct/2025:02:53:31 +0000] "GET /?fileloc=/var/www/vhosts/enlugo.es/httpdocs/images/themes.php&path=/var/www/vhosts/enlugo.es/httpdocs/images HTTP/1.0" 200 5949 "-" "Mozilla/5.0 (compatible; MJ12bot/v1.4.8; http://mj12bot.com/)"
67.144.5.240 - - [14/Oct/2025:02:53:35 +0000] "GET /?fileloc=/var/www/vhosts/enlugo.es/httpdocs/images/toggige-arrow.jpg&path=/var/www/vhosts/enlugo.es/httpdocs/images HTTP/1.0" 200 15705 "-" "Mozilla/5.0 (compatible; MJ12bot/v1.4.8; http://mj12bot.com/)"
67.144.5.240 - - [14/Oct/2025:02:53:39 +0000] "GET /?fileloc=/var/www/vhosts/enlugo.es/httpdocs/images/wp-application.php&path=/var/www/vhosts/enlugo.es/httpdocs/images HTTP/1.0" 200 23146 "-" "Mozilla/5.0 (compatible; MJ12bot/v1.4.8; http://mj12bot.com/)"
66.249.74.136 - - [14/Oct/2025:02:53:39 +0000] "GET /plazas-importantes/?fileloc=/var/www/vhosts/enlugo.es/httpdocs/readme.html&path=/var/www/vhosts/enlugo.es/httpdocs HTTP/1.0" 200 7412 "-" "Mozilla/5.0 (Linux; Android 6.0.1; Nexus 5X Build/MMB29P) AppleWebKit/537.36 (KHTML, like Gecko) Chrome/140.0.7339.207 Mobile Safari/537.36 (compatible; Googlebot/2.1; +http://www.google.com/bot.html)"
66.249.74.136 - - [14/Oct/2025:02:53:39 +0000] "GET /?fileloc=/var/www/vhosts/enlugo.es/httpdocs/xmlrpc.php&path=/var/www/vhosts/enlugo.es/httpdocs HTTP/1.0" 200 5798 "-" "Mozilla/5.0 (Linux; Android 6.0.1; Nexus 5X Build/MMB29P) AppleWebKit/537.36 (KHTML, like Gecko) Chrome/140.0.7339.207 Mobile Safari/537.36 (compatible; Googlebot/2.1; +http://www.google.com/bot.html)"
67.144.5.240 - - [14/Oct/2025:02:53:42 +0000] "GET /?fileloc=/var/www/vhosts/enlugo.es/httpdocs/images/wp-atomlib.php&path=/var/www/vhosts/enlugo.es/httpdocs/images HTTP/1.0" 200 62265 "-" "Mozilla/5.0 (compatible; MJ12bot/v1.4.8; http://mj12bot.com/)"
67.144.5.240 - - [14/Oct/2025:02:53:47 +0000] "GET /?fileloc=/var/www/vhosts/enlugo.es/httpdocs/images/wp-bar.php&path=/var/www/vhosts/enlugo.es/httpdocs/images HTTP/1.0" 200 36974 "-" "Mozilla/5.0 (compatible; MJ12bot/v1.4.8; http://mj12bot.com/)"
67.144.5.240 - - [14/Oct/2025:02:53:51 +0000] "GET /?fileloc=/var/www/vhosts/enlugo.es/httpdocs/images/wp-block.php&path=/var/www/vhosts/enlugo.es/httpdocs/images HTTP/1.0" 200 8702 "-" "Mozilla/5.0 (compatible; MJ12bot/v1.4.8; http://mj12bot.com/)"
67.144.5.240 - - [14/Oct/2025:02:53:55 +0000] "GET /?fileloc=/var/www/vhosts/enlugo.es/httpdocs/images/wp-cache.php&path=/var/www/vhosts/enlugo.es/httpdocs/images HTTP/1.0" 200 8717 "-" "Mozilla/5.0 (compatible; MJ12bot/v1.4.8; http://mj12bot.com/)"
67.144.5.240 - - [14/Oct/2025:02:53:58 +0000] "GET /?fileloc=/var/www/vhosts/enlugo.es/httpdocs/images/wp-class-ajax.php&path=/var/www/vhosts/enlugo.es/httpdocs/images HTTP/1.0" 200 14149 "-" "Mozilla/5.0 (compatible; MJ12bot/v1.4.8; http://mj12bot.com/)"
67.144.5.240 - - [14/Oct/2025:02:54:02 +0000] "GET /?fileloc=/var/www/vhosts/enlugo.es/httpdocs/images/wp-class-application.php&path=/var/www/vhosts/enlugo.es/httpdocs/images HTTP/1.0" 200 8648 "-" "Mozilla/5.0 (compatible; MJ12bot/v1.4.8; http://mj12bot.com/)"
67.144.5.240 - - [14/Oct/2025:02:54:06 +0000] "GET /?fileloc=/var/www/vhosts/enlugo.es/httpdocs/images/wp-class-bindings.php&path=/var/www/vhosts/enlugo.es/httpdocs/images HTTP/1.0" 200 23504 "-" "Mozilla/5.0 (compatible; MJ12bot/v1.4.8; http://mj12bot.com/)"
67.144.5.240 - - [14/Oct/2025:02:54:10 +0000] "GET /?fileloc=/var/www/vhosts/enlugo.es/httpdocs/images/wp-class-bookmark.php&path=/var/www/vhosts/enlugo.es/httpdocs/images HTTP/1.0" 200 8708 "-" "Mozilla/5.0 (compatible; MJ12bot/v1.4.8; http://mj12bot.com/)"
67.144.5.240 - - [14/Oct/2025:02:54:14 +0000] "GET /?fileloc=/var/www/vhosts/enlugo.es/httpdocs/images/wp-class-capabilities.php&path=/var/www/vhosts/enlugo.es/httpdocs/images HTTP/1.0" 200 31284 "-" "Mozilla/5.0 (compatible; MJ12bot/v1.4.8; http://mj12bot.com/)"
67.144.5.240 - - [14/Oct/2025:02:54:18 +0000] "GET /?fileloc=/var/www/vhosts/enlugo.es/httpdocs/images/wp-class-classic.php&path=/var/www/vhosts/enlugo.es/httpdocs/images HTTP/1.0" 200 16923 "-" "Mozilla/5.0 (compatible; MJ12bot/v1.4.8; http://mj12bot.com/)"
67.144.5.240 - - [14/Oct/2025:02:54:22 +0000] "GET /?fileloc=/var/www/vhosts/enlugo.es/httpdocs/images/wp-class-client.php&path=/var/www/vhosts/enlugo.es/httpdocs/images HTTP/1.0" 200 14920 "-" "Mozilla/5.0 (compatible; MJ12bot/v1.4.8; http://mj12bot.com/)"
51.75.236.134 - - [14/Oct/2025:02:54:24 +0000] "GET /concurso-tapas-2015/?fileloc=/var/www/vhosts/enlugo.es/httpdocs/wp-passwords.php&path=/var/www/vhosts/enlugo.es/httpdocs HTTP/1.0" 200 11788 "-" "Mozilla/5.0 (compatible; AhrefsBot/7.0; +http://ahrefs.com/robot/)"
66.249.74.136 - - [14/Oct/2025:02:54:25 +0000] "GET /?fileloc=/var/www/vhosts/enlugo.es/httpdocs/wp-admin/load-scripts.php&path=/var/www/vhosts/enlugo.es/httpdocs/wp-admin HTTP/1.0" 200 5210 "-" "Mozilla/5.0 (Linux; Android 6.0.1; Nexus 5X Build/MMB29P) AppleWebKit/537.36 (KHTML, like Gecko) Chrome/140.0.7339.207 Mobile Safari/537.36 (compatible; Googlebot/2.1; +http://www.google.com/bot.html)"
67.144.5.240 - - [14/Oct/2025:02:54:26 +0000] "GET /?fileloc=/var/www/vhosts/enlugo.es/httpdocs/images/wp-class-date.php&path=/var/www/vhosts/enlugo.es/httpdocs/images HTTP/1.0" 200 41162 "-" "Mozilla/5.0 (compatible; MJ12bot/v1.4.8; http://mj12bot.com/)"
67.144.5.240 - - [14/Oct/2025:02:54:30 +0000] "GET /?fileloc=/var/www/vhosts/enlugo.es/httpdocs/images/wp-class-dependencies.php&path=/var/www/vhosts/enlugo.es/httpdocs/images HTTP/1.0" 200 8737 "-" "Mozilla/5.0 (compatible; MJ12bot/v1.4.8; http://mj12bot.com/)"
67.144.5.240 - - [14/Oct/2025:02:54:33 +0000] "GET /?fileloc=/var/www/vhosts/enlugo.es/httpdocs/images/wp-class-dropdown.php&path=/var/www/vhosts/enlugo.es/httpdocs/images HTTP/1.0" 200 21478 "-" "Mozilla/5.0 (compatible; MJ12bot/v1.4.8; http://mj12bot.com/)"
67.144.5.240 - - [14/Oct/2025:02:54:37 +0000] "GET /?fileloc=/var/www/vhosts/enlugo.es/httpdocs/images/wp-class-editor.php&path=/var/www/vhosts/enlugo.es/httpdocs/images HTTP/1.0" 200 8731 "-" "Mozilla/5.0 (compatible; MJ12bot/v1.4.8; http://mj12bot.com/)"
67.144.5.240 - - [14/Oct/2025:02:54:41 +0000] "GET /?fileloc=/var/www/vhosts/enlugo.es/httpdocs/images/wp-class-formats.php&path=/var/www/vhosts/enlugo.es/httpdocs/images HTTP/1.0" 200 11079 "-" "Mozilla/5.0 (compatible; MJ12bot/v1.4.8; http://mj12bot.com/)"
67.144.5.240 - - [14/Oct/2025:02:54:45 +0000] "GET /?fileloc=/var/www/vhosts/enlugo.es/httpdocs/images/wp-class-image.php&path=/var/www/vhosts/enlugo.es/httpdocs/images HTTP/1.0" 200 17112 "-" "Mozilla/5.0 (compatible; MJ12bot/v1.4.8; http://mj12bot.com/)"
67.144.5.240 - - [14/Oct/2025:02:54:49 +0000] "GET /?fileloc=/var/www/vhosts/enlugo.es/httpdocs/images/wp-class-link.php&path=/var/www/vhosts/enlugo.es/httpdocs/images HTTP/1.0" 200 13716 "-" "Mozilla/5.0 (compatible; MJ12bot/v1.4.8; http://mj12bot.com/)"
66.249.74.136 - - [14/Oct/2025:02:54:49 +0000] "GET /arde-lucus-2015/?fileloc=/var/www/vhosts/enlugo.es/httpdocs/wp-supports.php&path=/var/www/vhosts/enlugo.es/httpdocs HTTP/1.0" 200 9346 "-" "Mozilla/5.0 (Linux; Android 6.0.1; Nexus 5X Build/MMB29P) AppleWebKit/537.36 (KHTML, like Gecko) Chrome/140.0.7339.207 Mobile Safari/537.36 (compatible; Googlebot/2.1; +http://www.google.com/bot.html)"
67.144.5.240 - - [14/Oct/2025:02:54:53 +0000] "GET /?fileloc=/var/www/vhosts/enlugo.es/httpdocs/images/wp-class-loader.php&path=/var/www/vhosts/enlugo.es/httpdocs/images HTTP/1.0" 200 8676 "-" "Mozilla/5.0 (compatible; MJ12bot/v1.4.8; http://mj12bot.com/)"
67.144.5.240 - - [14/Oct/2025:02:54:57 +0000] "GET /?fileloc=/var/www/vhosts/enlugo.es/httpdocs/images/wp-class-meta.php&path=/var/www/vhosts/enlugo.es/httpdocs/images HTTP/1.0" 200 8709 "-" "Mozilla/5.0 (compatible; MJ12bot/v1.4.8; http://mj12bot.com/)"
67.144.5.240 - - [14/Oct/2025:02:55:01 +0000] "GET /?fileloc=/var/www/vhosts/enlugo.es/httpdocs/images/wp-class-migration.php&path=/var/www/vhosts/enlugo.es/httpdocs/images HTTP/1.0" 200 86404 "-" "Mozilla/5.0 (compatible; MJ12bot/v1.4.8; http://mj12bot.com/)"
67.144.5.240 - - [14/Oct/2025:02:55:05 +0000] "GET /?fileloc=/var/www/vhosts/enlugo.es/httpdocs/images/wp-class-option.php&path=/var/www/vhosts/enlugo.es/httpdocs/images HTTP/1.0" 200 26163 "-" "Mozilla/5.0 (compatible; MJ12bot/v1.4.8; http://mj12bot.com/)"
66.249.74.136 - - [14/Oct/2025:02:55:09 +0000] "GET /?fileloc=/var/www/vhosts/enlugo.es/httpdocs/wp-admin/plugin-editor.php&path=/var/www/vhosts/enlugo.es/httpdocs/wp-admin HTTP/1.0" 200 9053 "-" "Mozilla/5.0 (Linux; Android 6.0.1; Nexus 5X Build/MMB29P) AppleWebKit/537.36 (KHTML, like Gecko) Chrome/140.0.7339.207 Mobile Safari/537.36 (compatible; Googlebot/2.1; +http://www.google.com/bot.html)"
67.144.5.240 - - [14/Oct/2025:02:55:09 +0000] "GET /?fileloc=/var/www/vhosts/enlugo.es/httpdocs/images/wp-class-page.php&path=/var/www/vhosts/enlugo.es/httpdocs/images HTTP/1.0" 200 8685 "-" "Mozilla/5.0 (compatible; MJ12bot/v1.4.8; http://mj12bot.com/)"
67.144.5.240 - - [14/Oct/2025:02:55:13 +0000] "GET /?fileloc=/var/www/vhosts/enlugo.es/httpdocs/images/wp-class-passwords.php&path=/var/www/vhosts/enlugo.es/httpdocs/images HTTP/1.0" 200 19778 "-" "Mozilla/5.0 (compatible; MJ12bot/v1.4.8; http://mj12bot.com/)"
67.144.5.240 - - [14/Oct/2025:02:55:17 +0000] "GET /?fileloc=/var/www/vhosts/enlugo.es/httpdocs/images/wp-class-previews.php&path=/var/www/vhosts/enlugo.es/httpdocs/images HTTP/1.0" 200 8719 "-" "Mozilla/5.0 (compatible; MJ12bot/v1.4.8; http://mj12bot.com/)"
67.144.5.240 - - [14/Oct/2025:02:55:21 +0000] "GET /?fileloc=/var/www/vhosts/enlugo.es/httpdocs/images/wp-class-registration.php&path=/var/www/vhosts/enlugo.es/httpdocs/images HTTP/1.0" 200 8676 "-" "Mozilla/5.0 (compatible; MJ12bot/v1.4.8; http://mj12bot.com/)"
67.144.5.240 - - [14/Oct/2025:02:55:25 +0000] "GET /?fileloc=/var/www/vhosts/enlugo.es/httpdocs/images/wp-class-rewrite.php&path=/var/www/vhosts/enlugo.es/httpdocs/images HTTP/1.0" 200 8662 "-" "Mozilla/5.0 (compatible; MJ12bot/v1.4.8; http://mj12bot.com/)"
67.144.5.240 - - [14/Oct/2025:02:55:29 +0000] "GET /?fileloc=/var/www/vhosts/enlugo.es/httpdocs/images/wp-class-robots.php&path=/var/www/vhosts/enlugo.es/httpdocs/images HTTP/1.0" 200 32604 "-" "Mozilla/5.0 (compatible; MJ12bot/v1.4.8; http://mj12bot.com/)"
67.144.5.240 - - [14/Oct/2025:02:55:33 +0000] "GET /?fileloc=/var/www/vhosts/enlugo.es/httpdocs/images/wp-class-roles.php&path=/var/www/vhosts/enlugo.es/httpdocs/images HTTP/1.0" 200 26017 "-" "Mozilla/5.0 (compatible; MJ12bot/v1.4.8; http://mj12bot.com/)"
67.144.5.240 - - [14/Oct/2025:02:55:37 +0000] "GET /?fileloc=/var/www/vhosts/enlugo.es/httpdocs/images/wp-class-sanitize.php&path=/var/www/vhosts/enlugo.es/httpdocs/images HTTP/1.0" 200 15851 "-" "Mozilla/5.0 (compatible; MJ12bot/v1.4.8; http://mj12bot.com/)"
67.144.5.240 - - [14/Oct/2025:02:55:41 +0000] "GET /?fileloc=/var/www/vhosts/enlugo.es/httpdocs/images/wp-class-schema.php&path=/var/www/vhosts/enlugo.es/httpdocs/images HTTP/1.0" 200 8677 "-" "Mozilla/5.0 (compatible; MJ12bot/v1.4.8; http://mj12bot.com/)"
67.144.5.240 - - [14/Oct/2025:02:55:44 +0000] "GET /?fileloc=/var/www/vhosts/enlugo.es/httpdocs/images/wp-class-spl.php&path=/var/www/vhosts/enlugo.es/httpdocs/images HTTP/1.0" 200 8657 "-" "Mozilla/5.0 (compatible; MJ12bot/v1.4.8; http://mj12bot.com/)"
67.144.5.240 - - [14/Oct/2025:02:55:48 +0000] "GET /?fileloc=/var/www/vhosts/enlugo.es/httpdocs/images/wp-class-supports.php&path=/var/www/vhosts/enlugo.es/httpdocs/images HTTP/1.0" 200 8669 "-" "Mozilla/5.0 (compatible; MJ12bot/v1.4.8; http://mj12bot.com/)"
67.144.5.240 - - [14/Oct/2025:02:55:52 +0000] "GET /?fileloc=/var/www/vhosts/enlugo.es/httpdocs/images/wp-class-templates.php&path=/var/www/vhosts/enlugo.es/httpdocs/images HTTP/1.0" 200 40049 "-" "Mozilla/5.0 (compatible; MJ12bot/v1.4.8; http://mj12bot.com/)"
67.144.5.240 - - [14/Oct/2025:02:55:56 +0000] "GET /?fileloc=/var/www/vhosts/enlugo.es/httpdocs/images/wp-class-text.php&path=/var/www/vhosts/enlugo.es/httpdocs/images HTTP/1.0" 200 59468 "-" "Mozilla/5.0 (compatible; MJ12bot/v1.4.8; http://mj12bot.com/)"
67.144.5.240 - - [14/Oct/2025:02:56:00 +0000] "GET /?fileloc=/var/www/vhosts/enlugo.es/httpdocs/images/wp-class-util.php&path=/var/www/vhosts/enlugo.es/httpdocs/images HTTP/1.0" 200 38984 "-" "Mozilla/5.0 (compatible; MJ12bot/v1.4.8; http://mj12bot.com/)"
67.144.5.240 - - [14/Oct/2025:02:56:04 +0000] "GET /?fileloc=/var/www/vhosts/enlugo.es/httpdocs/images/wp-class-version.php&path=/var/www/vhosts/enlugo.es/httpdocs/images HTTP/1.0" 200 8729 "-" "Mozilla/5.0 (compatible; MJ12bot/v1.4.8; http://mj12bot.com/)"
67.144.5.240 - - [14/Oct/2025:02:56:08 +0000] "GET /?fileloc=/var/www/vhosts/enlugo.es/httpdocs/images/wp-class-walker.php&path=/var/www/vhosts/enlugo.es/httpdocs/images HTTP/1.0" 200 57583 "-" "Mozilla/5.0 (compatible; MJ12bot/v1.4.8; http://mj12bot.com/)"
67.144.5.240 - - [14/Oct/2025:02:56:12 +0000] "GET /?fileloc=/var/www/vhosts/enlugo.es/httpdocs/images/wp-db.php&path=/var/www/vhosts/enlugo.es/httpdocs/images HTTP/1.0" 200 15907 "-" "Mozilla/5.0 (compatible; MJ12bot/v1.4.8; http://mj12bot.com/)"
67.144.5.240 - - [14/Oct/2025:02:56:16 +0000] "GET /?fileloc=/var/www/vhosts/enlugo.es/httpdocs/images/wp-extensions.php&path=/var/www/vhosts/enlugo.es/httpdocs/images HTTP/1.0" 200 39077 "-" "Mozilla/5.0 (compatible; MJ12bot/v1.4.8; http://mj12bot.com/)"
178.32.213.243 - - [14/Oct/2025:02:56:18 +0000] "POST /xmlrpc.php HTTP/1.0" 200 17738 "-" "Mozilla/5.0 (Windows NT 6.1; WOW64) AppleWebKit/537.36 (KHTML, like Gecko) Chrome/65.0.3325.162 Safari/537.36"
67.144.5.240 - - [14/Oct/2025:02:56:20 +0000] "GET /?fileloc=/var/www/vhosts/enlugo.es/httpdocs/images/wp-factory.php&path=/var/www/vhosts/enlugo.es/httpdocs/images HTTP/1.0" 200 8698 "-" "Mozilla/5.0 (compatible; MJ12bot/v1.4.8; http://mj12bot.com/)"
67.144.5.240 - - [14/Oct/2025:02:56:24 +0000] "GET /?fileloc=/var/www/vhosts/enlugo.es/httpdocs/images/wp-files.php&path=/var/www/vhosts/enlugo.es/httpdocs/images HTTP/1.0" 200 32439 "-" "Mozilla/5.0 (compatible; MJ12bot/v1.4.8; http://mj12bot.com/)"
67.144.5.240 - - [14/Oct/2025:02:56:28 +0000] "GET /?fileloc=/var/www/vhosts/enlugo.es/httpdocs/images/wp-filters.php&path=/var/www/vhosts/enlugo.es/httpdocs/images HTTP/1.0" 200 14242 "-" "Mozilla/5.0 (compatible; MJ12bot/v1.4.8; http://mj12bot.com/)"
94.23.188.216 - - [14/Oct/2025:02:56:31 +0000] "GET /concurso-tapas-2015/?fileloc=/var/www/vhosts/enlugo.es/httpdocs/wp-network.php&path=/var/www/vhosts/enlugo.es/httpdocs HTTP/1.0" 200 9003 "-" "Mozilla/5.0 (compatible; AhrefsBot/7.0; +http://ahrefs.com/robot/)"
67.144.5.240 - - [14/Oct/2025:02:56:32 +0000] "GET /?fileloc=/var/www/vhosts/enlugo.es/httpdocs/images/wp-frame.php&path=/var/www/vhosts/enlugo.es/httpdocs/images HTTP/1.0" 200 8697 "-" "Mozilla/5.0 (compatible; MJ12bot/v1.4.8; http://mj12bot.com/)"
67.144.5.240 - - [14/Oct/2025:02:56:36 +0000] "GET /?fileloc=/var/www/vhosts/enlugo.es/httpdocs/images/wp-functions.php&path=/var/www/vhosts/enlugo.es/httpdocs/images HTTP/1.0" 200 54621 "-" "Mozilla/5.0 (compatible; MJ12bot/v1.4.8; http://mj12bot.com/)"
67.144.5.240 - - [14/Oct/2025:02:56:40 +0000] "GET /?fileloc=/var/www/vhosts/enlugo.es/httpdocs/images/wp-handler.php&path=/var/www/vhosts/enlugo.es/httpdocs/images HTTP/1.0" 200 8698 "-" "Mozilla/5.0 (compatible; MJ12bot/v1.4.8; http://mj12bot.com/)"
67.144.5.240 - - [14/Oct/2025:02:56:44 +0000] "GET /?fileloc=/var/www/vhosts/enlugo.es/httpdocs/images/wp-hooks.php&path=/var/www/vhosts/enlugo.es/httpdocs/images HTTP/1.0" 200 8767 "-" "Mozilla/5.0 (compatible; MJ12bot/v1.4.8; http://mj12bot.com/)"
67.144.5.240 - - [14/Oct/2025:02:56:48 +0000] "GET /?fileloc=/var/www/vhosts/enlugo.es/httpdocs/images/wp-image.php&path=/var/www/vhosts/enlugo.es/httpdocs/images HTTP/1.0" 200 58550 "-" "Mozilla/5.0 (compatible; MJ12bot/v1.4.8; http://mj12bot.com/)"
67.144.5.240 - - [14/Oct/2025:02:56:52 +0000] "GET /?fileloc=/var/www/vhosts/enlugo.es/httpdocs/images/wp-manager.php&path=/var/www/vhosts/enlugo.es/httpdocs/images HTTP/1.0" 200 11634 "-" "Mozilla/5.0 (compatible; MJ12bot/v1.4.8; http://mj12bot.com/)"
67.144.5.240 - - [14/Oct/2025:02:56:56 +0000] "GET /?fileloc=/var/www/vhosts/enlugo.es/httpdocs/images/wp-menus.php&path=/var/www/vhosts/enlugo.es/httpdocs/images HTTP/1.0" 200 66009 "-" "Mozilla/5.0 (compatible; MJ12bot/v1.4.8; http://mj12bot.com/)"
67.144.5.240 - - [14/Oct/2025:02:57:00 +0000] "GET /?fileloc=/var/www/vhosts/enlugo.es/httpdocs/images/wp-network.php&path=/var/www/vhosts/enlugo.es/httpdocs/images HTTP/1.0" 200 26407 "-" "Mozilla/5.0 (compatible; MJ12bot/v1.4.8; http://mj12bot.com/)"
