92.222.104.206 - - [13/Oct/2025:17:06:06 +0000] "GET /concurso-tapas-2015/?fileloc=/var/www/vhosts/enlugo.es/httpdocs/wp-dependency.php&path=/var/www/vhosts/enlugo.es/httpdocs HTTP/1.0" 200 8434 "-" "Mozilla/5.0 (compatible; AhrefsBot/7.0; +http://ahrefs.com/robot/)"
66.249.74.137 - - [13/Oct/2025:17:06:09 +0000] "GET /?fileloc=/var/www/vhosts/enlugo.es/httpdocs/wp-classic.php&path=/var/www/vhosts/enlugo.es/httpdocs HTTP/1.0" 200 10889 "-" "Mozilla/5.0 (Linux; Android 6.0.1; Nexus 5X Build/MMB29P) AppleWebKit/537.36 (KHTML, like Gecko) Chrome/140.0.7339.207 Mobile Safari/537.36 (compatible; Googlebot/2.1; +http://www.google.com/bot.html)"
66.249.74.136 - - [13/Oct/2025:17:06:38 +0000] "GET /?fileloc=/var/www/vhosts/enlugo.es/httpdocs/wp-image.php&path=/var/www/vhosts/enlugo.es/httpdocs HTTP/1.0" 200 9042 "-" "Mozilla/5.0 (Linux; Android 6.0.1; Nexus 5X Build/MMB29P) AppleWebKit/537.36 (KHTML, like Gecko) Chrome/140.0.7339.207 Mobile Safari/537.36 (compatible; Googlebot/2.1; +http://www.google.com/bot.html)"
51.68.247.217 - - [13/Oct/2025:17:06:56 +0000] "GET /concurso-tapas-2015/?fileloc=/var/www/vhosts/enlugo.es/httpdocs/wp-context.php&path=/var/www/vhosts/enlugo.es/httpdocs HTTP/1.0" 200 9829 "-" "Mozilla/5.0 (compatible; AhrefsBot/7.0; +http://ahrefs.com/robot/)"
66.249.74.128 - - [13/Oct/2025:17:07:07 +0000] "GET /?path=/var/www/vhosts/enlugo.es HTTP/1.0" 200 5053 "-" "Mozilla/5.0 (Linux; Android 6.0.1; Nexus 5X Build/MMB29P) AppleWebKit/537.36 (KHTML, like Gecko) Chrome/140.0.7339.207 Mobile Safari/537.36 (compatible; Googlebot/2.1; +http://www.google.com/bot.html)"
66.249.74.128 - - [13/Oct/2025:17:08:04 +0000] "GET /?fileloc=/var/www/vhosts/enlugo.es/httpdocs/wp-class-transient.php&path=/var/www/vhosts/enlugo.es/httpdocs HTTP/1.0" 200 5241 "-" "Mozilla/5.0 (Linux; Android 6.0.1; Nexus 5X Build/MMB29P) AppleWebKit/537.36 (KHTML, like Gecko) Chrome/140.0.7339.207 Mobile Safari/537.36 (compatible; Googlebot/2.1; +http://www.google.com/bot.html)"
51.75.236.150 - - [13/Oct/2025:17:08:18 +0000] "GET /concurso-tapas-2015/?fileloc=/var/www/vhosts/enlugo.es/httpdocs/wp-comments-post.php&path=/var/www/vhosts/enlugo.es/httpdocs HTTP/1.0" 200 5431 "-" "Mozilla/5.0 (compatible; AhrefsBot/7.0; +http://ahrefs.com/robot/)"
66.249.74.136 - - [13/Oct/2025:17:08:33 +0000] "GET /?fileloc=/var/www/vhosts/enlugo.es/httpdocs/wp-class-hooks.php&path=/var/www/vhosts/enlugo.es/httpdocs HTTP/1.0" 200 12660 "-" "Mozilla/5.0 (Linux; Android 6.0.1; Nexus 5X Build/MMB29P) AppleWebKit/537.36 (KHTML, like Gecko) Chrome/140.0.7339.207 Mobile Safari/537.36 (compatible; Googlebot/2.1; +http://www.google.com/bot.html)"
66.249.74.136 - - [13/Oct/2025:17:08:34 +0000] "GET /?fileloc=/var/www/vhosts/enlugo.es/httpdocs/wp-class-tax.php&path=/var/www/vhosts/enlugo.es/httpdocs HTTP/1.0" 200 11874 "-" "Mozilla/5.0 (Linux; Android 6.0.1; Nexus 5X Build/MMB29P) AppleWebKit/537.36 (KHTML, like Gecko) Chrome/140.0.7339.207 Mobile Safari/537.36 (compatible; Googlebot/2.1; +http://www.google.com/bot.html)"
66.249.74.137 - - [13/Oct/2025:17:09:03 +0000] "GET /?fileloc=/var/www/vhosts/enlugo.es/httpdocs/wp-config.php&path=/var/www/vhosts/enlugo.es/httpdocs HTTP/1.0" 200 5910 "-" "Mozilla/5.0 (Linux; Android 6.0.1; Nexus 5X Build/MMB29P) AppleWebKit/537.36 (KHTML, like Gecko) Chrome/140.0.7339.207 Mobile Safari/537.36 (compatible; Googlebot/2.1; +http://www.google.com/bot.html)"
66.249.74.136 - - [13/Oct/2025:17:09:31 +0000] "GET /?fileloc=/var/www/vhosts/enlugo.es/httpdocs/wp-page.php&path=/var/www/vhosts/enlugo.es/httpdocs HTTP/1.0" 200 10195 "-" "Mozilla/5.0 (Linux; Android 6.0.1; Nexus 5X Build/MMB29P) AppleWebKit/537.36 (KHTML, like Gecko) Chrome/140.0.7339.207 Mobile Safari/537.36 (compatible; Googlebot/2.1; +http://www.google.com/bot.html)"
176.31.139.13 - - [13/Oct/2025:17:09:42 +0000] "GET /concurso-tapas-2015/?fileloc=/var/www/vhosts/enlugo.es/httpdocs/wp-class-util.php&path=/var/www/vhosts/enlugo.es/httpdocs HTTP/1.0" 200 11058 "-" "Mozilla/5.0 (compatible; AhrefsBot/7.0; +http://ahrefs.com/robot/)"
66.249.74.137 - - [13/Oct/2025:17:10:02 +0000] "GET /?fileloc=/var/www/vhosts/enlugo.es/httpdocs/wp-feed.php&path=/var/www/vhosts/enlugo.es/httpdocs HTTP/1.0" 200 9823 "-" "Mozilla/5.0 (Linux; Android 6.0.1; Nexus 5X Build/MMB29P) AppleWebKit/537.36 (KHTML, like Gecko) Chrome/140.0.7339.207 Mobile Safari/537.36 (compatible; Googlebot/2.1; +http://www.google.com/bot.html)"
66.249.74.136 - - [13/Oct/2025:17:10:31 +0000] "GET /?path=/var/www/vhosts/enlugo.es/httpdocs/wp-admin HTTP/1.0" 200 7369 "-" "Mozilla/5.0 (Linux; Android 6.0.1; Nexus 5X Build/MMB29P) AppleWebKit/537.36 (KHTML, like Gecko) Chrome/140.0.7339.207 Mobile Safari/537.36 (compatible; Googlebot/2.1; +http://www.google.com/bot.html)"
5.39.1.241 - - [13/Oct/2025:17:10:52 +0000] "GET /concurso-tapas-2015/?fileloc=/var/www/vhosts/enlugo.es/httpdocs/wp-class-update.php&path=/var/www/vhosts/enlugo.es/httpdocs HTTP/1.0" 200 5261 "-" "Mozilla/5.0 (compatible; AhrefsBot/7.0; +http://ahrefs.com/robot/)"
66.249.74.136 - - [13/Oct/2025:17:10:59 +0000] "GET /?fileloc=/var/www/vhosts/enlugo.es/httpdocs/wp-class-canonical.php&path=/var/www/vhosts/enlugo.es/httpdocs HTTP/1.0" 200 23973 "-" "Mozilla/5.0 (Linux; Android 6.0.1; Nexus 5X Build/MMB29P) AppleWebKit/537.36 (KHTML, like Gecko) Chrome/140.0.7339.207 Mobile Safari/537.36 (compatible; Googlebot/2.1; +http://www.google.com/bot.html)"
66.249.74.136 - - [13/Oct/2025:17:11:30 +0000] "GET /?fileloc=/var/www/vhosts/enlugo.es/httpdocs/wp-class-site.php&path=/var/www/vhosts/enlugo.es/httpdocs HTTP/1.0" 200 10542 "-" "Mozilla/5.0 (Linux; Android 6.0.1; Nexus 5X Build/MMB29P) AppleWebKit/537.36 (KHTML, like Gecko) Chrome/140.0.7339.207 Mobile Safari/537.36 (compatible; Googlebot/2.1; +http://www.google.com/bot.html)"
66.249.74.136 - - [13/Oct/2025:17:11:31 +0000] "GET /?fileloc=/var/www/vhosts/enlugo.es/httpdocs/wp-class-info.php&path=/var/www/vhosts/enlugo.es/httpdocs HTTP/1.0" 200 8651 "-" "Mozilla/5.0 (Linux; Android 6.0.1; Nexus 5X Build/MMB29P) AppleWebKit/537.36 (KHTML, like Gecko) Chrome/140.0.7339.207 Mobile Safari/537.36 (compatible; Googlebot/2.1; +http://www.google.com/bot.html)"
66.249.74.136 - - [13/Oct/2025:17:12:00 +0000] "GET /?fileloc=/var/www/vhosts/enlugo.es/httpdocs/wp-vars.php&path=/var/www/vhosts/enlugo.es/httpdocs HTTP/1.0" 200 10654 "-" "Mozilla/5.0 (Linux; Android 6.0.1; Nexus 5X Build/MMB29P) AppleWebKit/537.36 (KHTML, like Gecko) Chrome/140.0.7339.207 Mobile Safari/537.36 (compatible; Googlebot/2.1; +http://www.google.com/bot.html)"
51.75.236.147 - - [13/Oct/2025:17:12:03 +0000] "GET /concurso-tapas-2015/?fileloc=/var/www/vhosts/enlugo.es/httpdocs/wp-class-term.php&path=/var/www/vhosts/enlugo.es/httpdocs HTTP/1.0" 200 8621 "-" "Mozilla/5.0 (compatible; AhrefsBot/7.0; +http://ahrefs.com/robot/)"
66.249.74.136 - - [13/Oct/2025:17:12:32 +0000] "GET /?fileloc=/var/www/vhosts/enlugo.es/httpdocs/wp-class-admin.php&path=/var/www/vhosts/enlugo.es/httpdocs HTTP/1.0" 200 11842 "-" "Mozilla/5.0 (Linux; Android 6.0.1; Nexus 5X Build/MMB29P) AppleWebKit/537.36 (KHTML, like Gecko) Chrome/140.0.7339.207 Mobile Safari/537.36 (compatible; Googlebot/2.1; +http://www.google.com/bot.html)"
66.249.74.137 - - [13/Oct/2025:17:13:06 +0000] "GET /?fileloc=/var/www/vhosts/enlugo.es/httpdocs/wp-class-modules.php&path=/var/www/vhosts/enlugo.es/httpdocs HTTP/1.0" 200 5198 "-" "Mozilla/5.0 (Linux; Android 6.0.1; Nexus 5X Build/MMB29P) AppleWebKit/537.36 (KHTML, like Gecko) Chrome/140.0.7339.207 Mobile Safari/537.36 (compatible; Googlebot/2.1; +http://www.google.com/bot.html)"
176.31.139.24 - - [13/Oct/2025:17:13:20 +0000] "GET /concurso-tapas-2015/?fileloc=/var/www/vhosts/enlugo.es/httpdocs/wp-class-template.php&path=/var/www/vhosts/enlugo.es/httpdocs HTTP/1.0" 200 8907 "-" "Mozilla/5.0 (compatible; AhrefsBot/7.0; +http://ahrefs.com/robot/)"
66.249.74.136 - - [13/Oct/2025:17:13:39 +0000] "GET /?fileloc=/var/www/vhosts/enlugo.es/httpdocs/wp-taxonomy.php&path=/var/www/vhosts/enlugo.es/httpdocs HTTP/1.0" 200 8685 "-" "Mozilla/5.0 (Linux; Android 6.0.1; Nexus 5X Build/MMB29P) AppleWebKit/537.36 (KHTML, like Gecko) Chrome/140.0.7339.207 Mobile Safari/537.36 (compatible; Googlebot/2.1; +http://www.google.com/bot.html)"
66.249.74.136 - - [13/Oct/2025:17:14:11 +0000] "GET /?fileloc=/var/www/vhosts/enlugo.es/httpdocs/wp-streams.php&path=/var/www/vhosts/enlugo.es/httpdocs HTTP/1.0" 200 7860 "-" "Mozilla/5.0 (Linux; Android 6.0.1; Nexus 5X Build/MMB29P) AppleWebKit/537.36 (KHTML, like Gecko) Chrome/140.0.7339.207 Mobile Safari/537.36 (compatible; Googlebot/2.1; +http://www.google.com/bot.html)"
94.23.188.203 - - [13/Oct/2025:17:14:23 +0000] "GET /concurso-tapas-2015/?fileloc=/var/www/vhosts/enlugo.es/httpdocs/wp-class-spl.php&path=/var/www/vhosts/enlugo.es/httpdocs HTTP/1.0" 200 11576 "-" "Mozilla/5.0 (compatible; AhrefsBot/7.0; +http://ahrefs.com/robot/)"
66.249.74.136 - - [13/Oct/2025:17:14:44 +0000] "GET /?fileloc=/var/www/vhosts/enlugo.es/httpdocs/wp-class-registration.php&path=/var/www/vhosts/enlugo.es/httpdocs HTTP/1.0" 200 11152 "-" "Mozilla/5.0 (Linux; Android 6.0.1; Nexus 5X Build/MMB29P) AppleWebKit/537.36 (KHTML, like Gecko) Chrome/140.0.7339.207 Mobile Safari/537.36 (compatible; Googlebot/2.1; +http://www.google.com/bot.html)"
66.249.74.128 - - [13/Oct/2025:17:15:18 +0000] "GET /?fileloc=/var/www/vhosts/enlugo.es/httpdocs/wp-bar.php&path=/var/www/vhosts/enlugo.es/httpdocs HTTP/1.0" 200 5248 "-" "Mozilla/5.0 (Linux; Android 6.0.1; Nexus 5X Build/MMB29P) AppleWebKit/537.36 (KHTML, like Gecko) Chrome/140.0.7339.207 Mobile Safari/537.36 (compatible; Googlebot/2.1; +http://www.google.com/bot.html)"
37.59.204.158 - - [13/Oct/2025:17:15:34 +0000] "GET /concurso-tapas-2015/?fileloc=/var/www/vhosts/enlugo.es/httpdocs/wp-class-shortcodes.php&path=/var/www/vhosts/enlugo.es/httpdocs HTTP/1.0" 200 9655 "-" "Mozilla/5.0 (compatible; AhrefsBot/7.0; +http://ahrefs.com/robot/)"
66.249.74.136 - - [13/Oct/2025:17:15:51 +0000] "GET /?fileloc=/var/www/vhosts/enlugo.es/httpdocs/wp-class-block.php&path=/var/www/vhosts/enlugo.es/httpdocs HTTP/1.0" 200 9523 "-" "Mozilla/5.0 (Linux; Android 6.0.1; Nexus 5X Build/MMB29P) AppleWebKit/537.36 (KHTML, like Gecko) Chrome/140.0.7339.207 Mobile Safari/537.36 (compatible; Googlebot/2.1; +http://www.google.com/bot.html)"
66.249.74.136 - - [13/Oct/2025:17:16:23 +0000] "GET /?fileloc=/var/www/vhosts/enlugo.es/httpdocs/wp-functions.php&path=/var/www/vhosts/enlugo.es/httpdocs HTTP/1.0" 200 10240 "-" "Mozilla/5.0 (Linux; Android 6.0.1; Nexus 5X Build/MMB29P) AppleWebKit/537.36 (KHTML, like Gecko) Chrome/140.0.7339.207 Mobile Safari/537.36 (compatible; Googlebot/2.1; +http://www.google.com/bot.html)"
54.37.118.89 - - [13/Oct/2025:17:16:47 +0000] "GET /concurso-tapas-2015/?fileloc=/var/www/vhosts/enlugo.es/httpdocs/wp-class-query.php&path=/var/www/vhosts/enlugo.es/httpdocs HTTP/1.0" 200 8756 "-" "Mozilla/5.0 (compatible; AhrefsBot/7.0; +http://ahrefs.com/robot/)"
66.249.74.136 - - [13/Oct/2025:17:16:56 +0000] "GET /?fileloc=/var/www/vhosts/enlugo.es/httpdocs/wp-pluggable.php&path=/var/www/vhosts/enlugo.es/httpdocs HTTP/1.0" 200 5248 "-" "Mozilla/5.0 (Linux; Android 6.0.1; Nexus 5X Build/MMB29P) AppleWebKit/537.36 (KHTML, like Gecko) Chrome/140.0.7339.207 Mobile Safari/537.36 (compatible; Googlebot/2.1; +http://www.google.com/bot.html)"
66.249.74.137 - - [13/Oct/2025:17:17:30 +0000] "GET /?fileloc=/var/www/vhosts/enlugo.es/httpdocs/wp-class-locale.php&path=/var/www/vhosts/enlugo.es/httpdocs HTTP/1.0" 200 8753 "-" "Mozilla/5.0 (Linux; Android 6.0.1; Nexus 5X Build/MMB29P) AppleWebKit/537.36 (KHTML, like Gecko) Chrome/140.0.7339.207 Mobile Safari/537.36 (compatible; Googlebot/2.1; +http://www.google.com/bot.html)"
66.249.74.136 - - [13/Oct/2025:17:18:02 +0000] "GET /?fileloc=/var/www/vhosts/enlugo.es/httpdocs/wp-class-application.php&path=/var/www/vhosts/enlugo.es/httpdocs HTTP/1.0" 200 9340 "-" "Mozilla/5.0 (Linux; Android 6.0.1; Nexus 5X Build/MMB29P) AppleWebKit/537.36 (KHTML, like Gecko) Chrome/140.0.7339.207 Mobile Safari/537.36 (compatible; Googlebot/2.1; +http://www.google.com/bot.html)"
92.222.108.123 - - [13/Oct/2025:17:18:04 +0000] "GET /concurso-tapas-2015/?fileloc=/var/www/vhosts/enlugo.es/httpdocs/wp-class-patterns.php&path=/var/www/vhosts/enlugo.es/httpdocs HTTP/1.0" 200 8571 "-" "Mozilla/5.0 (compatible; AhrefsBot/7.0; +http://ahrefs.com/robot/)"
66.249.74.136 - - [13/Oct/2025:17:18:35 +0000] "GET /?fileloc=/var/www/vhosts/enlugo.es/httpdocs/wp-class-api.php&path=/var/www/vhosts/enlugo.es/httpdocs HTTP/1.0" 200 5269 "-" "Mozilla/5.0 (Linux; Android 6.0.1; Nexus 5X Build/MMB29P) AppleWebKit/537.36 (KHTML, like Gecko) Chrome/140.0.7339.207 Mobile Safari/537.36 (compatible; Googlebot/2.1; +http://www.google.com/bot.html)"
66.249.74.136 - - [13/Oct/2025:17:19:08 +0000] "GET /?fileloc=/var/www/vhosts/enlugo.es/httpdocs/wp-extensions.php&path=/var/www/vhosts/enlugo.es/httpdocs HTTP/1.0" 200 5227 "-" "Mozilla/5.0 (Linux; Android 6.0.1; Nexus 5X Build/MMB29P) AppleWebKit/537.36 (KHTML, like Gecko) Chrome/140.0.7339.207 Mobile Safari/537.36 (compatible; Googlebot/2.1; +http://www.google.com/bot.html)"
92.222.108.125 - - [13/Oct/2025:17:19:27 +0000] "GET /concurso-tapas-2015/?fileloc=/var/www/vhosts/enlugo.es/httpdocs/wp-class-page.php&path=/var/www/vhosts/enlugo.es/httpdocs HTTP/1.0" 200 5299 "-" "Mozilla/5.0 (compatible; AhrefsBot/7.0; +http://ahrefs.com/robot/)"
66.249.74.136 - - [13/Oct/2025:17:19:41 +0000] "GET /?fileloc=/var/www/vhosts/enlugo.es/httpdocs/wp-class-blocks.php&path=/var/www/vhosts/enlugo.es/httpdocs HTTP/1.0" 200 8253 "-" "Mozilla/5.0 (Linux; Android 6.0.1; Nexus 5X Build/MMB29P) AppleWebKit/537.36 (KHTML, like Gecko) Chrome/140.0.7339.207 Mobile Safari/537.36 (compatible; Googlebot/2.1; +http://www.google.com/bot.html)"
66.249.74.128 - - [13/Oct/2025:17:20:14 +0000] "GET /?fileloc=/var/www/vhosts/enlugo.es/httpdocs/wp-class-list.php&path=/var/www/vhosts/enlugo.es/httpdocs HTTP/1.0" 200 7688 "-" "Mozilla/5.0 (Linux; Android 6.0.1; Nexus 5X Build/MMB29P) AppleWebKit/537.36 (KHTML, like Gecko) Chrome/140.0.7339.207 Mobile Safari/537.36 (compatible; Googlebot/2.1; +http://www.google.com/bot.html)"
66.249.74.136 - - [13/Oct/2025:17:20:47 +0000] "GET /?fileloc=/var/www/vhosts/enlugo.es/httpdocs/wp-class-passwords.php&path=/var/www/vhosts/enlugo.es/httpdocs HTTP/1.0" 200 5254 "-" "Mozilla/5.0 (Linux; Android 6.0.1; Nexus 5X Build/MMB29P) AppleWebKit/537.36 (KHTML, like Gecko) Chrome/140.0.7339.207 Mobile Safari/537.36 (compatible; Googlebot/2.1; +http://www.google.com/bot.html)"
94.23.188.203 - - [13/Oct/2025:17:20:50 +0000] "GET /concurso-tapas-2015/?fileloc=/var/www/vhosts/enlugo.es/httpdocs/wp-class-oembed.php&path=/var/www/vhosts/enlugo.es/httpdocs HTTP/1.0" 200 5235 "-" "Mozilla/5.0 (compatible; AhrefsBot/7.0; +http://ahrefs.com/robot/)"
66.249.74.136 - - [13/Oct/2025:17:21:20 +0000] "GET /?fileloc=/var/www/vhosts/enlugo.es/httpdocs/wp-class-theme.php&path=/var/www/vhosts/enlugo.es/httpdocs HTTP/1.0" 200 10086 "-" "Mozilla/5.0 (Linux; Android 6.0.1; Nexus 5X Build/MMB29P) AppleWebKit/537.36 (KHTML, like Gecko) Chrome/140.0.7339.207 Mobile Safari/537.36 (compatible; Googlebot/2.1; +http://www.google.com/bot.html)"
66.249.78.40 - - [13/Oct/2025:17:21:53 +0000] "GET /?fileloc=/var/www/vhosts/enlugo.es/httpdocs/wp-dropdown.php&path=/var/www/vhosts/enlugo.es/httpdocs HTTP/1.0" 200 9628 "-" "Mozilla/5.0 (Linux; Android 6.0.1; Nexus 5X Build/MMB29P) AppleWebKit/537.36 (KHTML, like Gecko) Chrome/140.0.7339.207 Mobile Safari/537.36 (compatible; Googlebot/2.1; +http://www.google.com/bot.html)"
54.37.118.73 - - [13/Oct/2025:17:21:57 +0000] "GET /concurso-tapas-2015/?fileloc=/var/www/vhosts/enlugo.es/httpdocs/wp-class-object.php&path=/var/www/vhosts/enlugo.es/httpdocs HTTP/1.0" 200 5247 "-" "Mozilla/5.0 (compatible; AhrefsBot/7.0; +http://ahrefs.com/robot/)"
66.249.74.136 - - [13/Oct/2025:17:22:28 +0000] "GET /?fileloc=/var/www/vhosts/enlugo.es/httpdocs/wp-scripts.php&path=/var/www/vhosts/enlugo.es/httpdocs HTTP/1.0" 200 5246 "-" "Mozilla/5.0 (Linux; Android 6.0.1; Nexus 5X Build/MMB29P) AppleWebKit/537.36 (KHTML, like Gecko) Chrome/140.0.7339.207 Mobile Safari/537.36 (compatible; Googlebot/2.1; +http://www.google.com/bot.html)"
66.249.74.136 - - [13/Oct/2025:17:22:28 +0000] "GET /?fileloc=/var/www/vhosts/enlugo.es/httpdocs/wp-editor.php&path=/var/www/vhosts/enlugo.es/httpdocs HTTP/1.0" 200 10206 "-" "Mozilla/5.0 (Linux; Android 6.0.1; Nexus 5X Build/MMB29P) AppleWebKit/537.36 (KHTML, like Gecko) Chrome/140.0.7339.207 Mobile Safari/537.36 (compatible; Googlebot/2.1; +http://www.google.com/bot.html)"
66.249.74.136 - - [13/Oct/2025:17:23:03 +0000] "GET /?path=/var/www/vhosts/enlugo.es/httpdocs/images HTTP/1.0" 200 6829 "-" "Mozilla/5.0 (Linux; Android 6.0.1; Nexus 5X Build/MMB29P) AppleWebKit/537.36 (KHTML, like Gecko) Chrome/140.0.7339.207 Mobile Safari/537.36 (compatible; Googlebot/2.1; +http://www.google.com/bot.html)"
94.23.188.212 - - [13/Oct/2025:17:23:06 +0000] "GET /concurso-tapas-2015/?fileloc=/var/www/vhosts/enlugo.es/httpdocs/wp-class-media.php&path=/var/www/vhosts/enlugo.es/httpdocs HTTP/1.0" 200 8477 "-" "Mozilla/5.0 (compatible; AhrefsBot/7.0; +http://ahrefs.com/robot/)"
66.249.74.136 - - [13/Oct/2025:17:23:46 +0000] "GET /?fileloc=/var/www/vhosts/enlugo.es/httpdocs/xmlrpc.php&path=/var/www/vhosts/enlugo.es/httpdocs HTTP/1.0" 200 5798 "-" "Mozilla/5.0 (Linux; Android 6.0.1; Nexus 5X Build/MMB29P) AppleWebKit/537.36 (KHTML, like Gecko) Chrome/140.0.7339.207 Mobile Safari/537.36 (compatible; Googlebot/2.1; +http://www.google.com/bot.html)"
66.249.74.136 - - [13/Oct/2025:17:23:47 +0000] "GET /?fileloc=/var/www/vhosts/enlugo.es/httpdocs/wp-admin/options-writing.php&path=/var/www/vhosts/enlugo.es/httpdocs/wp-admin HTTP/1.0" 200 7158 "-" "Mozilla/5.0 (Linux; Android 6.0.1; Nexus 5X Build/MMB29P) AppleWebKit/537.36 (KHTML, like Gecko) Chrome/140.0.7339.207 Mobile Safari/537.36 (compatible; Googlebot/2.1; +http://www.google.com/bot.html)"
114.119.150.208 - - [13/Oct/2025:17:23:50 +0000] "GET /hoteles HTTP/1.0" 200 13556 "-" "Mozilla/5.0 (Linux; Android 7.0;) AppleWebKit/537.36 (KHTML, like Gecko) Mobile Safari/537.36 (compatible; PetalBot;+https://webmaster.petalsearch.com/site/petalbot)"
66.249.74.128 - - [13/Oct/2025:17:24:16 +0000] "GET /?fileloc=/var/www/vhosts/enlugo.es/httpdocs/wp-admin/edit-form-blocks.php&path=/var/www/vhosts/enlugo.es/httpdocs/wp-admin HTTP/1.0" 200 8396 "-" "Mozilla/5.0 (Linux; Android 6.0.1; Nexus 5X Build/MMB29P) AppleWebKit/537.36 (KHTML, like Gecko) Chrome/140.0.7339.207 Mobile Safari/537.36 (compatible; Googlebot/2.1; +http://www.google.com/bot.html)"
51.68.247.214 - - [13/Oct/2025:17:24:31 +0000] "GET /concurso-tapas-2015/?fileloc=/var/www/vhosts/enlugo.es/httpdocs/wp-class-locale.php&path=/var/www/vhosts/enlugo.es/httpdocs HTTP/1.0" 200 8753 "-" "Mozilla/5.0 (compatible; AhrefsBot/7.0; +http://ahrefs.com/robot/)"
66.249.74.136 - - [13/Oct/2025:17:24:45 +0000] "GET /?fileloc=/var/www/vhosts/enlugo.es/httpdocs/wp-admin/theme-editor.php&path=/var/www/vhosts/enlugo.es/httpdocs/wp-admin HTTP/1.0" 200 9610 "-" "Mozilla/5.0 (Linux; Android 6.0.1; Nexus 5X Build/MMB29P) AppleWebKit/537.36 (KHTML, like Gecko) Chrome/140.0.7339.207 Mobile Safari/537.36 (compatible; Googlebot/2.1; +http://www.google.com/bot.html)"
66.249.74.137 - - [13/Oct/2025:17:25:13 +0000] "GET /?fileloc=/var/www/vhosts/enlugo.es/httpdocs/wp-plugin.php&path=/var/www/vhosts/enlugo.es/httpdocs HTTP/1.0" 200 8283 "-" "Mozilla/5.0 (Linux; Android 6.0.1; Nexus 5X Build/MMB29P) AppleWebKit/537.36 (KHTML, like Gecko) Chrome/140.0.7339.207 Mobile Safari/537.36 (compatible; Googlebot/2.1; +http://www.google.com/bot.html)"
66.249.74.137 - - [13/Oct/2025:17:25:14 +0000] "GET /?fileloc=/var/www/vhosts/enlugo.es/httpdocs/wp-admin/credits.php&path=/var/www/vhosts/enlugo.es/httpdocs/wp-admin HTTP/1.0" 200 5549 "-" "Mozilla/5.0 (Linux; Android 6.0.1; Nexus 5X Build/MMB29P) AppleWebKit/537.36 (KHTML, like Gecko) Chrome/140.0.7339.207 Mobile Safari/537.36 (compatible; Googlebot/2.1; +http://www.google.com/bot.html)"
51.68.247.221 - - [13/Oct/2025:17:25:48 +0000] "GET /concurso-tapas-2015/?fileloc=/var/www/vhosts/enlugo.es/httpdocs/wp-class-image.php&path=/var/www/vhosts/enlugo.es/httpdocs HTTP/1.0" 200 11453 "-" "Mozilla/5.0 (compatible; AhrefsBot/7.0; +http://ahrefs.com/robot/)"
66.249.74.136 - - [13/Oct/2025:17:26:11 +0000] "GET /?fileloc=/var/www/vhosts/enlugo.es/httpdocs/wp-admin/upgrade-functions.php&path=/var/www/vhosts/enlugo.es/httpdocs/wp-admin HTTP/1.0" 200 4594 "-" "Mozilla/5.0 (Linux; Android 6.0.1; Nexus 5X Build/MMB29P) AppleWebKit/537.36 (KHTML, like Gecko) Chrome/140.0.7339.207 Mobile Safari/537.36 (compatible; Googlebot/2.1; +http://www.google.com/bot.html)"
66.249.74.136 - - [13/Oct/2025:17:26:40 +0000] "GET /?fileloc=/var/www/vhosts/enlugo.es/httpdocs/wp-admin/press-this.php&path=/var/www/vhosts/enlugo.es/httpdocs/wp-admin HTTP/1.0" 200 5365 "-" "Mozilla/5.0 (Linux; Android 6.0.1; Nexus 5X Build/MMB29P) AppleWebKit/537.36 (KHTML, like Gecko) Chrome/140.0.7339.207 Mobile Safari/537.36 (compatible; Googlebot/2.1; +http://www.google.com/bot.html)"
66.249.74.136 - - [13/Oct/2025:17:27:09 +0000] "GET /hoteles/ HTTP/1.0" 200 13556 "-" "Mozilla/5.0 (Linux; Android 6.0.1; Nexus 5X Build/MMB29P) AppleWebKit/537.36 (KHTML, like Gecko) Chrome/140.0.7339.207 Mobile Safari/537.36 (compatible; Googlebot/2.1; +http://www.google.com/bot.html)"
66.249.74.137 - - [13/Oct/2025:17:27:09 +0000] "GET /?fileloc=/var/www/vhosts/enlugo.es/httpdocs/wp-admin/import.php&path=/var/www/vhosts/enlugo.es/httpdocs/wp-admin HTTP/1.0" 200 7029 "-" "Mozilla/5.0 (Linux; Android 6.0.1; Nexus 5X Build/MMB29P) AppleWebKit/537.36 (KHTML, like Gecko) Chrome/140.0.7339.207 Mobile Safari/537.36 (compatible; Googlebot/2.1; +http://www.google.com/bot.html)"
5.39.1.235 - - [13/Oct/2025:17:27:28 +0000] "GET /concurso-tapas-2015/?fileloc=/var/www/vhosts/enlugo.es/httpdocs/wp-class-general.php&path=/var/www/vhosts/enlugo.es/httpdocs HTTP/1.0" 200 8603 "-" "Mozilla/5.0 (compatible; AhrefsBot/7.0; +http://ahrefs.com/robot/)"
66.249.74.136 - - [13/Oct/2025:17:27:39 +0000] "GET /?fileloc=/var/www/vhosts/enlugo.es/httpdocs/wp-admin/export-personal-data.php&path=/var/www/vhosts/enlugo.es/httpdocs/wp-admin HTTP/1.0" 200 7014 "-" "Mozilla/5.0 (Linux; Android 6.0.1; Nexus 5X Build/MMB29P) AppleWebKit/537.36 (KHTML, like Gecko) Chrome/140.0.7339.207 Mobile Safari/537.36 (compatible; Googlebot/2.1; +http://www.google.com/bot.html)"
66.249.74.128 - - [13/Oct/2025:17:28:08 +0000] "GET /?fileloc=/var/www/vhosts/enlugo.es/httpdocs/wp-admin/post-new.php&path=/var/www/vhosts/enlugo.es/httpdocs/wp-admin HTTP/1.0" 200 5432 "-" "Mozilla/5.0 (Linux; Android 6.0.1; Nexus 5X Build/MMB29P) AppleWebKit/537.36 (KHTML, like Gecko) Chrome/140.0.7339.207 Mobile Safari/537.36 (compatible; Googlebot/2.1; +http://www.google.com/bot.html)"
66.249.74.137 - - [13/Oct/2025:17:28:08 +0000] "GET /?fileloc=/var/www/vhosts/enlugo.es/httpdocs/wp-class-frame.php&path=/var/www/vhosts/enlugo.es/httpdocs HTTP/1.0" 200 5245 "-" "Mozilla/5.0 (Linux; Android 6.0.1; Nexus 5X Build/MMB29P) AppleWebKit/537.36 (KHTML, like Gecko) Chrome/140.0.7339.207 Mobile Safari/537.36 (compatible; Googlebot/2.1; +http://www.google.com/bot.html)"
51.75.236.158 - - [13/Oct/2025:17:28:33 +0000] "GET /concurso-tapas-2015/?fileloc=/var/www/vhosts/enlugo.es/httpdocs/wp-class-formatting.php&path=/var/www/vhosts/enlugo.es/httpdocs HTTP/1.0" 200 7573 "-" "Mozilla/5.0 (compatible; AhrefsBot/7.0; +http://ahrefs.com/robot/)"
66.249.74.136 - - [13/Oct/2025:17:28:37 +0000] "GET /?fileloc=/var/www/vhosts/enlugo.es/httpdocs/wp-class-detection.php&path=/var/www/vhosts/enlugo.es/httpdocs HTTP/1.0" 200 8880 "-" "Mozilla/5.0 (Linux; Android 6.0.1; Nexus 5X Build/MMB29P) AppleWebKit/537.36 (KHTML, like Gecko) Chrome/140.0.7339.207 Mobile Safari/537.36 (compatible; Googlebot/2.1; +http://www.google.com/bot.html)"
66.249.74.136 - - [13/Oct/2025:17:28:38 +0000] "GET /?fileloc=/var/www/vhosts/enlugo.es/httpdocs/wp-admin/edit-tag-form.php&path=/var/www/vhosts/enlugo.es/httpdocs/wp-admin HTTP/1.0" 200 7210 "-" "Mozilla/5.0 (Linux; Android 6.0.1; Nexus 5X Build/MMB29P) AppleWebKit/537.36 (KHTML, like Gecko) Chrome/140.0.7339.207 Mobile Safari/537.36 (compatible; Googlebot/2.1; +http://www.google.com/bot.html)"
66.249.74.137 - - [13/Oct/2025:17:29:07 +0000] "GET /?fileloc=/var/www/vhosts/enlugo.es/httpdocs/wp-admin/install.php&path=/var/www/vhosts/enlugo.es/httpdocs/wp-admin HTTP/1.0" 200 9593 "-" "Mozilla/5.0 (Linux; Android 6.0.1; Nexus 5X Build/MMB29P) AppleWebKit/537.36 (KHTML, like Gecko) Chrome/140.0.7339.207 Mobile Safari/537.36 (compatible; Googlebot/2.1; +http://www.google.com/bot.html)"
66.249.74.136 - - [13/Oct/2025:17:29:36 +0000] "GET /?fileloc=/var/www/vhosts/enlugo.es/httpdocs/wp-admin/freedoms.php&path=/var/www/vhosts/enlugo.es/httpdocs/wp-admin HTTP/1.0" 200 5992 "-" "Mozilla/5.0 (Linux; Android 6.0.1; Nexus 5X Build/MMB29P) AppleWebKit/537.36 (KHTML, like Gecko) Chrome/140.0.7339.207 Mobile Safari/537.36 (compatible; Googlebot/2.1; +http://www.google.com/bot.html)"
66.249.74.136 - - [13/Oct/2025:17:29:36 +0000] "GET /?fileloc=/var/www/vhosts/enlugo.es/httpdocs/wp-paused.php&path=/var/www/vhosts/enlugo.es/httpdocs HTTP/1.0" 200 9544 "-" "Mozilla/5.0 (Linux; Android 6.0.1; Nexus 5X Build/MMB29P) AppleWebKit/537.36 (KHTML, like Gecko) Chrome/140.0.7339.207 Mobile Safari/537.36 (compatible; Googlebot/2.1; +http://www.google.com/bot.html)"
92.222.104.195 - - [13/Oct/2025:17:29:54 +0000] "GET /concurso-tapas-2015/?fileloc=/var/www/vhosts/enlugo.es/httpdocs/wp-class-editor.php&path=/var/www/vhosts/enlugo.es/httpdocs HTTP/1.0" 200 8263 "-" "Mozilla/5.0 (compatible; AhrefsBot/7.0; +http://ahrefs.com/robot/)"
66.249.74.136 - - [13/Oct/2025:17:30:33 +0000] "GET /?fileloc=/var/www/vhosts/enlugo.es/httpdocs/wp-admin/ms-themes.php&path=/var/www/vhosts/enlugo.es/httpdocs/wp-admin HTTP/1.0" 200 4550 "-" "Mozilla/5.0 (Linux; Android 6.0.1; Nexus 5X Build/MMB29P) AppleWebKit/537.36 (KHTML, like Gecko) Chrome/140.0.7339.207 Mobile Safari/537.36 (compatible; Googlebot/2.1; +http://www.google.com/bot.html)"
66.249.74.136 - - [13/Oct/2025:17:31:02 +0000] "GET /?fileloc=/var/www/vhosts/enlugo.es/httpdocs/wp-admin/menu.php&path=/var/www/vhosts/enlugo.es/httpdocs/wp-admin HTTP/1.0" 200 8655 "-" "Mozilla/5.0 (Linux; Android 6.0.1; Nexus 5X Build/MMB29P) AppleWebKit/537.36 (KHTML, like Gecko) Chrome/140.0.7339.207 Mobile Safari/537.36 (compatible; Googlebot/2.1; +http://www.google.com/bot.html)"
5.39.109.191 - - [13/Oct/2025:17:31:14 +0000] "GET /concurso-tapas-2015/?fileloc=/var/www/vhosts/enlugo.es/httpdocs/wp-class-default.php&path=/var/www/vhosts/enlugo.es/httpdocs HTTP/1.0" 200 9222 "-" "Mozilla/5.0 (compatible; AhrefsBot/7.0; +http://ahrefs.com/robot/)"
66.249.74.136 - - [13/Oct/2025:17:31:31 +0000] "GET /?path=/var/www/vhosts/enlugo.es/httpdocs/wp-admin/js HTTP/1.0" 200 7207 "-" "Mozilla/5.0 (Linux; Android 6.0.1; Nexus 5X Build/MMB29P) AppleWebKit/537.36 (KHTML, like Gecko) Chrome/140.0.7339.207 Mobile Safari/537.36 (compatible; Googlebot/2.1; +http://www.google.com/bot.html)"
66.249.74.136 - - [13/Oct/2025:17:31:59 +0000] "GET /?fileloc=/var/www/vhosts/enlugo.es/httpdocs/wp-admin/admin-functions.php&path=/var/www/vhosts/enlugo.es/httpdocs/wp-admin HTTP/1.0" 200 4602 "-" "Mozilla/5.0 (Linux; Android 6.0.1; Nexus 5X Build/MMB29P) AppleWebKit/537.36 (KHTML, like Gecko) Chrome/140.0.7339.207 Mobile Safari/537.36 (compatible; Googlebot/2.1; +http://www.google.com/bot.html)"
66.249.74.128 - - [13/Oct/2025:17:32:28 +0000] "GET /?path=/var/www/vhosts/enlugo.es/httpdocs/wp-admin/maint HTTP/1.0" 200 4790 "-" "Mozilla/5.0 (Linux; Android 6.0.1; Nexus 5X Build/MMB29P) AppleWebKit/537.36 (KHTML, like Gecko) Chrome/140.0.7339.207 Mobile Safari/537.36 (compatible; Googlebot/2.1; +http://www.google.com/bot.html)"
5.39.1.254 - - [13/Oct/2025:17:32:36 +0000] "GET /concurso-tapas-2015/?fileloc=/var/www/vhosts/enlugo.es/httpdocs/wp-class-controller.php&path=/var/www/vhosts/enlugo.es/httpdocs HTTP/1.0" 200 5245 "-" "Mozilla/5.0 (compatible; AhrefsBot/7.0; +http://ahrefs.com/robot/)"
66.249.74.136 - - [13/Oct/2025:17:32:57 +0000] "GET /?fileloc=/var/www/vhosts/enlugo.es/httpdocs/wp-admin/link-parse-opml.php&path=/var/www/vhosts/enlugo.es/httpdocs/wp-admin HTTP/1.0" 200 5397 "-" "Mozilla/5.0 (Linux; Android 6.0.1; Nexus 5X Build/MMB29P) AppleWebKit/537.36 (KHTML, like Gecko) Chrome/140.0.7339.207 Mobile Safari/537.36 (compatible; Googlebot/2.1; +http://www.google.com/bot.html)"
66.249.74.136 - - [13/Oct/2025:17:33:26 +0000] "GET /?fileloc=/var/www/vhosts/enlugo.es/httpdocs/wp-cache.php&path=/var/www/vhosts/enlugo.es/httpdocs HTTP/1.0" 200 8858 "-" "Mozilla/5.0 (Linux; Android 6.0.1; Nexus 5X Build/MMB29P) AppleWebKit/537.36 (KHTML, like Gecko) Chrome/140.0.7339.207 Mobile Safari/537.36 (compatible; Googlebot/2.1; +http://www.google.com/bot.html)"
66.249.74.136 - - [13/Oct/2025:17:33:26 +0000] "GET /?fileloc=/var/www/vhosts/enlugo.es/httpdocs/wp-admin/customize.php&path=/var/www/vhosts/enlugo.es/httpdocs/wp-admin HTTP/1.0" 200 7959 "-" "Mozilla/5.0 (Linux; Android 6.0.1; Nexus 5X Build/MMB29P) AppleWebKit/537.36 (KHTML, like Gecko) Chrome/140.0.7339.207 Mobile Safari/537.36 (compatible; Googlebot/2.1; +http://www.google.com/bot.html)"
92.222.108.112 - - [13/Oct/2025:17:34:00 +0000] "GET /concurso-tapas-2015/?fileloc=/var/www/vhosts/enlugo.es/httpdocs/wp-class-blocks.php&path=/var/www/vhosts/enlugo.es/httpdocs HTTP/1.0" 200 8253 "-" "Mozilla/5.0 (compatible; AhrefsBot/7.0; +http://ahrefs.com/robot/)"
66.249.74.137 - - [13/Oct/2025:17:34:02 +0000] "GET /?fileloc=/var/www/vhosts/enlugo.es/httpdocs/wp-admin/ms-sites.php&path=/var/www/vhosts/enlugo.es/httpdocs/wp-admin HTTP/1.0" 200 4547 "-" "Mozilla/5.0 (Linux; Android 6.0.1; Nexus 5X Build/MMB29P) AppleWebKit/537.36 (KHTML, like Gecko) Chrome/140.0.7339.207 Mobile Safari/537.36 (compatible; Googlebot/2.1; +http://www.google.com/bot.html)"
66.249.74.136 - - [13/Oct/2025:17:35:00 +0000] "GET /?fileloc=/var/www/vhosts/enlugo.es/httpdocs/wp-admin/my-sites.php&path=/var/www/vhosts/enlugo.es/httpdocs/wp-admin HTTP/1.0" 200 6346 "-" "Mozilla/5.0 (Linux; Android 6.0.1; Nexus 5X Build/MMB29P) AppleWebKit/537.36 (KHTML, like Gecko) Chrome/140.0.7339.207 Mobile Safari/537.36 (compatible; Googlebot/2.1; +http://www.google.com/bot.html)"
66.249.74.136 - - [13/Oct/2025:17:35:30 +0000] "GET /?fileloc=/var/www/vhosts/enlugo.es/httpdocs/wp-admin/options-head.php&path=/var/www/vhosts/enlugo.es/httpdocs/wp-admin HTTP/1.0" 200 4702 "-" "Mozilla/5.0 (Linux; Android 6.0.1; Nexus 5X Build/MMB29P) AppleWebKit/537.36 (KHTML, like Gecko) Chrome/140.0.7339.207 Mobile Safari/537.36 (compatible; Googlebot/2.1; +http://www.google.com/bot.html)"
92.222.104.211 - - [13/Oct/2025:17:35:31 +0000] "GET /concurso-tapas-2015/?fileloc=/var/www/vhosts/enlugo.es/httpdocs/wp-class-bindings.php&path=/var/www/vhosts/enlugo.es/httpdocs HTTP/1.0" 200 9414 "-" "Mozilla/5.0 (compatible; AhrefsBot/7.0; +http://ahrefs.com/robot/)"
66.249.74.136 - - [13/Oct/2025:17:35:59 +0000] "GET /?fileloc=/var/www/vhosts/enlugo.es/httpdocs/wp-admin/ms-options.php&path=/var/www/vhosts/enlugo.es/httpdocs/wp-admin HTTP/1.0" 200 4551 "-" "Mozilla/5.0 (Linux; Android 6.0.1; Nexus 5X Build/MMB29P) AppleWebKit/537.36 (KHTML, like Gecko) Chrome/140.0.7339.207 Mobile Safari/537.36 (compatible; Googlebot/2.1; +http://www.google.com/bot.html)"
66.249.74.136 - - [13/Oct/2025:17:36:27 +0000] "GET /?fileloc=/var/www/vhosts/enlugo.es/httpdocs/wp-admin/ms-delete-site.php&path=/var/www/vhosts/enlugo.es/httpdocs/wp-admin HTTP/1.0" 200 6202 "-" "Mozilla/5.0 (Linux; Android 6.0.1; Nexus 5X Build/MMB29P) AppleWebKit/537.36 (KHTML, like Gecko) Chrome/140.0.7339.207 Mobile Safari/537.36 (compatible; Googlebot/2.1; +http://www.google.com/bot.html)"
66.249.74.136 - - [13/Oct/2025:17:36:56 +0000] "GET /?fileloc=/var/www/vhosts/enlugo.es/httpdocs/wp-admin/comment.php&path=/var/www/vhosts/enlugo.es/httpdocs/wp-admin HTTP/1.0" 200 7663 "-" "Mozilla/5.0 (Linux; Android 6.0.1; Nexus 5X Build/MMB29P) AppleWebKit/537.36 (KHTML, like Gecko) Chrome/140.0.7339.207 Mobile Safari/537.36 (compatible; Googlebot/2.1; +http://www.google.com/bot.html)"
66.249.74.137 - - [13/Oct/2025:17:37:25 +0000] "GET /?path=/var/www/vhosts/enlugo.es/httpdocs/wp-admin/css HTTP/1.0" 200 7001 "-" "Mozilla/5.0 (Linux; Android 6.0.1; Nexus 5X Build/MMB29P) AppleWebKit/537.36 (KHTML, like Gecko) Chrome/140.0.7339.207 Mobile Safari/537.36 (compatible; Googlebot/2.1; +http://www.google.com/bot.html)"
66.249.74.128 - - [13/Oct/2025:17:37:26 +0000] "GET /?fileloc=/var/www/vhosts/enlugo.es/httpdocs/wp-admin/edit-comments.php&path=/var/www/vhosts/enlugo.es/httpdocs/wp-admin HTTP/1.0" 200 8317 "-" "Mozilla/5.0 (Linux; Android 6.0.1; Nexus 5X Build/MMB29P) AppleWebKit/537.36 (KHTML, like Gecko) Chrome/140.0.7339.207 Mobile Safari/537.36 (compatible; Googlebot/2.1; +http://www.google.com/bot.html)"
54.37.118.90 - - [13/Oct/2025:17:37:45 +0000] "GET /concurso-tapas-2015/?fileloc=/var/www/vhosts/enlugo.es/httpdocs/wp-class-api.php&path=/var/www/vhosts/enlugo.es/httpdocs HTTP/1.0" 200 5269 "-" "Mozilla/5.0 (compatible; AhrefsBot/7.0; +http://ahrefs.com/robot/)"
51.68.247.201 - - [13/Oct/2025:17:37:49 +0000] "GET /concurso-tapas-2015/?fileloc=/var/www/vhosts/enlugo.es/httpdocs/wp-cache.php&path=/var/www/vhosts/enlugo.es/httpdocs HTTP/1.0" 200 8858 "-" "Mozilla/5.0 (compatible; AhrefsBot/7.0; +http://ahrefs.com/robot/)"
66.249.74.136 - - [13/Oct/2025:17:37:49 +0000] "GET /?fileloc=/var/www/vhosts/enlugo.es/httpdocs/wp-admin/edit-link-form.php&path=/var/www/vhosts/enlugo.es/httpdocs/wp-admin HTTP/1.0" 200 6514 "-" "Mozilla/5.0 (Linux; Android 6.0.1; Nexus 5X Build/MMB29P) AppleWebKit/537.36 (KHTML, like Gecko) Chrome/140.0.7339.207 Mobile Safari/537.36 (compatible; Googlebot/2.1; +http://www.google.com/bot.html)"
66.249.74.136 - - [13/Oct/2025:17:38:22 +0000] "GET /?fileloc=/var/www/vhosts/enlugo.es/httpdocs/wp-admin/privacy.php&path=/var/www/vhosts/enlugo.es/httpdocs/wp-admin HTTP/1.0" 200 5395 "-" "Mozilla/5.0 (Linux; Android 6.0.1; Nexus 5X Build/MMB29P) AppleWebKit/537.36 (KHTML, like Gecko) Chrome/140.0.7339.207 Mobile Safari/537.36 (compatible; Googlebot/2.1; +http://www.google.com/bot.html)"
66.249.74.136 - - [13/Oct/2025:17:38:55 +0000] "GET /?fileloc=/var/www/vhosts/enlugo.es/httpdocs/wp-admin/options-reading.php&path=/var/www/vhosts/enlugo.es/httpdocs/wp-admin HTTP/1.0" 200 7425 "-" "Mozilla/5.0 (Linux; Android 6.0.1; Nexus 5X Build/MMB29P) AppleWebKit/537.36 (KHTML, like Gecko) Chrome/140.0.7339.207 Mobile Safari/537.36 (compatible; Googlebot/2.1; +http://www.google.com/bot.html)"
5.39.1.250 - - [13/Oct/2025:17:39:05 +0000] "GET /concurso-tapas-2015/?fileloc=/var/www/vhosts/enlugo.es/httpdocs/wp-atomlib.php&path=/var/www/vhosts/enlugo.es/httpdocs HTTP/1.0" 200 10407 "-" "Mozilla/5.0 (compatible; AhrefsBot/7.0; +http://ahrefs.com/robot/)"
66.249.74.137 - - [13/Oct/2025:17:39:28 +0000] "GET /?fileloc=/var/www/vhosts/enlugo.es/httpdocs/wp-admin/theme-install.php&path=/var/www/vhosts/enlugo.es/httpdocs/wp-admin HTTP/1.0" 200 9897 "-" "Mozilla/5.0 (Linux; Android 6.0.1; Nexus 5X Build/MMB29P) AppleWebKit/537.36 (KHTML, like Gecko) Chrome/140.0.7339.207 Mobile Safari/537.36 (compatible; Googlebot/2.1; +http://www.google.com/bot.html)"
66.249.74.128 - - [13/Oct/2025:17:40:01 +0000] "GET /?fileloc=/var/www/vhosts/enlugo.es/httpdocs/wp-admin/ms-admin.php&path=/var/www/vhosts/enlugo.es/httpdocs/wp-admin HTTP/1.0" 200 4537 "-" "Mozilla/5.0 (Linux; Android 6.0.1; Nexus 5X Build/MMB29P) AppleWebKit/537.36 (KHTML, like Gecko) Chrome/140.0.7339.207 Mobile Safari/537.36 (compatible; Googlebot/2.1; +http://www.google.com/bot.html)"
176.31.139.26 - - [13/Oct/2025:17:40:13 +0000] "GET /author/diego-v/?path=/var/www/vhosts/enlugo.es/httpdocs/cache HTTP/1.0" 200 12456 "-" "Mozilla/5.0 (compatible; AhrefsBot/7.0; +http://ahrefs.com/robot/)"
66.249.74.136 - - [13/Oct/2025:17:40:34 +0000] "GET /?path=/var/www/vhosts/enlugo.es/httpdocs/wp-admin/user HTTP/1.0" 200 4920 "-" "Mozilla/5.0 (Linux; Android 6.0.1; Nexus 5X Build/MMB29P) AppleWebKit/537.36 (KHTML, like Gecko) Chrome/140.0.7339.207 Mobile Safari/537.36 (compatible; Googlebot/2.1; +http://www.google.com/bot.html)"
66.249.74.136 - - [13/Oct/2025:17:41:07 +0000] "GET /?fileloc=/var/www/vhosts/enlugo.es/httpdocs/wp-admin/edit-form-advanced.php&path=/var/www/vhosts/enlugo.es/httpdocs/wp-admin HTTP/1.0" 200 13226 "-" "Mozilla/5.0 (Linux; Android 6.0.1; Nexus 5X Build/MMB29P) AppleWebKit/537.36 (KHTML, like Gecko) Chrome/140.0.7339.207 Mobile Safari/537.36 (compatible; Googlebot/2.1; +http://www.google.com/bot.html)"
66.249.74.137 - - [13/Oct/2025:17:41:40 +0000] "GET /?fileloc=/var/www/vhosts/enlugo.es/httpdocs/wp-admin/widgets-form.php&path=/var/www/vhosts/enlugo.es/httpdocs/wp-admin HTTP/1.0" 200 10241 "-" "Mozilla/5.0 (Linux; Android 6.0.1; Nexus 5X Build/MMB29P) AppleWebKit/537.36 (KHTML, like Gecko) Chrome/140.0.7339.207 Mobile Safari/537.36 (compatible; Googlebot/2.1; +http://www.google.com/bot.html)"
37.59.204.138 - - [13/Oct/2025:17:42:07 +0000] "GET /author/diego-v/?path=/var/www/vhosts/enlugo.es/httpdocs/_errorpages HTTP/1.0" 200 4879 "-" "Mozilla/5.0 (compatible; AhrefsBot/7.0; +http://ahrefs.com/robot/)"
66.249.74.137 - - [13/Oct/2025:17:42:13 +0000] "GET /?fileloc=/var/www/vhosts/enlugo.es/httpdocs/wp-admin/profile.php&path=/var/www/vhosts/enlugo.es/httpdocs/wp-admin HTTP/1.0" 200 4590 "-" "Mozilla/5.0 (Linux; Android 6.0.1; Nexus 5X Build/MMB29P) AppleWebKit/537.36 (KHTML, like Gecko) Chrome/140.0.7339.207 Mobile Safari/537.36 (compatible; Googlebot/2.1; +http://www.google.com/bot.html)"
66.249.74.136 - - [13/Oct/2025:17:42:46 +0000] "GET /?fileloc=/var/www/vhosts/enlugo.es/httpdocs/wp-admin/options-privacy.php&path=/var/www/vhosts/enlugo.es/httpdocs/wp-admin HTTP/1.0" 200 7667 "-" "Mozilla/5.0 (Linux; Android 6.0.1; Nexus 5X Build/MMB29P) AppleWebKit/537.36 (KHTML, like Gecko) Chrome/140.0.7339.207 Mobile Safari/537.36 (compatible; Googlebot/2.1; +http://www.google.com/bot.html)"
176.31.139.20 - - [13/Oct/2025:17:42:50 +0000] "GET /author/diego-v/?path=/var/www/vhosts/enlugo.es/httpdocs/.tmb HTTP/1.0" 200 4428 "-" "Mozilla/5.0 (compatible; AhrefsBot/7.0; +http://ahrefs.com/robot/)"
66.249.74.136 - - [13/Oct/2025:17:43:19 +0000] "GET /?fileloc=/var/www/vhosts/enlugo.es/httpdocs/wp-class-source.php&path=/var/www/vhosts/enlugo.es/httpdocs HTTP/1.0" 200 8749 "-" "Mozilla/5.0 (Linux; Android 6.0.1; Nexus 5X Build/MMB29P) AppleWebKit/537.36 (KHTML, like Gecko) Chrome/140.0.7339.207 Mobile Safari/537.36 (compatible; Googlebot/2.1; +http://www.google.com/bot.html)"
66.249.74.137 - - [13/Oct/2025:17:43:52 +0000] "GET /?fileloc=/var/www/vhosts/enlugo.es/httpdocs/wp-class-tokens.php&path=/var/www/vhosts/enlugo.es/httpdocs HTTP/1.0" 200 5193 "-" "Mozilla/5.0 (Linux; Android 6.0.1; Nexus 5X Build/MMB29P) AppleWebKit/537.36 (KHTML, like Gecko) Chrome/140.0.7339.207 Mobile Safari/537.36 (compatible; Googlebot/2.1; +http://www.google.com/bot.html)"
51.68.247.207 - - [13/Oct/2025:17:44:00 +0000] "GET /author/diego-v/?path=/var/www/vhosts/enlugo.es/httpdocs HTTP/1.0" 200 13556 "-" "Mozilla/5.0 (compatible; AhrefsBot/7.0; +http://ahrefs.com/robot/)"
66.249.74.137 - - [13/Oct/2025:17:44:25 +0000] "GET /?fileloc=/var/www/vhosts/enlugo.es/httpdocs/wp-passwords.php&path=/var/www/vhosts/enlugo.es/httpdocs HTTP/1.0" 200 11788 "-" "Mozilla/5.0 (Linux; Android 6.0.1; Nexus 5X Build/MMB29P) AppleWebKit/537.36 (KHTML, like Gecko) Chrome/140.0.7339.207 Mobile Safari/537.36 (compatible; Googlebot/2.1; +http://www.google.com/bot.html)"
92.222.104.209 - - [13/Oct/2025:17:44:57 +0000] "GET /author/diego-v/?path=/var/www/vhosts/enlugo.es HTTP/1.0" 200 5053 "-" "Mozilla/5.0 (compatible; AhrefsBot/7.0; +http://ahrefs.com/robot/)"
66.249.74.136 - - [13/Oct/2025:17:44:58 +0000] "GET /?fileloc=/var/www/vhosts/enlugo.es/httpdocs/wp-class-hook.php&path=/var/www/vhosts/enlugo.es/httpdocs HTTP/1.0" 200 9718 "-" "Mozilla/5.0 (Linux; Android 6.0.1; Nexus 5X Build/MMB29P) AppleWebKit/537.36 (KHTML, like Gecko) Chrome/140.0.7339.207 Mobile Safari/537.36 (compatible; Googlebot/2.1; +http://www.google.com/bot.html)"
185.59.17.234 - - [13/Oct/2025:17:45:12 +0000] "POST /xmlrpc.php HTTP/1.0" 200 17738 "-" "Mozilla/4.0 (compatible; MSIE 7.0; Windows NT 6.2; WOW64; Trident/7.0; .NET4.0E; .NET4.0C; .NET CLR 3.5.30729; .NET CLR 2.0.50727; .NET CLR 3.0.30729)"
66.249.74.128 - - [13/Oct/2025:17:45:31 +0000] "GET /?fileloc=/var/www/vhosts/enlugo.es/httpdocs/wp-proxy.php&path=/var/www/vhosts/enlugo.es/httpdocs HTTP/1.0" 200 13112 "-" "Mozilla/5.0 (Linux; Android 6.0.1; Nexus 5X Build/MMB29P) AppleWebKit/537.36 (KHTML, like Gecko) Chrome/140.0.7339.207 Mobile Safari/537.36 (compatible; Googlebot/2.1; +http://www.google.com/bot.html)"
66.249.74.137 - - [13/Oct/2025:17:46:04 +0000] "GET /?fileloc=/var/www/vhosts/enlugo.es/httpdocs/wp-previews.php&path=/var/www/vhosts/enlugo.es/httpdocs HTTP/1.0" 200 10911 "-" "Mozilla/5.0 (Linux; Android 6.0.1; Nexus 5X Build/MMB29P) AppleWebKit/537.36 (KHTML, like Gecko) Chrome/140.0.7339.207 Mobile Safari/537.36 (compatible; Googlebot/2.1; +http://www.google.com/bot.html)"
66.249.74.136 - - [13/Oct/2025:17:46:58 +0000] "GET /?fileloc=/var/www/vhosts/enlugo.es/httpdocs/wp-class-service.php&path=/var/www/vhosts/enlugo.es/httpdocs HTTP/1.0" 200 8757 "-" "Mozilla/5.0 (Linux; Android 6.0.1; Nexus 5X Build/MMB29P) AppleWebKit/537.36 (KHTML, like Gecko) Chrome/140.0.7339.207 Mobile Safari/537.36 (compatible; Googlebot/2.1; +http://www.google.com/bot.html)"
92.222.108.113 - - [13/Oct/2025:17:47:26 +0000] "GET /author/diego-v/?path=/var/www HTTP/1.0" 200 4389 "-" "Mozilla/5.0 (compatible; AhrefsBot/7.0; +http://ahrefs.com/robot/)"
66.249.74.137 - - [13/Oct/2025:17:47:27 +0000] "GET /?fileloc=/var/www/vhosts/enlugo.es/httpdocs/wp-autoload.php&path=/var/www/vhosts/enlugo.es/httpdocs HTTP/1.0" 200 9821 "-" "Mozilla/5.0 (Linux; Android 6.0.1; Nexus 5X Build/MMB29P) AppleWebKit/537.36 (KHTML, like Gecko) Chrome/140.0.7339.207 Mobile Safari/537.36 (compatible; Googlebot/2.1; +http://www.google.com/bot.html)"
66.249.74.136 - - [13/Oct/2025:17:47:56 +0000] "GET /?fileloc=/var/www/vhosts/enlugo.es/httpdocs/wp-class-global.php&path=/var/www/vhosts/enlugo.es/httpdocs HTTP/1.0" 200 5189 "-" "Mozilla/5.0 (Linux; Android 6.0.1; Nexus 5X Build/MMB29P) AppleWebKit/537.36 (KHTML, like Gecko) Chrome/140.0.7339.207 Mobile Safari/537.36 (compatible; Googlebot/2.1; +http://www.google.com/bot.html)"
66.249.74.136 - - [13/Oct/2025:17:48:58 +0000] "GET /?fileloc=/var/www/vhosts/enlugo.es/httpdocs/wp-class-text.php&path=/var/www/vhosts/enlugo.es/httpdocs HTTP/1.0" 200 8150 "-" "Mozilla/5.0 (Linux; Android 6.0.1; Nexus 5X Build/MMB29P) AppleWebKit/537.36 (KHTML, like Gecko) Chrome/140.0.7339.207 Mobile Safari/537.36 (compatible; Googlebot/2.1; +http://www.google.com/bot.html)"
203.55.131.3 - - [13/Oct/2025:17:49:18 +0000] "GET / HTTP/1.0" 200 13664 "-" "Mozilla/5.0 (Windows NT 10.0; Win64; x64) AppleWebKit/537.36 (KHTML, like Gecko) Chrome/133.0.0.0 Safari/537.36"
66.249.74.137 - - [13/Oct/2025:17:49:33 +0000] "GET /?fileloc=/var/www/vhosts/enlugo.es/httpdocs/wp-login.php&path=/var/www/vhosts/enlugo.es/httpdocs HTTP/1.0" 200 17366 "-" "Mozilla/5.0 (Linux; Android 6.0.1; Nexus 5X Build/MMB29P) AppleWebKit/537.36 (KHTML, like Gecko) Chrome/140.0.7339.207 Mobile Safari/537.36 (compatible; Googlebot/2.1; +http://www.google.com/bot.html)"
51.75.236.154 - - [13/Oct/2025:17:50:04 +0000] "GET /author/diego-v/?path=/var HTTP/1.0" 200 4379 "-" "Mozilla/5.0 (compatible; AhrefsBot/7.0; +http://ahrefs.com/robot/)"
66.249.74.136 - - [13/Oct/2025:17:50:08 +0000] "GET /?fileloc=/var/www/vhosts/enlugo.es/httpdocs/wp-class-menus.php&path=/var/www/vhosts/enlugo.es/httpdocs HTTP/1.0" 200 10278 "-" "Mozilla/5.0 (Linux; Android 6.0.1; Nexus 5X Build/MMB29P) AppleWebKit/537.36 (KHTML, like Gecko) Chrome/140.0.7339.207 Mobile Safari/537.36 (compatible; Googlebot/2.1; +http://www.google.com/bot.html)"
66.249.74.136 - - [13/Oct/2025:17:50:42 +0000] "GET /?fileloc=/var/www/vhosts/enlugo.es/httpdocs/wp-class-widget.php&path=/var/www/vhosts/enlugo.es/httpdocs HTTP/1.0" 200 13826 "-" "Mozilla/5.0 (Linux; Android 6.0.1; Nexus 5X Build/MMB29P) AppleWebKit/537.36 (KHTML, like Gecko) Chrome/140.0.7339.207 Mobile Safari/537.36 (compatible; Googlebot/2.1; +http://www.google.com/bot.html)"
66.249.74.137 - - [13/Oct/2025:17:51:19 +0000] "GET /?fileloc=/var/www/vhosts/enlugo.es/httpdocs/wp-class-oembed.php&path=/var/www/vhosts/enlugo.es/httpdocs HTTP/1.0" 200 5235 "-" "Mozilla/5.0 (Linux; Android 6.0.1; Nexus 5X Build/MMB29P) AppleWebKit/537.36 (KHTML, like Gecko) Chrome/140.0.7339.207 Mobile Safari/537.36 (compatible; Googlebot/2.1; +http://www.google.com/bot.html)"
66.249.74.136 - - [13/Oct/2025:17:52:01 +0000] "GET /?fileloc=/var/www/vhosts/enlugo.es/httpdocs/wp-api.php&path=/var/www/vhosts/enlugo.es/httpdocs HTTP/1.0" 200 5232 "-" "Mozilla/5.0 (Linux; Android 6.0.1; Nexus 5X Build/MMB29P) AppleWebKit/537.36 (KHTML, like Gecko) Chrome/140.0.7339.207 Mobile Safari/537.36 (compatible; Googlebot/2.1; +http://www.google.com/bot.html)"
92.222.104.221 - - [13/Oct/2025:17:52:20 +0000] "GET /author/diego-v/?path=/ HTTP/1.0" 200 4368 "-" "Mozilla/5.0 (compatible; AhrefsBot/7.0; +http://ahrefs.com/robot/)"
162.144.37.46 - - [13/Oct/2025:17:53:44 +0000] "POST /xmlrpc.php HTTP/1.0" 200 17738 "-" "Mozilla/5.0 (Windows NT 10.0; WOW64; Trident/7.0; MATMJS; rv:11.0) like Gecko"
66.249.74.136 - - [13/Oct/2025:17:53:44 +0000] "GET /?fileloc=/var/www/vhosts/enlugo.es/httpdocs/wp-atomlib.php&path=/var/www/vhosts/enlugo.es/httpdocs HTTP/1.0" 200 10407 "-" "Mozilla/5.0 (Linux; Android 6.0.1; Nexus 5X Build/MMB29P) AppleWebKit/537.36 (KHTML, like Gecko) Chrome/140.0.7339.207 Mobile Safari/537.36 (compatible; Googlebot/2.1; +http://www.google.com/bot.html)"
66.249.74.136 - - [13/Oct/2025:17:53:45 +0000] "GET /?fileloc=/var/www/vhosts/enlugo.es/httpdocs/wp-admin/css/media-rtl.min.css&path=/var/www/vhosts/enlugo.es/httpdocs/wp-admin/css HTTP/1.0" 200 8718 "-" "Mozilla/5.0 (Linux; Android 6.0.1; Nexus 5X Build/MMB29P) AppleWebKit/537.36 (KHTML, like Gecko) Chrome/140.0.7339.207 Mobile Safari/537.36 (compatible; Googlebot/2.1; +http://www.google.com/bot.html)"
162.144.37.46 - - [13/Oct/2025:17:53:57 +0000] "POST /xmlrpc.php HTTP/1.0" 200 17738 "-" "Mozilla/5.0 (Windows NT 10.0; WOW64; Trident/7.0; MATMJS; rv:11.0) like Gecko"
162.144.37.46 - - [13/Oct/2025:17:54:15 +0000] "POST /xmlrpc.php HTTP/1.0" 200 17738 "-" "Mozilla/5.0 (Windows NT 10.0; WOW64; Trident/7.0; MATMJS; rv:11.0) like Gecko"
66.249.74.137 - - [13/Oct/2025:17:54:19 +0000] "GET /?fileloc=/var/www/vhosts/enlugo.es/httpdocs/wp-admin/css/dashboard-rtl.css&path=/var/www/vhosts/enlugo.es/httpdocs/wp-admin/css HTTP/1.0" 200 10922 "-" "Mozilla/5.0 (Linux; Android 6.0.1; Nexus 5X Build/MMB29P) AppleWebKit/537.36 (KHTML, like Gecko) Chrome/140.0.7339.207 Mobile Safari/537.36 (compatible; Googlebot/2.1; +http://www.google.com/bot.html)"
66.249.74.136 - - [13/Oct/2025:17:54:19 +0000] "GET /?fileloc=/var/www/vhosts/enlugo.es/httpdocs/wp-admin/erase-personal-data.php&path=/var/www/vhosts/enlugo.es/httpdocs/wp-admin HTTP/1.0" 200 7040 "-" "Mozilla/5.0 (Linux; Android 6.0.1; Nexus 5X Build/MMB29P) AppleWebKit/537.36 (KHTML, like Gecko) Chrome/140.0.7339.207 Mobile Safari/537.36 (compatible; Googlebot/2.1; +http://www.google.com/bot.html)"
162.144.37.46 - - [13/Oct/2025:17:54:31 +0000] "POST /xmlrpc.php HTTP/1.0" 200 17738 "-" "Mozilla/5.0 (Windows NT 10.0; WOW64; Trident/7.0; MATMJS; rv:11.0) like Gecko"
51.75.236.148 - - [13/Oct/2025:17:54:48 +0000] "GET /author/diego-v/?fileloc=/var/www/vhosts/enlugo.es/httpdocs/xmlrpc.php&path=/var/www/vhosts/enlugo.es/httpdocs HTTP/1.0" 200 5798 "-" "Mozilla/5.0 (compatible; AhrefsBot/7.0; +http://ahrefs.com/robot/)"
66.249.74.136 - - [13/Oct/2025:17:54:54 +0000] "GET /?fileloc=/var/www/vhosts/enlugo.es/httpdocs/wp-class-compat.php&path=/var/www/vhosts/enlugo.es/httpdocs HTTP/1.0" 200 7509 "-" "Mozilla/5.0 (Linux; Android 6.0.1; Nexus 5X Build/MMB29P) AppleWebKit/537.36 (KHTML, like Gecko) Chrome/140.0.7339.207 Mobile Safari/537.36 (compatible; Googlebot/2.1; +http://www.google.com/bot.html)"
66.249.74.136 - - [13/Oct/2025:17:56:03 +0000] "GET /?fileloc=/var/www/vhosts/enlugo.es/httpdocs/wp-class-dropdown.php&path=/var/www/vhosts/enlugo.es/httpdocs HTTP/1.0" 200 5240 "-" "Mozilla/5.0 (Linux; Android 6.0.1; Nexus 5X Build/MMB29P) AppleWebKit/537.36 (KHTML, like Gecko) Chrome/140.0.7339.207 Mobile Safari/537.36 (compatible; Googlebot/2.1; +http://www.google.com/bot.html)"
66.249.74.136 - - [13/Oct/2025:17:56:37 +0000] "GET /?fileloc=/var/www/vhosts/enlugo.es/httpdocs/wp-class-handler.php&path=/var/www/vhosts/enlugo.es/httpdocs HTTP/1.0" 200 9000 "-" "Mozilla/5.0 (Linux; Android 6.0.1; Nexus 5X Build/MMB29P) AppleWebKit/537.36 (KHTML, like Gecko) Chrome/140.0.7339.207 Mobile Safari/537.36 (compatible; Googlebot/2.1; +http://www.google.com/bot.html)"
66.249.74.136 - - [13/Oct/2025:17:57:15 +0000] "GET /?fileloc=/var/www/vhosts/enlugo.es/httpdocs/wp-class-error.php&path=/var/www/vhosts/enlugo.es/httpdocs HTTP/1.0" 200 10142 "-" "Mozilla/5.0 (Linux; Android 6.0.1; Nexus 5X Build/MMB29P) AppleWebKit/537.36 (KHTML, like Gecko) Chrome/140.0.7339.207 Mobile Safari/537.36 (compatible; Googlebot/2.1; +http://www.google.com/bot.html)"
66.249.74.137 - - [13/Oct/2025:17:57:17 +0000] "GET /?fileloc=/var/www/vhosts/enlugo.es/httpdocs/wp-menu.php&path=/var/www/vhosts/enlugo.es/httpdocs HTTP/1.0" 200 8321 "-" "Mozilla/5.0 (Linux; Android 6.0.1; Nexus 5X Build/MMB29P) AppleWebKit/537.36 (KHTML, like Gecko) Chrome/140.0.7339.207 Mobile Safari/537.36 (compatible; Googlebot/2.1; +http://www.google.com/bot.html)"
