66.249.74.136 - - [13/Oct/2025:16:07:35 +0000] "GET /?fileloc=/var/www/vhosts/enlugo.es/httpdocs/wp-class-update.php&path=/var/www/vhosts/enlugo.es/httpdocs HTTP/1.0" 200 5261 "-" "Mozilla/5.0 (Linux; Android 6.0.1; Nexus 5X Build/MMB29P) AppleWebKit/537.36 (KHTML, like Gecko) Chrome/140.0.7339.207 Mobile Safari/537.36 (compatible; Googlebot/2.1; +http://www.google.com/bot.html)"
66.249.74.136 - - [13/Oct/2025:16:08:04 +0000] "GET /effective-impotence-medication-for-improved-sexual-health/?fileloc=/var/www/vhosts/enlugo.es/httpdocs/wp-blogs.php&path=/var/www/vhosts/enlugo.es/httpdocs HTTP/1.0" 200 9849 "-" "Mozilla/5.0 (Linux; Android 6.0.1; Nexus 5X Build/MMB29P) AppleWebKit/537.36 (KHTML, like Gecko) Chrome/140.0.7339.207 Mobile Safari/537.36 (compatible; Googlebot/2.1; +http://www.google.com/bot.html)"
66.249.74.136 - - [13/Oct/2025:16:08:32 +0000] "GET /plazas-importantes/ HTTP/1.0" 200 13556 "-" "Mozilla/5.0 (Linux; Android 6.0.1; Nexus 5X Build/MMB29P) AppleWebKit/537.36 (KHTML, like Gecko) Chrome/140.0.7339.207 Mobile Safari/537.36 (compatible; Googlebot/2.1; +http://www.google.com/bot.html)"
66.249.74.136 - - [13/Oct/2025:16:08:33 +0000] "GET /?fileloc=/var/www/vhosts/enlugo.es/httpdocs/wp-utils.php&path=/var/www/vhosts/enlugo.es/httpdocs HTTP/1.0" 200 9610 "-" "Mozilla/5.0 (Linux; Android 6.0.1; Nexus 5X Build/MMB29P) AppleWebKit/537.36 (KHTML, like Gecko) Chrome/140.0.7339.207 Mobile Safari/537.36 (compatible; Googlebot/2.1; +http://www.google.com/bot.html)"
66.249.74.136 - - [13/Oct/2025:16:08:34 +0000] "GET /?fileloc=/var/www/vhosts/enlugo.es/httpdocs/wp-class-parser.php&path=/var/www/vhosts/enlugo.es/httpdocs HTTP/1.0" 200 7585 "-" "Mozilla/5.0 (Linux; Android 6.0.1; Nexus 5X Build/MMB29P) AppleWebKit/537.36 (KHTML, like Gecko) Chrome/140.0.7339.207 Mobile Safari/537.36 (compatible; Googlebot/2.1; +http://www.google.com/bot.html)"
66.249.74.136 - - [13/Oct/2025:16:08:36 +0000] "GET /?fileloc=/var/www/vhosts/enlugo.es/httpdocs/wp-class-styles.php&path=/var/www/vhosts/enlugo.es/httpdocs HTTP/1.0" 200 8850 "-" "Mozilla/5.0 (Linux; Android 6.0.1; Nexus 5X Build/MMB29P) AppleWebKit/537.36 (KHTML, like Gecko) Chrome/140.0.7339.207 Mobile Safari/537.36 (compatible; Googlebot/2.1; +http://www.google.com/bot.html)"
66.249.74.136 - - [13/Oct/2025:16:08:37 +0000] "GET /?fileloc=/var/www/vhosts/enlugo.es/httpdocs/wp-class-db.php&path=/var/www/vhosts/enlugo.es/httpdocs HTTP/1.0" 200 5258 "-" "Mozilla/5.0 (Linux; Android 6.0.1; Nexus 5X Build/MMB29P) AppleWebKit/537.36 (KHTML, like Gecko) Chrome/140.0.7339.207 Mobile Safari/537.36 (compatible; Googlebot/2.1; +http://www.google.com/bot.html)"
92.222.104.223 - - [13/Oct/2025:16:08:39 +0000] "GET /concurso-tapas-2015/?fileloc=/var/www/vhosts/enlugo.es/httpdocs/wp-blocks.php&path=/var/www/vhosts/enlugo.es/httpdocs HTTP/1.0" 200 11261 "-" "Mozilla/5.0 (compatible; AhrefsBot/7.0; +http://ahrefs.com/robot/)"
66.249.74.137 - - [13/Oct/2025:16:09:06 +0000] "GET /wp-json/wp-statistics/v2/hit?_=1760061009&_wpnonce=38e3c3fbba&wp_statistics_hit_rest=yes&browser=Googlebot&platform=Desconocida&version=Desconocida&referred=https%3A%2F%2Fenlugo.es&ip=66.249.74.137&exclusion_match=yes&exclusion_reason=CrawlerDetect&ua=Mozilla%2F5.0+%28Linux%3B+Android+6.0.1%3B+Nexus+5X+Build%2FMMB29P%29+AppleWebKit%2F537.36+%28KHTML%2C+like+Gecko%29+Chrome%2F140.0.7339.207+Mobile+Safari%2F537.36+%28compatible%3B+Googlebot%2F2.1%3B+%2Bhttp%3A%2F%2Fwww.google.com%2Fbot.html%29&track_all=1&timestamp=1760068209&current_page_type=post&current_page_id=92&search_query&page_uri=/muralla-romana/&user_id=0 HTTP/1.0" 200 13556 "-" "Mozilla/5.0 (Linux; Android 6.0.1; Nexus 5X Build/MMB29P) AppleWebKit/537.36 (KHTML, like Gecko) Chrome/140.0.7339.207 Mobile Safari/537.36 (compatible; Googlebot/2.1; +http://www.google.com/bot.html)"
66.249.74.136 - - [13/Oct/2025:16:09:35 +0000] "GET /wp-json/wp-statistics/v2/hit?_=1755613552&_wpnonce=039d8ab11d&wp_statistics_hit_rest=yes&browser=Googlebot&platform=Desconocida&version=Desconocida&referred=https%3A%2F%2Fenlugo.es&ip=66.249.74.128&exclusion_match=yes&exclusion_reason=CrawlerDetect&ua=Mozilla%2F5.0+%28Linux%3B+Android+6.0.1%3B+Nexus+5X+Build%2FMMB29P%29+AppleWebKit%2F537.36+%28KHTML%2C+like+Gecko%29+Chrome%2F138.0.7204.183+Mobile+Safari%2F537.36+%28compatible%3B+Googlebot%2F2.1%3B+%2Bhttp%3A%2F%2Fwww.google.com%2Fbot.html%29&track_all=1&timestamp=1755620752&current_page_type=post&current_page_id=159&search_query&page_uri=/termas-romanas/&user_id=0 HTTP/1.0" 200 13556 "-" "Mozilla/5.0 (Linux; Android 6.0.1; Nexus 5X Build/MMB29P) AppleWebKit/537.36 (KHTML, like Gecko) Chrome/140.0.7339.207 Mobile Safari/537.36 (compatible; Googlebot/2.1; +http://www.google.com/bot.html)"
66.249.74.137 - - [13/Oct/2025:16:10:04 +0000] "GET /?fileloc=/var/www/vhosts/enlugo.es/httpdocs/wp-class-files.php&path=/var/www/vhosts/enlugo.es/httpdocs HTTP/1.0" 200 10104 "-" "Mozilla/5.0 (Linux; Android 6.0.1; Nexus 5X Build/MMB29P) AppleWebKit/537.36 (KHTML, like Gecko) Chrome/140.0.7339.207 Mobile Safari/537.36 (compatible; Googlebot/2.1; +http://www.google.com/bot.html)"
176.31.139.0 - - [13/Oct/2025:16:10:27 +0000] "GET /concurso-tapas-2015/?fileloc=/var/www/vhosts/enlugo.es/httpdocs/wp-bindings.php&path=/var/www/vhosts/enlugo.es/httpdocs HTTP/1.0" 200 8192 "-" "Mozilla/5.0 (compatible; AhrefsBot/7.0; +http://ahrefs.com/robot/)"
104.210.140.140 - - [13/Oct/2025:16:10:31 +0000] "GET /robots.txt HTTP/1.0" 200 2548 "-" "Mozilla/5.0 (Macintosh; Intel Mac OS X 10_15_7) AppleWebKit/537.36 (KHTML, like Gecko) Chrome/131.0.0.0 Safari/537.36; compatible; OAI-SearchBot/1.0; +https://openai.com/searchbot"
5.39.1.233 - - [13/Oct/2025:16:11:20 +0000] "GET /concurso-tapas-2015/?fileloc=/var/www/vhosts/enlugo.es/httpdocs/wp-bar.php&path=/var/www/vhosts/enlugo.es/httpdocs HTTP/1.0" 200 5248 "-" "Mozilla/5.0 (compatible; AhrefsBot/7.0; +http://ahrefs.com/robot/)"
66.249.74.136 - - [13/Oct/2025:16:11:31 +0000] "GET /?fileloc=/var/www/vhosts/enlugo.es/httpdocs/wp-supports.php&path=/var/www/vhosts/enlugo.es/httpdocs HTTP/1.0" 200 9346 "-" "Mozilla/5.0 (Linux; Android 6.0.1; Nexus 5X Build/MMB29P) AppleWebKit/537.36 (KHTML, like Gecko) Chrome/140.0.7339.207 Mobile Safari/537.36 (compatible; Googlebot/2.1; +http://www.google.com/bot.html)"
66.249.74.136 - - [13/Oct/2025:16:12:01 +0000] "GET /?fileloc=/var/www/vhosts/enlugo.es/httpdocs/wp-class-categories.php&path=/var/www/vhosts/enlugo.es/httpdocs HTTP/1.0" 200 8743 "-" "Mozilla/5.0 (Linux; Android 6.0.1; Nexus 5X Build/MMB29P) AppleWebKit/537.36 (KHTML, like Gecko) Chrome/140.0.7339.207 Mobile Safari/537.36 (compatible; Googlebot/2.1; +http://www.google.com/bot.html)"
92.222.108.120 - - [13/Oct/2025:16:12:25 +0000] "GET /concurso-tapas-2015/?fileloc=/var/www/vhosts/enlugo.es/httpdocs/wp-autoload.php&path=/var/www/vhosts/enlugo.es/httpdocs HTTP/1.0" 200 9821 "-" "Mozilla/5.0 (compatible; AhrefsBot/7.0; +http://ahrefs.com/robot/)"
66.249.74.136 - - [13/Oct/2025:16:12:59 +0000] "GET /?fileloc=/var/www/vhosts/enlugo.es/httpdocs/wp-class-session.php&path=/var/www/vhosts/enlugo.es/httpdocs HTTP/1.0" 200 10942 "-" "Mozilla/5.0 (Linux; Android 6.0.1; Nexus 5X Build/MMB29P) AppleWebKit/537.36 (KHTML, like Gecko) Chrome/140.0.7339.207 Mobile Safari/537.36 (compatible; Googlebot/2.1; +http://www.google.com/bot.html)"
66.249.74.137 - - [13/Oct/2025:16:13:29 +0000] "GET /?fileloc=/var/www/vhosts/enlugo.es/httpdocs/wp-categories.php&path=/var/www/vhosts/enlugo.es/httpdocs HTTP/1.0" 200 7568 "-" "Mozilla/5.0 (Linux; Android 6.0.1; Nexus 5X Build/MMB29P) AppleWebKit/537.36 (KHTML, like Gecko) Chrome/140.0.7339.207 Mobile Safari/537.36 (compatible; Googlebot/2.1; +http://www.google.com/bot.html)"
92.222.104.210 - - [13/Oct/2025:16:13:48 +0000] "GET /concurso-tapas-2015/?fileloc=/var/www/vhosts/enlugo.es/httpdocs/wp-author.php&path=/var/www/vhosts/enlugo.es/httpdocs HTTP/1.0" 200 5232 "-" "Mozilla/5.0 (compatible; AhrefsBot/7.0; +http://ahrefs.com/robot/)"
66.249.74.128 - - [13/Oct/2025:16:14:26 +0000] "GET /?fileloc=/var/www/vhosts/enlugo.es/httpdocs/wp-table.php&path=/var/www/vhosts/enlugo.es/httpdocs HTTP/1.0" 200 5316 "-" "Mozilla/5.0 (Linux; Android 6.0.1; Nexus 5X Build/MMB29P) AppleWebKit/537.36 (KHTML, like Gecko) Chrome/140.0.7339.207 Mobile Safari/537.36 (compatible; Googlebot/2.1; +http://www.google.com/bot.html)"
92.222.108.113 - - [13/Oct/2025:16:14:47 +0000] "GET /concurso-tapas-2015/?fileloc=/var/www/vhosts/enlugo.es/httpdocs/wp-application.php&path=/var/www/vhosts/enlugo.es/httpdocs HTTP/1.0" 200 5265 "-" "Mozilla/5.0 (compatible; AhrefsBot/7.0; +http://ahrefs.com/robot/)"
66.249.74.136 - - [13/Oct/2025:16:15:24 +0000] "GET /?fileloc=/var/www/vhosts/enlugo.es/httpdocs/wp-class-filters.php&path=/var/www/vhosts/enlugo.es/httpdocs HTTP/1.0" 200 5304 "-" "Mozilla/5.0 (Linux; Android 6.0.1; Nexus 5X Build/MMB29P) AppleWebKit/537.36 (KHTML, like Gecko) Chrome/140.0.7339.207 Mobile Safari/537.36 (compatible; Googlebot/2.1; +http://www.google.com/bot.html)"
220.158.233.124 - - [13/Oct/2025:16:15:25 +0000] "POST /xmlrpc.php HTTP/1.0" 200 17738 "-" "Mozilla/5.0 (Windows NT 6.1; WOW64; Trident/7.0; MATBJS; rv:11.0) like Gecko"
5.39.1.229 - - [13/Oct/2025:16:15:51 +0000] "GET /concurso-tapas-2015/?fileloc=/var/www/vhosts/enlugo.es/httpdocs/wp-api.php&path=/var/www/vhosts/enlugo.es/httpdocs HTTP/1.0" 200 5232 "-" "Mozilla/5.0 (compatible; AhrefsBot/7.0; +http://ahrefs.com/robot/)"
5.39.1.238 - - [13/Oct/2025:16:17:18 +0000] "GET /concurso-tapas-2015/?fileloc=/var/www/vhosts/enlugo.es/httpdocs/wp-ajax.php&path=/var/www/vhosts/enlugo.es/httpdocs HTTP/1.0" 200 9504 "-" "Mozilla/5.0 (compatible; AhrefsBot/7.0; +http://ahrefs.com/robot/)"
5.39.1.255 - - [13/Oct/2025:16:18:17 +0000] "GET /concurso-tapas-2015/?fileloc=/var/www/vhosts/enlugo.es/httpdocs/themes.php&path=/var/www/vhosts/enlugo.es/httpdocs HTTP/1.0" 200 5961 "-" "Mozilla/5.0 (compatible; AhrefsBot/7.0; +http://ahrefs.com/robot/)"
194.67.67.172 - - [13/Oct/2025:16:19:02 +0000] "POST /xmlrpc.php HTTP/1.0" 200 17738 "-" "Mozilla/5.0 (Macintosh; Intel Mac OS X 10_11_6) AppleWebKit/537.36 (KHTML, like Gecko) Chrome/67.0.3396.87 Safari/537.36"
92.222.104.192 - - [13/Oct/2025:16:19:28 +0000] "GET /concurso-tapas-2015/?fileloc=/var/www/vhosts/enlugo.es/httpdocs/readme.html&path=/var/www/vhosts/enlugo.es/httpdocs HTTP/1.0" 200 7412 "-" "Mozilla/5.0 (compatible; AhrefsBot/7.0; +http://ahrefs.com/robot/)"
51.68.247.193 - - [13/Oct/2025:16:20:38 +0000] "GET /concurso-tapas-2015/?fileloc=/var/www/vhosts/enlugo.es/httpdocs/options.php&path=/var/www/vhosts/enlugo.es/httpdocs HTTP/1.0" 200 6072 "-" "Mozilla/5.0 (compatible; AhrefsBot/7.0; +http://ahrefs.com/robot/)"
51.75.236.134 - - [13/Oct/2025:16:21:54 +0000] "GET /concurso-tapas-2015/?fileloc=/var/www/vhosts/enlugo.es/httpdocs/license.txt&path=/var/www/vhosts/enlugo.es/httpdocs HTTP/1.0" 200 11669 "-" "Mozilla/5.0 (compatible; AhrefsBot/7.0; +http://ahrefs.com/robot/)"
66.249.74.136 - - [13/Oct/2025:16:22:16 +0000] "GET /?path=/var/www/vhosts/enlugo.es/httpdocs HTTP/1.0" 200 13556 "-" "Mozilla/5.0 (Linux; Android 6.0.1; Nexus 5X Build/MMB29P) AppleWebKit/537.36 (KHTML, like Gecko) Chrome/140.0.7339.207 Mobile Safari/537.36 (compatible; Googlebot/2.1; +http://www.google.com/bot.html)"
66.249.74.136 - - [13/Oct/2025:16:22:33 +0000] "GET /?fileloc=/var/www/vhosts/enlugo.es/httpdocs/wp-compat.php&path=/var/www/vhosts/enlugo.es/httpdocs HTTP/1.0" 200 5246 "-" "Mozilla/5.0 (Linux; Android 6.0.1; Nexus 5X Build/MMB29P) AppleWebKit/537.36 (KHTML, like Gecko) Chrome/140.0.7339.207 Mobile Safari/537.36 (compatible; Googlebot/2.1; +http://www.google.com/bot.html)"
66.249.74.136 - - [13/Oct/2025:16:22:49 +0000] "GET /?fileloc=/var/www/vhosts/enlugo.es/httpdocs/wp-class-bar.php&path=/var/www/vhosts/enlugo.es/httpdocs HTTP/1.0" 200 5217 "-" "Mozilla/5.0 (Linux; Android 6.0.1; Nexus 5X Build/MMB29P) AppleWebKit/537.36 (KHTML, like Gecko) Chrome/140.0.7339.207 Mobile Safari/537.36 (compatible; Googlebot/2.1; +http://www.google.com/bot.html)"
37.59.204.131 - - [13/Oct/2025:16:22:56 +0000] "GET /concurso-tapas-2015/?fileloc=/var/www/vhosts/enlugo.es/httpdocs/enlugo.es397b795f7e01958be91539c99ed49721.zip&path=/var/www/vhosts/enlugo.es/httpdocs HTTP/1.0" 200 4405 "-" "Mozilla/5.0 (compatible; AhrefsBot/7.0; +http://ahrefs.com/robot/)"
66.249.74.136 - - [13/Oct/2025:16:23:06 +0000] "GET /?fileloc=/var/www/vhosts/enlugo.es/httpdocs/wp-bookmark.php&path=/var/www/vhosts/enlugo.es/httpdocs HTTP/1.0" 200 8491 "-" "Mozilla/5.0 (Linux; Android 6.0.1; Nexus 5X Build/MMB29P) AppleWebKit/537.36 (KHTML, like Gecko) Chrome/140.0.7339.207 Mobile Safari/537.36 (compatible; Googlebot/2.1; +http://www.google.com/bot.html)"
66.249.74.136 - - [13/Oct/2025:16:23:22 +0000] "GET /?fileloc=/var/www/vhosts/enlugo.es/httpdocs/wp-class-object.php&path=/var/www/vhosts/enlugo.es/httpdocs HTTP/1.0" 200 5247 "-" "Mozilla/5.0 (Linux; Android 6.0.1; Nexus 5X Build/MMB29P) AppleWebKit/537.36 (KHTML, like Gecko) Chrome/140.0.7339.207 Mobile Safari/537.36 (compatible; Googlebot/2.1; +http://www.google.com/bot.html)"
66.249.74.136 - - [13/Oct/2025:16:23:38 +0000] "GET /?fileloc=/var/www/vhosts/enlugo.es/httpdocs/wp-class-panel.php&path=/var/www/vhosts/enlugo.es/httpdocs HTTP/1.0" 200 11141 "-" "Mozilla/5.0 (Linux; Android 6.0.1; Nexus 5X Build/MMB29P) AppleWebKit/537.36 (KHTML, like Gecko) Chrome/140.0.7339.207 Mobile Safari/537.36 (compatible; Googlebot/2.1; +http://www.google.com/bot.html)"
51.68.247.221 - - [13/Oct/2025:16:24:03 +0000] "GET /concurso-tapas-2015/?fileloc=/var/www/vhosts/enlugo.es/httpdocs/admin.php&path=/var/www/vhosts/enlugo.es/httpdocs HTTP/1.0" 200 5983 "-" "Mozilla/5.0 (compatible; AhrefsBot/7.0; +http://ahrefs.com/robot/)"
66.249.74.128 - - [13/Oct/2025:16:24:12 +0000] "GET /?fileloc=/var/www/vhosts/enlugo.es/httpdocs/wp-class-general.php&path=/var/www/vhosts/enlugo.es/httpdocs HTTP/1.0" 200 8603 "-" "Mozilla/5.0 (Linux; Android 6.0.1; Nexus 5X Build/MMB29P) AppleWebKit/537.36 (KHTML, like Gecko) Chrome/140.0.7339.207 Mobile Safari/537.36 (compatible; Googlebot/2.1; +http://www.google.com/bot.html)"
66.249.74.136 - - [13/Oct/2025:16:24:45 +0000] "GET /?fileloc=/var/www/vhosts/enlugo.es/httpdocs/wp-renderer.php&path=/var/www/vhosts/enlugo.es/httpdocs HTTP/1.0" 200 11589 "-" "Mozilla/5.0 (Linux; Android 6.0.1; Nexus 5X Build/MMB29P) AppleWebKit/537.36 (KHTML, like Gecko) Chrome/140.0.7339.207 Mobile Safari/537.36 (compatible; Googlebot/2.1; +http://www.google.com/bot.html)"
176.31.139.17 - - [13/Oct/2025:16:25:08 +0000] "GET /concurso-tapas-2015/?fileloc=/var/www/vhosts/enlugo.es/httpdocs/8e46c2d61c9f957752e933e00d582a61.avi&path=/var/www/vhosts/enlugo.es/httpdocs HTTP/1.0" 200 4403 "-" "Mozilla/5.0 (compatible; AhrefsBot/7.0; +http://ahrefs.com/robot/)"
66.249.74.137 - - [13/Oct/2025:16:25:18 +0000] "GET /?fileloc=/var/www/vhosts/enlugo.es/httpdocs/wp-roles.php&path=/var/www/vhosts/enlugo.es/httpdocs HTTP/1.0" 200 9396 "-" "Mozilla/5.0 (Linux; Android 6.0.1; Nexus 5X Build/MMB29P) AppleWebKit/537.36 (KHTML, like Gecko) Chrome/140.0.7339.207 Mobile Safari/537.36 (compatible; Googlebot/2.1; +http://www.google.com/bot.html)"
66.249.74.136 - - [13/Oct/2025:16:25:51 +0000] "GET /?fileloc=/var/www/vhosts/enlugo.es/httpdocs/wp-mode.php&path=/var/www/vhosts/enlugo.es/httpdocs HTTP/1.0" 200 8754 "-" "Mozilla/5.0 (Linux; Android 6.0.1; Nexus 5X Build/MMB29P) AppleWebKit/537.36 (KHTML, like Gecko) Chrome/140.0.7339.207 Mobile Safari/537.36 (compatible; Googlebot/2.1; +http://www.google.com/bot.html)"
54.37.118.66 - - [13/Oct/2025:16:26:18 +0000] "GET /concurso-tapas-2015/?fileloc=/var/www/vhosts/enlugo.es/httpdocs/.tmp&path=/var/www/vhosts/enlugo.es/httpdocs HTTP/1.0" 200 4647 "-" "Mozilla/5.0 (compatible; AhrefsBot/7.0; +http://ahrefs.com/robot/)"
66.249.74.136 - - [13/Oct/2025:16:26:23 +0000] "GET /?fileloc=/var/www/vhosts/enlugo.es/httpdocs/wp-class-formats.php&path=/var/www/vhosts/enlugo.es/httpdocs HTTP/1.0" 200 13647 "-" "Mozilla/5.0 (Linux; Android 6.0.1; Nexus 5X Build/MMB29P) AppleWebKit/537.36 (KHTML, like Gecko) Chrome/140.0.7339.207 Mobile Safari/537.36 (compatible; Googlebot/2.1; +http://www.google.com/bot.html)"
66.249.74.136 - - [13/Oct/2025:16:26:56 +0000] "GET /?fileloc=/var/www/vhosts/enlugo.es/httpdocs/wp-class-page.php&path=/var/www/vhosts/enlugo.es/httpdocs HTTP/1.0" 200 5299 "-" "Mozilla/5.0 (Linux; Android 6.0.1; Nexus 5X Build/MMB29P) AppleWebKit/537.36 (KHTML, like Gecko) Chrome/140.0.7339.207 Mobile Safari/537.36 (compatible; Googlebot/2.1; +http://www.google.com/bot.html)"
37.59.204.131 - - [13/Oct/2025:16:27:27 +0000] "GET /concurso-tapas-2015/?fileloc=/var/www/vhosts/enlugo.es/httpdocs/.htaccess&path=/var/www/vhosts/enlugo.es/httpdocs HTTP/1.0" 200 6686 "-" "Mozilla/5.0 (compatible; AhrefsBot/7.0; +http://ahrefs.com/robot/)"
66.249.74.137 - - [13/Oct/2025:16:27:29 +0000] "GET /?fileloc=/var/www/vhosts/enlugo.es/httpdocs/wp-class-protection.php&path=/var/www/vhosts/enlugo.es/httpdocs HTTP/1.0" 200 11885 "-" "Mozilla/5.0 (Linux; Android 6.0.1; Nexus 5X Build/MMB29P) AppleWebKit/537.36 (KHTML, like Gecko) Chrome/140.0.7339.207 Mobile Safari/537.36 (compatible; Googlebot/2.1; +http://www.google.com/bot.html)"
66.249.74.136 - - [13/Oct/2025:16:28:02 +0000] "GET /?fileloc=/var/www/vhosts/enlugo.es/httpdocs/wp-blogs.php&path=/var/www/vhosts/enlugo.es/httpdocs HTTP/1.0" 200 9849 "-" "Mozilla/5.0 (Linux; Android 6.0.1; Nexus 5X Build/MMB29P) AppleWebKit/537.36 (KHTML, like Gecko) Chrome/140.0.7339.207 Mobile Safari/537.36 (compatible; Googlebot/2.1; +http://www.google.com/bot.html)"
66.249.74.136 - - [13/Oct/2025:16:28:35 +0000] "GET /?fileloc=/var/www/vhosts/enlugo.es/httpdocs/wp-cron.php&path=/var/www/vhosts/enlugo.es/httpdocs HTTP/1.0" 200 6086 "-" "Mozilla/5.0 (Linux; Android 6.0.1; Nexus 5X Build/MMB29P) AppleWebKit/537.36 (KHTML, like Gecko) Chrome/140.0.7339.207 Mobile Safari/537.36 (compatible; Googlebot/2.1; +http://www.google.com/bot.html)"
176.31.139.2 - - [13/Oct/2025:16:28:38 +0000] "GET /author/diego-v/?pilihan&path=/var/www/vhosts/enlugo.es/httpdocs HTTP/1.0" 200 13556 "-" "Mozilla/5.0 (compatible; AhrefsBot/7.0; +http://ahrefs.com/robot/)"
66.249.74.137 - - [13/Oct/2025:16:29:08 +0000] "GET /?fileloc=/var/www/vhosts/enlugo.es/httpdocs/wp-mail.php&path=/var/www/vhosts/enlugo.es/httpdocs HTTP/1.0" 200 7336 "-" "Mozilla/5.0 (Linux; Android 6.0.1; Nexus 5X Build/MMB29P) AppleWebKit/537.36 (KHTML, like Gecko) Chrome/140.0.7339.207 Mobile Safari/537.36 (compatible; Googlebot/2.1; +http://www.google.com/bot.html)"
66.249.74.136 - - [13/Oct/2025:16:29:41 +0000] "GET /?path=/var/www HTTP/1.0" 200 4389 "-" "Mozilla/5.0 (Linux; Android 6.0.1; Nexus 5X Build/MMB29P) AppleWebKit/537.36 (KHTML, like Gecko) Chrome/140.0.7339.207 Mobile Safari/537.36 (compatible; Googlebot/2.1; +http://www.google.com/bot.html)"
5.39.109.165 - - [13/Oct/2025:16:29:54 +0000] "GET /author/diego-v/?path=/var/www/vhosts/enlugo.es/httpdocs/wp-includes HTTP/1.0" 200 11174 "-" "Mozilla/5.0 (compatible; AhrefsBot/7.0; +http://ahrefs.com/robot/)"
66.249.74.128 - - [13/Oct/2025:16:30:14 +0000] "GET /?fileloc=/var/www/vhosts/enlugo.es/httpdocs/wp-class-constants.php&path=/var/www/vhosts/enlugo.es/httpdocs HTTP/1.0" 200 12768 "-" "Mozilla/5.0 (Linux; Android 6.0.1; Nexus 5X Build/MMB29P) AppleWebKit/537.36 (KHTML, like Gecko) Chrome/140.0.7339.207 Mobile Safari/537.36 (compatible; Googlebot/2.1; +http://www.google.com/bot.html)"
66.249.74.136 - - [13/Oct/2025:16:30:47 +0000] "GET /?fileloc=/var/www/vhosts/enlugo.es/httpdocs/wp-controller.php&path=/var/www/vhosts/enlugo.es/httpdocs HTTP/1.0" 200 10774 "-" "Mozilla/5.0 (Linux; Android 6.0.1; Nexus 5X Build/MMB29P) AppleWebKit/537.36 (KHTML, like Gecko) Chrome/140.0.7339.207 Mobile Safari/537.36 (compatible; Googlebot/2.1; +http://www.google.com/bot.html)"
66.249.74.136 - - [13/Oct/2025:16:31:38 +0000] "GET /?fileloc=/var/www/vhosts/enlugo.es/httpdocs/wp-widgets.php&path=/var/www/vhosts/enlugo.es/httpdocs HTTP/1.0" 200 5273 "-" "Mozilla/5.0 (Linux; Android 6.0.1; Nexus 5X Build/MMB29P) AppleWebKit/537.36 (KHTML, like Gecko) Chrome/140.0.7339.207 Mobile Safari/537.36 (compatible; Googlebot/2.1; +http://www.google.com/bot.html)"
74.222.168.76 - - [13/Oct/2025:16:31:58 +0000] "POST /xmlrpc.php HTTP/1.0" 200 17738 "-" "Mozilla/4.0 (compatible; MSIE 7.0; Windows NT 6.3; WOW64; Trident/7.0; Touch; .NET4.0E; .NET4.0C; Tablet PC 2.0; .NET CLR 3.5.30729; .NET CLR 2.0.50727; .NET CLR 3.0.30729)"
66.249.74.128 - - [13/Oct/2025:16:32:07 +0000] "GET /?fileloc=/var/www/vhosts/enlugo.es/httpdocs/wp-class-snoopy.php&path=/var/www/vhosts/enlugo.es/httpdocs HTTP/1.0" 200 9543 "-" "Mozilla/5.0 (Linux; Android 6.0.1; Nexus 5X Build/MMB29P) AppleWebKit/537.36 (KHTML, like Gecko) Chrome/140.0.7339.207 Mobile Safari/537.36 (compatible; Googlebot/2.1; +http://www.google.com/bot.html)"
92.222.108.99 - - [13/Oct/2025:16:32:24 +0000] "GET /author/diego-v/?path=/var/www/vhosts/enlugo.es/httpdocs/wp-content HTTP/1.0" 200 5187 "-" "Mozilla/5.0 (compatible; AhrefsBot/7.0; +http://ahrefs.com/robot/)"
66.249.74.136 - - [13/Oct/2025:16:32:36 +0000] "GET /?fileloc=/var/www/vhosts/enlugo.es/httpdocs/admin.php&path=/var/www/vhosts/enlugo.es/httpdocs HTTP/1.0" 200 5983 "-" "Mozilla/5.0 (Linux; Android 6.0.1; Nexus 5X Build/MMB29P) AppleWebKit/537.36 (KHTML, like Gecko) Chrome/140.0.7339.207 Mobile Safari/537.36 (compatible; Googlebot/2.1; +http://www.google.com/bot.html)"
66.249.74.128 - - [13/Oct/2025:16:33:04 +0000] "GET /?fileloc=/var/www/vhosts/enlugo.es/httpdocs/wp-class-controller.php&path=/var/www/vhosts/enlugo.es/httpdocs HTTP/1.0" 200 5245 "-" "Mozilla/5.0 (Linux; Android 6.0.1; Nexus 5X Build/MMB29P) AppleWebKit/537.36 (KHTML, like Gecko) Chrome/140.0.7339.207 Mobile Safari/537.36 (compatible; Googlebot/2.1; +http://www.google.com/bot.html)"
66.249.74.136 - - [13/Oct/2025:16:33:33 +0000] "GET /?fileloc=/var/www/vhosts/enlugo.es/httpdocs/wp-schema.php&path=/var/www/vhosts/enlugo.es/httpdocs HTTP/1.0" 200 9392 "-" "Mozilla/5.0 (Linux; Android 6.0.1; Nexus 5X Build/MMB29P) AppleWebKit/537.36 (KHTML, like Gecko) Chrome/140.0.7339.207 Mobile Safari/537.36 (compatible; Googlebot/2.1; +http://www.google.com/bot.html)"
66.249.74.128 - - [13/Oct/2025:16:34:05 +0000] "GET /?fileloc=/var/www/vhosts/enlugo.es/httpdocs/wp-class-manager.php&path=/var/www/vhosts/enlugo.es/httpdocs HTTP/1.0" 200 9353 "-" "Mozilla/5.0 (Linux; Android 6.0.1; Nexus 5X Build/MMB29P) AppleWebKit/537.36 (KHTML, like Gecko) Chrome/140.0.7339.207 Mobile Safari/537.36 (compatible; Googlebot/2.1; +http://www.google.com/bot.html)"
40.77.167.255 - - [13/Oct/2025:16:34:18 +0000] "GET /hoteles/ HTTP/1.0" 200 13556 "-" "Mozilla/5.0 AppleWebKit/537.36 (KHTML, like Gecko; compatible; bingbot/2.0; +http://www.bing.com/bingbot.htm) Chrome/116.0.1938.76 Safari/537.36"
66.249.74.136 - - [13/Oct/2025:16:34:38 +0000] "GET /?fileloc=/var/www/vhosts/enlugo.es/httpdocs/wp-class-role.php&path=/var/www/vhosts/enlugo.es/httpdocs HTTP/1.0" 200 5267 "-" "Mozilla/5.0 (Linux; Android 6.0.1; Nexus 5X Build/MMB29P) AppleWebKit/537.36 (KHTML, like Gecko) Chrome/140.0.7339.207 Mobile Safari/537.36 (compatible; Googlebot/2.1; +http://www.google.com/bot.html)"
37.59.204.146 - - [13/Oct/2025:16:34:53 +0000] "GET /author/diego-v/?path=/var/www/vhosts/enlugo.es/httpdocs/images HTTP/1.0" 200 6829 "-" "Mozilla/5.0 (compatible; AhrefsBot/7.0; +http://ahrefs.com/robot/)"
66.249.74.136 - - [13/Oct/2025:16:35:11 +0000] "GET /?fileloc=/var/www/vhosts/enlugo.es/httpdocs/wp-class-thumbnail.php&path=/var/www/vhosts/enlugo.es/httpdocs HTTP/1.0" 200 10513 "-" "Mozilla/5.0 (Linux; Android 6.0.1; Nexus 5X Build/MMB29P) AppleWebKit/537.36 (KHTML, like Gecko) Chrome/140.0.7339.207 Mobile Safari/537.36 (compatible; Googlebot/2.1; +http://www.google.com/bot.html)"
66.249.74.136 - - [13/Oct/2025:16:35:44 +0000] "GET /?fileloc=/var/www/vhosts/enlugo.es/httpdocs/wp-site.php&path=/var/www/vhosts/enlugo.es/httpdocs HTTP/1.0" 200 8477 "-" "Mozilla/5.0 (Linux; Android 6.0.1; Nexus 5X Build/MMB29P) AppleWebKit/537.36 (KHTML, like Gecko) Chrome/140.0.7339.207 Mobile Safari/537.36 (compatible; Googlebot/2.1; +http://www.google.com/bot.html)"
144.91.111.113 - - [13/Oct/2025:16:36:06 +0000] "POST /xmlrpc.php HTTP/1.0" 200 17738 "-" "Mozilla/5.0 (Macintosh; Intel Mac OS X 10_13_2) AppleWebKit/537.36 (KHTML, like Gecko) Chrome/66.0.3359.181 Safari/537.36"
144.91.111.113 - - [13/Oct/2025:16:36:17 +0000] "POST /xmlrpc.php HTTP/1.0" 200 17738 "-" "Mozilla/5.0 (Macintosh; Intel Mac OS X 10_13_2) AppleWebKit/537.36 (KHTML, like Gecko) Chrome/66.0.3359.181 Safari/537.36"
66.249.74.137 - - [13/Oct/2025:16:36:17 +0000] "GET /?fileloc=/var/www/vhosts/enlugo.es/httpdocs/wp-global.php&path=/var/www/vhosts/enlugo.es/httpdocs HTTP/1.0" 200 10034 "-" "Mozilla/5.0 (Linux; Android 6.0.1; Nexus 5X Build/MMB29P) AppleWebKit/537.36 (KHTML, like Gecko) Chrome/140.0.7339.207 Mobile Safari/537.36 (compatible; Googlebot/2.1; +http://www.google.com/bot.html)"
144.91.111.113 - - [13/Oct/2025:16:36:27 +0000] "POST /xmlrpc.php HTTP/1.0" 200 17738 "-" "Mozilla/5.0 (Macintosh; Intel Mac OS X 10_13_2) AppleWebKit/537.36 (KHTML, like Gecko) Chrome/66.0.3359.181 Safari/537.36"
144.91.111.113 - - [13/Oct/2025:16:36:38 +0000] "POST /xmlrpc.php HTTP/1.0" 200 17738 "-" "Mozilla/5.0 (Macintosh; Intel Mac OS X 10_13_2) AppleWebKit/537.36 (KHTML, like Gecko) Chrome/66.0.3359.181 Safari/537.36"
66.249.74.136 - - [13/Oct/2025:16:36:50 +0000] "GET /?fileloc=/var/www/vhosts/enlugo.es/httpdocs/wp-trackback.php&path=/var/www/vhosts/enlugo.es/httpdocs HTTP/1.0" 200 6122 "-" "Mozilla/5.0 (Linux; Android 6.0.1; Nexus 5X Build/MMB29P) AppleWebKit/537.36 (KHTML, like Gecko) Chrome/140.0.7339.207 Mobile Safari/537.36 (compatible; Googlebot/2.1; +http://www.google.com/bot.html)"
144.91.111.113 - - [13/Oct/2025:16:36:53 +0000] "POST /xmlrpc.php HTTP/1.0" 200 17738 "-" "Mozilla/5.0 (Macintosh; Intel Mac OS X 10_13_2) AppleWebKit/537.36 (KHTML, like Gecko) Chrome/66.0.3359.181 Safari/537.36"
66.249.74.136 - - [13/Oct/2025:16:37:23 +0000] "GET /?fileloc=/var/www/vhosts/enlugo.es/httpdocs/wp-hook.php&path=/var/www/vhosts/enlugo.es/httpdocs HTTP/1.0" 200 5212 "-" "Mozilla/5.0 (Linux; Android 6.0.1; Nexus 5X Build/MMB29P) AppleWebKit/537.36 (KHTML, like Gecko) Chrome/140.0.7339.207 Mobile Safari/537.36 (compatible; Googlebot/2.1; +http://www.google.com/bot.html)"
51.68.247.220 - - [13/Oct/2025:16:37:40 +0000] "GET /author/diego-v/?path=/var/www/vhosts/enlugo.es/httpdocs/cgi-bin HTTP/1.0" 200 4710 "-" "Mozilla/5.0 (compatible; AhrefsBot/7.0; +http://ahrefs.com/robot/)"
66.249.74.136 - - [13/Oct/2025:16:37:56 +0000] "GET /?fileloc=/var/www/vhosts/enlugo.es/httpdocs/wp-class-lazyloader.php&path=/var/www/vhosts/enlugo.es/httpdocs HTTP/1.0" 200 10143 "-" "Mozilla/5.0 (Linux; Android 6.0.1; Nexus 5X Build/MMB29P) AppleWebKit/537.36 (KHTML, like Gecko) Chrome/140.0.7339.207 Mobile Safari/537.36 (compatible; Googlebot/2.1; +http://www.google.com/bot.html)"
66.249.74.137 - - [13/Oct/2025:16:38:29 +0000] "GET /?fileloc=/var/www/vhosts/enlugo.es/httpdocs/wp-class-cache.php&path=/var/www/vhosts/enlugo.es/httpdocs HTTP/1.0" 200 11916 "-" "Mozilla/5.0 (Linux; Android 6.0.1; Nexus 5X Build/MMB29P) AppleWebKit/537.36 (KHTML, like Gecko) Chrome/140.0.7339.207 Mobile Safari/537.36 (compatible; Googlebot/2.1; +http://www.google.com/bot.html)"
66.249.74.137 - - [13/Oct/2025:16:39:02 +0000] "GET /?fileloc=/var/www/vhosts/enlugo.es/httpdocs/wp-class-table.php&path=/var/www/vhosts/enlugo.es/httpdocs HTTP/1.0" 200 5344 "-" "Mozilla/5.0 (Linux; Android 6.0.1; Nexus 5X Build/MMB29P) AppleWebKit/537.36 (KHTML, like Gecko) Chrome/140.0.7339.207 Mobile Safari/537.36 (compatible; Googlebot/2.1; +http://www.google.com/bot.html)"
15.235.112.187 - - [13/Oct/2025:16:39:29 +0000] "POST /xmlrpc.php HTTP/1.0" 200 17738 "-" "Mozilla/5.0 (Windows NT 6.3; Win64; x64; Trident/7.0; Touch; LCJB; rv:11.0) like Gecko"
66.249.74.136 - - [13/Oct/2025:16:39:35 +0000] "GET /?fileloc=/var/www/vhosts/enlugo.es/httpdocs/wp-class-fallback.php&path=/var/www/vhosts/enlugo.es/httpdocs HTTP/1.0" 200 16526 "-" "Mozilla/5.0 (Linux; Android 6.0.1; Nexus 5X Build/MMB29P) AppleWebKit/537.36 (KHTML, like Gecko) Chrome/140.0.7339.207 Mobile Safari/537.36 (compatible; Googlebot/2.1; +http://www.google.com/bot.html)"
15.235.112.187 - - [13/Oct/2025:16:39:49 +0000] "POST /xmlrpc.php HTTP/1.0" 200 17738 "-" "Mozilla/5.0 (Windows NT 6.3; Win64; x64; Trident/7.0; Touch; LCJB; rv:11.0) like Gecko"
92.222.108.121 - - [13/Oct/2025:16:40:03 +0000] "GET /concurso-tapas-2015/?path=/var/www/vhosts/enlugo.es/httpdocs/images HTTP/1.0" 200 6829 "-" "Mozilla/5.0 (compatible; AhrefsBot/7.0; +http://ahrefs.com/robot/)"
66.249.74.137 - - [13/Oct/2025:16:40:08 +0000] "GET /?fileloc=/var/www/vhosts/enlugo.es/httpdocs/wp-class-engine.php&path=/var/www/vhosts/enlugo.es/httpdocs HTTP/1.0" 200 10053 "-" "Mozilla/5.0 (Linux; Android 6.0.1; Nexus 5X Build/MMB29P) AppleWebKit/537.36 (KHTML, like Gecko) Chrome/140.0.7339.207 Mobile Safari/537.36 (compatible; Googlebot/2.1; +http://www.google.com/bot.html)"
66.249.74.136 - - [13/Oct/2025:16:40:52 +0000] "GET /?fileloc=/var/www/vhosts/enlugo.es/httpdocs/wp-class-bookmark.php&path=/var/www/vhosts/enlugo.es/httpdocs HTTP/1.0" 200 11533 "-" "Mozilla/5.0 (Linux; Android 6.0.1; Nexus 5X Build/MMB29P) AppleWebKit/537.36 (KHTML, like Gecko) Chrome/140.0.7339.207 Mobile Safari/537.36 (compatible; Googlebot/2.1; +http://www.google.com/bot.html)"
66.249.74.136 - - [13/Oct/2025:16:40:52 +0000] "GET /author/jorge-m/ HTTP/1.0" 200 13556 "-" "Mozilla/5.0 (Linux; Android 6.0.1; Nexus 5X Build/MMB29P) AppleWebKit/537.36 (KHTML, like Gecko) Chrome/140.0.7339.207 Mobile Safari/537.36 (compatible; Googlebot/2.1; +http://www.google.com/bot.html)"
66.249.74.137 - - [13/Oct/2025:16:41:14 +0000] "GET /?fileloc=/var/www/vhosts/enlugo.es/httpdocs/wp-request.php&path=/var/www/vhosts/enlugo.es/httpdocs HTTP/1.0" 200 10614 "-" "Mozilla/5.0 (Linux; Android 6.0.1; Nexus 5X Build/MMB29P) AppleWebKit/537.36 (KHTML, like Gecko) Chrome/140.0.7339.207 Mobile Safari/537.36 (compatible; Googlebot/2.1; +http://www.google.com/bot.html)"
66.249.74.136 - - [13/Oct/2025:16:41:46 +0000] "GET /?fileloc=/var/www/vhosts/enlugo.es/httpdocs/wp-formatting.php&path=/var/www/vhosts/enlugo.es/httpdocs HTTP/1.0" 200 12559 "-" "Mozilla/5.0 (Linux; Android 6.0.1; Nexus 5X Build/MMB29P) AppleWebKit/537.36 (KHTML, like Gecko) Chrome/140.0.7339.207 Mobile Safari/537.36 (compatible; Googlebot/2.1; +http://www.google.com/bot.html)"
66.249.74.136 - - [13/Oct/2025:16:42:19 +0000] "GET /?fileloc=/var/www/vhosts/enlugo.es/httpdocs/wp-list.php&path=/var/www/vhosts/enlugo.es/httpdocs HTTP/1.0" 200 10031 "-" "Mozilla/5.0 (Linux; Android 6.0.1; Nexus 5X Build/MMB29P) AppleWebKit/537.36 (KHTML, like Gecko) Chrome/140.0.7339.207 Mobile Safari/537.36 (compatible; Googlebot/2.1; +http://www.google.com/bot.html)"
66.249.74.136 - - [13/Oct/2025:16:42:52 +0000] "GET /?fileloc=/var/www/vhosts/enlugo.es/httpdocs/wp-menus.php&path=/var/www/vhosts/enlugo.es/httpdocs HTTP/1.0" 200 7624 "-" "Mozilla/5.0 (Linux; Android 6.0.1; Nexus 5X Build/MMB29P) AppleWebKit/537.36 (KHTML, like Gecko) Chrome/140.0.7339.207 Mobile Safari/537.36 (compatible; Googlebot/2.1; +http://www.google.com/bot.html)"
66.249.74.128 - - [13/Oct/2025:16:43:26 +0000] "GET /?fileloc=/var/www/vhosts/enlugo.es/httpdocs/wp-class-patterns.php&path=/var/www/vhosts/enlugo.es/httpdocs HTTP/1.0" 200 8571 "-" "Mozilla/5.0 (Linux; Android 6.0.1; Nexus 5X Build/MMB29P) AppleWebKit/537.36 (KHTML, like Gecko) Chrome/140.0.7339.207 Mobile Safari/537.36 (compatible; Googlebot/2.1; +http://www.google.com/bot.html)"
51.68.247.207 - - [13/Oct/2025:16:43:36 +0000] "GET /concurso-tapas-2015/?fileloc=/var/www/vhosts/enlugo.es/httpdocs/wp-trackback.php&path=/var/www/vhosts/enlugo.es/httpdocs HTTP/1.0" 200 6122 "-" "Mozilla/5.0 (compatible; AhrefsBot/7.0; +http://ahrefs.com/robot/)"
66.249.74.136 - - [13/Oct/2025:16:43:58 +0000] "GET /?fileloc=/var/www/vhosts/enlugo.es/httpdocs/wp-class-meta.php&path=/var/www/vhosts/enlugo.es/httpdocs HTTP/1.0" 200 9935 "-" "Mozilla/5.0 (Linux; Android 6.0.1; Nexus 5X Build/MMB29P) AppleWebKit/537.36 (KHTML, like Gecko) Chrome/140.0.7339.207 Mobile Safari/537.36 (compatible; Googlebot/2.1; +http://www.google.com/bot.html)"
66.249.74.128 - - [13/Oct/2025:16:44:31 +0000] "GET /?fileloc=/var/www/vhosts/enlugo.es/httpdocs/wp-class-rest.php&path=/var/www/vhosts/enlugo.es/httpdocs HTTP/1.0" 200 10670 "-" "Mozilla/5.0 (Linux; Android 6.0.1; Nexus 5X Build/MMB29P) AppleWebKit/537.36 (KHTML, like Gecko) Chrome/140.0.7339.207 Mobile Safari/537.36 (compatible; Googlebot/2.1; +http://www.google.com/bot.html)"
66.249.74.137 - - [13/Oct/2025:16:45:04 +0000] "GET /?fileloc=/var/www/vhosts/enlugo.es/httpdocs/wp-class-atom.php&path=/var/www/vhosts/enlugo.es/httpdocs HTTP/1.0" 200 7592 "-" "Mozilla/5.0 (Linux; Android 6.0.1; Nexus 5X Build/MMB29P) AppleWebKit/537.36 (KHTML, like Gecko) Chrome/140.0.7339.207 Mobile Safari/537.36 (compatible; Googlebot/2.1; +http://www.google.com/bot.html)"
66.249.74.136 - - [13/Oct/2025:16:45:37 +0000] "GET /?fileloc=/var/www/vhosts/enlugo.es/httpdocs/wp-class-renderer.php&path=/var/www/vhosts/enlugo.es/httpdocs HTTP/1.0" 200 5282 "-" "Mozilla/5.0 (Linux; Android 6.0.1; Nexus 5X Build/MMB29P) AppleWebKit/537.36 (KHTML, like Gecko) Chrome/140.0.7339.207 Mobile Safari/537.36 (compatible; Googlebot/2.1; +http://www.google.com/bot.html)"
66.249.74.136 - - [13/Oct/2025:16:46:10 +0000] "GET /?fileloc=/var/www/vhosts/enlugo.es/httpdocs/wp-config-sample.php&path=/var/www/vhosts/enlugo.es/httpdocs HTTP/1.0" 200 5561 "-" "Mozilla/5.0 (Linux; Android 6.0.1; Nexus 5X Build/MMB29P) AppleWebKit/537.36 (KHTML, like Gecko) Chrome/140.0.7339.207 Mobile Safari/537.36 (compatible; Googlebot/2.1; +http://www.google.com/bot.html)"
66.249.74.136 - - [13/Oct/2025:16:46:43 +0000] "GET /?fileloc=/var/www/vhosts/enlugo.es/httpdocs/wp-class-section.php&path=/var/www/vhosts/enlugo.es/httpdocs HTTP/1.0" 200 9678 "-" "Mozilla/5.0 (Linux; Android 6.0.1; Nexus 5X Build/MMB29P) AppleWebKit/537.36 (KHTML, like Gecko) Chrome/140.0.7339.207 Mobile Safari/537.36 (compatible; Googlebot/2.1; +http://www.google.com/bot.html)"
37.59.204.129 - - [13/Oct/2025:16:46:59 +0000] "GET /concurso-tapas-2015/?fileloc=/var/www/vhosts/enlugo.es/httpdocs/wp-theme.php&path=/var/www/vhosts/enlugo.es/httpdocs HTTP/1.0" 200 9192 "-" "Mozilla/5.0 (compatible; AhrefsBot/7.0; +http://ahrefs.com/robot/)"
89.46.106.139 - - [13/Oct/2025:16:47:15 +0000] "POST /xmlrpc.php HTTP/1.0" 200 17738 "-" "Mozilla/5.0 (Windows NT 6.3; Win64; x64; rv:61.0) Gecko/20100101 Firefox/61.0"
66.249.74.128 - - [13/Oct/2025:16:47:17 +0000] "GET /?fileloc=/var/www/vhosts/enlugo.es/httpdocs/robots.txt&path=/var/www/vhosts/enlugo.es/httpdocs HTTP/1.0" 200 4430 "-" "Mozilla/5.0 (Linux; Android 6.0.1; Nexus 5X Build/MMB29P) AppleWebKit/537.36 (KHTML, like Gecko) Chrome/140.0.7339.207 Mobile Safari/537.36 (compatible; Googlebot/2.1; +http://www.google.com/bot.html)"
89.46.106.139 - - [13/Oct/2025:16:47:18 +0000] "POST /xmlrpc.php HTTP/1.0" 200 17738 "-" "Mozilla/5.0 (Windows NT 6.3; Win64; x64; rv:61.0) Gecko/20100101 Firefox/61.0"
66.249.74.136 - - [13/Oct/2025:16:47:49 +0000] "GET /?fileloc=/var/www/vhosts/enlugo.es/httpdocs/wp-nav.php&path=/var/www/vhosts/enlugo.es/httpdocs HTTP/1.0" 200 5224 "-" "Mozilla/5.0 (Linux; Android 6.0.1; Nexus 5X Build/MMB29P) AppleWebKit/537.36 (KHTML, like Gecko) Chrome/140.0.7339.207 Mobile Safari/537.36 (compatible; Googlebot/2.1; +http://www.google.com/bot.html)"
66.249.74.136 - - [13/Oct/2025:16:48:22 +0000] "GET /?fileloc=/var/www/vhosts/enlugo.es/httpdocs/wp-parser.php&path=/var/www/vhosts/enlugo.es/httpdocs HTTP/1.0" 200 10503 "-" "Mozilla/5.0 (Linux; Android 6.0.1; Nexus 5X Build/MMB29P) AppleWebKit/537.36 (KHTML, like Gecko) Chrome/140.0.7339.207 Mobile Safari/537.36 (compatible; Googlebot/2.1; +http://www.google.com/bot.html)"
66.249.74.136 - - [13/Oct/2025:16:48:55 +0000] "GET /?fileloc=/var/www/vhosts/enlugo.es/httpdocs/wp-registry.php&path=/var/www/vhosts/enlugo.es/httpdocs HTTP/1.0" 200 5223 "-" "Mozilla/5.0 (Linux; Android 6.0.1; Nexus 5X Build/MMB29P) AppleWebKit/537.36 (KHTML, like Gecko) Chrome/140.0.7339.207 Mobile Safari/537.36 (compatible; Googlebot/2.1; +http://www.google.com/bot.html)"
66.249.74.128 - - [13/Oct/2025:16:49:28 +0000] "GET /?fileloc=/var/www/vhosts/enlugo.es/httpdocs/wp-class-util.php&path=/var/www/vhosts/enlugo.es/httpdocs HTTP/1.0" 200 11058 "-" "Mozilla/5.0 (Linux; Android 6.0.1; Nexus 5X Build/MMB29P) AppleWebKit/537.36 (KHTML, like Gecko) Chrome/140.0.7339.207 Mobile Safari/537.36 (compatible; Googlebot/2.1; +http://www.google.com/bot.html)"
66.249.74.128 - - [13/Oct/2025:16:50:01 +0000] "GET /?fileloc=/var/www/vhosts/enlugo.es/httpdocs/wp-network.php&path=/var/www/vhosts/enlugo.es/httpdocs HTTP/1.0" 200 9003 "-" "Mozilla/5.0 (Linux; Android 6.0.1; Nexus 5X Build/MMB29P) AppleWebKit/537.36 (KHTML, like Gecko) Chrome/140.0.7339.207 Mobile Safari/537.36 (compatible; Googlebot/2.1; +http://www.google.com/bot.html)"
176.31.139.20 - - [13/Oct/2025:16:50:21 +0000] "GET /concurso-tapas-2015/?fileloc=/var/www/vhosts/enlugo.es/httpdocs/wp-tax.php&path=/var/www/vhosts/enlugo.es/httpdocs HTTP/1.0" 200 5271 "-" "Mozilla/5.0 (compatible; AhrefsBot/7.0; +http://ahrefs.com/robot/)"
66.249.74.136 - - [13/Oct/2025:16:50:34 +0000] "GET /?fileloc=/var/www/vhosts/enlugo.es/httpdocs/wp-class-setting.php&path=/var/www/vhosts/enlugo.es/httpdocs HTTP/1.0" 200 8805 "-" "Mozilla/5.0 (Linux; Android 6.0.1; Nexus 5X Build/MMB29P) AppleWebKit/537.36 (KHTML, like Gecko) Chrome/140.0.7339.207 Mobile Safari/537.36 (compatible; Googlebot/2.1; +http://www.google.com/bot.html)"
66.249.74.137 - - [13/Oct/2025:16:51:07 +0000] "GET /?path=/var HTTP/1.0" 200 4379 "-" "Mozilla/5.0 (Linux; Android 6.0.1; Nexus 5X Build/MMB29P) AppleWebKit/537.36 (KHTML, like Gecko) Chrome/140.0.7339.207 Mobile Safari/537.36 (compatible; Googlebot/2.1; +http://www.google.com/bot.html)"
66.249.74.136 - - [13/Oct/2025:16:51:40 +0000] "GET /?fileloc=/var/www/vhosts/enlugo.es/httpdocs/wp-class-navigation.php&path=/var/www/vhosts/enlugo.es/httpdocs HTTP/1.0" 200 5264 "-" "Mozilla/5.0 (Linux; Android 6.0.1; Nexus 5X Build/MMB29P) AppleWebKit/537.36 (KHTML, like Gecko) Chrome/140.0.7339.207 Mobile Safari/537.36 (compatible; Googlebot/2.1; +http://www.google.com/bot.html)"
66.249.74.136 - - [13/Oct/2025:16:52:46 +0000] "GET /?fileloc=/var/www/vhosts/enlugo.es/httpdocs/wp-revision.php&path=/var/www/vhosts/enlugo.es/httpdocs HTTP/1.0" 200 5250 "-" "Mozilla/5.0 (Linux; Android 6.0.1; Nexus 5X Build/MMB29P) AppleWebKit/537.36 (KHTML, like Gecko) Chrome/140.0.7339.207 Mobile Safari/537.36 (compatible; Googlebot/2.1; +http://www.google.com/bot.html)"
66.249.74.137 - - [13/Oct/2025:16:53:19 +0000] "GET /?fileloc=/var/www/vhosts/enlugo.es/httpdocs/wp-class-json.php&path=/var/www/vhosts/enlugo.es/httpdocs HTTP/1.0" 200 9475 "-" "Mozilla/5.0 (Linux; Android 6.0.1; Nexus 5X Build/MMB29P) AppleWebKit/537.36 (KHTML, like Gecko) Chrome/140.0.7339.207 Mobile Safari/537.36 (compatible; Googlebot/2.1; +http://www.google.com/bot.html)"
94.23.188.201 - - [13/Oct/2025:16:53:50 +0000] "GET /concurso-tapas-2015/?fileloc=/var/www/vhosts/enlugo.es/httpdocs/wp-schema.php&path=/var/www/vhosts/enlugo.es/httpdocs HTTP/1.0" 200 9392 "-" "Mozilla/5.0 (compatible; AhrefsBot/7.0; +http://ahrefs.com/robot/)"
66.249.74.136 - - [13/Oct/2025:16:53:52 +0000] "GET /?fileloc=/var/www/vhosts/enlugo.es/httpdocs/wp-option.php&path=/var/www/vhosts/enlugo.es/httpdocs HTTP/1.0" 200 7784 "-" "Mozilla/5.0 (Linux; Android 6.0.1; Nexus 5X Build/MMB29P) AppleWebKit/537.36 (KHTML, like Gecko) Chrome/140.0.7339.207 Mobile Safari/537.36 (compatible; Googlebot/2.1; +http://www.google.com/bot.html)"
66.249.74.137 - - [13/Oct/2025:16:54:25 +0000] "GET /?path=/var/www/vhosts/enlugo.es/httpdocs/cache HTTP/1.0" 200 12456 "-" "Mozilla/5.0 (Linux; Android 6.0.1; Nexus 5X Build/MMB29P) AppleWebKit/537.36 (KHTML, like Gecko) Chrome/140.0.7339.207 Mobile Safari/537.36 (compatible; Googlebot/2.1; +http://www.google.com/bot.html)"
66.249.74.136 - - [13/Oct/2025:16:54:58 +0000] "GET /?fileloc=/var/www/vhosts/enlugo.es/httpdocs/wp-fatal.php&path=/var/www/vhosts/enlugo.es/httpdocs HTTP/1.0" 200 10056 "-" "Mozilla/5.0 (Linux; Android 6.0.1; Nexus 5X Build/MMB29P) AppleWebKit/537.36 (KHTML, like Gecko) Chrome/140.0.7339.207 Mobile Safari/537.36 (compatible; Googlebot/2.1; +http://www.google.com/bot.html)"
66.249.74.136 - - [13/Oct/2025:16:55:31 +0000] "GET /?fileloc=/var/www/vhosts/enlugo.es/httpdocs/wp-class-vars.php&path=/var/www/vhosts/enlugo.es/httpdocs HTTP/1.0" 200 9538 "-" "Mozilla/5.0 (Linux; Android 6.0.1; Nexus 5X Build/MMB29P) AppleWebKit/537.36 (KHTML, like Gecko) Chrome/140.0.7339.207 Mobile Safari/537.36 (compatible; Googlebot/2.1; +http://www.google.com/bot.html)"
66.249.74.128 - - [13/Oct/2025:16:56:04 +0000] "GET /?fileloc=/var/www/vhosts/enlugo.es/httpdocs/wp-loader.php&path=/var/www/vhosts/enlugo.es/httpdocs HTTP/1.0" 200 5233 "-" "Mozilla/5.0 (Linux; Android 6.0.1; Nexus 5X Build/MMB29P) AppleWebKit/537.36 (KHTML, like Gecko) Chrome/140.0.7339.207 Mobile Safari/537.36 (compatible; Googlebot/2.1; +http://www.google.com/bot.html)"
66.249.74.136 - - [13/Oct/2025:16:56:58 +0000] "GET /?fileloc=/var/www/vhosts/enlugo.es/httpdocs/wp-user.php&path=/var/www/vhosts/enlugo.es/httpdocs HTTP/1.0" 200 9115 "-" "Mozilla/5.0 (Linux; Android 6.0.1; Nexus 5X Build/MMB29P) AppleWebKit/537.36 (KHTML, like Gecko) Chrome/140.0.7339.207 Mobile Safari/537.36 (compatible; Googlebot/2.1; +http://www.google.com/bot.html)"
51.75.236.155 - - [13/Oct/2025:16:56:58 +0000] "GET /concurso-tapas-2015/?fileloc=/var/www/vhosts/enlugo.es/httpdocs/wp-roles.php&path=/var/www/vhosts/enlugo.es/httpdocs HTTP/1.0" 200 9396 "-" "Mozilla/5.0 (compatible; AhrefsBot/7.0; +http://ahrefs.com/robot/)"
66.249.74.137 - - [13/Oct/2025:16:57:27 +0000] "GET /?fileloc=/var/www/vhosts/enlugo.es/httpdocs/wp-panel.php&path=/var/www/vhosts/enlugo.es/httpdocs HTTP/1.0" 200 11170 "-" "Mozilla/5.0 (Linux; Android 6.0.1; Nexus 5X Build/MMB29P) AppleWebKit/537.36 (KHTML, like Gecko) Chrome/140.0.7339.207 Mobile Safari/537.36 (compatible; Googlebot/2.1; +http://www.google.com/bot.html)"
66.249.74.136 - - [13/Oct/2025:16:57:56 +0000] "GET /?fileloc=/var/www/vhosts/enlugo.es/httpdocs/wp-atom.php&path=/var/www/vhosts/enlugo.es/httpdocs HTTP/1.0" 200 16158 "-" "Mozilla/5.0 (Linux; Android 6.0.1; Nexus 5X Build/MMB29P) AppleWebKit/537.36 (KHTML, like Gecko) Chrome/140.0.7339.207 Mobile Safari/537.36 (compatible; Googlebot/2.1; +http://www.google.com/bot.html)"
66.249.74.128 - - [13/Oct/2025:16:58:25 +0000] "GET /san-froilan-2015-entrevista-anni-b-sweet/ HTTP/1.0" 200 13556 "-" "Mozilla/5.0 (Linux; Android 6.0.1; Nexus 5X Build/MMB29P) AppleWebKit/537.36 (KHTML, like Gecko) Chrome/140.0.7339.207 Mobile Safari/537.36 (compatible; Googlebot/2.1; +http://www.google.com/bot.html)"
66.249.74.136 - - [13/Oct/2025:16:58:25 +0000] "GET /?fileloc=/var/www/vhosts/enlugo.es/httpdocs/wp-class-previews.php&path=/var/www/vhosts/enlugo.es/httpdocs HTTP/1.0" 200 8362 "-" "Mozilla/5.0 (Linux; Android 6.0.1; Nexus 5X Build/MMB29P) AppleWebKit/537.36 (KHTML, like Gecko) Chrome/140.0.7339.207 Mobile Safari/537.36 (compatible; Googlebot/2.1; +http://www.google.com/bot.html)"
66.249.74.136 - - [13/Oct/2025:16:58:54 +0000] "GET /?fileloc=/var/www/vhosts/enlugo.es/httpdocs/wp-class-comments.php&path=/var/www/vhosts/enlugo.es/httpdocs HTTP/1.0" 200 12095 "-" "Mozilla/5.0 (Linux; Android 6.0.1; Nexus 5X Build/MMB29P) AppleWebKit/537.36 (KHTML, like Gecko) Chrome/140.0.7339.207 Mobile Safari/537.36 (compatible; Googlebot/2.1; +http://www.google.com/bot.html)"
92.222.108.126 - - [13/Oct/2025:16:59:10 +0000] "GET /concurso-tapas-2015/?fileloc=/var/www/vhosts/enlugo.es/httpdocs/wp-role.php&path=/var/www/vhosts/enlugo.es/httpdocs HTTP/1.0" 200 9587 "-" "Mozilla/5.0 (compatible; AhrefsBot/7.0; +http://ahrefs.com/robot/)"
66.249.74.136 - - [13/Oct/2025:16:59:24 +0000] "GET /?fileloc=/var/www/vhosts/enlugo.es/httpdocs/wp-recovery.php&path=/var/www/vhosts/enlugo.es/httpdocs HTTP/1.0" 200 7082 "-" "Mozilla/5.0 (Linux; Android 6.0.1; Nexus 5X Build/MMB29P) AppleWebKit/537.36 (KHTML, like Gecko) Chrome/140.0.7339.207 Mobile Safari/537.36 (compatible; Googlebot/2.1; +http://www.google.com/bot.html)"
66.249.74.136 - - [13/Oct/2025:17:00:21 +0000] "GET /?fileloc=/var/www/vhosts/enlugo.es/httpdocs/wp-class-streams.php&path=/var/www/vhosts/enlugo.es/httpdocs HTTP/1.0" 200 9567 "-" "Mozilla/5.0 (Linux; Android 6.0.1; Nexus 5X Build/MMB29P) AppleWebKit/537.36 (KHTML, like Gecko) Chrome/140.0.7339.207 Mobile Safari/537.36 (compatible; Googlebot/2.1; +http://www.google.com/bot.html)"
5.39.1.247 - - [13/Oct/2025:17:00:40 +0000] "GET /concurso-tapas-2015/?fileloc=/var/www/vhosts/enlugo.es/httpdocs/wp-requests.php&path=/var/www/vhosts/enlugo.es/httpdocs HTTP/1.0" 200 9901 "-" "Mozilla/5.0 (compatible; AhrefsBot/7.0; +http://ahrefs.com/robot/)"
66.249.74.136 - - [13/Oct/2025:17:00:49 +0000] "GET /?fileloc=/var/www/vhosts/enlugo.es/httpdocs/wp-class-network.php&path=/var/www/vhosts/enlugo.es/httpdocs HTTP/1.0" 200 7618 "-" "Mozilla/5.0 (Linux; Android 6.0.1; Nexus 5X Build/MMB29P) AppleWebKit/537.36 (KHTML, like Gecko) Chrome/140.0.7339.207 Mobile Safari/537.36 (compatible; Googlebot/2.1; +http://www.google.com/bot.html)"
66.249.74.136 - - [13/Oct/2025:17:01:20 +0000] "GET /?fileloc=/var/www/vhosts/enlugo.es/httpdocs/enlugo.es397b795f7e01958be91539c99ed49721.zip&path=/var/www/vhosts/enlugo.es/httpdocs HTTP/1.0" 200 4405 "-" "Mozilla/5.0 (Linux; Android 6.0.1; Nexus 5X Build/MMB29P) AppleWebKit/537.36 (KHTML, like Gecko) Chrome/140.0.7339.207 Mobile Safari/537.36 (compatible; Googlebot/2.1; +http://www.google.com/bot.html)"
66.249.74.136 - - [13/Oct/2025:17:01:49 +0000] "GET /?fileloc=/var/www/vhosts/enlugo.es/httpdocs/wp-class-factory.php&path=/var/www/vhosts/enlugo.es/httpdocs HTTP/1.0" 200 7696 "-" "Mozilla/5.0 (Linux; Android 6.0.1; Nexus 5X Build/MMB29P) AppleWebKit/537.36 (KHTML, like Gecko) Chrome/140.0.7339.207 Mobile Safari/537.36 (compatible; Googlebot/2.1; +http://www.google.com/bot.html)"
92.222.108.125 - - [13/Oct/2025:17:01:53 +0000] "GET /concurso-tapas-2015/?fileloc=/var/www/vhosts/enlugo.es/httpdocs/wp-request.php&path=/var/www/vhosts/enlugo.es/httpdocs HTTP/1.0" 200 10614 "-" "Mozilla/5.0 (compatible; AhrefsBot/7.0; +http://ahrefs.com/robot/)"
66.249.74.137 - - [13/Oct/2025:17:02:18 +0000] "GET /?fileloc=/var/www/vhosts/enlugo.es/httpdocs/wp-class-mode.php&path=/var/www/vhosts/enlugo.es/httpdocs HTTP/1.0" 200 5232 "-" "Mozilla/5.0 (Linux; Android 6.0.1; Nexus 5X Build/MMB29P) AppleWebKit/537.36 (KHTML, like Gecko) Chrome/140.0.7339.207 Mobile Safari/537.36 (compatible; Googlebot/2.1; +http://www.google.com/bot.html)"
91.98.65.63 - - [13/Oct/2025:17:02:18 +0000] "POST /xmlrpc.php HTTP/1.0" 200 17738 "-" "Mozilla/5.0 (Windows NT 10.0; WOW64; Trident/7.0; Touch; MASMJS; rv:11.0) like Gecko"
66.249.74.136 - - [13/Oct/2025:17:02:46 +0000] "GET /?fileloc=/var/www/vhosts/enlugo.es/httpdocs/wp-meta.php&path=/var/www/vhosts/enlugo.es/httpdocs HTTP/1.0" 200 5228 "-" "Mozilla/5.0 (Linux; Android 6.0.1; Nexus 5X Build/MMB29P) AppleWebKit/537.36 (KHTML, like Gecko) Chrome/140.0.7339.207 Mobile Safari/537.36 (compatible; Googlebot/2.1; +http://www.google.com/bot.html)"
91.98.65.63 - - [13/Oct/2025:17:03:04 +0000] "POST /xmlrpc.php HTTP/1.0" 200 17738 "-" "Mozilla/5.0 (Windows NT 10.0; WOW64; Trident/7.0; Touch; MASMJS; rv:11.0) like Gecko"
51.68.247.195 - - [13/Oct/2025:17:03:12 +0000] "GET /concurso-tapas-2015/?fileloc=/var/www/vhosts/enlugo.es/httpdocs/wp-registration.php&path=/var/www/vhosts/enlugo.es/httpdocs HTTP/1.0" 200 8520 "-" "Mozilla/5.0 (compatible; AhrefsBot/7.0; +http://ahrefs.com/robot/)"
66.249.74.128 - - [13/Oct/2025:17:03:16 +0000] "GET /?fileloc=/var/www/vhosts/enlugo.es/httpdocs/wp-formats.php&path=/var/www/vhosts/enlugo.es/httpdocs HTTP/1.0" 200 9766 "-" "Mozilla/5.0 (Linux; Android 6.0.1; Nexus 5X Build/MMB29P) AppleWebKit/537.36 (KHTML, like Gecko) Chrome/140.0.7339.207 Mobile Safari/537.36 (compatible; Googlebot/2.1; +http://www.google.com/bot.html)"
66.249.74.136 - - [13/Oct/2025:17:03:45 +0000] "GET /?fileloc=/var/www/vhosts/enlugo.es/httpdocs/wp-class-media.php&path=/var/www/vhosts/enlugo.es/httpdocs HTTP/1.0" 200 8477 "-" "Mozilla/5.0 (Linux; Android 6.0.1; Nexus 5X Build/MMB29P) AppleWebKit/537.36 (KHTML, like Gecko) Chrome/140.0.7339.207 Mobile Safari/537.36 (compatible; Googlebot/2.1; +http://www.google.com/bot.html)"
5.39.1.229 - - [13/Oct/2025:17:04:21 +0000] "GET /concurso-tapas-2015/?fileloc=/var/www/vhosts/enlugo.es/httpdocs/wp-menus.php&path=/var/www/vhosts/enlugo.es/httpdocs HTTP/1.0" 200 7624 "-" "Mozilla/5.0 (compatible; AhrefsBot/7.0; +http://ahrefs.com/robot/)"
66.249.74.137 - - [13/Oct/2025:17:04:43 +0000] "GET /?fileloc=/var/www/vhosts/enlugo.es/httpdocs/wp-class-utils.php&path=/var/www/vhosts/enlugo.es/httpdocs HTTP/1.0" 200 9392 "-" "Mozilla/5.0 (Linux; Android 6.0.1; Nexus 5X Build/MMB29P) AppleWebKit/537.36 (KHTML, like Gecko) Chrome/140.0.7339.207 Mobile Safari/537.36 (compatible; Googlebot/2.1; +http://www.google.com/bot.html)"
66.249.74.136 - - [13/Oct/2025:17:05:12 +0000] "GET /?fileloc=/var/www/vhosts/enlugo.es/httpdocs/wp-class-storage.php&path=/var/www/vhosts/enlugo.es/httpdocs HTTP/1.0" 200 9195 "-" "Mozilla/5.0 (Linux; Android 6.0.1; Nexus 5X Build/MMB29P) AppleWebKit/537.36 (KHTML, like Gecko) Chrome/140.0.7339.207 Mobile Safari/537.36 (compatible; Googlebot/2.1; +http://www.google.com/bot.html)"
66.249.74.136 - - [13/Oct/2025:17:05:40 +0000] "GET /?fileloc=/var/www/vhosts/enlugo.es/httpdocs/wp-style.php&path=/var/www/vhosts/enlugo.es/httpdocs HTTP/1.0" 200 11224 "-" "Mozilla/5.0 (Linux; Android 6.0.1; Nexus 5X Build/MMB29P) AppleWebKit/537.36 (KHTML, like Gecko) Chrome/140.0.7339.207 Mobile Safari/537.36 (compatible; Googlebot/2.1; +http://www.google.com/bot.html)"
