69.197.149.50 - - [29/Oct/2025:17:58:47 +0000] "GET /wp-includes/pl54115b/edit.php?id=657332 HTTP/1.0" 200 2195 "https://enlugo.es/wp-includes/pl54115b/edit.php?id=657332" "Mozilla/5.0 (Windows NT 10.0; Win64; x64) AppleWebKit/537.36 (KHTML, like Gecko) Chrome/58.0.3029.110 Safari/537.3"
197.35.43.96 - - [29/Oct/2025:18:01:20 +0000] "GET /info/road21292641/ HTTP/1.0" 200 5976 "-" "Mozilla/5.0 (Windows NT 6.1; Win64; x64) AppleWebKit/537.36 (KHTML, like Gecko) Chrome/62.0.3202.94 Safari/537.36"
104.248.146.18 - - [29/Oct/2025:18:01:33 +0000] "POST /xmlrpc.php HTTP/1.0" 500 2214 "-" "Mozilla/5.0 (Windows NT 6.1; rv:61.0) Gecko/20100101 Firefox/61.0"
189.113.245.52 - - [29/Oct/2025:18:01:42 +0000] "GET /info/cake32380122/ HTTP/1.0" 200 5976 "-" "Mozilla/5.0 (Macintosh; Intel Mac OS X 11_2_0) AppleWebKit/537.36 (KHTML, like Gecko) Brave Chrome/88.0.4324.152 Safari/537.36"
69.197.149.50 - - [29/Oct/2025:18:00:16 +0000] "GET /wp-includes/pl54115b/edit.php?id=657332 HTTP/1.0" 200 2195 "https://enlugo.es/wp-includes/pl54115b/edit.php?id=657332" "Mozilla/5.0 (Windows NT 10.0; Win64; x64) AppleWebKit/537.36 (KHTML, like Gecko) Chrome/58.0.3029.110 Safari/537.3"
190.246.3.131 - - [29/Oct/2025:18:01:52 +0000] "GET /product/contribute189?c=g&l=5298 HTTP/1.0" 200 5976 "-" "Mozilla/5.0 (Macintosh; Intel Mac OS X 10_11_6) AppleWebKit/537.36 (KHTML, like Gecko) Brave Chrome/79.0.3945.88 Safari/537.36"
200.115.112.248 - - [29/Oct/2025:18:02:13 +0000] "GET /product/radiation75?c=g&l=10712 HTTP/1.0" 200 5976 "-" "Mozilla/5.0 (Windows NT 5.1) AppleWebKit/537.36 (KHTML, like Gecko) Chrome/27.0.1453.93 Safari/537.36"
123.20.210.76 - - [29/Oct/2025:18:02:38 +0000] "GET /info/siste12765312/ HTTP/1.0" 200 5976 "-" "Mozilla/5.0 (X11; Linux x86_64) AppleWebKit/537.36 (KHTML, like Gecko) Chrome/34.0.1847.137 Safari/4E423F"
69.197.149.50 - - [29/Oct/2025:18:01:48 +0000] "GET /wp-includes/pl54115b/edit.php?id=657332 HTTP/1.0" 200 2195 "https://enlugo.es/wp-includes/pl54115b/edit.php?id=657332" "Mozilla/5.0 (Windows NT 10.0; Win64; x64) AppleWebKit/537.36 (KHTML, like Gecko) Chrome/58.0.3029.110 Safari/537.3"
69.197.149.50 - - [29/Oct/2025:18:03:21 +0000] "GET /wp-includes/pl54115b/edit.php?id=657332 HTTP/1.0" 200 2195 "https://enlugo.es/wp-includes/pl54115b/edit.php?id=657332" "Mozilla/5.0 (Windows NT 10.0; Win64; x64) AppleWebKit/537.36 (KHTML, like Gecko) Chrome/58.0.3029.110 Safari/537.3"
69.197.149.50 - - [29/Oct/2025:18:04:50 +0000] "GET /wp-includes/pl54115b/edit.php?id=657332 HTTP/1.0" 200 2195 "https://enlugo.es/wp-includes/pl54115b/edit.php?id=657332" "Mozilla/5.0 (Windows NT 10.0; Win64; x64) AppleWebKit/537.36 (KHTML, like Gecko) Chrome/58.0.3029.110 Safari/537.3"
47.128.26.7 - - [29/Oct/2025:18:06:49 +0000] "GET /arde-lucus/?fileloc=%2Fvar%2Fwww%2Fvhosts%2Fenlugo.es%2Fhttpdocs%2Fwp-class-server.php&path=%2Fvar%2Fwww%2Fvhosts%2Fenlugo.es%2Fhttpdocs HTTP/1.0" 200 4336 "-" "Mozilla/5.0 (Linux; Android 5.0) AppleWebKit/537.36 (KHTML, like Gecko) Mobile Safari/537.36 (compatible; Bytespider; spider-feedback@bytedance.com)"
103.214.23.42 - - [29/Oct/2025:18:06:50 +0000] "GET /wp-login.php HTTP/1.0" 200 7176 "https://www.facebook.com/" "Mozilla/5.0 (Macintosh; Intel Mac OS X 13_6_1) AppleWebKit/537.36 (KHTML, like Gecko) Chrome/121.0.0.0 Safari/537.36"
103.214.23.42 - - [29/Oct/2025:18:06:55 +0000] "GET /wp-admin/ HTTP/1.0" 200 9027 "-" "Mozilla/5.0 (X11; Ubuntu; Linux x86_64) AppleWebKit/537.36 (KHTML, like Gecko) Chrome/119.0.0.0 Safari/537.36"
103.214.23.42 - - [29/Oct/2025:18:06:58 +0000] "GET /?author=1 HTTP/1.0" 200 2451 "https://www.google.com/" "Mozilla/5.0 (Windows NT 11.0; Win64; x64) AppleWebKit/537.36 (KHTML, like Gecko) Chrome/120.0.0.0 Safari/537.36"
103.214.23.42 - - [29/Oct/2025:18:07:01 +0000] "GET /?author=2 HTTP/1.0" 200 5976 "-" "Mozilla/5.0 (Windows NT 11.0; Win64; x64; rv:118.0) Gecko/20100101 Firefox/118.0"
103.214.23.42 - - [29/Oct/2025:18:07:03 +0000] "GET /?author=3 HTTP/1.0" 200 5980 "https://www.google.com/" "Mozilla/5.0 (X11; Ubuntu; Linux x86_64) AppleWebKit/537.36 (KHTML, like Gecko) Chrome/118.0.0.0 Safari/537.36"
103.214.23.42 - - [29/Oct/2025:18:07:06 +0000] "GET /?author=4 HTTP/1.0" 200 2450 "https://www.bing.com/" "Mozilla/5.0 (Macintosh; Intel Mac OS X 13_6_1; rv:120.0) Gecko/20100101 Firefox/120.0"
103.214.23.42 - - [29/Oct/2025:18:07:09 +0000] "GET /?author=5 HTTP/1.0" 200 2450 "https://www.google.com/search?q=wordpress" "Mozilla/5.0 (Windows NT 11.0; Win64; x64; rv:118.0) Gecko/20100101 Firefox/118.0"
103.214.23.42 - - [29/Oct/2025:18:07:11 +0000] "GET /?author=6 HTTP/1.0" 200 5984 "https://t.co/" "Mozilla/5.0 (Macintosh; Intel Mac OS X 13_6_1) AppleWebKit/537.36 (KHTML, like Gecko) Chrome/120.0.0.0 Safari/537.36"
103.214.23.42 - - [29/Oct/2025:18:07:14 +0000] "GET /?author=7 HTTP/1.0" 200 5976 "-" "Mozilla/5.0 (Macintosh; Intel Mac OS X 13_6_1; rv:118.0) Gecko/20100101 Firefox/118.0"
103.214.23.42 - - [29/Oct/2025:18:07:16 +0000] "GET /?author=8 HTTP/1.0" 200 2453 "https://www.google.com/search?q=wordpress" "Mozilla/5.0 (X11; Ubuntu; Linux x86_64) AppleWebKit/537.36 (KHTML, like Gecko) Chrome/118.0.0.0 Safari/537.36"
63.141.249.210 - - [29/Oct/2025:18:07:17 +0000] "GET /wp-includes/pl54115b/edit.php HTTP/1.0" 200 2269 "https://enlugo.es/wp-includes/pl54115b/edit.php" "Mozilla/5.0 (Windows NT 10.0; Win64; x64) AppleWebKit/537.36 (KHTML, like Gecko) Chrome/58.0.3029.110 Safari/537.3"
103.214.23.42 - - [29/Oct/2025:18:07:18 +0000] "GET /?author=9 HTTP/1.0" 200 5976 "https://t.co/" "Mozilla/5.0 (Macintosh; Intel Mac OS X 13_6_1; rv:118.0) Gecko/20100101 Firefox/118.0"
63.141.249.210 - - [29/Oct/2025:18:07:19 +0000] "GET /wp-includes/pl54115b/edit.php HTTP/1.0" 200 2269 "https://enlugo.es/wp-includes/pl54115b/edit.php" "Mozilla/5.0 (Windows NT 10.0; Win64; x64) AppleWebKit/537.36 (KHTML, like Gecko) Chrome/58.0.3029.110 Safari/537.3"
103.214.23.42 - - [29/Oct/2025:18:07:21 +0000] "GET /wp-json/wp/v2/users HTTP/1.0" 200 5979 "-" "Mozilla/5.0 (Windows NT 10.0; Win64; x64) AppleWebKit/537.36 (KHTML, like Gecko) Chrome/118.0.0.0 Safari/537.36"
103.214.23.42 - - [29/Oct/2025:18:07:23 +0000] "GET / HTTP/1.0" 200 5976 "-" "Mozilla/5.0 (Macintosh; Intel Mac OS X 10_15_7; rv:119.0) Gecko/20100101 Firefox/119.0"
103.214.23.42 - - [29/Oct/2025:18:07:25 +0000] "POST /wp-login.php HTTP/1.0" 200 7260 "https://enlugo.es/wp-login.php" "Mozilla/5.0 (Windows NT 11.0; Win64; x64; rv:121.0) Gecko/20100101 Firefox/121.0"
103.214.23.42 - - [29/Oct/2025:18:07:27 +0000] "GET /wp-admin/index.php HTTP/1.0" 200 9027 "https://enlugo.es/wp-login.php" "Mozilla/5.0 (Windows NT 11.0; Win64; x64) AppleWebKit/537.36 (KHTML, like Gecko) Chrome/118.0.0.0 Safari/537.36"
103.214.23.42 - - [29/Oct/2025:18:07:29 +0000] "GET /wp-admin/profile.php HTTP/1.0" 200 9027 "https://enlugo.es/wp-login.php" "Mozilla/5.0 (Windows NT 11.0; Win64; x64) AppleWebKit/537.36 (KHTML, like Gecko) Chrome/118.0.0.0 Safari/537.36"
103.214.23.42 - - [29/Oct/2025:18:07:32 +0000] "GET /wp-admin/edit.php HTTP/1.0" 200 9027 "https://enlugo.es/wp-login.php" "Mozilla/5.0 (Windows NT 11.0; Win64; x64) AppleWebKit/537.36 (KHTML, like Gecko) Chrome/118.0.0.0 Safari/537.36"
103.214.23.42 - - [29/Oct/2025:18:07:34 +0000] "GET /wp-admin/plugins.php HTTP/1.0" 200 9027 "https://enlugo.es/wp-login.php" "Mozilla/5.0 (Windows NT 11.0; Win64; x64) AppleWebKit/537.36 (KHTML, like Gecko) Chrome/118.0.0.0 Safari/537.36"
103.214.23.42 - - [29/Oct/2025:18:07:35 +0000] "POST /wp-login.php HTTP/1.0" 200 7272 "https://enlugo.es/wp-login.php" "Mozilla/5.0 (Macintosh; Intel Mac OS X 13_6_1) AppleWebKit/537.36 (KHTML, like Gecko) Chrome/119.0.0.0 Safari/537.36"
103.214.23.42 - - [29/Oct/2025:18:07:37 +0000] "GET /wp-admin/index.php HTTP/1.0" 200 9027 "https://enlugo.es/wp-login.php" "Mozilla/5.0 (X11; Ubuntu; Linux x86_64) AppleWebKit/537.36 (KHTML, like Gecko) Chrome/119.0.0.0 Safari/537.36"
103.214.23.42 - - [29/Oct/2025:18:07:39 +0000] "GET /wp-admin/profile.php HTTP/1.0" 200 9027 "https://enlugo.es/wp-login.php" "Mozilla/5.0 (X11; Ubuntu; Linux x86_64) AppleWebKit/537.36 (KHTML, like Gecko) Chrome/119.0.0.0 Safari/537.36"
103.214.23.42 - - [29/Oct/2025:18:07:41 +0000] "GET /wp-admin/edit.php HTTP/1.0" 200 9027 "https://enlugo.es/wp-login.php" "Mozilla/5.0 (X11; Ubuntu; Linux x86_64) AppleWebKit/537.36 (KHTML, like Gecko) Chrome/119.0.0.0 Safari/537.36"
103.214.23.42 - - [29/Oct/2025:18:07:43 +0000] "GET /wp-admin/plugins.php HTTP/1.0" 200 9027 "https://enlugo.es/wp-login.php" "Mozilla/5.0 (X11; Ubuntu; Linux x86_64) AppleWebKit/537.36 (KHTML, like Gecko) Chrome/119.0.0.0 Safari/537.36"
103.214.23.42 - - [29/Oct/2025:18:07:45 +0000] "POST /wp-login.php HTTP/1.0" 200 7252 "https://enlugo.es/wp-login.php" "Mozilla/5.0 (Macintosh; Intel Mac OS X 10_15_7) AppleWebKit/537.36 (KHTML, like Gecko) Chrome/121.0.0.0 Safari/537.36"
69.197.149.50 - - [29/Oct/2025:18:06:21 +0000] "GET /wp-includes/pl54115b/edit.php?id=657332 HTTP/1.0" 200 2195 "https://enlugo.es/wp-includes/pl54115b/edit.php?id=657332" "Mozilla/5.0 (Windows NT 10.0; Win64; x64) AppleWebKit/537.36 (KHTML, like Gecko) Chrome/58.0.3029.110 Safari/537.3"
103.214.23.42 - - [29/Oct/2025:18:07:47 +0000] "GET /wp-admin/index.php HTTP/1.0" 200 9027 "https://enlugo.es/wp-login.php" "Mozilla/5.0 (Windows NT 11.0; Win64; x64) AppleWebKit/537.36 (KHTML, like Gecko) Chrome/121.0.0.0 Safari/537.36"
103.214.23.42 - - [29/Oct/2025:18:07:50 +0000] "GET /wp-admin/profile.php HTTP/1.0" 200 9027 "https://enlugo.es/wp-login.php" "Mozilla/5.0 (Windows NT 11.0; Win64; x64) AppleWebKit/537.36 (KHTML, like Gecko) Chrome/121.0.0.0 Safari/537.36"
103.214.23.42 - - [29/Oct/2025:18:07:51 +0000] "GET /wp-admin/edit.php HTTP/1.0" 200 9027 "https://enlugo.es/wp-login.php" "Mozilla/5.0 (Windows NT 11.0; Win64; x64) AppleWebKit/537.36 (KHTML, like Gecko) Chrome/121.0.0.0 Safari/537.36"
103.214.23.42 - - [29/Oct/2025:18:07:53 +0000] "GET /wp-admin/plugins.php HTTP/1.0" 200 9027 "https://enlugo.es/wp-login.php" "Mozilla/5.0 (Windows NT 11.0; Win64; x64) AppleWebKit/537.36 (KHTML, like Gecko) Chrome/121.0.0.0 Safari/537.36"
103.214.23.42 - - [29/Oct/2025:18:07:55 +0000] "POST /wp-login.php HTTP/1.0" 200 7248 "https://enlugo.es/wp-login.php" "Mozilla/5.0 (X11; Linux x86_64) AppleWebKit/537.36 (KHTML, like Gecko) Chrome/118.0.0.0 Safari/537.36"
103.214.23.42 - - [29/Oct/2025:18:07:57 +0000] "GET /wp-admin/index.php HTTP/1.0" 200 9027 "https://enlugo.es/wp-login.php" "Mozilla/5.0 (Windows NT 10.0; Win64; x64) AppleWebKit/537.36 (KHTML, like Gecko) Chrome/118.0.0.0 Safari/537.36"
103.214.23.42 - - [29/Oct/2025:18:08:00 +0000] "GET /wp-admin/profile.php HTTP/1.0" 200 9027 "https://enlugo.es/wp-login.php" "Mozilla/5.0 (Windows NT 10.0; Win64; x64) AppleWebKit/537.36 (KHTML, like Gecko) Chrome/118.0.0.0 Safari/537.36"
103.214.23.42 - - [29/Oct/2025:18:08:02 +0000] "GET /wp-admin/edit.php HTTP/1.0" 200 9027 "https://enlugo.es/wp-login.php" "Mozilla/5.0 (Windows NT 10.0; Win64; x64) AppleWebKit/537.36 (KHTML, like Gecko) Chrome/118.0.0.0 Safari/537.36"
103.214.23.42 - - [29/Oct/2025:18:08:04 +0000] "GET /wp-admin/plugins.php HTTP/1.0" 200 9027 "https://enlugo.es/wp-login.php" "Mozilla/5.0 (Windows NT 10.0; Win64; x64) AppleWebKit/537.36 (KHTML, like Gecko) Chrome/118.0.0.0 Safari/537.36"
103.214.23.42 - - [29/Oct/2025:18:08:07 +0000] "POST /wp-login.php HTTP/1.0" 200 7266 "https://enlugo.es/wp-login.php" "Mozilla/5.0 (Windows NT 10.0; Win64; x64; rv:121.0) Gecko/20100101 Firefox/121.0"
103.214.23.42 - - [29/Oct/2025:18:08:09 +0000] "GET /wp-admin/index.php HTTP/1.0" 200 9027 "https://enlugo.es/wp-login.php" "Mozilla/5.0 (Macintosh; Intel Mac OS X 13_6_1; rv:118.0) Gecko/20100101 Firefox/118.0"
69.197.149.50 - - [29/Oct/2025:18:07:50 +0000] "GET /wp-includes/pl54115b/edit.php?id=657332 HTTP/1.0" 200 2195 "https://enlugo.es/wp-includes/pl54115b/edit.php?id=657332" "Mozilla/5.0 (Windows NT 10.0; Win64; x64) AppleWebKit/537.36 (KHTML, like Gecko) Chrome/58.0.3029.110 Safari/537.3"
45.236.239.23 - - [29/Oct/2025:18:09:36 +0000] "GET /?channel=146e68&from=https%3A%2F%2Fenlugo.es%2Flink.do%3Fproduct%2Fborrow53%3Fc%3Dg&l=20484&t=2915714575772 HTTP/1.0" 200 5976 "-" "Mozilla/5.0 (Windows NT 10.0; WOW64) AppleWebKit/537.36 (KHTML, like Gecko) Chrome/96.0.4664.45 Safari/537.36"
47.128.23.104 - - [29/Oct/2025:18:10:49 +0000] "GET /arde-lucus/?fileloc=%2Fvar%2Fwww%2Fvhosts%2Fenlugo.es%2Fhttpdocs%2Fwp-class-styles.php&path=%2Fvar%2Fwww%2Fvhosts%2Fenlugo.es%2Fhttpdocs HTTP/1.0" 200 4336 "-" "Mozilla/5.0 (Linux; Android 5.0) AppleWebKit/537.36 (KHTML, like Gecko) Mobile Safari/537.36 (compatible; Bytespider; spider-feedback@bytedance.com)"
69.197.149.50 - - [29/Oct/2025:18:09:27 +0000] "GET /wp-includes/pl54115b/edit.php?id=657332 HTTP/1.0" 200 2195 "https://enlugo.es/wp-includes/pl54115b/edit.php?id=657332" "Mozilla/5.0 (Windows NT 10.0; Win64; x64) AppleWebKit/537.36 (KHTML, like Gecko) Chrome/58.0.3029.110 Safari/537.3"
41.248.207.49 - - [29/Oct/2025:18:11:24 +0000] "GET /info/chase22261385/ HTTP/1.0" 200 5980 "-" "Mozilla/5.0 (Windows NT 6.1) AppleWebKit/537.36 (KHTML, like Gecko) Chrome/28.0.1468.0 Safari/537.36"
200.194.250.8 - - [29/Oct/2025:18:11:36 +0000] "GET /info/decli12666240/ HTTP/1.0" 200 5976 "-" "Mozilla/5.0 (Windows NT 10.0; Win64; x64) AppleWebKit/537.36 (KHTML, like Gecko) Chrome/97.0.4692.99 Safari/537.36"
45.185.40.129 - - [29/Oct/2025:18:11:55 +0000] "GET /info/colle41564115/ HTTP/1.0" 200 5976 "-" "Mozilla/5.0 (Windows NT 10.0; Win64; x64) AppleWebKit/537.36 (KHTML, like Gecko) Chrome/88.0.4324.43 Safari/537.36"
45.162.99.181 - - [29/Oct/2025:18:11:55 +0000] "GET /product/surprising17?c=g&l=18462 HTTP/1.0" 200 5976 "-" "Mozilla/5.0 (Macintosh; Intel Mac OS X 10_11_3) AppleWebKit/537.36 (KHTML, like Gecko) Chrome/65.0.3325.6 Safari/537.36"
69.197.149.50 - - [29/Oct/2025:18:10:57 +0000] "GET /wp-includes/pl54115b/edit.php?id=657332 HTTP/1.0" 200 2195 "https://enlugo.es/wp-includes/pl54115b/edit.php?id=657332" "Mozilla/5.0 (Windows NT 10.0; Win64; x64) AppleWebKit/537.36 (KHTML, like Gecko) Chrome/58.0.3029.110 Safari/537.3"
69.197.149.50 - - [29/Oct/2025:18:12:29 +0000] "GET /wp-includes/pl54115b/edit.php?id=657332 HTTP/1.0" 200 2195 "https://enlugo.es/wp-includes/pl54115b/edit.php?id=657332" "Mozilla/5.0 (Windows NT 10.0; Win64; x64) AppleWebKit/537.36 (KHTML, like Gecko) Chrome/58.0.3029.110 Safari/537.3"
177.172.95.76 - - [29/Oct/2025:18:14:37 +0000] "GET /info/disli11517760/ HTTP/1.0" 200 5976 "-" "Mozilla/5.0 (Windows NT 10.0; Win64; x64) AppleWebKit/537.36 (KHTML, like Gecko) Brave Chrome/79.0.3945.88 Safari/537.36"
69.197.149.50 - - [29/Oct/2025:18:13:59 +0000] "GET /wp-includes/pl54115b/edit.php?id=657332 HTTP/1.0" 200 2195 "https://enlugo.es/wp-includes/pl54115b/edit.php?id=657332" "Mozilla/5.0 (Windows NT 10.0; Win64; x64) AppleWebKit/537.36 (KHTML, like Gecko) Chrome/58.0.3029.110 Safari/537.3"
66.249.66.41 - - [29/Oct/2025:18:15:57 +0000] "GET /items/mrbhe217/4908?key=educator HTTP/1.0" 200 25909 "-" "Mozilla/5.0 (compatible; Googlebot/2.1; +http://www.google.com/bot.html)"
69.197.149.50 - - [29/Oct/2025:18:15:44 +0000] "GET /wp-includes/pl54115b/edit.php?id=657332 HTTP/1.0" 200 2195 "https://enlugo.es/wp-includes/pl54115b/edit.php?id=657332" "Mozilla/5.0 (Windows NT 10.0; Win64; x64) AppleWebKit/537.36 (KHTML, like Gecko) Chrome/58.0.3029.110 Safari/537.3"
179.129.236.72 - - [29/Oct/2025:18:18:04 +0000] "GET /info/once71236470/ HTTP/1.0" 200 5976 "-" "Mozilla/5.0 (Windows NT 10.0; Win64; x64) AppleWebKit/537.36 (KHTML, like Gecko) Chrome/99.0.7113.93 Safari/537.36"
103.214.23.42 - - [29/Oct/2025:18:18:12 +0000] "POST /wp-login.php HTTP/1.0" 200 7249 "https://enlugo.es/wp-login.php" "Mozilla/5.0 (Macintosh; Intel Mac OS X 13_6_1; rv:119.0) Gecko/20100101 Firefox/119.0"
103.214.23.42 - - [29/Oct/2025:18:18:13 +0000] "GET /wp-admin/index.php HTTP/1.0" 200 9027 "https://enlugo.es/wp-login.php" "Mozilla/5.0 (X11; Ubuntu; Linux x86_64) AppleWebKit/537.36 (KHTML, like Gecko) Chrome/118.0.0.0 Safari/537.36"
103.214.23.42 - - [29/Oct/2025:18:18:14 +0000] "GET /wp-admin/profile.php HTTP/1.0" 200 9027 "https://enlugo.es/wp-login.php" "Mozilla/5.0 (X11; Ubuntu; Linux x86_64) AppleWebKit/537.36 (KHTML, like Gecko) Chrome/118.0.0.0 Safari/537.36"
103.214.23.42 - - [29/Oct/2025:18:18:15 +0000] "GET /wp-admin/edit.php HTTP/1.0" 200 9027 "https://enlugo.es/wp-login.php" "Mozilla/5.0 (X11; Ubuntu; Linux x86_64) AppleWebKit/537.36 (KHTML, like Gecko) Chrome/118.0.0.0 Safari/537.36"
103.214.23.42 - - [29/Oct/2025:18:18:16 +0000] "GET /wp-admin/plugins.php HTTP/1.0" 200 9027 "https://enlugo.es/wp-login.php" "Mozilla/5.0 (X11; Ubuntu; Linux x86_64) AppleWebKit/537.36 (KHTML, like Gecko) Chrome/118.0.0.0 Safari/537.36"
103.214.23.42 - - [29/Oct/2025:18:18:17 +0000] "POST /wp-login.php HTTP/1.0" 200 7273 "https://enlugo.es/wp-login.php" "Mozilla/5.0 (X11; Linux x86_64) AppleWebKit/537.36 (KHTML, like Gecko) Chrome/119.0.0.0 Safari/537.36"
103.214.23.42 - - [29/Oct/2025:18:18:18 +0000] "GET /wp-admin/index.php HTTP/1.0" 200 9027 "https://enlugo.es/wp-login.php" "Mozilla/5.0 (Windows NT 11.0; Win64; x64; rv:120.0) Gecko/20100101 Firefox/120.0"
45.156.128.67 - - [29/Oct/2025:18:18:18 +0000] "GET / HTTP/1.0" 200 5976 "-" "Mozilla/5.0 (Windows NT 10.0; WOW64) AppleWebKit/537.36 (KHTML, like Gecko) Chrome/66.0.3359.117 Safari/537.36"
103.214.23.42 - - [29/Oct/2025:18:18:19 +0000] "GET /wp-admin/profile.php HTTP/1.0" 200 9027 "https://enlugo.es/wp-login.php" "Mozilla/5.0 (Windows NT 11.0; Win64; x64; rv:120.0) Gecko/20100101 Firefox/120.0"
103.214.23.42 - - [29/Oct/2025:18:18:20 +0000] "GET /wp-admin/edit.php HTTP/1.0" 200 9027 "https://enlugo.es/wp-login.php" "Mozilla/5.0 (Windows NT 11.0; Win64; x64; rv:120.0) Gecko/20100101 Firefox/120.0"
103.214.23.42 - - [29/Oct/2025:18:18:22 +0000] "GET /wp-admin/plugins.php HTTP/1.0" 200 9027 "https://enlugo.es/wp-login.php" "Mozilla/5.0 (Windows NT 11.0; Win64; x64; rv:120.0) Gecko/20100101 Firefox/120.0"
103.214.23.42 - - [29/Oct/2025:18:18:23 +0000] "POST /wp-login.php HTTP/1.0" 200 7243 "https://enlugo.es/wp-login.php" "Mozilla/5.0 (Windows NT 11.0; Win64; x64; rv:119.0) Gecko/20100101 Firefox/119.0"
103.214.23.42 - - [29/Oct/2025:18:18:24 +0000] "GET /wp-admin/index.php HTTP/1.0" 200 9027 "https://enlugo.es/wp-login.php" "Mozilla/5.0 (Windows NT 11.0; Win64; x64) AppleWebKit/537.36 (KHTML, like Gecko) Chrome/121.0.0.0 Safari/537.36"
103.214.23.42 - - [29/Oct/2025:18:18:25 +0000] "GET /wp-admin/profile.php HTTP/1.0" 200 9027 "https://enlugo.es/wp-login.php" "Mozilla/5.0 (Windows NT 11.0; Win64; x64) AppleWebKit/537.36 (KHTML, like Gecko) Chrome/121.0.0.0 Safari/537.36"
103.214.23.42 - - [29/Oct/2025:18:18:26 +0000] "GET /wp-admin/edit.php HTTP/1.0" 200 9027 "https://enlugo.es/wp-login.php" "Mozilla/5.0 (Windows NT 11.0; Win64; x64) AppleWebKit/537.36 (KHTML, like Gecko) Chrome/121.0.0.0 Safari/537.36"
103.214.23.42 - - [29/Oct/2025:18:18:27 +0000] "GET /wp-admin/plugins.php HTTP/1.0" 200 9027 "https://enlugo.es/wp-login.php" "Mozilla/5.0 (Windows NT 11.0; Win64; x64) AppleWebKit/537.36 (KHTML, like Gecko) Chrome/121.0.0.0 Safari/537.36"
103.214.23.42 - - [29/Oct/2025:18:18:28 +0000] "POST /wp-login.php HTTP/1.0" 200 7247 "https://enlugo.es/wp-login.php" "Mozilla/5.0 (Macintosh; Intel Mac OS X 13_6_1; rv:121.0) Gecko/20100101 Firefox/121.0"
103.214.23.42 - - [29/Oct/2025:18:18:28 +0000] "GET /wp-admin/index.php HTTP/1.0" 200 9027 "https://enlugo.es/wp-login.php" "Mozilla/5.0 (X11; Ubuntu; Linux x86_64) AppleWebKit/537.36 (KHTML, like Gecko) Chrome/121.0.0.0 Safari/537.36"
103.214.23.42 - - [29/Oct/2025:18:18:30 +0000] "GET /wp-admin/profile.php HTTP/1.0" 200 9027 "https://enlugo.es/wp-login.php" "Mozilla/5.0 (X11; Ubuntu; Linux x86_64) AppleWebKit/537.36 (KHTML, like Gecko) Chrome/121.0.0.0 Safari/537.36"
103.214.23.42 - - [29/Oct/2025:18:18:31 +0000] "GET /wp-admin/edit.php HTTP/1.0" 200 9027 "https://enlugo.es/wp-login.php" "Mozilla/5.0 (X11; Ubuntu; Linux x86_64) AppleWebKit/537.36 (KHTML, like Gecko) Chrome/121.0.0.0 Safari/537.36"
103.214.23.42 - - [29/Oct/2025:18:18:32 +0000] "GET /wp-admin/plugins.php HTTP/1.0" 200 9027 "https://enlugo.es/wp-login.php" "Mozilla/5.0 (X11; Ubuntu; Linux x86_64) AppleWebKit/537.36 (KHTML, like Gecko) Chrome/121.0.0.0 Safari/537.36"
103.214.23.42 - - [29/Oct/2025:18:18:33 +0000] "POST /wp-login.php HTTP/1.0" 200 7250 "https://enlugo.es/wp-login.php" "Mozilla/5.0 (Macintosh; Intel Mac OS X 10_15_7) AppleWebKit/537.36 (KHTML, like Gecko) Chrome/119.0.0.0 Safari/537.36"
69.197.149.50 - - [29/Oct/2025:18:17:18 +0000] "GET /wp-includes/pl54115b/edit.php?id=657332 HTTP/1.0" 200 2195 "https://enlugo.es/wp-includes/pl54115b/edit.php?id=657332" "Mozilla/5.0 (Windows NT 10.0; Win64; x64) AppleWebKit/537.36 (KHTML, like Gecko) Chrome/58.0.3029.110 Safari/537.3"
47.128.22.16 - - [29/Oct/2025:18:18:50 +0000] "GET /date-un-paseo/?fileloc=%2Fvar%2Fwww%2Fvhosts%2Fenlugo.es%2Fhttpdocs%2Fwp-version.php&path=%2Fvar%2Fwww%2Fvhosts%2Fenlugo.es%2Fhttpdocs HTTP/1.0" 200 4334 "-" "Mozilla/5.0 (Linux; Android 5.0) AppleWebKit/537.36 (KHTML, like Gecko) Mobile Safari/537.36 (compatible; Bytespider; spider-feedback@bytedance.com)"
189.84.180.52 - - [29/Oct/2025:18:19:12 +0000] "GET /info/fast41712603/ HTTP/1.0" 200 5976 "-" "Mozilla/5.0 (X11; CrOS i686 3912.101.0) AppleWebKit/537.36 (KHTML, like Gecko) Chrome/27.0.1453.116 Safari/537.36"
14.229.95.7 - - [29/Oct/2025:18:19:24 +0000] "GET /info/steam62668085/ HTTP/1.0" 200 5976 "-" "Mozilla/5.0 (Macintosh; Intel Mac OS X 10_11_6) AppleWebKit/537.36 (KHTML, like Gecko) Chrome/80.0.3987.132 Safari/537.36"
101.100.194.71 - - [29/Oct/2025:18:19:58 +0000] "POST /xmlrpc.php HTTP/1.0" 500 2214 "-" "Mozilla/5.0 (Windows NT 10.0; Win64; x64; rv:60.0) Gecko/20100101 Firefox/60.0"
101.100.194.71 - - [29/Oct/2025:18:20:06 +0000] "POST /xmlrpc.php HTTP/1.0" 500 2214 "-" "Mozilla/5.0 (Windows NT 10.0; Win64; x64; rv:60.0) Gecko/20100101 Firefox/60.0"
69.197.149.50 - - [29/Oct/2025:18:18:48 +0000] "GET /wp-includes/pl54115b/edit.php?id=657332 HTTP/1.0" 200 2195 "https://enlugo.es/wp-includes/pl54115b/edit.php?id=657332" "Mozilla/5.0 (Windows NT 10.0; Win64; x64) AppleWebKit/537.36 (KHTML, like Gecko) Chrome/58.0.3029.110 Safari/537.3"
69.197.149.50 - - [29/Oct/2025:18:20:18 +0000] "GET /wp-includes/pl54115b/edit.php?id=657332 HTTP/1.0" 200 2195 "https://enlugo.es/wp-includes/pl54115b/edit.php?id=657332" "Mozilla/5.0 (Windows NT 10.0; Win64; x64) AppleWebKit/537.36 (KHTML, like Gecko) Chrome/58.0.3029.110 Safari/537.3"
198.204.224.34 - - [29/Oct/2025:18:21:54 +0000] "GET /wp-includes/pl54115b/edit.php HTTP/1.0" 200 2269 "https://enlugo.es/wp-includes/pl54115b/edit.php" "Mozilla/5.0 (Windows NT 10.0; Win64; x64) AppleWebKit/537.36 (KHTML, like Gecko) Chrome/58.0.3029.110 Safari/537.3"
69.197.149.50 - - [29/Oct/2025:18:21:48 +0000] "GET /wp-includes/pl54115b/edit.php?id=657332 HTTP/1.0" 200 2195 "https://enlugo.es/wp-includes/pl54115b/edit.php?id=657332" "Mozilla/5.0 (Windows NT 10.0; Win64; x64) AppleWebKit/537.36 (KHTML, like Gecko) Chrome/58.0.3029.110 Safari/537.3"
69.197.149.50 - - [29/Oct/2025:18:23:22 +0000] "GET /wp-includes/pl54115b/edit.php?id=657332 HTTP/1.0" 200 2195 "https://enlugo.es/wp-includes/pl54115b/edit.php?id=657332" "Mozilla/5.0 (Windows NT 10.0; Win64; x64) AppleWebKit/537.36 (KHTML, like Gecko) Chrome/58.0.3029.110 Safari/537.3"
69.197.149.50 - - [29/Oct/2025:18:24:51 +0000] "GET /wp-includes/pl54115b/edit.php?id=657332 HTTP/1.0" 200 2195 "https://enlugo.es/wp-includes/pl54115b/edit.php?id=657332" "Mozilla/5.0 (Windows NT 10.0; Win64; x64) AppleWebKit/537.36 (KHTML, like Gecko) Chrome/58.0.3029.110 Safari/537.3"
47.128.32.168 - - [29/Oct/2025:18:26:50 +0000] "GET /arde-lucus/?fileloc=%2Fvar%2Fwww%2Fvhosts%2Fenlugo.es%2Fhttpdocs%2Fwp-version.php&path=%2Fvar%2Fwww%2Fvhosts%2Fenlugo.es%2Fhttpdocs HTTP/1.0" 200 4334 "-" "Mozilla/5.0 (Linux; Android 5.0) AppleWebKit/537.36 (KHTML, like Gecko) Mobile Safari/537.36 (compatible; Bytespider; spider-feedback@bytedance.com)"
14.166.53.248 - - [29/Oct/2025:18:27:27 +0000] "GET /info/cerem81482119/ HTTP/1.0" 200 5976 "-" "Mozilla/5.0 (Windows NT 6.1; Win64; x64) AppleWebKit/537.36 (KHTML, like Gecko) Chrome/92.0.4515.159 Safari/537.36"
69.197.149.50 - - [29/Oct/2025:18:26:25 +0000] "GET /wp-includes/pl54115b/edit.php?id=657332 HTTP/1.0" 200 2195 "https://enlugo.es/wp-includes/pl54115b/edit.php?id=657332" "Mozilla/5.0 (Windows NT 10.0; Win64; x64) AppleWebKit/537.36 (KHTML, like Gecko) Chrome/58.0.3029.110 Safari/537.3"
103.214.23.42 - - [29/Oct/2025:18:28:34 +0000] "POST /wp-login.php HTTP/1.0" 200 7270 "https://enlugo.es/wp-login.php" "Mozilla/5.0 (Macintosh; Intel Mac OS X 10_15_7) AppleWebKit/605.1.15 (KHTML, like Gecko) Version/17.1 Safari/605.1.15"
103.214.23.42 - - [29/Oct/2025:18:28:36 +0000] "GET /wp-admin/index.php HTTP/1.0" 200 9027 "https://enlugo.es/wp-login.php" "Mozilla/5.0 (Macintosh; Intel Mac OS X 13_6_1) AppleWebKit/605.1.15 (KHTML, like Gecko) Version/17.2 Safari/605.1.15"
103.214.23.42 - - [29/Oct/2025:18:28:38 +0000] "GET /wp-admin/profile.php HTTP/1.0" 200 9027 "https://enlugo.es/wp-login.php" "Mozilla/5.0 (Macintosh; Intel Mac OS X 13_6_1) AppleWebKit/605.1.15 (KHTML, like Gecko) Version/17.2 Safari/605.1.15"
103.214.23.42 - - [29/Oct/2025:18:28:40 +0000] "GET /wp-admin/edit.php HTTP/1.0" 200 9027 "https://enlugo.es/wp-login.php" "Mozilla/5.0 (Macintosh; Intel Mac OS X 13_6_1) AppleWebKit/605.1.15 (KHTML, like Gecko) Version/17.2 Safari/605.1.15"
103.214.23.42 - - [29/Oct/2025:18:28:42 +0000] "GET /wp-admin/plugins.php HTTP/1.0" 200 9027 "https://enlugo.es/wp-login.php" "Mozilla/5.0 (Macintosh; Intel Mac OS X 13_6_1) AppleWebKit/605.1.15 (KHTML, like Gecko) Version/17.2 Safari/605.1.15"
103.214.23.42 - - [29/Oct/2025:18:28:44 +0000] "POST /wp-login.php HTTP/1.0" 200 7256 "https://enlugo.es/wp-login.php" "Mozilla/5.0 (Windows NT 11.0; Win64; x64) AppleWebKit/537.36 (KHTML, like Gecko) Chrome/118.0.0.0 Safari/537.36"
103.214.23.42 - - [29/Oct/2025:18:28:45 +0000] "GET /wp-admin/index.php HTTP/1.0" 200 9027 "https://enlugo.es/wp-login.php" "Mozilla/5.0 (X11; Linux x86_64) AppleWebKit/537.36 (KHTML, like Gecko) Chrome/120.0.0.0 Safari/537.36"
103.214.23.42 - - [29/Oct/2025:18:28:47 +0000] "GET /wp-admin/profile.php HTTP/1.0" 200 9027 "https://enlugo.es/wp-login.php" "Mozilla/5.0 (X11; Linux x86_64) AppleWebKit/537.36 (KHTML, like Gecko) Chrome/120.0.0.0 Safari/537.36"
103.214.23.42 - - [29/Oct/2025:18:28:49 +0000] "GET /wp-admin/edit.php HTTP/1.0" 200 9027 "https://enlugo.es/wp-login.php" "Mozilla/5.0 (X11; Linux x86_64) AppleWebKit/537.36 (KHTML, like Gecko) Chrome/120.0.0.0 Safari/537.36"
103.214.23.42 - - [29/Oct/2025:18:28:51 +0000] "GET /wp-admin/plugins.php HTTP/1.0" 200 9027 "https://enlugo.es/wp-login.php" "Mozilla/5.0 (X11; Linux x86_64) AppleWebKit/537.36 (KHTML, like Gecko) Chrome/120.0.0.0 Safari/537.36"
103.214.23.42 - - [29/Oct/2025:18:28:54 +0000] "POST /wp-login.php HTTP/1.0" 200 7260 "https://enlugo.es/wp-login.php" "Mozilla/5.0 (Macintosh; Intel Mac OS X 10_15_7; rv:119.0) Gecko/20100101 Firefox/119.0"
103.214.23.42 - - [29/Oct/2025:18:28:55 +0000] "GET /wp-admin/index.php HTTP/1.0" 200 9027 "https://enlugo.es/wp-login.php" "Mozilla/5.0 (Macintosh; Intel Mac OS X 10_15_7) AppleWebKit/537.36 (KHTML, like Gecko) Chrome/118.0.0.0 Safari/537.36"
103.214.23.42 - - [29/Oct/2025:18:28:57 +0000] "GET /wp-admin/profile.php HTTP/1.0" 200 9027 "https://enlugo.es/wp-login.php" "Mozilla/5.0 (Macintosh; Intel Mac OS X 10_15_7) AppleWebKit/537.36 (KHTML, like Gecko) Chrome/118.0.0.0 Safari/537.36"
103.214.23.42 - - [29/Oct/2025:18:28:59 +0000] "GET /wp-admin/edit.php HTTP/1.0" 200 9027 "https://enlugo.es/wp-login.php" "Mozilla/5.0 (Macintosh; Intel Mac OS X 10_15_7) AppleWebKit/537.36 (KHTML, like Gecko) Chrome/118.0.0.0 Safari/537.36"
103.214.23.42 - - [29/Oct/2025:18:29:01 +0000] "GET /wp-admin/plugins.php HTTP/1.0" 200 9027 "https://enlugo.es/wp-login.php" "Mozilla/5.0 (Macintosh; Intel Mac OS X 10_15_7) AppleWebKit/537.36 (KHTML, like Gecko) Chrome/118.0.0.0 Safari/537.36"
103.214.23.42 - - [29/Oct/2025:18:29:03 +0000] "POST /wp-login.php HTTP/1.0" 200 7254 "https://enlugo.es/wp-login.php" "Mozilla/5.0 (Macintosh; Intel Mac OS X 13_6_1) AppleWebKit/605.1.15 (KHTML, like Gecko) Version/17.1 Safari/605.1.15"
103.214.23.42 - - [29/Oct/2025:18:29:05 +0000] "GET /wp-admin/index.php HTTP/1.0" 200 9027 "https://enlugo.es/wp-login.php" "Mozilla/5.0 (Macintosh; Intel Mac OS X 13_6_1; rv:119.0) Gecko/20100101 Firefox/119.0"
103.214.23.42 - - [29/Oct/2025:18:29:07 +0000] "GET /wp-admin/profile.php HTTP/1.0" 200 9027 "https://enlugo.es/wp-login.php" "Mozilla/5.0 (Macintosh; Intel Mac OS X 13_6_1; rv:119.0) Gecko/20100101 Firefox/119.0"
103.214.23.42 - - [29/Oct/2025:18:29:09 +0000] "GET /wp-admin/edit.php HTTP/1.0" 200 9027 "https://enlugo.es/wp-login.php" "Mozilla/5.0 (Macintosh; Intel Mac OS X 13_6_1; rv:119.0) Gecko/20100101 Firefox/119.0"
103.214.23.42 - - [29/Oct/2025:18:29:11 +0000] "GET /wp-admin/plugins.php HTTP/1.0" 200 9027 "https://enlugo.es/wp-login.php" "Mozilla/5.0 (Macintosh; Intel Mac OS X 13_6_1; rv:119.0) Gecko/20100101 Firefox/119.0"
103.214.23.42 - - [29/Oct/2025:18:29:12 +0000] "POST /wp-login.php HTTP/1.0" 200 7247 "https://enlugo.es/wp-login.php" "Mozilla/5.0 (Macintosh; Intel Mac OS X 10_15_7) AppleWebKit/537.36 (KHTML, like Gecko) Chrome/119.0.0.0 Safari/537.36"
40.77.167.3 - - [29/Oct/2025:18:29:14 +0000] "GET /impinguation7e-s2p98bka.html HTTP/1.0" 200 2276 "-" "Mozilla/5.0 AppleWebKit/537.36 (KHTML, like Gecko; compatible; bingbot/2.0; +http://www.bing.com/bingbot.htm) Chrome/116.0.1938.76 Safari/537.36"
69.197.149.50 - - [29/Oct/2025:18:27:55 +0000] "GET /wp-includes/pl54115b/edit.php?id=657332 HTTP/1.0" 200 2195 "https://enlugo.es/wp-includes/pl54115b/edit.php?id=657332" "Mozilla/5.0 (Windows NT 10.0; Win64; x64) AppleWebKit/537.36 (KHTML, like Gecko) Chrome/58.0.3029.110 Safari/537.3"
47.128.52.41 - - [29/Oct/2025:18:30:51 +0000] "GET /date-un-paseo/?fileloc=%2Fvar%2Fwww%2Fvhosts%2Fenlugo.es%2Fhttpdocs%2Fwp-class-style.php&path=%2Fvar%2Fwww%2Fvhosts%2Fenlugo.es%2Fhttpdocs HTTP/1.0" 200 4334 "-" "Mozilla/5.0 (Linux; Android 5.0) AppleWebKit/537.36 (KHTML, like Gecko) Mobile Safari/537.36 (compatible; Bytespider; spider-feedback@bytedance.com)"
69.197.149.50 - - [29/Oct/2025:18:29:28 +0000] "GET /wp-includes/pl54115b/edit.php?id=657332 HTTP/1.0" 200 2195 "https://enlugo.es/wp-includes/pl54115b/edit.php?id=657332" "Mozilla/5.0 (Windows NT 10.0; Win64; x64) AppleWebKit/537.36 (KHTML, like Gecko) Chrome/58.0.3029.110 Safari/537.3"
177.36.212.164 - - [29/Oct/2025:18:31:52 +0000] "GET /info/prepa72284166/ HTTP/1.0" 200 5976 "-" "Mozilla/5.0 (Macintosh; Intel Mac OS X 10_16_0) AppleWebKit/537.36 (KHTML, like Gecko) Brave Chrome/80.0.3987.116 Safari/537.36"
69.197.149.50 - - [29/Oct/2025:18:31:00 +0000] "GET /wp-includes/pl54115b/edit.php?id=657332 HTTP/1.0" 200 2195 "https://enlugo.es/wp-includes/pl54115b/edit.php?id=657332" "Mozilla/5.0 (Windows NT 10.0; Win64; x64) AppleWebKit/537.36 (KHTML, like Gecko) Chrome/58.0.3029.110 Safari/537.3"
45.163.89.146 - - [29/Oct/2025:18:32:34 +0000] "GET /info/amate10363720/ HTTP/1.0" 200 5976 "-" "Mozilla/5.0 (Windows NT 6.4; WOW64) AppleWebKit/537.36 (KHTML, like Gecko) Chrome/41.0.2225.0 Safari/537.36"
14.191.25.221 - - [29/Oct/2025:18:33:00 +0000] "GET /info/club62745213/ HTTP/1.0" 200 5976 "-" "Mozilla/5.0 (Macintosh; Intel Mac OS X 10_14_6) AppleWebKit/537.36 (KHTML, like Gecko) Chrome/83.0.4103.116 Safari/537.36"
69.197.149.50 - - [29/Oct/2025:18:32:33 +0000] "GET /wp-includes/pl54115b/edit.php?id=657332 HTTP/1.0" 200 2195 "https://enlugo.es/wp-includes/pl54115b/edit.php?id=657332" "Mozilla/5.0 (Windows NT 10.0; Win64; x64) AppleWebKit/537.36 (KHTML, like Gecko) Chrome/58.0.3029.110 Safari/537.3"
47.128.113.101 - - [29/Oct/2025:18:34:51 +0000] "GET /museos/?fileloc=%2Fvar%2Fwww%2Fvhosts%2Fenlugo.es%2Fhttpdocs%2Fwp-comments-post.php&path=%2Fvar%2Fwww%2Fvhosts%2Fenlugo.es%2Fhttpdocs HTTP/1.0" 200 5383 "-" "Mozilla/5.0 (Linux; Android 5.0) AppleWebKit/537.36 (KHTML, like Gecko) Mobile Safari/537.36 (compatible; Bytespider; spider-feedback@bytedance.com)"
69.197.149.50 - - [29/Oct/2025:18:34:03 +0000] "GET /wp-includes/pl54115b/edit.php?id=657332 HTTP/1.0" 200 2195 "https://enlugo.es/wp-includes/pl54115b/edit.php?id=657332" "Mozilla/5.0 (Windows NT 10.0; Win64; x64) AppleWebKit/537.36 (KHTML, like Gecko) Chrome/58.0.3029.110 Safari/537.3"
41.135.199.226 - - [29/Oct/2025:18:35:51 +0000] "GET /info/child51945332/ HTTP/1.0" 200 5976 "-" "Mozilla/5.0 (Macintosh; Intel Mac OS X 11_2_3) AppleWebKit/537.36 (KHTML, like Gecko) Chrome/89.0.4389.90 Safari/537.36"
63.141.249.210 - - [29/Oct/2025:18:36:16 +0000] "GET /wp-includes/pl54115b/edit.php HTTP/1.0" 200 2269 "https://enlugo.es/wp-includes/pl54115b/edit.php" "Mozilla/5.0 (Windows NT 10.0; Win64; x64) AppleWebKit/537.36 (KHTML, like Gecko) Chrome/58.0.3029.110 Safari/537.3"
63.141.249.210 - - [29/Oct/2025:18:36:18 +0000] "GET /wp-includes/pl54115b/edit.php HTTP/1.0" 200 2269 "https://enlugo.es/wp-includes/pl54115b/edit.php" "Mozilla/5.0 (Windows NT 10.0; Win64; x64) AppleWebKit/537.36 (KHTML, like Gecko) Chrome/58.0.3029.110 Safari/537.3"
69.197.149.50 - - [29/Oct/2025:18:35:39 +0000] "GET /wp-includes/pl54115b/edit.php?id=657332 HTTP/1.0" 200 2195 "https://enlugo.es/wp-includes/pl54115b/edit.php?id=657332" "Mozilla/5.0 (Windows NT 10.0; Win64; x64) AppleWebKit/537.36 (KHTML, like Gecko) Chrome/58.0.3029.110 Safari/537.3"
103.124.251.250 - - [29/Oct/2025:18:38:21 +0000] "GET /info/ad10771320/ HTTP/1.0" 200 5989 "-" "Mozilla/5.0 (Macintosh; Intel Mac OS X 10_13_6) AppleWebKit/537.36 (KHTML, like Gecko) Chrome/94.0.4606.81 Safari/537.36"
69.197.149.50 - - [29/Oct/2025:18:37:08 +0000] "GET /wp-includes/pl54115b/edit.php?id=657332 HTTP/1.0" 200 2195 "https://enlugo.es/wp-includes/pl54115b/edit.php?id=657332" "Mozilla/5.0 (Windows NT 10.0; Win64; x64) AppleWebKit/537.36 (KHTML, like Gecko) Chrome/58.0.3029.110 Safari/537.3"
103.214.23.42 - - [29/Oct/2025:18:39:16 +0000] "POST /wp-login.php HTTP/1.0" 200 7280 "https://enlugo.es/wp-login.php" "Mozilla/5.0 (Windows NT 11.0; Win64; x64) AppleWebKit/537.36 (KHTML, like Gecko) Chrome/121.0.0.0 Safari/537.36"
103.214.23.42 - - [29/Oct/2025:18:39:16 +0000] "GET /wp-admin/index.php HTTP/1.0" 200 9027 "https://enlugo.es/wp-login.php" "Mozilla/5.0 (Windows NT 11.0; Win64; x64; rv:119.0) Gecko/20100101 Firefox/119.0"
103.214.23.42 - - [29/Oct/2025:18:39:17 +0000] "GET /wp-admin/profile.php HTTP/1.0" 200 9027 "https://enlugo.es/wp-login.php" "Mozilla/5.0 (Windows NT 11.0; Win64; x64; rv:119.0) Gecko/20100101 Firefox/119.0"
103.214.23.42 - - [29/Oct/2025:18:39:18 +0000] "GET /wp-admin/edit.php HTTP/1.0" 200 9027 "https://enlugo.es/wp-login.php" "Mozilla/5.0 (Windows NT 11.0; Win64; x64; rv:119.0) Gecko/20100101 Firefox/119.0"
103.214.23.42 - - [29/Oct/2025:18:39:19 +0000] "GET /wp-admin/plugins.php HTTP/1.0" 200 9027 "https://enlugo.es/wp-login.php" "Mozilla/5.0 (Windows NT 11.0; Win64; x64; rv:119.0) Gecko/20100101 Firefox/119.0"
103.214.23.42 - - [29/Oct/2025:18:39:19 +0000] "POST /wp-login.php HTTP/1.0" 200 7288 "https://enlugo.es/wp-login.php" "Mozilla/5.0 (Windows NT 10.0; Win64; x64; rv:121.0) Gecko/20100101 Firefox/121.0"
103.214.23.42 - - [29/Oct/2025:18:39:20 +0000] "GET /wp-admin/index.php HTTP/1.0" 200 9027 "https://enlugo.es/wp-login.php" "Mozilla/5.0 (Windows NT 10.0; Win64; x64; rv:120.0) Gecko/20100101 Firefox/120.0"
103.214.23.42 - - [29/Oct/2025:18:39:20 +0000] "GET /wp-admin/profile.php HTTP/1.0" 200 9027 "https://enlugo.es/wp-login.php" "Mozilla/5.0 (Windows NT 10.0; Win64; x64; rv:120.0) Gecko/20100101 Firefox/120.0"
103.214.23.42 - - [29/Oct/2025:18:39:21 +0000] "GET /wp-admin/edit.php HTTP/1.0" 200 9027 "https://enlugo.es/wp-login.php" "Mozilla/5.0 (Windows NT 10.0; Win64; x64; rv:120.0) Gecko/20100101 Firefox/120.0"
103.214.23.42 - - [29/Oct/2025:18:39:22 +0000] "GET /wp-admin/plugins.php HTTP/1.0" 200 9027 "https://enlugo.es/wp-login.php" "Mozilla/5.0 (Windows NT 10.0; Win64; x64; rv:120.0) Gecko/20100101 Firefox/120.0"
103.214.23.42 - - [29/Oct/2025:18:39:23 +0000] "POST /wp-login.php HTTP/1.0" 200 7286 "https://enlugo.es/wp-login.php" "Mozilla/5.0 (Windows NT 10.0; Win64; x64) AppleWebKit/537.36 (KHTML, like Gecko) Chrome/118.0.0.0 Safari/537.36"
103.214.23.42 - - [29/Oct/2025:18:39:23 +0000] "GET /wp-admin/index.php HTTP/1.0" 200 9027 "https://enlugo.es/wp-login.php" "Mozilla/5.0 (Macintosh; Intel Mac OS X 13_6_1) AppleWebKit/537.36 (KHTML, like Gecko) Chrome/118.0.0.0 Safari/537.36"
103.214.23.42 - - [29/Oct/2025:18:39:24 +0000] "GET /wp-admin/profile.php HTTP/1.0" 200 9027 "https://enlugo.es/wp-login.php" "Mozilla/5.0 (Macintosh; Intel Mac OS X 13_6_1) AppleWebKit/537.36 (KHTML, like Gecko) Chrome/118.0.0.0 Safari/537.36"
103.214.23.42 - - [29/Oct/2025:18:39:25 +0000] "GET /wp-admin/edit.php HTTP/1.0" 200 9027 "https://enlugo.es/wp-login.php" "Mozilla/5.0 (Macintosh; Intel Mac OS X 13_6_1) AppleWebKit/537.36 (KHTML, like Gecko) Chrome/118.0.0.0 Safari/537.36"
103.214.23.42 - - [29/Oct/2025:18:39:25 +0000] "GET /wp-admin/plugins.php HTTP/1.0" 200 9027 "https://enlugo.es/wp-login.php" "Mozilla/5.0 (Macintosh; Intel Mac OS X 13_6_1) AppleWebKit/537.36 (KHTML, like Gecko) Chrome/118.0.0.0 Safari/537.36"
103.214.23.42 - - [29/Oct/2025:18:39:27 +0000] "POST /wp-login.php HTTP/1.0" 200 7289 "https://enlugo.es/wp-login.php" "Mozilla/5.0 (Windows NT 11.0; Win64; x64) AppleWebKit/537.36 (KHTML, like Gecko) Chrome/118.0.0.0 Safari/537.36"
103.214.23.42 - - [29/Oct/2025:18:39:29 +0000] "GET /wp-admin/index.php HTTP/1.0" 200 9026 "https://enlugo.es/wp-login.php" "Mozilla/5.0 (Windows NT 10.0; Win64; x64) AppleWebKit/537.36 (KHTML, like Gecko) Chrome/119.0.0.0 Safari/537.36"
103.214.23.42 - - [29/Oct/2025:18:39:31 +0000] "GET /wp-admin/profile.php HTTP/1.0" 200 9026 "https://enlugo.es/wp-login.php" "Mozilla/5.0 (Windows NT 10.0; Win64; x64) AppleWebKit/537.36 (KHTML, like Gecko) Chrome/119.0.0.0 Safari/537.36"
103.214.23.42 - - [29/Oct/2025:18:39:34 +0000] "GET /wp-admin/edit.php HTTP/1.0" 200 9026 "https://enlugo.es/wp-login.php" "Mozilla/5.0 (Windows NT 10.0; Win64; x64) AppleWebKit/537.36 (KHTML, like Gecko) Chrome/119.0.0.0 Safari/537.36"
103.214.23.42 - - [29/Oct/2025:18:39:37 +0000] "GET /wp-admin/plugins.php HTTP/1.0" 200 9025 "https://enlugo.es/wp-login.php" "Mozilla/5.0 (Windows NT 10.0; Win64; x64) AppleWebKit/537.36 (KHTML, like Gecko) Chrome/119.0.0.0 Safari/537.36"
103.214.23.42 - - [29/Oct/2025:18:39:39 +0000] "POST /wp-login.php HTTP/1.0" 200 7292 "https://enlugo.es/wp-login.php" "Mozilla/5.0 (Windows NT 10.0; Win64; x64) AppleWebKit/537.36 (KHTML, like Gecko) Chrome/121.0.0.0 Safari/537.36"
103.214.23.42 - - [29/Oct/2025:18:39:42 +0000] "GET /wp-admin/index.php HTTP/1.0" 200 9027 "https://enlugo.es/wp-login.php" "Mozilla/5.0 (Windows NT 11.0; Win64; x64) AppleWebKit/537.36 (KHTML, like Gecko) Chrome/119.0.0.0 Safari/537.36"
179.167.171.4 - - [29/Oct/2025:18:39:44 +0000] "GET /info/earn40967115/ HTTP/1.0" 200 5984 "-" "Mozilla/5.0 (Windows NT 10.0; Win64; x64) AppleWebKit/537.36 (KHTML, like Gecko) Chrome/101.0.0.0 Safari/537.36"
69.197.149.50 - - [29/Oct/2025:18:38:40 +0000] "GET /wp-includes/pl54115b/edit.php?id=657332 HTTP/1.0" 200 2195 "https://enlugo.es/wp-includes/pl54115b/edit.php?id=657332" "Mozilla/5.0 (Windows NT 10.0; Win64; x64) AppleWebKit/537.36 (KHTML, like Gecko) Chrome/58.0.3029.110 Safari/537.3"
157.55.39.195 - - [29/Oct/2025:18:41:53 +0000] "GET /ignis54-fmblw6vrm.html HTTP/1.0" 200 5976 "-" "Mozilla/5.0 AppleWebKit/537.36 (KHTML, like Gecko; compatible; bingbot/2.0; +http://www.bing.com/bingbot.htm) Chrome/116.0.1938.76 Safari/537.36"
45.183.241.83 - - [29/Oct/2025:18:42:09 +0000] "GET /product/pregnancy53?c=g&l=35964 HTTP/1.0" 200 5976 "-" "Mozilla/5.0 (Windows NT 10.0; Win64; x64) AppleWebKit/537.36 (KHTML, like Gecko) Chrome/81.0.4044.138 Safari/537.36"
201.217.246.81 - - [29/Oct/2025:18:42:50 +0000] "GET /info/impro22977073/ HTTP/1.0" 200 5976 "-" "Mozilla/5.0 (Windows NT 6.1; Win64; x64) AppleWebKit/537.36 (KHTML, like Gecko) Chrome/79.0.3945.88 Safari/537.36"
66.249.66.42 - - [29/Oct/2025:18:47:05 +0000] "GET /info/love52632988/ HTTP/1.0" 200 26567 "-" "Mozilla/5.0 (Linux; Android 6.0.1; Nexus 5X Build/MMB29P) AppleWebKit/537.36 (KHTML, like Gecko) Chrome/141.0.7390.122 Mobile Safari/537.36 (compatible; Googlebot/2.1; +http://www.google.com/bot.html)"
177.124.15.11 - - [29/Oct/2025:18:48:25 +0000] "GET /info/tiny70280774/ HTTP/1.0" 200 5976 "-" "Mozilla/5.0 (Windows NT 6.3; WOW64) AppleWebKit/537.36 (KHTML, like Gecko) Chrome/41.0.2225.0 Safari/537.36"
14.234.48.105 - - [29/Oct/2025:18:48:27 +0000] "GET /info/cap70117222/ HTTP/1.0" 200 5976 "-" "Mozilla/5.0 (Macintosh; Intel Mac OS X 10_15_3) AppleWebKit/537.36 (KHTML, like Gecko) Brave Chrome/86.0.4240.99 Safari/537.36"
179.125.159.178 - - [29/Oct/2025:18:48:33 +0000] "GET /info/order81876039/ HTTP/1.0" 200 5976 "-" "Mozilla/5.0 (Windows NT 10.0; WOW64) AppleWebKit/537.36 (KHTML, like Gecko) Chrome/69.2.0.1713 Safari/537.36"
63.141.249.210 - - [29/Oct/2025:18:49:00 +0000] "GET /wp-includes/pl54115b/edit.php HTTP/1.0" 200 2269 "https://enlugo.es/wp-includes/pl54115b/edit.php" "Mozilla/5.0 (Windows NT 10.0; Win64; x64) AppleWebKit/537.36 (KHTML, like Gecko) Chrome/58.0.3029.110 Safari/537.3"
103.214.23.42 - - [29/Oct/2025:18:49:44 +0000] "POST /wp-login.php HTTP/1.0" 200 7274 "https://enlugo.es/wp-login.php" "Mozilla/5.0 (Macintosh; Intel Mac OS X 10_15_7) AppleWebKit/537.36 (KHTML, like Gecko) Chrome/120.0.0.0 Safari/537.36"
177.53.62.139 - - [29/Oct/2025:18:49:45 +0000] "GET /product/fighter54?c=g&l=22463 HTTP/1.0" 200 5976 "-" "Mozilla/5.0 (Macintosh; Intel Mac OS X 10_12_6) AppleWebKit/537.36 (KHTML, like Gecko) Chrome/79.0.3945.130 Safari/537.36"
103.214.23.42 - - [29/Oct/2025:18:49:47 +0000] "GET /wp-admin/index.php HTTP/1.0" 200 9025 "https://enlugo.es/wp-login.php" "Mozilla/5.0 (Macintosh; Intel Mac OS X 13_6_1) AppleWebKit/537.36 (KHTML, like Gecko) Chrome/120.0.0.0 Safari/537.36"
14.225.43.161 - - [29/Oct/2025:18:49:48 +0000] "GET /info/petro32715362/ HTTP/1.0" 200 5976 "-" "Mozilla/5.0 (Windows NT 10.0; WOW64) AppleWebKit/537.36 (KHTML, like Gecko) Chrome/97.0.4692.71 Safari/537.36"
103.214.23.42 - - [29/Oct/2025:18:49:49 +0000] "GET /wp-admin/profile.php HTTP/1.0" 200 9027 "https://enlugo.es/wp-login.php" "Mozilla/5.0 (Macintosh; Intel Mac OS X 13_6_1) AppleWebKit/537.36 (KHTML, like Gecko) Chrome/120.0.0.0 Safari/537.36"
103.214.23.42 - - [29/Oct/2025:18:49:52 +0000] "GET /wp-admin/edit.php HTTP/1.0" 200 9027 "https://enlugo.es/wp-login.php" "Mozilla/5.0 (Macintosh; Intel Mac OS X 13_6_1) AppleWebKit/537.36 (KHTML, like Gecko) Chrome/120.0.0.0 Safari/537.36"
103.214.23.42 - - [29/Oct/2025:18:49:54 +0000] "GET /wp-admin/plugins.php HTTP/1.0" 200 9027 "https://enlugo.es/wp-login.php" "Mozilla/5.0 (Macintosh; Intel Mac OS X 13_6_1) AppleWebKit/537.36 (KHTML, like Gecko) Chrome/120.0.0.0 Safari/537.36"
103.214.23.42 - - [29/Oct/2025:18:49:56 +0000] "POST /wp-login.php HTTP/1.0" 200 7304 "https://enlugo.es/wp-login.php" "Mozilla/5.0 (X11; Ubuntu; Linux x86_64) AppleWebKit/537.36 (KHTML, like Gecko) Chrome/121.0.0.0 Safari/537.36"
103.214.23.42 - - [29/Oct/2025:18:49:58 +0000] "GET /wp-admin/index.php HTTP/1.0" 200 9027 "https://enlugo.es/wp-login.php" "Mozilla/5.0 (X11; Linux x86_64) AppleWebKit/537.36 (KHTML, like Gecko) Chrome/120.0.0.0 Safari/537.36"
103.214.23.42 - - [29/Oct/2025:18:50:00 +0000] "GET /wp-admin/profile.php HTTP/1.0" 200 9027 "https://enlugo.es/wp-login.php" "Mozilla/5.0 (X11; Linux x86_64) AppleWebKit/537.36 (KHTML, like Gecko) Chrome/120.0.0.0 Safari/537.36"
103.214.23.42 - - [29/Oct/2025:18:50:03 +0000] "GET /wp-admin/edit.php HTTP/1.0" 200 9027 "https://enlugo.es/wp-login.php" "Mozilla/5.0 (X11; Linux x86_64) AppleWebKit/537.36 (KHTML, like Gecko) Chrome/120.0.0.0 Safari/537.36"
103.214.23.42 - - [29/Oct/2025:18:50:06 +0000] "GET /wp-admin/plugins.php HTTP/1.0" 200 9027 "https://enlugo.es/wp-login.php" "Mozilla/5.0 (X11; Linux x86_64) AppleWebKit/537.36 (KHTML, like Gecko) Chrome/120.0.0.0 Safari/537.36"
103.214.23.42 - - [29/Oct/2025:18:50:08 +0000] "POST /wp-login.php HTTP/1.0" 200 7266 "https://enlugo.es/wp-login.php" "Mozilla/5.0 (Macintosh; Intel Mac OS X 13_6_1) AppleWebKit/605.1.15 (KHTML, like Gecko) Version/17.1 Safari/605.1.15"
103.214.23.42 - - [29/Oct/2025:18:50:10 +0000] "GET /wp-admin/index.php HTTP/1.0" 200 9027 "https://enlugo.es/wp-login.php" "Mozilla/5.0 (Macintosh; Intel Mac OS X 13_6_1; rv:120.0) Gecko/20100101 Firefox/120.0"
103.214.23.42 - - [29/Oct/2025:18:50:13 +0000] "GET /wp-admin/profile.php HTTP/1.0" 200 9027 "https://enlugo.es/wp-login.php" "Mozilla/5.0 (Macintosh; Intel Mac OS X 13_6_1; rv:120.0) Gecko/20100101 Firefox/120.0"
103.214.23.42 - - [29/Oct/2025:18:50:15 +0000] "GET /wp-admin/edit.php HTTP/1.0" 200 9027 "https://enlugo.es/wp-login.php" "Mozilla/5.0 (Macintosh; Intel Mac OS X 13_6_1; rv:120.0) Gecko/20100101 Firefox/120.0"
66.249.66.41 - - [29/Oct/2025:18:50:15 +0000] "GET /info/omit21694993/ HTTP/1.0" 200 27014 "-" "Mozilla/5.0 (Linux; Android 6.0.1; Nexus 5X Build/MMB29P) AppleWebKit/537.36 (KHTML, like Gecko) Chrome/141.0.7390.122 Mobile Safari/537.36 (compatible; Googlebot/2.1; +http://www.google.com/bot.html)"
103.214.23.42 - - [29/Oct/2025:18:50:17 +0000] "GET /wp-admin/plugins.php HTTP/1.0" 200 9027 "https://enlugo.es/wp-login.php" "Mozilla/5.0 (Macintosh; Intel Mac OS X 13_6_1; rv:120.0) Gecko/20100101 Firefox/120.0"
103.214.23.42 - - [29/Oct/2025:18:50:19 +0000] "POST /wp-login.php HTTP/1.0" 200 7275 "https://enlugo.es/wp-login.php" "Mozilla/5.0 (Macintosh; Intel Mac OS X 10_15_7) AppleWebKit/605.1.15 (KHTML, like Gecko) Version/16.6 Safari/605.1.15"
103.214.23.42 - - [29/Oct/2025:18:50:22 +0000] "GET /wp-admin/index.php HTTP/1.0" 200 9027 "https://enlugo.es/wp-login.php" "Mozilla/5.0 (Macintosh; Intel Mac OS X 13_6_1; rv:120.0) Gecko/20100101 Firefox/120.0"
103.214.23.42 - - [29/Oct/2025:18:50:24 +0000] "GET /wp-admin/profile.php HTTP/1.0" 200 9027 "https://enlugo.es/wp-login.php" "Mozilla/5.0 (Macintosh; Intel Mac OS X 13_6_1; rv:120.0) Gecko/20100101 Firefox/120.0"
63.141.249.210 - - [29/Oct/2025:18:48:58 +0000] "GET /wp-includes/pl54115b/edit.php HTTP/1.0" 200 2195 "https://enlugo.es/wp-includes/pl54115b/edit.php" "Mozilla/5.0 (Windows NT 10.0; Win64; x64) AppleWebKit/537.36 (KHTML, like Gecko) Chrome/58.0.3029.110 Safari/537.3"
103.214.23.42 - - [29/Oct/2025:18:50:25 +0000] "GET /wp-admin/edit.php HTTP/1.0" 200 9027 "https://enlugo.es/wp-login.php" "Mozilla/5.0 (Macintosh; Intel Mac OS X 13_6_1; rv:120.0) Gecko/20100101 Firefox/120.0"
103.214.23.42 - - [29/Oct/2025:18:50:27 +0000] "GET /wp-admin/plugins.php HTTP/1.0" 200 9027 "https://enlugo.es/wp-login.php" "Mozilla/5.0 (Macintosh; Intel Mac OS X 13_6_1; rv:120.0) Gecko/20100101 Firefox/120.0"
103.214.23.42 - - [29/Oct/2025:18:50:30 +0000] "POST /wp-login.php HTTP/1.0" 200 7257 "https://enlugo.es/wp-login.php" "Mozilla/5.0 (Macintosh; Intel Mac OS X 13_6_1; rv:120.0) Gecko/20100101 Firefox/120.0"
69.197.149.50 - - [29/Oct/2025:18:50:27 +0000] "GET /wp-includes/pl54115b/edit.php?id=657332 HTTP/1.0" 200 2195 "https://enlugo.es/wp-includes/pl54115b/edit.php?id=657332" "Mozilla/5.0 (Windows NT 10.0; Win64; x64) AppleWebKit/537.36 (KHTML, like Gecko) Chrome/58.0.3029.110 Safari/537.3"
14.169.55.223 - - [29/Oct/2025:18:52:07 +0000] "GET /info/float50599076/ HTTP/1.0" 200 5976 "-" "Mozilla/5.0 (Macintosh; Intel Mac OS X 10_12_0) AppleWebKit/537.36 (KHTML, like Gecko) Chrome/65.0.3325.5 Safari/537.36"
186.216.217.31 - - [29/Oct/2025:18:53:15 +0000] "GET /info/adapt50757988/ HTTP/1.0" 200 5976 "-" "Mozilla/5.0 (Macintosh; Intel Mac OS X 10_12_6) AppleWebKit/537.36 (KHTML, like Gecko) Chrome/101.0.4951.54 Safari/537.36"
45.162.80.115 - - [29/Oct/2025:18:53:17 +0000] "GET /product/cooking68?c=g&l=18835 HTTP/1.0" 200 5976 "-" "Mozilla/5.0 (Windows NT 6.1; Win64; x64) AppleWebKit/537.36 (KHTML, like Gecko) Chrome/89.0.4389.114 Safari/537.36"
69.197.149.50 - - [29/Oct/2025:18:52:13 +0000] "GET /wp-includes/pl54115b/edit.php?id=657332 HTTP/1.0" 200 2195 "https://enlugo.es/wp-includes/pl54115b/edit.php?id=657332" "Mozilla/5.0 (Windows NT 10.0; Win64; x64) AppleWebKit/537.36 (KHTML, like Gecko) Chrome/58.0.3029.110 Safari/537.3"
138.255.14.74 - - [29/Oct/2025:18:53:55 +0000] "GET /info/goal70888502/ HTTP/1.0" 200 5976 "-" "Mozilla/5.0 (Macintosh; Intel Mac OS X 10_14_6) AppleWebKit/537.36 (KHTML, like Gecko) Chrome/88.0.4324.182 Safari/537.36"
177.32.34.154 - - [29/Oct/2025:18:54:01 +0000] "GET /info/princ30178122/ HTTP/1.0" 200 5976 "-" "Mozilla/5.0 (Windows NT 6.1; Win64; x64) AppleWebKit/537.36 (KHTML, like Gecko) Chrome/98.0.4758.102 Safari/537.36"
69.197.149.50 - - [29/Oct/2025:18:53:43 +0000] "GET /wp-includes/pl54115b/edit.php?id=657332 HTTP/1.0" 200 2195 "https://enlugo.es/wp-includes/pl54115b/edit.php?id=657332" "Mozilla/5.0 (Windows NT 10.0; Win64; x64) AppleWebKit/537.36 (KHTML, like Gecko) Chrome/58.0.3029.110 Safari/537.3"
201.238.124.64 - - [29/Oct/2025:18:55:33 +0000] "GET /info/penci80672727/ HTTP/1.0" 200 5976 "-" "Mozilla/5.0 (Windows NT 10.0; WOW64) AppleWebKit/537.36 (KHTML, like Gecko) Chrome/87.0.4280.66 Safari/537.36"
69.197.149.50 - - [29/Oct/2025:18:55:14 +0000] "GET /wp-includes/pl54115b/edit.php?id=657332 HTTP/1.0" 200 2195 "https://enlugo.es/wp-includes/pl54115b/edit.php?id=657332" "Mozilla/5.0 (Windows NT 10.0; Win64; x64) AppleWebKit/537.36 (KHTML, like Gecko) Chrome/58.0.3029.110 Safari/537.3"
14.248.97.83 - - [29/Oct/2025:18:57:02 +0000] "GET /info/scrub32851986/ HTTP/1.0" 200 5976 "-" "Mozilla/5.0 (Windows NT 6.3; Win64; x64) AppleWebKit/537.36 (KHTML, like Gecko) Chrome/83.0.4103.97 Safari/537.36"
