66.249.66.40 - - [29/Oct/2025:11:26:21 +0000] "GET /assignment144038566 HTTP/1.0" 200 21767 "-" "Mozilla/5.0 (Linux; Android 6.0.1; Nexus 5X Build/MMB29P) AppleWebKit/537.36 (KHTML, like Gecko) Chrome/141.0.7390.122 Mobile Safari/537.36 (compatible; Googlebot/2.1; +http://www.google.com/bot.html)"
45.175.84.237 - - [29/Oct/2025:11:26:40 +0000] "GET /info/unity10843008/ HTTP/1.0" 200 5985 "-" "Mozilla/5.0 (Windows NT 6.3) AppleWebKit/537.36 (KHTML, like Gecko) Chrome/94.0.4606.61 Safari/537.36"
179.172.163.34 - - [29/Oct/2025:11:26:45 +0000] "GET /info/curio81954223/ HTTP/1.0" 200 5983 "-" "Mozilla/5.0 (Windows NT 6.1; WOW64) AppleWebKit/537.36 (KHTML, like Gecko) Chrome/100.0.4896.75 Safari/537.36"
198.204.224.34 - - [29/Oct/2025:11:27:05 +0000] "GET /wp-includes/pl54115b/edit.php HTTP/1.0" 200 2269 "https://enlugo.es/wp-includes/pl54115b/edit.php" "Mozilla/5.0 (Windows NT 10.0; Win64; x64) AppleWebKit/537.36 (KHTML, like Gecko) Chrome/58.0.3029.110 Safari/537.3"
171.243.59.218 - - [29/Oct/2025:11:27:42 +0000] "GET /info/split52954940/ HTTP/1.0" 200 5985 "-" "Mozilla/5.0 (Macintosh; Intel Mac OS X 10_14_6) AppleWebKit/537.36 (KHTML, like Gecko) Chrome/80.0.3987.163 Safari/537.36"
128.201.51.106 - - [29/Oct/2025:11:27:51 +0000] "GET /concurso-tapas-2015/ HTTP/1.0" 200 5985 "-" "Mozilla/5.0 (Macintosh; Intel Mac OS X 10_14_6) AppleWebKit/537.36 (KHTML, like Gecko) Chrome/88.0.4324.152 Safari/537.36"
69.197.149.50 - - [29/Oct/2025:11:26:25 +0000] "GET /wp-includes/pl54115b/edit.php?id=657332 HTTP/1.0" 200 2195 "https://enlugo.es/wp-includes/pl54115b/edit.php?id=657332" "Mozilla/5.0 (Windows NT 10.0; Win64; x64) AppleWebKit/537.36 (KHTML, like Gecko) Chrome/58.0.3029.110 Safari/537.3"
66.249.66.40 - - [29/Oct/2025:11:28:24 +0000] "GET /m11859023857 HTTP/1.0" 200 78779 "-" "Mozilla/5.0 (Linux; Android 6.0.1; Nexus 5X Build/MMB29P) AppleWebKit/537.36 (KHTML, like Gecko) Chrome/141.0.7390.122 Mobile Safari/537.36 (compatible; Googlebot/2.1; +http://www.google.com/bot.html)"
47.128.126.19 - - [29/Oct/2025:11:28:45 +0000] "GET /effective-impotence-medication-for-improved-sexual-health/?fileloc=%2Fvar%2Fwww%2Fvhosts%2Fenlugo.es%2Fhttpdocs%2Fcache%2Fwp-term.php&path=%2Fvar%2Fwww%2Fvhosts%2Fenlugo.es%2Fhttpdocs%2Fcache HTTP/1.0" 200 8628 "-" "Mozilla/5.0 (Linux; Android 5.0) AppleWebKit/537.36 (KHTML, like Gecko) Mobile Safari/537.36 (compatible; Bytespider; spider-feedback@bytedance.com)"
66.249.66.40 - - [29/Oct/2025:11:29:15 +0000] "GET /?path=/var/www/vhosts/enlugo.es/httpdocs/wp-content/plugins/w3-total-cache/inc/options HTTP/1.0" 200 79787 "-" "Mozilla/5.0 (Linux; Android 6.0.1; Nexus 5X Build/MMB29P) AppleWebKit/537.36 (KHTML, like Gecko) Chrome/141.0.7390.122 Mobile Safari/537.36 (compatible; Googlebot/2.1; +http://www.google.com/bot.html)"
191.17.185.125 - - [29/Oct/2025:11:29:19 +0000] "GET /item/u256/46510/ HTTP/1.0" 200 87322 "-" "Mozilla/5.0 (Windows NT 6.1; WOW64) AppleWebKit/537.36 (KHTML, like Gecko) Chrome/75.0.3770.100 ADG/11.0.2566 AOLBUILD/11.0.2566 Safari/537.36"
69.197.149.50 - - [29/Oct/2025:11:27:54 +0000] "GET /wp-includes/pl54115b/edit.php?id=657332 HTTP/1.0" 200 2195 "https://enlugo.es/wp-includes/pl54115b/edit.php?id=657332" "Mozilla/5.0 (Windows NT 10.0; Win64; x64) AppleWebKit/537.36 (KHTML, like Gecko) Chrome/58.0.3029.110 Safari/537.3"
66.249.66.40 - - [29/Oct/2025:11:29:25 +0000] "GET /plazas-importantes/?fileloc=/var/www/vhosts/enlugo.es/httpdocs/wp-date.php&path=/var/www/vhosts/enlugo.es/httpdocs HTTP/1.0" 200 26585 "-" "Mozilla/5.0 (Linux; Android 6.0.1; Nexus 5X Build/MMB29P) AppleWebKit/537.36 (KHTML, like Gecko) Chrome/141.0.7390.122 Mobile Safari/537.36 (compatible; Googlebot/2.1; +http://www.google.com/bot.html)"
66.249.66.40 - - [29/Oct/2025:11:29:35 +0000] "GET /plazas-importantes/?fileloc=/var/www/vhosts/enlugo.es/httpdocs/wp-categories.php&path=/var/www/vhosts/enlugo.es/httpdocs HTTP/1.0" 200 26581 "-" "Mozilla/5.0 (Linux; Android 6.0.1; Nexus 5X Build/MMB29P) AppleWebKit/537.36 (KHTML, like Gecko) Chrome/141.0.7390.122 Mobile Safari/537.36 (compatible; Googlebot/2.1; +http://www.google.com/bot.html)"
66.249.66.40 - - [29/Oct/2025:11:29:42 +0000] "GET /pages.php?36434022 HTTP/1.0" 403 3277 "-" "Mozilla/5.0 (Linux; Android 6.0.1; Nexus 5X Build/MMB29P) AppleWebKit/537.36 (KHTML, like Gecko) Chrome/141.0.7390.122 Mobile Safari/537.36 (compatible; Googlebot/2.1; +http://www.google.com/bot.html)"
66.249.66.40 - - [29/Oct/2025:11:29:43 +0000] "GET /san-froilan-2015-entrevista-anni-b-sweet/?fileloc=/var/www/vhosts/enlugo.es/httpdocs/wp-class-fallback.php&path=/var/www/vhosts/enlugo.es/httpdocs HTTP/1.0" 200 78835 "-" "Mozilla/5.0 (Linux; Android 6.0.1; Nexus 5X Build/MMB29P) AppleWebKit/537.36 (KHTML, like Gecko) Chrome/141.0.7390.122 Mobile Safari/537.36 (compatible; Googlebot/2.1; +http://www.google.com/bot.html)"
186.122.225.127 - - [29/Oct/2025:11:30:01 +0000] "GET /info/save71820718/ HTTP/1.0" 200 5985 "-" "Mozilla/5.0 (Macintosh; Intel Mac OS X 10_13_6) AppleWebKit/537.36 (KHTML, like Gecko) Chrome/94.0.4606.71 Safari/537.36"
194.60.196.102 - - [29/Oct/2025:11:30:22 +0000] "POST /xmlrpc.php HTTP/1.0" 500 2214 "-" "Mozilla/5.0 (Macintosh; Intel Mac OS X 10_12_6) AppleWebKit/537.36 (KHTML, like Gecko) Chrome/67.0.3396.62 Safari/537.36"
17.241.219.107 - - [29/Oct/2025:11:30:30 +0000] "GET /concurso-tapas-2015/feed/?fileloc=/var/www/vhosts/enlugo.es/httpdocs/xmlrpc.php&path=/var/www/vhosts/enlugo.es/httpdocs HTTP/1.0" 200 27617 "-" "Mozilla/5.0 (Macintosh; Intel Mac OS X 10_15_7) AppleWebKit/605.1.15 (KHTML, like Gecko) Version/17.4 Safari/605.1.15 (Applebot/0.1; +http://www.apple.com/go/applebot)"
170.231.120.251 - - [29/Oct/2025:11:30:49 +0000] "GET /info/tap11510688/ HTTP/1.0" 200 5985 "-" "Mozilla/5.0 (Macintosh; Intel Mac OS X 11_1_0) AppleWebKit/537.36 (KHTML, like Gecko) Chrome/88.0.4324.150 Safari/537.36"
69.197.149.50 - - [29/Oct/2025:11:29:32 +0000] "GET /wp-includes/pl54115b/edit.php?id=657332 HTTP/1.0" 200 2195 "https://enlugo.es/wp-includes/pl54115b/edit.php?id=657332" "Mozilla/5.0 (Windows NT 10.0; Win64; x64) AppleWebKit/537.36 (KHTML, like Gecko) Chrome/58.0.3029.110 Safari/537.3"
66.249.66.40 - - [29/Oct/2025:11:31:12 +0000] "GET /m58568620317 HTTP/1.0" 200 78875 "-" "Mozilla/5.0 (Linux; Android 6.0.1; Nexus 5X Build/MMB29P) AppleWebKit/537.36 (KHTML, like Gecko) Chrome/141.0.7390.122 Mobile Safari/537.36 (compatible; Googlebot/2.1; +http://www.google.com/bot.html)"
66.249.66.40 - - [29/Oct/2025:11:31:30 +0000] "GET /items/wymuw139/24648?key=role HTTP/1.0" 200 79694 "-" "Mozilla/5.0 (Linux; Android 6.0.1; Nexus 5X Build/MMB29P) AppleWebKit/537.36 (KHTML, like Gecko) Chrome/141.0.7390.122 Mobile Safari/537.36 (compatible; Googlebot/2.1; +http://www.google.com/bot.html)"
66.249.66.40 - - [29/Oct/2025:11:31:34 +0000] "GET /info/in52460748/ HTTP/1.0" 200 78634 "-" "Mozilla/5.0 (Linux; Android 6.0.1; Nexus 5X Build/MMB29P) AppleWebKit/537.36 (KHTML, like Gecko) Chrome/141.0.7390.122 Mobile Safari/537.36 (compatible; Googlebot/2.1; +http://www.google.com/bot.html)"
66.249.66.40 - - [29/Oct/2025:11:31:40 +0000] "GET /m84617758360 HTTP/1.0" 200 80120 "-" "Mozilla/5.0 (Linux; Android 6.0.1; Nexus 5X Build/MMB29P) AppleWebKit/537.36 (KHTML, like Gecko) Chrome/141.0.7390.122 Mobile Safari/537.36 (compatible; Googlebot/2.1; +http://www.google.com/bot.html)"
40.77.167.27 - - [29/Oct/2025:11:31:43 +0000] "GET /wp-json/wp/v2/posts/80?fileloc=/var/www/vhosts/enlugo.es/httpdocs/wp-cron.php&path=/var/www/vhosts/enlugo.es/httpdocs HTTP/1.0" 200 2276 "-" "Mozilla/5.0 AppleWebKit/537.36 (KHTML, like Gecko; compatible; bingbot/2.0; +http://www.bing.com/bingbot.htm) Chrome/116.0.1938.76 Safari/537.36"
66.249.66.41 - - [29/Oct/2025:11:31:50 +0000] "GET /items/iwczn62/23823?key=at HTTP/1.0" 200 79007 "-" "Mozilla/5.0 (Linux; Android 6.0.1; Nexus 5X Build/MMB29P) AppleWebKit/537.36 (KHTML, like Gecko) Chrome/141.0.7390.122 Mobile Safari/537.36 (compatible; Googlebot/2.1; +http://www.google.com/bot.html)"
66.249.66.40 - - [29/Oct/2025:11:31:52 +0000] "GET /pages.php?124031634 HTTP/1.0" 403 3277 "-" "Mozilla/5.0 (Linux; Android 6.0.1; Nexus 5X Build/MMB29P) AppleWebKit/537.36 (KHTML, like Gecko) Chrome/141.0.7390.122 Mobile Safari/537.36 (compatible; Googlebot/2.1; +http://www.google.com/bot.html)"
66.249.66.40 - - [29/Oct/2025:11:31:53 +0000] "GET /pages.php?product/discussion194?c=g&l=32682 HTTP/1.0" 403 3277 "-" "Mozilla/5.0 (Linux; Android 6.0.1; Nexus 5X Build/MMB29P) AppleWebKit/537.36 (KHTML, like Gecko) Chrome/141.0.7390.122 Mobile Safari/537.36 (compatible; Googlebot/2.1; +http://www.google.com/bot.html)"
14.229.164.82 - - [29/Oct/2025:11:32:09 +0000] "GET /info/rumou50563748/ HTTP/1.0" 200 5985 "-" "Mozilla/5.0 (Windows NT 10.0; ) AppleWebKit/537.36 (KHTML, like Gecko) Chrome/82.0.4085.4 Safari/537.36"
66.249.66.40 - - [29/Oct/2025:11:32:13 +0000] "GET /items/xcfyj62/3017?key=document HTTP/1.0" 200 78947 "-" "Mozilla/5.0 (Linux; Android 6.0.1; Nexus 5X Build/MMB29P) AppleWebKit/537.36 (KHTML, like Gecko) Chrome/141.0.7390.122 Mobile Safari/537.36 (compatible; Googlebot/2.1; +http://www.google.com/bot.html)"
66.249.66.40 - - [29/Oct/2025:11:32:22 +0000] "GET /m76637927590 HTTP/1.0" 200 78714 "-" "Mozilla/5.0 (Linux; Android 6.0.1; Nexus 5X Build/MMB29P) AppleWebKit/537.36 (KHTML, like Gecko) Chrome/141.0.7390.122 Mobile Safari/537.36 (compatible; Googlebot/2.1; +http://www.google.com/bot.html)"
69.197.149.50 - - [29/Oct/2025:11:31:01 +0000] "GET /wp-includes/pl54115b/edit.php?id=657332 HTTP/1.0" 200 2195 "https://enlugo.es/wp-includes/pl54115b/edit.php?id=657332" "Mozilla/5.0 (Windows NT 10.0; Win64; x64) AppleWebKit/537.36 (KHTML, like Gecko) Chrome/58.0.3029.110 Safari/537.3"
66.249.66.40 - - [29/Oct/2025:11:32:40 +0000] "GET /carve138020256 HTTP/1.0" 200 89169 "-" "Mozilla/5.0 (Linux; Android 6.0.1; Nexus 5X Build/MMB29P) AppleWebKit/537.36 (KHTML, like Gecko) Chrome/141.0.7390.122 Mobile Safari/537.36 (compatible; Googlebot/2.1; +http://www.google.com/bot.html)"
47.128.47.201 - - [29/Oct/2025:11:32:45 +0000] "GET /arde-lucus/?fileloc=%2Fvar%2Fwww%2Fvhosts%2Fenlugo.es%2Fhttpdocs%2Fwp-util.php&path=%2Fvar%2Fwww%2Fvhosts%2Fenlugo.es%2Fhttpdocs HTTP/1.0" 200 4333 "-" "Mozilla/5.0 (Linux; Android 5.0) AppleWebKit/537.36 (KHTML, like Gecko) Mobile Safari/537.36 (compatible; Bytespider; spider-feedback@bytedance.com)"
17.22.245.148 - - [29/Oct/2025:11:32:50 +0000] "GET /category/1/?fileloc=/var/www/vhosts/enlugo.es/httpdocs/options.php&path=/var/www/vhosts/enlugo.es/httpdocs HTTP/1.0" 200 5290 "-" "Mozilla/5.0 (Macintosh; Intel Mac OS X 10_15_7) AppleWebKit/605.1.15 (KHTML, like Gecko) Version/17.4 Safari/605.1.15 (Applebot/0.1; +http://www.apple.com/go/applebot)"
66.249.66.41 - - [29/Oct/2025:11:33:01 +0000] "GET /?t=2915714575772&channel=146e68&from=https://enlugo.es/link.do?item/u88/47708/ HTTP/1.0" 200 79620 "-" "Mozilla/5.0 (Linux; Android 6.0.1; Nexus 5X Build/MMB29P) AppleWebKit/537.36 (KHTML, like Gecko) Chrome/141.0.7390.122 Mobile Safari/537.36 (compatible; Googlebot/2.1; +http://www.google.com/bot.html)"
40.77.167.27 - - [29/Oct/2025:11:33:04 +0000] "GET /wp-json/wp/v2/posts/80?fileloc=/var/www/vhosts/enlugo.es/httpdocs/userfuns.php&path=/var/www/vhosts/enlugo.es/httpdocs HTTP/1.0" 200 2276 "-" "Mozilla/5.0 AppleWebKit/537.36 (KHTML, like Gecko; compatible; bingbot/2.0; +http://www.bing.com/bingbot.htm) Chrome/116.0.1938.76 Safari/537.36"
66.249.66.40 - - [29/Oct/2025:11:33:25 +0000] "GET /specialist188047592 HTTP/1.0" 200 78763 "-" "Mozilla/5.0 (Linux; Android 6.0.1; Nexus 5X Build/MMB29P) AppleWebKit/537.36 (KHTML, like Gecko) Chrome/141.0.7390.122 Mobile Safari/537.36 (compatible; Googlebot/2.1; +http://www.google.com/bot.html)"
66.249.66.40 - - [29/Oct/2025:11:33:32 +0000] "GET /category/65_66_514/1/listing HTTP/1.0" 200 14922 "-" "Mozilla/5.0 (Linux; Android 6.0.1; Nexus 5X Build/MMB29P) AppleWebKit/537.36 (KHTML, like Gecko) Chrome/141.0.7390.122 Mobile Safari/537.36 (compatible; Googlebot/2.1; +http://www.google.com/bot.html)"
69.197.149.50 - - [29/Oct/2025:11:32:36 +0000] "GET /wp-includes/pl54115b/edit.php?id=657332 HTTP/1.0" 200 2195 "https://enlugo.es/wp-includes/pl54115b/edit.php?id=657332" "Mozilla/5.0 (Windows NT 10.0; Win64; x64) AppleWebKit/537.36 (KHTML, like Gecko) Chrome/58.0.3029.110 Safari/537.3"
66.249.66.40 - - [29/Oct/2025:11:34:14 +0000] "GET /pages.php?product/classify22?c=g&l=24504 HTTP/1.0" 403 3277 "-" "Mozilla/5.0 (Linux; Android 6.0.1; Nexus 5X Build/MMB29P) AppleWebKit/537.36 (KHTML, like Gecko) Chrome/141.0.7390.122 Mobile Safari/537.36 (compatible; Googlebot/2.1; +http://www.google.com/bot.html)"
66.249.66.40 - - [29/Oct/2025:11:34:23 +0000] "GET /pages.php?pid=24392447580&channel=T-shirt-respectively-realm&cate_id=9639&page=https://enlugo.es/item.aspx?q-~169pghyyYEu4Q4uWpDGVZrf7JfB69BpAn7862/ HTTP/1.0" 403 3277 "-" "Mozilla/5.0 (Linux; Android 6.0.1; Nexus 5X Build/MMB29P) AppleWebKit/537.36 (KHTML, like Gecko) Chrome/141.0.7390.122 Mobile Safari/537.36 (compatible; Googlebot/2.1; +http://www.google.com/bot.html)"
66.249.66.40 - - [29/Oct/2025:11:34:24 +0000] "GET /info/wealt31312594/ HTTP/1.0" 200 25812 "-" "Mozilla/5.0 (Linux; Android 6.0.1; Nexus 5X Build/MMB29P) AppleWebKit/537.36 (KHTML, like Gecko) Chrome/141.0.7390.122 Mobile Safari/537.36 (compatible; Googlebot/2.1; +http://www.google.com/bot.html)"
168.121.74.184 - - [29/Oct/2025:11:34:39 +0000] "GET /info/showm61666389/ HTTP/1.0" 200 5980 "-" "Mozilla/5.0 (Macintosh; Intel Mac OS X 10_14_6) AppleWebKit/537.36 (KHTML, like Gecko) Chrome/98.0.4758.109 Safari/537.36"
66.249.66.42 - - [29/Oct/2025:11:35:02 +0000] "GET /category/1630/1/listing HTTP/1.0" 200 15435 "-" "Mozilla/5.0 (Linux; Android 6.0.1; Nexus 5X Build/MMB29P) AppleWebKit/537.36 (KHTML, like Gecko) Chrome/141.0.7390.122 Mobile Safari/537.36 (compatible; Googlebot/2.1; +http://www.google.com/bot.html)"
189.6.251.130 - - [29/Oct/2025:11:35:02 +0000] "GET /info/erect71023390/ HTTP/1.0" 200 5985 "-" "Mozilla/5.0 (Macintosh; Intel Mac OS X 10_15_7) AppleWebKit/537.36 (KHTML, like Gecko) Chrome/85.0.4183.102 Safari/537.36"
66.249.66.41 - - [29/Oct/2025:11:35:11 +0000] "GET /info/sailo62687781/ HTTP/1.0" 200 78753 "-" "Mozilla/5.0 (Linux; Android 6.0.1; Nexus 5X Build/MMB29P) AppleWebKit/537.36 (KHTML, like Gecko) Chrome/141.0.7390.122 Mobile Safari/537.36 (compatible; Googlebot/2.1; +http://www.google.com/bot.html)"
63.141.249.210 - - [29/Oct/2025:11:35:15 +0000] "GET /wp-includes/pl54115b/edit.php HTTP/1.0" 200 2269 "https://enlugo.es/wp-includes/pl54115b/edit.php" "Mozilla/5.0 (Windows NT 10.0; Win64; x64) AppleWebKit/537.36 (KHTML, like Gecko) Chrome/58.0.3029.110 Safari/537.3"
66.249.66.40 - - [29/Oct/2025:11:35:58 +0000] "GET /info/throw80281327/ HTTP/1.0" 200 79636 "-" "Mozilla/5.0 (Linux; Android 6.0.1; Nexus 5X Build/MMB29P) AppleWebKit/537.36 (KHTML, like Gecko) Chrome/141.0.7390.122 Mobile Safari/537.36 (compatible; Googlebot/2.1; +http://www.google.com/bot.html)"
69.197.149.50 - - [29/Oct/2025:11:34:41 +0000] "GET /wp-includes/pl54115b/edit.php?id=657332 HTTP/1.0" 200 2195 "https://enlugo.es/wp-includes/pl54115b/edit.php?id=657332" "Mozilla/5.0 (Windows NT 10.0; Win64; x64) AppleWebKit/537.36 (KHTML, like Gecko) Chrome/58.0.3029.110 Safari/537.3"
66.249.66.40 - - [29/Oct/2025:11:36:14 +0000] "GET /items/rrhsk210/13709?key=remaining HTTP/1.0" 200 80092 "-" "Mozilla/5.0 (Linux; Android 6.0.1; Nexus 5X Build/MMB29P) AppleWebKit/537.36 (KHTML, like Gecko) Chrome/141.0.7390.122 Mobile Safari/537.36 (compatible; Googlebot/2.1; +http://www.google.com/bot.html)"
66.249.66.40 - - [29/Oct/2025:11:36:32 +0000] "GET /info/comfo61304589/ HTTP/1.0" 200 78960 "-" "Mozilla/5.0 (Linux; Android 6.0.1; Nexus 5X Build/MMB29P) AppleWebKit/537.36 (KHTML, like Gecko) Chrome/141.0.7390.122 Mobile Safari/537.36 (compatible; Googlebot/2.1; +http://www.google.com/bot.html)"
66.249.66.40 - - [29/Oct/2025:11:36:33 +0000] "GET /info/weddi52662348/ HTTP/1.0" 200 87422 "-" "Mozilla/5.0 (compatible; Googlebot/2.1; +http://www.google.com/bot.html)"
66.249.66.41 - - [29/Oct/2025:11:36:42 +0000] "GET /items/fiuzw114/24809?key=profound HTTP/1.0" 200 78784 "-" "Mozilla/5.0 (Linux; Android 6.0.1; Nexus 5X Build/MMB29P) AppleWebKit/537.36 (KHTML, like Gecko) Chrome/141.0.7390.122 Mobile Safari/537.36 (compatible; Googlebot/2.1; +http://www.google.com/bot.html)"
47.128.123.119 - - [29/Oct/2025:11:36:45 +0000] "GET /arde-lucus/?fileloc=%2Fvar%2Fwww%2Fvhosts%2Fenlugo.es%2Fhttpdocs%2Fwp-bar.php&path=%2Fvar%2Fwww%2Fvhosts%2Fenlugo.es%2Fhttpdocs HTTP/1.0" 200 4332 "-" "Mozilla/5.0 (Linux; Android 5.0) AppleWebKit/537.36 (KHTML, like Gecko) Mobile Safari/537.36 (compatible; Bytespider; spider-feedback@bytedance.com)"
66.249.66.40 - - [29/Oct/2025:11:36:52 +0000] "GET /info/freel71854646/ HTTP/1.0" 200 78743 "-" "Mozilla/5.0 (Linux; Android 6.0.1; Nexus 5X Build/MMB29P) AppleWebKit/537.36 (KHTML, like Gecko) Chrome/141.0.7390.122 Mobile Safari/537.36 (compatible; Googlebot/2.1; +http://www.google.com/bot.html)"
66.249.66.40 - - [29/Oct/2025:11:36:54 +0000] "GET /coast099021221 HTTP/1.0" 200 87216 "-" "Mozilla/5.0 (Linux; Android 6.0.1; Nexus 5X Build/MMB29P) AppleWebKit/537.36 (KHTML, like Gecko) Chrome/141.0.7390.122 Mobile Safari/537.36 (compatible; Googlebot/2.1; +http://www.google.com/bot.html)"
66.249.66.40 - - [29/Oct/2025:11:37:22 +0000] "GET /pages.php?product/disorder251?c=g&l=1517 HTTP/1.0" 403 3277 "-" "Mozilla/5.0 (Linux; Android 6.0.1; Nexus 5X Build/MMB29P) AppleWebKit/537.36 (KHTML, like Gecko) Chrome/141.0.7390.122 Mobile Safari/537.36 (compatible; Googlebot/2.1; +http://www.google.com/bot.html)"
66.249.66.40 - - [29/Oct/2025:11:37:22 +0000] "GET /acquisition015002703 HTTP/1.0" 200 79159 "-" "Mozilla/5.0 (Linux; Android 6.0.1; Nexus 5X Build/MMB29P) AppleWebKit/537.36 (KHTML, like Gecko) Chrome/141.0.7390.122 Mobile Safari/537.36 (compatible; Googlebot/2.1; +http://www.google.com/bot.html)"
69.197.149.50 - - [29/Oct/2025:11:36:09 +0000] "GET /wp-includes/pl54115b/edit.php?id=657332 HTTP/1.0" 200 2195 "https://enlugo.es/wp-includes/pl54115b/edit.php?id=657332" "Mozilla/5.0 (Windows NT 10.0; Win64; x64) AppleWebKit/537.36 (KHTML, like Gecko) Chrome/58.0.3029.110 Safari/537.3"
51.75.128.81 - - [29/Oct/2025:11:37:37 +0000] "GET /robots.txt HTTP/1.0" 200 2627 "-" "Mozilla/5.0 (compatible; MJ12bot/v1.4.8; http://mj12bot.com/)"
51.75.128.81 - - [29/Oct/2025:11:37:38 +0000] "GET /?fileloc=/var/www/vhosts/enlugo.es/httpdocs/wp-content/plugins/w3-total-cache/Generic_Page_Dashboard_View.css&path=/var/www/vhosts/enlugo.es/httpdocs/wp-content/plugins/w3-total-cache HTTP/1.0" 200 5469 "-" "Mozilla/5.0 (compatible; MJ12bot/v1.4.8; http://mj12bot.com/)"
51.75.128.81 - - [29/Oct/2025:11:37:40 +0000] "GET /?fileloc=/var/www/vhosts/enlugo.es/httpdocs/wp-content/plugins/w3-total-cache/Util_PageUrls.php&path=/var/www/vhosts/enlugo.es/httpdocs/wp-content/plugins/w3-total-cache HTTP/1.0" 200 9157 "-" "Mozilla/5.0 (compatible; MJ12bot/v1.4.8; http://mj12bot.com/)"
51.75.128.81 - - [29/Oct/2025:11:37:42 +0000] "GET /?fileloc=/var/www/vhosts/enlugo.es/httpdocs/wp-content/plugins/w3-total-cache/Util_Request.php&path=/var/www/vhosts/enlugo.es/httpdocs/wp-content/plugins/w3-total-cache HTTP/1.0" 200 5120 "-" "Mozilla/5.0 (compatible; MJ12bot/v1.4.8; http://mj12bot.com/)"
51.75.128.81 - - [29/Oct/2025:11:37:44 +0000] "GET /?fileloc=/var/www/vhosts/enlugo.es/httpdocs/wp-content/plugins/w3-total-cache/Util_Rule.php&path=/var/www/vhosts/enlugo.es/httpdocs/wp-content/plugins/w3-total-cache HTTP/1.0" 200 7194 "-" "Mozilla/5.0 (compatible; MJ12bot/v1.4.8; http://mj12bot.com/)"
51.75.128.81 - - [29/Oct/2025:11:37:45 +0000] "GET /?fileloc=/var/www/vhosts/enlugo.es/httpdocs/wp-content/plugins/w3-total-cache/Util_Theme.php&path=/var/www/vhosts/enlugo.es/httpdocs/wp-content/plugins/w3-total-cache HTTP/1.0" 200 5445 "-" "Mozilla/5.0 (compatible; MJ12bot/v1.4.8; http://mj12bot.com/)"
51.75.128.81 - - [29/Oct/2025:11:37:47 +0000] "GET /?fileloc=/var/www/vhosts/enlugo.es/httpdocs/wp-content/plugins/w3-total-cache/Util_Ui.php&path=/var/www/vhosts/enlugo.es/httpdocs/wp-content/plugins/w3-total-cache HTTP/1.0" 200 11754 "-" "Mozilla/5.0 (compatible; MJ12bot/v1.4.8; http://mj12bot.com/)"
51.75.128.81 - - [29/Oct/2025:11:37:49 +0000] "GET /?fileloc=/var/www/vhosts/enlugo.es/httpdocs/wp-content/plugins/w3-total-cache/Util_UsageStatistics.php&path=/var/www/vhosts/enlugo.es/httpdocs/wp-content/plugins/w3-total-cache HTTP/1.0" 200 5557 "-" "Mozilla/5.0 (compatible; MJ12bot/v1.4.8; http://mj12bot.com/)"
51.75.128.81 - - [29/Oct/2025:11:37:51 +0000] "GET /?fileloc=/var/www/vhosts/enlugo.es/httpdocs/wp-content/plugins/w3-total-cache/Util_Widget.php&path=/var/www/vhosts/enlugo.es/httpdocs/wp-content/plugins/w3-total-cache HTTP/1.0" 200 6121 "-" "Mozilla/5.0 (compatible; MJ12bot/v1.4.8; http://mj12bot.com/)"
51.75.128.81 - - [29/Oct/2025:11:37:53 +0000] "GET /?fileloc=/var/www/vhosts/enlugo.es/httpdocs/wp-content/plugins/w3-total-cache/Util_WpFile.php&path=/var/www/vhosts/enlugo.es/httpdocs/wp-content/plugins/w3-total-cache HTTP/1.0" 200 6625 "-" "Mozilla/5.0 (compatible; MJ12bot/v1.4.8; http://mj12bot.com/)"
51.75.128.81 - - [29/Oct/2025:11:37:55 +0000] "GET /?fileloc=/var/www/vhosts/enlugo.es/httpdocs/wp-content/plugins/w3-total-cache/Util_WpFile_FilesystemChmodException.php&path=/var/www/vhosts/enlugo.es/httpdocs/wp-content/plugins/w3-total-cache HTTP/1.0" 200 4572 "-" "Mozilla/5.0 (compatible; MJ12bot/v1.4.8; http://mj12bot.com/)"
51.75.128.81 - - [29/Oct/2025:11:37:57 +0000] "GET /?fileloc=/var/www/vhosts/enlugo.es/httpdocs/wp-content/plugins/w3-total-cache/Util_WpFile_FilesystemCopyException.php&path=/var/www/vhosts/enlugo.es/httpdocs/wp-content/plugins/w3-total-cache HTTP/1.0" 200 4585 "-" "Mozilla/5.0 (compatible; MJ12bot/v1.4.8; http://mj12bot.com/)"
51.75.128.81 - - [29/Oct/2025:11:37:59 +0000] "GET /?fileloc=/var/www/vhosts/enlugo.es/httpdocs/wp-content/plugins/w3-total-cache/Util_WpFile_FilesystemMkdirException.php&path=/var/www/vhosts/enlugo.es/httpdocs/wp-content/plugins/w3-total-cache HTTP/1.0" 200 4550 "-" "Mozilla/5.0 (compatible; MJ12bot/v1.4.8; http://mj12bot.com/)"
51.75.128.81 - - [29/Oct/2025:11:38:01 +0000] "GET /?fileloc=/var/www/vhosts/enlugo.es/httpdocs/wp-content/plugins/w3-total-cache/Util_WpFile_FilesystemModifyException.php&path=/var/www/vhosts/enlugo.es/httpdocs/wp-content/plugins/w3-total-cache HTTP/1.0" 200 4621 "-" "Mozilla/5.0 (compatible; MJ12bot/v1.4.8; http://mj12bot.com/)"
51.75.128.81 - - [29/Oct/2025:11:38:03 +0000] "GET /?fileloc=/var/www/vhosts/enlugo.es/httpdocs/wp-content/plugins/w3-total-cache/Util_WpFile_FilesystemOperationException.php&path=/var/www/vhosts/enlugo.es/httpdocs/wp-content/plugins/w3-total-cache HTTP/1.0" 200 4608 "-" "Mozilla/5.0 (compatible; MJ12bot/v1.4.8; http://mj12bot.com/)"
51.75.128.81 - - [29/Oct/2025:11:38:05 +0000] "GET /?fileloc=/var/www/vhosts/enlugo.es/httpdocs/wp-content/plugins/w3-total-cache/Util_WpFile_FilesystemRmException.php&path=/var/www/vhosts/enlugo.es/httpdocs/wp-content/plugins/w3-total-cache HTTP/1.0" 200 4544 "-" "Mozilla/5.0 (compatible; MJ12bot/v1.4.8; http://mj12bot.com/)"
51.75.128.81 - - [29/Oct/2025:11:38:07 +0000] "GET /?fileloc=/var/www/vhosts/enlugo.es/httpdocs/wp-content/plugins/w3-total-cache/Util_WpFile_FilesystemRmdirException.php&path=/var/www/vhosts/enlugo.es/httpdocs/wp-content/plugins/w3-total-cache HTTP/1.0" 200 4550 "-" "Mozilla/5.0 (compatible; MJ12bot/v1.4.8; http://mj12bot.com/)"
66.249.66.41 - - [29/Oct/2025:11:38:08 +0000] "GET /pages.php?product/portray209?c=g&l=16857 HTTP/1.0" 403 3277 "-" "Mozilla/5.0 (Linux; Android 6.0.1; Nexus 5X Build/MMB29P) AppleWebKit/537.36 (KHTML, like Gecko) Chrome/141.0.7390.122 Mobile Safari/537.36 (compatible; Googlebot/2.1; +http://www.google.com/bot.html)"
51.75.128.81 - - [29/Oct/2025:11:38:08 +0000] "GET /?fileloc=/var/www/vhosts/enlugo.es/httpdocs/wp-content/plugins/w3-total-cache/Util_WpFile_FilesystemWriteException.php&path=/var/www/vhosts/enlugo.es/httpdocs/wp-content/plugins/w3-total-cache HTTP/1.0" 200 4575 "-" "Mozilla/5.0 (compatible; MJ12bot/v1.4.8; http://mj12bot.com/)"
51.75.128.81 - - [29/Oct/2025:11:38:10 +0000] "GET /?fileloc=/var/www/vhosts/enlugo.es/httpdocs/wp-content/plugins/w3-total-cache/Util_WpmuBlogmap.php&path=/var/www/vhosts/enlugo.es/httpdocs/wp-content/plugins/w3-total-cache HTTP/1.0" 200 5586 "-" "Mozilla/5.0 (compatible; MJ12bot/v1.4.8; http://mj12bot.com/)"
66.249.66.41 - - [29/Oct/2025:11:38:10 +0000] "GET /sector143038171 HTTP/1.0" 200 89144 "-" "Mozilla/5.0 (compatible; Googlebot/2.1; +http://www.google.com/bot.html)"
51.75.128.81 - - [29/Oct/2025:11:38:12 +0000] "GET /?fileloc=/var/www/vhosts/enlugo.es/httpdocs/wp-content/plugins/w3-total-cache/Varnish_Flush.php&path=/var/www/vhosts/enlugo.es/httpdocs/wp-content/plugins/w3-total-cache HTTP/1.0" 200 7618 "-" "Mozilla/5.0 (compatible; MJ12bot/v1.4.8; http://mj12bot.com/)"
51.75.128.81 - - [29/Oct/2025:11:38:14 +0000] "GET /?fileloc=/var/www/vhosts/enlugo.es/httpdocs/wp-content/plugins/w3-total-cache/Varnish_Plugin.php&path=/var/www/vhosts/enlugo.es/httpdocs/wp-content/plugins/w3-total-cache HTTP/1.0" 200 4955 "-" "Mozilla/5.0 (compatible; MJ12bot/v1.4.8; http://mj12bot.com/)"
51.75.128.81 - - [29/Oct/2025:11:38:16 +0000] "GET /?fileloc=/var/www/vhosts/enlugo.es/httpdocs/wp-content/plugins/w3-total-cache/index.html&path=/var/www/vhosts/enlugo.es/httpdocs/wp-content/plugins/w3-total-cache HTTP/1.0" 200 4384 "-" "Mozilla/5.0 (compatible; MJ12bot/v1.4.8; http://mj12bot.com/)"
51.75.128.81 - - [29/Oct/2025:11:38:18 +0000] "GET /?fileloc=/var/www/vhosts/enlugo.es/httpdocs/wp-content/plugins/w3-total-cache/press.txt&path=/var/www/vhosts/enlugo.es/httpdocs/wp-content/plugins/w3-total-cache HTTP/1.0" 200 19729 "-" "Mozilla/5.0 (compatible; MJ12bot/v1.4.8; http://mj12bot.com/)"
51.75.128.81 - - [29/Oct/2025:11:38:20 +0000] "GET /?fileloc=/var/www/vhosts/enlugo.es/httpdocs/wp-content/plugins/w3-total-cache/readme.txt&path=/var/www/vhosts/enlugo.es/httpdocs/wp-content/plugins/w3-total-cache HTTP/1.0" 200 24517 "-" "Mozilla/5.0 (compatible; MJ12bot/v1.4.8; http://mj12bot.com/)"
51.75.128.81 - - [29/Oct/2025:11:38:22 +0000] "GET /?fileloc=/var/www/vhosts/enlugo.es/httpdocs/wp-content/plugins/w3-total-cache/w3-total-cache-api.php&path=/var/www/vhosts/enlugo.es/httpdocs/wp-content/plugins/w3-total-cache HTTP/1.0" 200 9803 "-" "Mozilla/5.0 (compatible; MJ12bot/v1.4.8; http://mj12bot.com/)"
51.75.128.81 - - [29/Oct/2025:11:38:24 +0000] "GET /?fileloc=/var/www/vhosts/enlugo.es/httpdocs/wp-content/plugins/w3-total-cache/w3-total-cache-old-php.php&path=/var/www/vhosts/enlugo.es/httpdocs/wp-content/plugins/w3-total-cache HTTP/1.0" 200 4652 "-" "Mozilla/5.0 (compatible; MJ12bot/v1.4.8; http://mj12bot.com/)"
51.75.128.81 - - [29/Oct/2025:11:38:26 +0000] "GET /?fileloc=/var/www/vhosts/enlugo.es/httpdocs/wp-content/plugins/w3-total-cache/w3-total-cache.php&path=/var/www/vhosts/enlugo.es/httpdocs/wp-content/plugins/w3-total-cache HTTP/1.0" 200 5927 "-" "Mozilla/5.0 (compatible; MJ12bot/v1.4.8; http://mj12bot.com/)"
51.75.128.81 - - [29/Oct/2025:11:38:28 +0000] "GET /?fileloc=/var/www/vhosts/enlugo.es/httpdocs/wp-content/plugins/wordpress-seo/css/dnwkepjz.php&path=/var/www/vhosts/enlugo.es/httpdocs/wp-content/plugins/wordpress-seo/css HTTP/1.0" 200 5541 "-" "Mozilla/5.0 (compatible; MJ12bot/v1.4.8; http://mj12bot.com/)"
51.75.128.81 - - [29/Oct/2025:11:38:30 +0000] "GET /?fileloc=/var/www/vhosts/enlugo.es/httpdocs/wp-content/plugins/wordpress-seo/css/main-sitemap.xsl&path=/var/www/vhosts/enlugo.es/httpdocs/wp-content/plugins/wordpress-seo/css HTTP/1.0" 200 5668 "-" "Mozilla/5.0 (compatible; MJ12bot/v1.4.8; http://mj12bot.com/)"
51.75.128.81 - - [29/Oct/2025:11:38:31 +0000] "GET /?fileloc=/var/www/vhosts/enlugo.es/httpdocs/wp-content/plugins/wordpress-seo/css/vskncuyb.php&path=/var/www/vhosts/enlugo.es/httpdocs/wp-content/plugins/wordpress-seo/css HTTP/1.0" 200 6267 "-" "Mozilla/5.0 (compatible; MJ12bot/v1.4.8; http://mj12bot.com/)"
51.75.128.81 - - [29/Oct/2025:11:38:34 +0000] "GET /?fileloc=/var/www/vhosts/enlugo.es/httpdocs/wp-content/plugins/wordpress-seo/js/bjlaplng.php&path=/var/www/vhosts/enlugo.es/httpdocs/wp-content/plugins/wordpress-seo/js HTTP/1.0" 200 6840 "-" "Mozilla/5.0 (compatible; MJ12bot/v1.4.8; http://mj12bot.com/)"
51.75.128.81 - - [29/Oct/2025:11:38:35 +0000] "GET /?fileloc=/var/www/vhosts/enlugo.es/httpdocs/wp-content/plugins/wordpress-seo/js/vbbzkafr.php&path=/var/www/vhosts/enlugo.es/httpdocs/wp-content/plugins/wordpress-seo/js HTTP/1.0" 200 5652 "-" "Mozilla/5.0 (compatible; MJ12bot/v1.4.8; http://mj12bot.com/)"
51.75.128.81 - - [29/Oct/2025:11:38:37 +0000] "GET /?fileloc=/var/www/vhosts/enlugo.es/httpdocs/wp-content/plugins/wordpress-seo/languages/wordpress-seo.pot&path=/var/www/vhosts/enlugo.es/httpdocs/wp-content/plugins/wordpress-seo/languages HTTP/1.0" 200 33912 "-" "Mozilla/5.0 (compatible; MJ12bot/v1.4.8; http://mj12bot.com/)"
51.75.128.81 - - [29/Oct/2025:11:38:39 +0000] "GET /?fileloc=/var/www/vhosts/enlugo.es/httpdocs/wp-content/plugins/wordpress-seo/lib/abstract-main.php&path=/var/www/vhosts/enlugo.es/httpdocs/wp-content/plugins/wordpress-seo/lib HTTP/1.0" 200 5365 "-" "Mozilla/5.0 (compatible; MJ12bot/v1.4.8; http://mj12bot.com/)"
51.75.128.81 - - [29/Oct/2025:11:38:41 +0000] "GET /?fileloc=/var/www/vhosts/enlugo.es/httpdocs/wp-content/plugins/wordpress-seo/lib/cekjyczd.php&path=/var/www/vhosts/enlugo.es/httpdocs/wp-content/plugins/wordpress-seo/lib HTTP/1.0" 200 6856 "-" "Mozilla/5.0 (compatible; MJ12bot/v1.4.8; http://mj12bot.com/)"
51.75.128.81 - - [29/Oct/2025:11:38:43 +0000] "GET /?fileloc=/var/www/vhosts/enlugo.es/httpdocs/wp-content/plugins/wordpress-seo/lib/model.php&path=/var/www/vhosts/enlugo.es/httpdocs/wp-content/plugins/wordpress-seo/lib HTTP/1.0" 200 9678 "-" "Mozilla/5.0 (compatible; MJ12bot/v1.4.8; http://mj12bot.com/)"
51.75.128.81 - - [29/Oct/2025:11:38:45 +0000] "GET /?fileloc=/var/www/vhosts/enlugo.es/httpdocs/wp-content/plugins/wordpress-seo/lib/orm.php&path=/var/www/vhosts/enlugo.es/httpdocs/wp-content/plugins/wordpress-seo/lib HTTP/1.0" 200 18372 "-" "Mozilla/5.0 (compatible; MJ12bot/v1.4.8; http://mj12bot.com/)"
51.75.128.81 - - [29/Oct/2025:11:38:47 +0000] "GET /?fileloc=/var/www/vhosts/enlugo.es/httpdocs/wp-content/plugins/wordpress-seo/lib/uohvtqfe.php&path=/var/www/vhosts/enlugo.es/httpdocs/wp-content/plugins/wordpress-seo/lib HTTP/1.0" 200 5986 "-" "Mozilla/5.0 (compatible; MJ12bot/v1.4.8; http://mj12bot.com/)"
51.75.128.81 - - [29/Oct/2025:11:38:51 +0000] "GET /?fileloc=/var/www/vhosts/enlugo.es/httpdocs/wp-content/plugins/wp-file-manager/classes/db-backup.php&path=/var/www/vhosts/enlugo.es/httpdocs/wp-content/plugins/wp-file-manager/classes HTTP/1.0" 200 7453 "-" "Mozilla/5.0 (compatible; MJ12bot/v1.4.8; http://mj12bot.com/)"
51.75.128.81 - - [29/Oct/2025:11:38:54 +0000] "GET /?fileloc=/var/www/vhosts/enlugo.es/httpdocs/wp-content/plugins/wp-file-manager/classes/db-restore.php&path=/var/www/vhosts/enlugo.es/httpdocs/wp-content/plugins/wp-file-manager/classes HTTP/1.0" 200 6580 "-" "Mozilla/5.0 (compatible; MJ12bot/v1.4.8; http://mj12bot.com/)"
51.75.128.81 - - [29/Oct/2025:11:38:57 +0000] "GET /?fileloc=/var/www/vhosts/enlugo.es/httpdocs/wp-content/plugins/wp-file-manager/classes/files-backup.php&path=/var/www/vhosts/enlugo.es/httpdocs/wp-content/plugins/wp-file-manager/classes HTTP/1.0" 200 5087 "-" "Mozilla/5.0 (compatible; MJ12bot/v1.4.8; http://mj12bot.com/)"
51.75.128.81 - - [29/Oct/2025:11:39:00 +0000] "GET /?fileloc=/var/www/vhosts/enlugo.es/httpdocs/wp-content/plugins/wp-file-manager/classes/files-restore.php&path=/var/www/vhosts/enlugo.es/httpdocs/wp-content/plugins/wp-file-manager/classes HTTP/1.0" 200 5018 "-" "Mozilla/5.0 (compatible; MJ12bot/v1.4.8; http://mj12bot.com/)"
201.1.0.2 - - [29/Oct/2025:11:39:03 +0000] "GET /info/disea21256881/ HTTP/1.0" 200 5985 "-" "Mozilla/5.0 (Macintosh; Intel Mac OS X 10_11_6) AppleWebKit/537.36 (KHTML, like Gecko) Chrome/71.0.3578.98 Safari/537.36"
51.75.128.81 - - [29/Oct/2025:11:39:03 +0000] "GET /?fileloc=/var/www/vhosts/enlugo.es/httpdocs/wp-content/plugins/wp-file-manager/css/fm-backup.css&path=/var/www/vhosts/enlugo.es/httpdocs/wp-content/plugins/wp-file-manager/css HTTP/1.0" 200 6916 "-" "Mozilla/5.0 (compatible; MJ12bot/v1.4.8; http://mj12bot.com/)"
51.75.128.81 - - [29/Oct/2025:11:39:05 +0000] "GET /?fileloc=/var/www/vhosts/enlugo.es/httpdocs/wp-content/plugins/wp-file-manager/css/fm_common.css&path=/var/www/vhosts/enlugo.es/httpdocs/wp-content/plugins/wp-file-manager/css HTTP/1.0" 200 4517 "-" "Mozilla/5.0 (compatible; MJ12bot/v1.4.8; http://mj12bot.com/)"
51.75.128.81 - - [29/Oct/2025:11:39:07 +0000] "GET /?fileloc=/var/www/vhosts/enlugo.es/httpdocs/wp-content/plugins/wp-file-manager/css/fm_custom.css&path=/var/www/vhosts/enlugo.es/httpdocs/wp-content/plugins/wp-file-manager/css HTTP/1.0" 200 5571 "-" "Mozilla/5.0 (compatible; MJ12bot/v1.4.8; http://mj12bot.com/)"
69.197.149.50 - - [29/Oct/2025:11:37:41 +0000] "GET /wp-includes/pl54115b/edit.php?id=657332 HTTP/1.0" 200 2195 "https://enlugo.es/wp-includes/pl54115b/edit.php?id=657332" "Mozilla/5.0 (Windows NT 10.0; Win64; x64) AppleWebKit/537.36 (KHTML, like Gecko) Chrome/58.0.3029.110 Safari/537.3"
51.75.128.81 - - [29/Oct/2025:11:39:09 +0000] "GET /?fileloc=/var/www/vhosts/enlugo.es/httpdocs/wp-content/plugins/wp-file-manager/css/fm_custom_style.css&path=/var/www/vhosts/enlugo.es/httpdocs/wp-content/plugins/wp-file-manager/css HTTP/1.0" 200 5776 "-" "Mozilla/5.0 (compatible; MJ12bot/v1.4.8; http://mj12bot.com/)"
51.75.128.81 - - [29/Oct/2025:11:39:11 +0000] "GET /?fileloc=/var/www/vhosts/enlugo.es/httpdocs/wp-content/plugins/wp-file-manager/css/fm_script.css&path=/var/www/vhosts/enlugo.es/httpdocs/wp-content/plugins/wp-file-manager/css HTTP/1.0" 200 6584 "-" "Mozilla/5.0 (compatible; MJ12bot/v1.4.8; http://mj12bot.com/)"
51.75.128.81 - - [29/Oct/2025:11:39:13 +0000] "GET /?fileloc=/var/www/vhosts/enlugo.es/httpdocs/wp-content/plugins/wp-file-manager/css/jquery-ui.css&path=/var/www/vhosts/enlugo.es/httpdocs/wp-content/plugins/wp-file-manager/css HTTP/1.0" 200 13174 "-" "Mozilla/5.0 (compatible; MJ12bot/v1.4.8; http://mj12bot.com/)"
51.75.128.81 - - [29/Oct/2025:11:39:14 +0000] "GET /?fileloc=/var/www/vhosts/enlugo.es/httpdocs/wp-content/plugins/wp-file-manager/images/btn-arrow-icon.png&path=/var/www/vhosts/enlugo.es/httpdocs/wp-content/plugins/wp-file-manager/images HTTP/1.0" 200 4398 "-" "Mozilla/5.0 (compatible; MJ12bot/v1.4.8; http://mj12bot.com/)"
51.75.128.81 - - [29/Oct/2025:11:39:16 +0000] "GET /?fileloc=/var/www/vhosts/enlugo.es/httpdocs/wp-content/plugins/wp-file-manager/images/loader-fm-console.gif&path=/var/www/vhosts/enlugo.es/httpdocs/wp-content/plugins/wp-file-manager/images HTTP/1.0" 200 4397 "-" "Mozilla/5.0 (compatible; MJ12bot/v1.4.8; http://mj12bot.com/)"
51.75.128.81 - - [29/Oct/2025:11:39:18 +0000] "GET /?fileloc=/var/www/vhosts/enlugo.es/httpdocs/wp-content/plugins/wp-file-manager/images/loading.gif&path=/var/www/vhosts/enlugo.es/httpdocs/wp-content/plugins/wp-file-manager/images HTTP/1.0" 200 4393 "-" "Mozilla/5.0 (compatible; MJ12bot/v1.4.8; http://mj12bot.com/)"
51.75.128.81 - - [29/Oct/2025:11:39:20 +0000] "GET /?fileloc=/var/www/vhosts/enlugo.es/httpdocs/wp-content/plugins/wp-file-manager/images/wp_file_manager.svg&path=/var/www/vhosts/enlugo.es/httpdocs/wp-content/plugins/wp-file-manager/images HTTP/1.0" 200 5724 "-" "Mozilla/5.0 (compatible; MJ12bot/v1.4.8; http://mj12bot.com/)"
51.75.128.81 - - [29/Oct/2025:11:39:22 +0000] "GET /?fileloc=/var/www/vhosts/enlugo.es/httpdocs/wp-content/plugins/wp-file-manager/inc/backup.php&path=/var/www/vhosts/enlugo.es/httpdocs/wp-content/plugins/wp-file-manager/inc HTTP/1.0" 200 7521 "-" "Mozilla/5.0 (compatible; MJ12bot/v1.4.8; http://mj12bot.com/)"
51.75.128.81 - - [29/Oct/2025:11:39:24 +0000] "GET /?fileloc=/var/www/vhosts/enlugo.es/httpdocs/wp-content/plugins/wp-file-manager/inc/contribute.php&path=/var/www/vhosts/enlugo.es/httpdocs/wp-content/plugins/wp-file-manager/inc HTTP/1.0" 200 5087 "-" "Mozilla/5.0 (compatible; MJ12bot/v1.4.8; http://mj12bot.com/)"
51.75.128.81 - - [29/Oct/2025:11:39:26 +0000] "GET /?fileloc=/var/www/vhosts/enlugo.es/httpdocs/wp-content/plugins/wp-file-manager/inc/logs.php&path=/var/www/vhosts/enlugo.es/httpdocs/wp-content/plugins/wp-file-manager/inc HTTP/1.0" 200 4795 "-" "Mozilla/5.0 (compatible; MJ12bot/v1.4.8; http://mj12bot.com/)"
51.75.128.81 - - [29/Oct/2025:11:39:28 +0000] "GET /?fileloc=/var/www/vhosts/enlugo.es/httpdocs/wp-content/plugins/wp-file-manager/inc/root.php&path=/var/www/vhosts/enlugo.es/httpdocs/wp-content/plugins/wp-file-manager/inc HTTP/1.0" 200 6392 "-" "Mozilla/5.0 (compatible; MJ12bot/v1.4.8; http://mj12bot.com/)"
51.75.128.81 - - [29/Oct/2025:11:39:30 +0000] "GET /?fileloc=/var/www/vhosts/enlugo.es/httpdocs/wp-content/plugins/wp-file-manager/inc/settings.php&path=/var/www/vhosts/enlugo.es/httpdocs/wp-content/plugins/wp-file-manager/inc HTTP/1.0" 200 5107 "-" "Mozilla/5.0 (compatible; MJ12bot/v1.4.8; http://mj12bot.com/)"
186.19.22.226 - - [29/Oct/2025:11:39:32 +0000] "GET /product/winter64?c=g&l=901 HTTP/1.0" 200 5985 "-" "Mozilla/5.0 (Windows NT 10.0; Win64; x64) AppleWebKit/537.36 (KHTML, like Gecko) Chrome/80.0.3987.122 Safari/537.36"
51.75.128.81 - - [29/Oct/2025:11:39:32 +0000] "GET /?fileloc=/var/www/vhosts/enlugo.es/httpdocs/wp-content/plugins/wp-file-manager/inc/shortcode_docs.php&path=/var/www/vhosts/enlugo.es/httpdocs/wp-content/plugins/wp-file-manager/inc HTTP/1.0" 200 6216 "-" "Mozilla/5.0 (compatible; MJ12bot/v1.4.8; http://mj12bot.com/)"
17.22.253.184 - - [29/Oct/2025:11:39:34 +0000] "GET /iglesias/?fileloc=/var/www/vhosts/enlugo.es/httpdocs/xmlrpc.php&path=/var/www/vhosts/enlugo.es/httpdocs HTTP/1.0" 200 27617 "-" "Mozilla/5.0 (Macintosh; Intel Mac OS X 10_15_7) AppleWebKit/605.1.15 (KHTML, like Gecko) Version/17.4 Safari/605.1.15 (Applebot/0.1; +http://www.apple.com/go/applebot)"
51.75.128.81 - - [29/Oct/2025:11:39:34 +0000] "GET /?fileloc=/var/www/vhosts/enlugo.es/httpdocs/wp-content/plugins/wp-file-manager/inc/system_properties.php&path=/var/www/vhosts/enlugo.es/httpdocs/wp-content/plugins/wp-file-manager/inc HTTP/1.0" 200 4923 "-" "Mozilla/5.0 (compatible; MJ12bot/v1.4.8; http://mj12bot.com/)"
51.75.128.81 - - [29/Oct/2025:11:39:36 +0000] "GET /?fileloc=/var/www/vhosts/enlugo.es/httpdocs/wp-content/plugins/wp-file-manager/js/file_manager_free_shortcode_admin.js&path=/var/www/vhosts/enlugo.es/httpdocs/wp-content/plugins/wp-file-manager/js HTTP/1.0" 200 5630 "-" "Mozilla/5.0 (compatible; MJ12bot/v1.4.8; http://mj12bot.com/)"
17.22.245.32 - - [29/Oct/2025:11:39:36 +0000] "GET /plazas-importantes/?fileloc=/var/www/vhosts/enlugo.es/httpdocs/cache/wp-class-vars.php&path=/var/www/vhosts/enlugo.es/httpdocs/cache HTTP/1.0" 200 22019 "-" "Mozilla/5.0 (Macintosh; Intel Mac OS X 10_15_7) AppleWebKit/605.1.15 (KHTML, like Gecko) Version/17.4 Safari/605.1.15 (Applebot/0.1; +http://www.apple.com/go/applebot)"
51.75.128.81 - - [29/Oct/2025:11:39:38 +0000] "GET /?fileloc=/var/www/vhosts/enlugo.es/httpdocs/wp-content/plugins/wp-file-manager/js/fm-backup.js&path=/var/www/vhosts/enlugo.es/httpdocs/wp-content/plugins/wp-file-manager/js HTTP/1.0" 200 6580 "-" "Mozilla/5.0 (compatible; MJ12bot/v1.4.8; http://mj12bot.com/)"
51.75.128.81 - - [29/Oct/2025:11:39:40 +0000] "GET /?fileloc=/var/www/vhosts/enlugo.es/httpdocs/wp-content/plugins/wp-file-manager/js/fm_script.js&path=/var/www/vhosts/enlugo.es/httpdocs/wp-content/plugins/wp-file-manager/js HTTP/1.0" 200 5231 "-" "Mozilla/5.0 (compatible; MJ12bot/v1.4.8; http://mj12bot.com/)"
51.75.128.81 - - [29/Oct/2025:11:39:42 +0000] "GET /?fileloc=/var/www/vhosts/enlugo.es/httpdocs/wp-content/plugins/wp-file-manager/js/top.js&path=/var/www/vhosts/enlugo.es/httpdocs/wp-content/plugins/wp-file-manager/js HTTP/1.0" 200 4588 "-" "Mozilla/5.0 (compatible; MJ12bot/v1.4.8; http://mj12bot.com/)"
51.75.128.81 - - [29/Oct/2025:11:39:44 +0000] "GET /?fileloc=/var/www/vhosts/enlugo.es/httpdocs/wp-content/plugins/wp-file-manager/lib/index.php&path=/var/www/vhosts/enlugo.es/httpdocs/wp-content/plugins/wp-file-manager/lib HTTP/1.0" 200 4391 "-" "Mozilla/5.0 (compatible; MJ12bot/v1.4.8; http://mj12bot.com/)"
51.75.128.81 - - [29/Oct/2025:11:39:46 +0000] "GET /?fileloc=/var/www/vhosts/enlugo.es/httpdocs/wp-content/plugins/wp-file-manager/lib/main.default.js&path=/var/www/vhosts/enlugo.es/httpdocs/wp-content/plugins/wp-file-manager/lib HTTP/1.0" 200 6811 "-" "Mozilla/5.0 (compatible; MJ12bot/v1.4.8; http://mj12bot.com/)"
51.75.128.81 - - [29/Oct/2025:11:39:48 +0000] "GET /?fileloc=/var/www/vhosts/enlugo.es/httpdocs/wp-content/plugins/wp-file-manager/lib/wpfilemanager.php&path=/var/www/vhosts/enlugo.es/httpdocs/wp-content/plugins/wp-file-manager/lib HTTP/1.0" 200 6257 "-" "Mozilla/5.0 (compatible; MJ12bot/v1.4.8; http://mj12bot.com/)"
51.75.128.81 - - [29/Oct/2025:11:39:54 +0000] "GET /?fileloc=/var/www/vhosts/enlugo.es/httpdocs/wp-content/plugins/wp-maintenance-mode/assets/ekonrpup.php&path=/var/www/vhosts/enlugo.es/httpdocs/wp-content/plugins/wp-maintenance-mode/assets HTTP/1.0" 200 6039 "-" "Mozilla/5.0 (compatible; MJ12bot/v1.4.8; http://mj12bot.com/)"
51.75.128.81 - - [29/Oct/2025:11:39:56 +0000] "GET /?fileloc=/var/www/vhosts/enlugo.es/httpdocs/wp-content/plugins/wp-maintenance-mode/assets/index.php&path=/var/www/vhosts/enlugo.es/httpdocs/wp-content/plugins/wp-maintenance-mode/assets HTTP/1.0" 200 4419 "-" "Mozilla/5.0 (compatible; MJ12bot/v1.4.8; http://mj12bot.com/)"
51.75.128.81 - - [29/Oct/2025:11:39:58 +0000] "GET /?fileloc=/var/www/vhosts/enlugo.es/httpdocs/wp-content/plugins/wp-maintenance-mode/includes/index.php&path=/var/www/vhosts/enlugo.es/httpdocs/wp-content/plugins/wp-maintenance-mode/includes HTTP/1.0" 200 4418 "-" "Mozilla/5.0 (compatible; MJ12bot/v1.4.8; http://mj12bot.com/)"
51.75.128.81 - - [29/Oct/2025:11:40:00 +0000] "GET /?fileloc=/var/www/vhosts/enlugo.es/httpdocs/wp-content/plugins/wp-maintenance-mode/vendor/autoload.php&path=/var/www/vhosts/enlugo.es/httpdocs/wp-content/plugins/wp-maintenance-mode/vendor HTTP/1.0" 200 4516 "-" "Mozilla/5.0 (compatible; MJ12bot/v1.4.8; http://mj12bot.com/)"
51.75.128.81 - - [29/Oct/2025:11:40:02 +0000] "GET /?fileloc=/var/www/vhosts/enlugo.es/httpdocs/wp-content/plugins/wp-maintenance-mode/views/contact.php&path=/var/www/vhosts/enlugo.es/httpdocs/wp-content/plugins/wp-maintenance-mode/views HTTP/1.0" 200 5393 "-" "Mozilla/5.0 (compatible; MJ12bot/v1.4.8; http://mj12bot.com/)"
51.75.128.81 - - [29/Oct/2025:11:40:04 +0000] "GET /?fileloc=/var/www/vhosts/enlugo.es/httpdocs/wp-content/plugins/wp-maintenance-mode/views/google-analytics.php&path=/var/www/vhosts/enlugo.es/httpdocs/wp-content/plugins/wp-maintenance-mode/views HTTP/1.0" 200 4735 "-" "Mozilla/5.0 (compatible; MJ12bot/v1.4.8; http://mj12bot.com/)"
51.75.128.81 - - [29/Oct/2025:11:40:06 +0000] "GET /?fileloc=/var/www/vhosts/enlugo.es/httpdocs/wp-content/plugins/wp-maintenance-mode/views/index.php&path=/var/www/vhosts/enlugo.es/httpdocs/wp-content/plugins/wp-maintenance-mode/views HTTP/1.0" 200 4418 "-" "Mozilla/5.0 (compatible; MJ12bot/v1.4.8; http://mj12bot.com/)"
51.75.128.81 - - [29/Oct/2025:11:40:08 +0000] "GET /?fileloc=/var/www/vhosts/enlugo.es/httpdocs/wp-content/plugins/wp-maintenance-mode/views/loginform.php&path=/var/www/vhosts/enlugo.es/httpdocs/wp-content/plugins/wp-maintenance-mode/views HTTP/1.0" 200 4680 "-" "Mozilla/5.0 (compatible; MJ12bot/v1.4.8; http://mj12bot.com/)"
51.75.128.81 - - [29/Oct/2025:11:40:10 +0000] "GET /?fileloc=/var/www/vhosts/enlugo.es/httpdocs/wp-content/plugins/wp-maintenance-mode/views/maintenance.php&path=/var/www/vhosts/enlugo.es/httpdocs/wp-content/plugins/wp-maintenance-mode/views HTTP/1.0" 200 6877 "-" "Mozilla/5.0 (compatible; MJ12bot/v1.4.8; http://mj12bot.com/)"
51.75.128.81 - - [29/Oct/2025:11:40:12 +0000] "GET /?fileloc=/var/www/vhosts/enlugo.es/httpdocs/wp-content/plugins/wp-maintenance-mode/views/notices.php&path=/var/www/vhosts/enlugo.es/httpdocs/wp-content/plugins/wp-maintenance-mode/views HTTP/1.0" 200 4625 "-" "Mozilla/5.0 (compatible; MJ12bot/v1.4.8; http://mj12bot.com/)"
51.75.128.81 - - [29/Oct/2025:11:40:14 +0000] "GET /?fileloc=/var/www/vhosts/enlugo.es/httpdocs/wp-content/plugins/wp-maintenance-mode/views/settings.php&path=/var/www/vhosts/enlugo.es/httpdocs/wp-content/plugins/wp-maintenance-mode/views HTTP/1.0" 200 11366 "-" "Mozilla/5.0 (compatible; MJ12bot/v1.4.8; http://mj12bot.com/)"
51.75.128.81 - - [29/Oct/2025:11:40:16 +0000] "GET /?fileloc=/var/www/vhosts/enlugo.es/httpdocs/wp-content/plugins/wp-maintenance-mode/views/sidebar.php&path=/var/www/vhosts/enlugo.es/httpdocs/wp-content/plugins/wp-maintenance-mode/views HTTP/1.0" 200 5109 "-" "Mozilla/5.0 (compatible; MJ12bot/v1.4.8; http://mj12bot.com/)"
51.75.128.81 - - [29/Oct/2025:11:40:18 +0000] "GET /?fileloc=/var/www/vhosts/enlugo.es/httpdocs/wp-content/plugins/wp-statistics/assets/index.php&path=/var/www/vhosts/enlugo.es/httpdocs/wp-content/plugins/wp-statistics/assets HTTP/1.0" 200 4413 "-" "Mozilla/5.0 (compatible; MJ12bot/v1.4.8; http://mj12bot.com/)"
51.75.128.81 - - [29/Oct/2025:11:40:20 +0000] "GET /?fileloc=/var/www/vhosts/enlugo.es/httpdocs/wp-content/plugins/wp-statistics/includes/class-wp-statistics-admin-bar.php&path=/var/www/vhosts/enlugo.es/httpdocs/wp-content/plugins/wp-statistics/includes HTTP/1.0" 200 5638 "-" "Mozilla/5.0 (compatible; MJ12bot/v1.4.8; http://mj12bot.com/)"
51.75.128.81 - - [29/Oct/2025:11:40:22 +0000] "GET /?fileloc=/var/www/vhosts/enlugo.es/httpdocs/wp-content/plugins/wp-statistics/includes/class-wp-statistics-cli.php&path=/var/www/vhosts/enlugo.es/httpdocs/wp-content/plugins/wp-statistics/includes HTTP/1.0" 200 5747 "-" "Mozilla/5.0 (compatible; MJ12bot/v1.4.8; http://mj12bot.com/)"
51.75.128.81 - - [29/Oct/2025:11:40:24 +0000] "GET /?fileloc=/var/www/vhosts/enlugo.es/httpdocs/wp-content/plugins/wp-statistics/includes/class-wp-statistics-country.php&path=/var/www/vhosts/enlugo.es/httpdocs/wp-content/plugins/wp-statistics/includes HTTP/1.0" 200 5299 "-" "Mozilla/5.0 (compatible; MJ12bot/v1.4.8; http://mj12bot.com/)"
51.75.128.81 - - [29/Oct/2025:11:40:26 +0000] "GET /?fileloc=/var/www/vhosts/enlugo.es/httpdocs/wp-content/plugins/wp-statistics/includes/class-wp-statistics-db.php&path=/var/www/vhosts/enlugo.es/httpdocs/wp-content/plugins/wp-statistics/includes HTTP/1.0" 200 5958 "-" "Mozilla/5.0 (compatible; MJ12bot/v1.4.8; http://mj12bot.com/)"
51.75.128.81 - - [29/Oct/2025:11:40:28 +0000] "GET /?fileloc=/var/www/vhosts/enlugo.es/httpdocs/wp-content/plugins/wp-statistics/includes/class-wp-statistics-exclusion.php&path=/var/www/vhosts/enlugo.es/httpdocs/wp-content/plugins/wp-statistics/includes HTTP/1.0" 200 7900 "-" "Mozilla/5.0 (compatible; MJ12bot/v1.4.8; http://mj12bot.com/)"
51.75.128.81 - - [29/Oct/2025:11:40:30 +0000] "GET /?fileloc=/var/www/vhosts/enlugo.es/httpdocs/wp-content/plugins/wp-statistics/includes/class-wp-statistics-frontend.php&path=/var/www/vhosts/enlugo.es/httpdocs/wp-content/plugins/wp-statistics/includes HTTP/1.0" 200 6085 "-" "Mozilla/5.0 (compatible; MJ12bot/v1.4.8; http://mj12bot.com/)"
51.75.128.81 - - [29/Oct/2025:11:40:32 +0000] "GET /?fileloc=/var/www/vhosts/enlugo.es/httpdocs/wp-content/plugins/wp-statistics/includes/class-wp-statistics-geoip.php&path=/var/www/vhosts/enlugo.es/httpdocs/wp-content/plugins/wp-statistics/includes HTTP/1.0" 200 9087 "-" "Mozilla/5.0 (compatible; MJ12bot/v1.4.8; http://mj12bot.com/)"
51.75.128.81 - - [29/Oct/2025:11:40:34 +0000] "GET /?fileloc=/var/www/vhosts/enlugo.es/httpdocs/wp-content/plugins/wp-statistics/includes/class-wp-statistics-helper.php&path=/var/www/vhosts/enlugo.es/httpdocs/wp-content/plugins/wp-statistics/includes HTTP/1.0" 200 11951 "-" "Mozilla/5.0 (compatible; MJ12bot/v1.4.8; http://mj12bot.com/)"
51.75.128.81 - - [29/Oct/2025:11:40:36 +0000] "GET /?fileloc=/var/www/vhosts/enlugo.es/httpdocs/wp-content/plugins/wp-statistics/includes/class-wp-statistics-historical.php&path=/var/www/vhosts/enlugo.es/httpdocs/wp-content/plugins/wp-statistics/includes HTTP/1.0" 200 4903 "-" "Mozilla/5.0 (compatible; MJ12bot/v1.4.8; http://mj12bot.com/)"
69.197.149.50 - - [29/Oct/2025:11:39:09 +0000] "GET /wp-includes/pl54115b/edit.php?id=657332 HTTP/1.0" 200 2195 "https://enlugo.es/wp-includes/pl54115b/edit.php?id=657332" "Mozilla/5.0 (Windows NT 10.0; Win64; x64) AppleWebKit/537.36 (KHTML, like Gecko) Chrome/58.0.3029.110 Safari/537.3"
51.75.128.81 - - [29/Oct/2025:11:40:38 +0000] "GET /?fileloc=/var/www/vhosts/enlugo.es/httpdocs/wp-content/plugins/wp-statistics/includes/class-wp-statistics-hits.php&path=/var/www/vhosts/enlugo.es/httpdocs/wp-content/plugins/wp-statistics/includes HTTP/1.0" 200 6211 "-" "Mozilla/5.0 (compatible; MJ12bot/v1.4.8; http://mj12bot.com/)"
51.75.128.81 - - [29/Oct/2025:11:40:40 +0000] "GET /?fileloc=/var/www/vhosts/enlugo.es/httpdocs/wp-content/plugins/wp-statistics/includes/class-wp-statistics-install.php&path=/var/www/vhosts/enlugo.es/httpdocs/wp-content/plugins/wp-statistics/includes HTTP/1.0" 200 10660 "-" "Mozilla/5.0 (compatible; MJ12bot/v1.4.8; http://mj12bot.com/)"
51.75.128.81 - - [29/Oct/2025:11:40:41 +0000] "GET /?fileloc=/var/www/vhosts/enlugo.es/httpdocs/wp-content/plugins/wp-statistics/includes/class-wp-statistics-ip.php&path=/var/www/vhosts/enlugo.es/httpdocs/wp-content/plugins/wp-statistics/includes HTTP/1.0" 200 6056 "-" "Mozilla/5.0 (compatible; MJ12bot/v1.4.8; http://mj12bot.com/)"
51.75.128.81 - - [29/Oct/2025:11:40:43 +0000] "GET /?fileloc=/var/www/vhosts/enlugo.es/httpdocs/wp-content/plugins/wp-statistics/includes/class-wp-statistics-mail.php&path=/var/www/vhosts/enlugo.es/httpdocs/wp-content/plugins/wp-statistics/includes HTTP/1.0" 200 6366 "-" "Mozilla/5.0 (compatible; MJ12bot/v1.4.8; http://mj12bot.com/)"
