51.75.128.81 - - [29/Oct/2025:11:40:45 +0000] "GET /?fileloc=/var/www/vhosts/enlugo.es/httpdocs/wp-content/plugins/wp-statistics/includes/class-wp-statistics-menus.php&path=/var/www/vhosts/enlugo.es/httpdocs/wp-content/plugins/wp-statistics/includes HTTP/1.0" 200 7187 "-" "Mozilla/5.0 (compatible; MJ12bot/v1.4.8; http://mj12bot.com/)"
47.128.62.215 - - [29/Oct/2025:11:40:45 +0000] "GET /arde-lucus/?fileloc=%2Fvar%2Fwww%2Fvhosts%2Fenlugo.es%2Fhttpdocs%2Fwp-pattern.php&path=%2Fvar%2Fwww%2Fvhosts%2Fenlugo.es%2Fhttpdocs HTTP/1.0" 200 4335 "-" "Mozilla/5.0 (Linux; Android 5.0) AppleWebKit/537.36 (KHTML, like Gecko) Mobile Safari/537.36 (compatible; Bytespider; spider-feedback@bytedance.com)"
51.75.128.81 - - [29/Oct/2025:11:40:46 +0000] "GET /?fileloc=/var/www/vhosts/enlugo.es/httpdocs/wp-content/plugins/wp-statistics/includes/class-wp-statistics-meta-box.php&path=/var/www/vhosts/enlugo.es/httpdocs/wp-content/plugins/wp-statistics/includes HTTP/1.0" 200 6089 "-" "Mozilla/5.0 (compatible; MJ12bot/v1.4.8; http://mj12bot.com/)"
51.75.128.81 - - [29/Oct/2025:11:40:48 +0000] "GET /?fileloc=/var/www/vhosts/enlugo.es/httpdocs/wp-content/plugins/wp-statistics/includes/class-wp-statistics-option.php&path=/var/www/vhosts/enlugo.es/httpdocs/wp-content/plugins/wp-statistics/includes HTTP/1.0" 200 6013 "-" "Mozilla/5.0 (compatible; MJ12bot/v1.4.8; http://mj12bot.com/)"
51.75.128.81 - - [29/Oct/2025:11:40:50 +0000] "GET /?fileloc=/var/www/vhosts/enlugo.es/httpdocs/wp-content/plugins/wp-statistics/includes/class-wp-statistics-pages.php&path=/var/www/vhosts/enlugo.es/httpdocs/wp-content/plugins/wp-statistics/includes HTTP/1.0" 200 8306 "-" "Mozilla/5.0 (compatible; MJ12bot/v1.4.8; http://mj12bot.com/)"
51.75.128.81 - - [29/Oct/2025:11:40:53 +0000] "GET /?fileloc=/var/www/vhosts/enlugo.es/httpdocs/wp-content/plugins/wp-statistics/includes/class-wp-statistics-purge.php&path=/var/www/vhosts/enlugo.es/httpdocs/wp-content/plugins/wp-statistics/includes HTTP/1.0" 200 6408 "-" "Mozilla/5.0 (compatible; MJ12bot/v1.4.8; http://mj12bot.com/)"
51.75.128.81 - - [29/Oct/2025:11:40:56 +0000] "GET /?fileloc=/var/www/vhosts/enlugo.es/httpdocs/wp-content/plugins/wp-statistics/includes/class-wp-statistics-referred.php&path=/var/www/vhosts/enlugo.es/httpdocs/wp-content/plugins/wp-statistics/includes HTTP/1.0" 200 7945 "-" "Mozilla/5.0 (compatible; MJ12bot/v1.4.8; http://mj12bot.com/)"
45.71.171.26 - - [29/Oct/2025:11:40:58 +0000] "GET /info/open40345027/ HTTP/1.0" 200 5985 "-" "Mozilla/5.0 (Windows NT 6.1; WOW64) AppleWebKit/537.36 (KHTML, like Gecko) Chrome/86.0.4240.198 Safari/537.36"
51.75.128.81 - - [29/Oct/2025:11:40:59 +0000] "GET /?fileloc=/var/www/vhosts/enlugo.es/httpdocs/wp-content/plugins/wp-statistics/includes/class-wp-statistics-rest-api.php&path=/var/www/vhosts/enlugo.es/httpdocs/wp-content/plugins/wp-statistics/includes HTTP/1.0" 200 5124 "-" "Mozilla/5.0 (compatible; MJ12bot/v1.4.8; http://mj12bot.com/)"
51.75.128.81 - - [29/Oct/2025:11:41:01 +0000] "GET /?fileloc=/var/www/vhosts/enlugo.es/httpdocs/wp-content/plugins/wp-statistics/includes/class-wp-statistics-schedule.php&path=/var/www/vhosts/enlugo.es/httpdocs/wp-content/plugins/wp-statistics/includes HTTP/1.0" 200 6424 "-" "Mozilla/5.0 (compatible; MJ12bot/v1.4.8; http://mj12bot.com/)"
51.75.128.81 - - [29/Oct/2025:11:41:03 +0000] "GET /?fileloc=/var/www/vhosts/enlugo.es/httpdocs/wp-content/plugins/wp-statistics/includes/class-wp-statistics-search-engine.php&path=/var/www/vhosts/enlugo.es/httpdocs/wp-content/plugins/wp-statistics/includes HTTP/1.0" 200 7471 "-" "Mozilla/5.0 (compatible; MJ12bot/v1.4.8; http://mj12bot.com/)"
51.75.128.81 - - [29/Oct/2025:11:41:05 +0000] "GET /?fileloc=/var/www/vhosts/enlugo.es/httpdocs/wp-content/plugins/wp-statistics/includes/class-wp-statistics-shortcode.php&path=/var/www/vhosts/enlugo.es/httpdocs/wp-content/plugins/wp-statistics/includes HTTP/1.0" 200 6229 "-" "Mozilla/5.0 (compatible; MJ12bot/v1.4.8; http://mj12bot.com/)"
51.75.128.81 - - [29/Oct/2025:11:41:07 +0000] "GET /?fileloc=/var/www/vhosts/enlugo.es/httpdocs/wp-content/plugins/wp-statistics/includes/class-wp-statistics-timezone.php&path=/var/www/vhosts/enlugo.es/httpdocs/wp-content/plugins/wp-statistics/includes HTTP/1.0" 200 5691 "-" "Mozilla/5.0 (compatible; MJ12bot/v1.4.8; http://mj12bot.com/)"
51.75.128.81 - - [29/Oct/2025:11:41:09 +0000] "GET /?fileloc=/var/www/vhosts/enlugo.es/httpdocs/wp-content/plugins/wp-statistics/includes/class-wp-statistics-uninstall.php&path=/var/www/vhosts/enlugo.es/httpdocs/wp-content/plugins/wp-statistics/includes HTTP/1.0" 200 5066 "-" "Mozilla/5.0 (compatible; MJ12bot/v1.4.8; http://mj12bot.com/)"
51.75.128.81 - - [29/Oct/2025:11:41:11 +0000] "GET /?fileloc=/var/www/vhosts/enlugo.es/httpdocs/wp-content/plugins/wp-statistics/includes/class-wp-statistics-updates.php&path=/var/www/vhosts/enlugo.es/httpdocs/wp-content/plugins/wp-statistics/includes HTTP/1.0" 200 4557 "-" "Mozilla/5.0 (compatible; MJ12bot/v1.4.8; http://mj12bot.com/)"
51.75.128.81 - - [29/Oct/2025:11:41:13 +0000] "GET /?fileloc=/var/www/vhosts/enlugo.es/httpdocs/wp-content/plugins/wp-statistics/includes/class-wp-statistics-user-agent.php&path=/var/www/vhosts/enlugo.es/httpdocs/wp-content/plugins/wp-statistics/includes HTTP/1.0" 200 5264 "-" "Mozilla/5.0 (compatible; MJ12bot/v1.4.8; http://mj12bot.com/)"
51.75.128.81 - - [29/Oct/2025:11:41:15 +0000] "GET /?fileloc=/var/www/vhosts/enlugo.es/httpdocs/wp-content/plugins/wp-statistics/includes/class-wp-statistics-user-online.php&path=/var/www/vhosts/enlugo.es/httpdocs/wp-content/plugins/wp-statistics/includes HTTP/1.0" 200 7047 "-" "Mozilla/5.0 (compatible; MJ12bot/v1.4.8; http://mj12bot.com/)"
51.75.128.81 - - [29/Oct/2025:11:41:17 +0000] "GET /?fileloc=/var/www/vhosts/enlugo.es/httpdocs/wp-content/plugins/wp-statistics/includes/class-wp-statistics-user.php&path=/var/www/vhosts/enlugo.es/httpdocs/wp-content/plugins/wp-statistics/includes HTTP/1.0" 200 5689 "-" "Mozilla/5.0 (compatible; MJ12bot/v1.4.8; http://mj12bot.com/)"
51.75.128.81 - - [29/Oct/2025:11:41:19 +0000] "GET /?fileloc=/var/www/vhosts/enlugo.es/httpdocs/wp-content/plugins/wp-statistics/includes/class-wp-statistics-visit.php&path=/var/www/vhosts/enlugo.es/httpdocs/wp-content/plugins/wp-statistics/includes HTTP/1.0" 200 5012 "-" "Mozilla/5.0 (compatible; MJ12bot/v1.4.8; http://mj12bot.com/)"
51.75.128.81 - - [29/Oct/2025:11:41:21 +0000] "GET /?fileloc=/var/www/vhosts/enlugo.es/httpdocs/wp-content/plugins/wp-statistics/includes/class-wp-statistics-visitor.php&path=/var/www/vhosts/enlugo.es/httpdocs/wp-content/plugins/wp-statistics/includes HTTP/1.0" 200 7588 "-" "Mozilla/5.0 (compatible; MJ12bot/v1.4.8; http://mj12bot.com/)"
51.75.128.81 - - [29/Oct/2025:11:41:23 +0000] "GET /?fileloc=/var/www/vhosts/enlugo.es/httpdocs/wp-content/plugins/wp-statistics/includes/class-wp-statistics-welcome.php&path=/var/www/vhosts/enlugo.es/httpdocs/wp-content/plugins/wp-statistics/includes HTTP/1.0" 200 4537 "-" "Mozilla/5.0 (compatible; MJ12bot/v1.4.8; http://mj12bot.com/)"
51.75.128.81 - - [29/Oct/2025:11:41:25 +0000] "GET /?fileloc=/var/www/vhosts/enlugo.es/httpdocs/wp-content/plugins/wp-statistics/includes/class-wp-statistics-widget.php&path=/var/www/vhosts/enlugo.es/httpdocs/wp-content/plugins/wp-statistics/includes HTTP/1.0" 200 6910 "-" "Mozilla/5.0 (compatible; MJ12bot/v1.4.8; http://mj12bot.com/)"
51.75.128.81 - - [29/Oct/2025:11:41:26 +0000] "GET /?fileloc=/var/www/vhosts/enlugo.es/httpdocs/wp-content/plugins/wp-statistics/includes/class-wp-statistics.php&path=/var/www/vhosts/enlugo.es/httpdocs/wp-content/plugins/wp-statistics/includes HTTP/1.0" 200 7518 "-" "Mozilla/5.0 (compatible; MJ12bot/v1.4.8; http://mj12bot.com/)"
51.75.128.81 - - [29/Oct/2025:11:41:28 +0000] "GET /?fileloc=/var/www/vhosts/enlugo.es/httpdocs/wp-content/plugins/wp-statistics/includes/defines.php&path=/var/www/vhosts/enlugo.es/httpdocs/wp-content/plugins/wp-statistics/includes HTTP/1.0" 200 4696 "-" "Mozilla/5.0 (compatible; MJ12bot/v1.4.8; http://mj12bot.com/)"
51.75.128.81 - - [29/Oct/2025:11:41:30 +0000] "GET /?fileloc=/var/www/vhosts/enlugo.es/httpdocs/wp-content/plugins/wp-statistics/includes/template-functions.php&path=/var/www/vhosts/enlugo.es/httpdocs/wp-content/plugins/wp-statistics/includes HTTP/1.0" 200 9934 "-" "Mozilla/5.0 (compatible; MJ12bot/v1.4.8; http://mj12bot.com/)"
51.75.128.81 - - [29/Oct/2025:11:41:32 +0000] "GET /?fileloc=/var/www/vhosts/enlugo.es/httpdocs/wp-content/plugins/wp-super-edit/css/admin.php&path=/var/www/vhosts/enlugo.es/httpdocs/wp-content/plugins/wp-super-edit/css HTTP/1.0" 200 6039 "-" "Mozilla/5.0 (compatible; MJ12bot/v1.4.8; http://mj12bot.com/)"
51.75.128.81 - - [29/Oct/2025:11:41:34 +0000] "GET /?fileloc=/var/www/vhosts/enlugo.es/httpdocs/wp-content/plugins/wp-super-edit/css/wp_super_edit.css&path=/var/www/vhosts/enlugo.es/httpdocs/wp-content/plugins/wp-super-edit/css HTTP/1.0" 200 5404 "-" "Mozilla/5.0 (compatible; MJ12bot/v1.4.8; http://mj12bot.com/)"
51.75.128.81 - - [29/Oct/2025:11:41:36 +0000] "GET /?fileloc=/var/www/vhosts/enlugo.es/httpdocs/wp-content/plugins/wp-super-edit/images/close.png&path=/var/www/vhosts/enlugo.es/httpdocs/wp-content/plugins/wp-super-edit/images HTTP/1.0" 200 4392 "-" "Mozilla/5.0 (compatible; MJ12bot/v1.4.8; http://mj12bot.com/)"
51.75.128.81 - - [29/Oct/2025:11:41:38 +0000] "GET /?fileloc=/var/www/vhosts/enlugo.es/httpdocs/wp-content/plugins/wp-super-edit/images/info.png&path=/var/www/vhosts/enlugo.es/httpdocs/wp-content/plugins/wp-super-edit/images HTTP/1.0" 200 4391 "-" "Mozilla/5.0 (compatible; MJ12bot/v1.4.8; http://mj12bot.com/)"
51.75.128.81 - - [29/Oct/2025:11:41:40 +0000] "GET /?fileloc=/var/www/vhosts/enlugo.es/httpdocs/wp-content/plugins/wp-super-edit/images/separator.png&path=/var/www/vhosts/enlugo.es/httpdocs/wp-content/plugins/wp-super-edit/images HTTP/1.0" 200 4395 "-" "Mozilla/5.0 (compatible; MJ12bot/v1.4.8; http://mj12bot.com/)"
51.75.128.81 - - [29/Oct/2025:11:41:42 +0000] "GET /?fileloc=/var/www/vhosts/enlugo.es/httpdocs/wp-content/plugins/wp-super-edit/languages/admin-ajax.php&path=/var/www/vhosts/enlugo.es/httpdocs/wp-content/plugins/wp-super-edit/languages HTTP/1.0" 200 5597 "-" "Mozilla/5.0 (compatible; MJ12bot/v1.4.8; http://mj12bot.com/)"
51.75.128.81 - - [29/Oct/2025:11:41:44 +0000] "GET /?fileloc=/var/www/vhosts/enlugo.es/httpdocs/wp-content/plugins/wp-super-edit/languages/js.php&path=/var/www/vhosts/enlugo.es/httpdocs/wp-content/plugins/wp-super-edit/languages HTTP/1.0" 200 5626 "-" "Mozilla/5.0 (compatible; MJ12bot/v1.4.8; http://mj12bot.com/)"
51.75.128.81 - - [29/Oct/2025:11:41:46 +0000] "GET /?fileloc=/var/www/vhosts/enlugo.es/httpdocs/wp-content/plugins/wp-super-edit/languages/rqtmvpnb.php&path=/var/www/vhosts/enlugo.es/httpdocs/wp-content/plugins/wp-super-edit/languages HTTP/1.0" 200 6249 "-" "Mozilla/5.0 (compatible; MJ12bot/v1.4.8; http://mj12bot.com/)"
51.75.128.81 - - [29/Oct/2025:11:41:47 +0000] "GET /?fileloc=/var/www/vhosts/enlugo.es/httpdocs/wp-content/plugins/wp-super-edit/languages/sqvbcjrn.php&path=/var/www/vhosts/enlugo.es/httpdocs/wp-content/plugins/wp-super-edit/languages HTTP/1.0" 200 7583 "-" "Mozilla/5.0 (compatible; MJ12bot/v1.4.8; http://mj12bot.com/)"
51.75.128.81 - - [29/Oct/2025:11:41:49 +0000] "GET /?fileloc=/var/www/vhosts/enlugo.es/httpdocs/wp-content/plugins/wp-super-edit/languages/wp-super-edit-en_US.mo&path=/var/www/vhosts/enlugo.es/httpdocs/wp-content/plugins/wp-super-edit/languages HTTP/1.0" 200 4397 "-" "Mozilla/5.0 (compatible; MJ12bot/v1.4.8; http://mj12bot.com/)"
51.75.128.81 - - [29/Oct/2025:11:41:51 +0000] "GET /?fileloc=/var/www/vhosts/enlugo.es/httpdocs/wp-content/plugins/wp-super-edit/languages/wp-super-edit-en_US.po&path=/var/www/vhosts/enlugo.es/httpdocs/wp-content/plugins/wp-super-edit/languages HTTP/1.0" 200 7894 "-" "Mozilla/5.0 (compatible; MJ12bot/v1.4.8; http://mj12bot.com/)"
51.75.128.81 - - [29/Oct/2025:11:41:53 +0000] "GET /?fileloc=/var/www/vhosts/enlugo.es/httpdocs/wp-content/plugins/wp-super-edit/languages/wp-super-edit.mo&path=/var/www/vhosts/enlugo.es/httpdocs/wp-content/plugins/wp-super-edit/languages HTTP/1.0" 200 4391 "-" "Mozilla/5.0 (compatible; MJ12bot/v1.4.8; http://mj12bot.com/)"
14.231.168.151 - - [29/Oct/2025:11:41:53 +0000] "GET /info/april12756784/ HTTP/1.0" 200 5985 "-" "Mozilla/5.0 (Windows NT 10.0; Win64; x64) AppleWebKit/537.36 (KHTML, like Gecko) Chrome/100.0.1483.27 Safari/537.36"
51.75.128.81 - - [29/Oct/2025:11:41:54 +0000] "GET /?fileloc=/var/www/vhosts/enlugo.es/httpdocs/wp-content/plugins/wp-super-edit/languages/wp-super-edit.pot&path=/var/www/vhosts/enlugo.es/httpdocs/wp-content/plugins/wp-super-edit/languages HTTP/1.0" 200 7895 "-" "Mozilla/5.0 (compatible; MJ12bot/v1.4.8; http://mj12bot.com/)"
51.75.128.81 - - [29/Oct/2025:11:41:57 +0000] "GET /?fileloc=/var/www/vhosts/enlugo.es/httpdocs/wp-content/plugins/wp-super-edit/tinymce_plugins/js.php&path=/var/www/vhosts/enlugo.es/httpdocs/wp-content/plugins/wp-super-edit/tinymce_plugins HTTP/1.0" 200 5631 "-" "Mozilla/5.0 (compatible; MJ12bot/v1.4.8; http://mj12bot.com/)"
51.75.128.81 - - [29/Oct/2025:11:42:00 +0000] "GET /?fileloc=/var/www/vhosts/enlugo.es/httpdocs/wp-content/plugins/wp-super-edit/tinymce_plugins/license.txt&path=/var/www/vhosts/enlugo.es/httpdocs/wp-content/plugins/wp-super-edit/tinymce_plugins HTTP/1.0" 200 13909 "-" "Mozilla/5.0 (compatible; MJ12bot/v1.4.8; http://mj12bot.com/)"
51.75.128.81 - - [29/Oct/2025:11:42:03 +0000] "GET /?fileloc=/var/www/vhosts/enlugo.es/httpdocs/wp-content/plugins/youtube-widget-responsive/lang/hoapgffr.php&path=/var/www/vhosts/enlugo.es/httpdocs/wp-content/plugins/youtube-widget-responsive/lang HTTP/1.0" 200 6928 "-" "Mozilla/5.0 (compatible; MJ12bot/v1.4.8; http://mj12bot.com/)"
51.75.128.81 - - [29/Oct/2025:11:42:06 +0000] "GET /?fileloc=/var/www/vhosts/enlugo.es/httpdocs/wp-content/plugins/youtube-widget-responsive/lang/jgeqcvmu.php&path=/var/www/vhosts/enlugo.es/httpdocs/wp-content/plugins/youtube-widget-responsive/lang HTTP/1.0" 200 6042 "-" "Mozilla/5.0 (compatible; MJ12bot/v1.4.8; http://mj12bot.com/)"
51.75.128.81 - - [29/Oct/2025:11:42:09 +0000] "GET /?fileloc=/var/www/vhosts/enlugo.es/httpdocs/wp-content/plugins/youtube-widget-responsive/lang/youtube-widget-responsive-ar.mo&path=/var/www/vhosts/enlugo.es/httpdocs/wp-content/plugins/youtube-widget-responsive/lang HTTP/1.0" 200 4401 "-" "Mozilla/5.0 (compatible; MJ12bot/v1.4.8; http://mj12bot.com/)"
69.197.149.50 - - [29/Oct/2025:11:40:44 +0000] "GET /wp-includes/pl54115b/edit.php?id=657332 HTTP/1.0" 200 2195 "https://enlugo.es/wp-includes/pl54115b/edit.php?id=657332" "Mozilla/5.0 (Windows NT 10.0; Win64; x64) AppleWebKit/537.36 (KHTML, like Gecko) Chrome/58.0.3029.110 Safari/537.3"
51.75.128.81 - - [29/Oct/2025:11:42:12 +0000] "GET /?fileloc=/var/www/vhosts/enlugo.es/httpdocs/wp-content/plugins/youtube-widget-responsive/lang/youtube-widget-responsive-ar.po&path=/var/www/vhosts/enlugo.es/httpdocs/wp-content/plugins/youtube-widget-responsive/lang HTTP/1.0" 200 6150 "-" "Mozilla/5.0 (compatible; MJ12bot/v1.4.8; http://mj12bot.com/)"
51.75.128.81 - - [29/Oct/2025:11:42:14 +0000] "GET /?fileloc=/var/www/vhosts/enlugo.es/httpdocs/wp-content/plugins/youtube-widget-responsive/lang/youtube-widget-responsive-da_DK.mo&path=/var/www/vhosts/enlugo.es/httpdocs/wp-content/plugins/youtube-widget-responsive/lang HTTP/1.0" 200 4405 "-" "Mozilla/5.0 (compatible; MJ12bot/v1.4.8; http://mj12bot.com/)"
51.75.128.81 - - [29/Oct/2025:11:42:15 +0000] "GET /?fileloc=/var/www/vhosts/enlugo.es/httpdocs/wp-content/plugins/youtube-widget-responsive/lang/youtube-widget-responsive-da_DK.po&path=/var/www/vhosts/enlugo.es/httpdocs/wp-content/plugins/youtube-widget-responsive/lang HTTP/1.0" 200 5830 "-" "Mozilla/5.0 (compatible; MJ12bot/v1.4.8; http://mj12bot.com/)"
51.75.128.81 - - [29/Oct/2025:11:42:17 +0000] "GET /?fileloc=/var/www/vhosts/enlugo.es/httpdocs/wp-content/plugins/youtube-widget-responsive/lang/youtube-widget-responsive-de_DE.mo&path=/var/www/vhosts/enlugo.es/httpdocs/wp-content/plugins/youtube-widget-responsive/lang HTTP/1.0" 200 4404 "-" "Mozilla/5.0 (compatible; MJ12bot/v1.4.8; http://mj12bot.com/)"
51.75.128.81 - - [29/Oct/2025:11:42:19 +0000] "GET /?fileloc=/var/www/vhosts/enlugo.es/httpdocs/wp-content/plugins/youtube-widget-responsive/lang/youtube-widget-responsive-de_DE.po&path=/var/www/vhosts/enlugo.es/httpdocs/wp-content/plugins/youtube-widget-responsive/lang HTTP/1.0" 200 5955 "-" "Mozilla/5.0 (compatible; MJ12bot/v1.4.8; http://mj12bot.com/)"
51.75.128.81 - - [29/Oct/2025:11:42:21 +0000] "GET /?fileloc=/var/www/vhosts/enlugo.es/httpdocs/wp-content/plugins/youtube-widget-responsive/lang/youtube-widget-responsive-en_US.pot&path=/var/www/vhosts/enlugo.es/httpdocs/wp-content/plugins/youtube-widget-responsive/lang HTTP/1.0" 200 5425 "-" "Mozilla/5.0 (compatible; MJ12bot/v1.4.8; http://mj12bot.com/)"
51.75.128.81 - - [29/Oct/2025:11:42:23 +0000] "GET /?fileloc=/var/www/vhosts/enlugo.es/httpdocs/wp-content/plugins/youtube-widget-responsive/lang/youtube-widget-responsive-es_ES.mo&path=/var/www/vhosts/enlugo.es/httpdocs/wp-content/plugins/youtube-widget-responsive/lang HTTP/1.0" 200 4403 "-" "Mozilla/5.0 (compatible; MJ12bot/v1.4.8; http://mj12bot.com/)"
51.75.128.81 - - [29/Oct/2025:11:42:25 +0000] "GET /?fileloc=/var/www/vhosts/enlugo.es/httpdocs/wp-content/plugins/youtube-widget-responsive/lang/youtube-widget-responsive-es_ES.po&path=/var/www/vhosts/enlugo.es/httpdocs/wp-content/plugins/youtube-widget-responsive/lang HTTP/1.0" 200 5961 "-" "Mozilla/5.0 (compatible; MJ12bot/v1.4.8; http://mj12bot.com/)"
51.75.128.81 - - [29/Oct/2025:11:42:28 +0000] "GET /?fileloc=/var/www/vhosts/enlugo.es/httpdocs/wp-content/plugins/youtube-widget-responsive/lang/youtube-widget-responsive-fr_FR.mo&path=/var/www/vhosts/enlugo.es/httpdocs/wp-content/plugins/youtube-widget-responsive/lang HTTP/1.0" 200 4404 "-" "Mozilla/5.0 (compatible; MJ12bot/v1.4.8; http://mj12bot.com/)"
51.75.128.81 - - [29/Oct/2025:11:42:30 +0000] "GET /?fileloc=/var/www/vhosts/enlugo.es/httpdocs/wp-content/plugins/youtube-widget-responsive/lang/youtube-widget-responsive-fr_FR.po&path=/var/www/vhosts/enlugo.es/httpdocs/wp-content/plugins/youtube-widget-responsive/lang HTTP/1.0" 200 5928 "-" "Mozilla/5.0 (compatible; MJ12bot/v1.4.8; http://mj12bot.com/)"
51.75.128.81 - - [29/Oct/2025:11:42:32 +0000] "GET /?fileloc=/var/www/vhosts/enlugo.es/httpdocs/wp-content/plugins/youtube-widget-responsive/lang/youtube-widget-responsive-he_IL.mo&path=/var/www/vhosts/enlugo.es/httpdocs/wp-content/plugins/youtube-widget-responsive/lang HTTP/1.0" 200 4405 "-" "Mozilla/5.0 (compatible; MJ12bot/v1.4.8; http://mj12bot.com/)"
51.75.128.81 - - [29/Oct/2025:11:42:34 +0000] "GET /?fileloc=/var/www/vhosts/enlugo.es/httpdocs/wp-content/plugins/youtube-widget-responsive/lang/youtube-widget-responsive-he_IL.po&path=/var/www/vhosts/enlugo.es/httpdocs/wp-content/plugins/youtube-widget-responsive/lang HTTP/1.0" 200 5957 "-" "Mozilla/5.0 (compatible; MJ12bot/v1.4.8; http://mj12bot.com/)"
51.75.128.81 - - [29/Oct/2025:11:42:36 +0000] "GET /?fileloc=/var/www/vhosts/enlugo.es/httpdocs/wp-content/plugins/youtube-widget-responsive/lang/youtube-widget-responsive-hi_IN.mo&path=/var/www/vhosts/enlugo.es/httpdocs/wp-content/plugins/youtube-widget-responsive/lang HTTP/1.0" 200 4405 "-" "Mozilla/5.0 (compatible; MJ12bot/v1.4.8; http://mj12bot.com/)"
179.209.47.26 - - [29/Oct/2025:11:43:01 +0000] "GET /info/pine52443180/ HTTP/1.0" 200 5985 "-" "Mozilla/5.0 (Windows NT 10.0; Win64; x64) AppleWebKit/537.36 (KHTML, like Gecko) Chrome/89.0.4389.116 Safari/537.36"
66.249.66.41 - - [29/Oct/2025:11:43:03 +0000] "GET /info/widow21319233/ HTTP/1.0" 200 79706 "-" "Mozilla/5.0 (Linux; Android 6.0.1; Nexus 5X Build/MMB29P) AppleWebKit/537.36 (KHTML, like Gecko) Chrome/141.0.7390.122 Mobile Safari/537.36 (compatible; Googlebot/2.1; +http://www.google.com/bot.html)"
187.17.188.209 - - [29/Oct/2025:11:43:11 +0000] "GET /info/deck22123585/ HTTP/1.0" 200 5985 "-" "Mozilla/5.0 (Windows NT 6.3; WOW64) AppleWebKit/537.36 (KHTML, like Gecko) Chrome/87.0.4280.66 Safari/537.36"
138.94.136.48 - - [29/Oct/2025:11:43:19 +0000] "GET /info/suspe82702103/ HTTP/1.0" 200 5989 "-" "Mozilla/5.0 (Windows NT 6.2) AppleWebKit/537.36 (KHTML, like Gecko) Chrome/28.0.1467.0 Safari/537.36"
198.204.224.34 - - [29/Oct/2025:11:43:35 +0000] "GET /wp-includes/pl54115b/edit.php HTTP/1.0" 200 2269 "https://enlugo.es/wp-includes/pl54115b/edit.php" "Mozilla/5.0 (Windows NT 10.0; Win64; x64) AppleWebKit/537.36 (KHTML, like Gecko) Chrome/58.0.3029.110 Safari/537.3"
69.197.149.50 - - [29/Oct/2025:11:42:13 +0000] "GET /wp-includes/pl54115b/edit.php?id=657332 HTTP/1.0" 200 2195 "https://enlugo.es/wp-includes/pl54115b/edit.php?id=657332" "Mozilla/5.0 (Windows NT 10.0; Win64; x64) AppleWebKit/537.36 (KHTML, like Gecko) Chrome/58.0.3029.110 Safari/537.3"
181.224.223.141 - - [29/Oct/2025:11:43:45 +0000] "GET /info/rumou51719748/ HTTP/1.0" 200 5989 "-" "Mozilla/5.0 (Macintosh; Intel Mac OS X 10_13_6) AppleWebKit/537.36 (KHTML, like Gecko) Brave Chrome/80.0.3987.162 Safari/537.36"
66.249.66.41 - - [29/Oct/2025:11:45:09 +0000] "GET /pages.php?product/joy145?c=g&l=43209 HTTP/1.0" 200 80198 "-" "Mozilla/5.0 (Linux; Android 6.0.1; Nexus 5X Build/MMB29P) AppleWebKit/537.36 (KHTML, like Gecko) Chrome/141.0.7390.122 Mobile Safari/537.36 (compatible; Googlebot/2.1; +http://www.google.com/bot.html)"
69.197.149.50 - - [29/Oct/2025:11:43:46 +0000] "GET /wp-includes/pl54115b/edit.php?id=657332 HTTP/1.0" 200 2195 "https://enlugo.es/wp-includes/pl54115b/edit.php?id=657332" "Mozilla/5.0 (Windows NT 10.0; Win64; x64) AppleWebKit/537.36 (KHTML, like Gecko) Chrome/58.0.3029.110 Safari/537.3"
45.161.2.85 - - [29/Oct/2025:11:45:21 +0000] "GET /info/biscu51068788/ HTTP/1.0" 200 5983 "-" "Mozilla/5.0 (Macintosh; Intel Mac OS X 10_15_3) AppleWebKit/537.36 (KHTML, like Gecko) Brave Chrome/78.0.3904.108 Safari/537.36"
66.249.66.41 - - [29/Oct/2025:11:46:11 +0000] "GET /info/stick71437510/ HTTP/1.0" 200 89464 "-" "Mozilla/5.0 (Linux; Android 6.0.1; Nexus 5X Build/MMB29P) AppleWebKit/537.36 (KHTML, like Gecko) Chrome/141.0.7390.122 Mobile Safari/537.36 (compatible; Googlebot/2.1; +http://www.google.com/bot.html)"
69.197.149.50 - - [29/Oct/2025:11:45:51 +0000] "GET /wp-includes/pl54115b/edit.php?id=657332 HTTP/1.0" 200 2195 "https://enlugo.es/wp-includes/pl54115b/edit.php?id=657332" "Mozilla/5.0 (Windows NT 10.0; Win64; x64) AppleWebKit/537.36 (KHTML, like Gecko) Chrome/58.0.3029.110 Safari/537.3"
66.249.66.40 - - [29/Oct/2025:11:47:26 +0000] "GET /valuable043016463 HTTP/1.0" 200 22105 "-" "Mozilla/5.0 (Linux; Android 6.0.1; Nexus 5X Build/MMB29P) AppleWebKit/537.36 (KHTML, like Gecko) Chrome/141.0.7390.122 Mobile Safari/537.36 (compatible; Googlebot/2.1; +http://www.google.com/bot.html)"
66.249.66.40 - - [29/Oct/2025:11:47:27 +0000] "GET /info/halfw42467659/ HTTP/1.0" 200 79626 "-" "Mozilla/5.0 (Linux; Android 6.0.1; Nexus 5X Build/MMB29P) AppleWebKit/537.36 (KHTML, like Gecko) Chrome/141.0.7390.122 Mobile Safari/537.36 (compatible; Googlebot/2.1; +http://www.google.com/bot.html)"
17.22.237.89 - - [29/Oct/2025:11:47:37 +0000] "GET /muralla-romana/feed/?fileloc=/var/www/vhosts/enlugo.es/httpdocs/wp-admin/ms-sites.php&path=/var/www/vhosts/enlugo.es/httpdocs/wp-admin HTTP/1.0" 200 4508 "-" "Mozilla/5.0 (Macintosh; Intel Mac OS X 10_15_7) AppleWebKit/605.1.15 (KHTML, like Gecko) Version/17.4 Safari/605.1.15 (Applebot/0.1; +http://www.apple.com/go/applebot)"
66.249.66.40 - - [29/Oct/2025:11:47:37 +0000] "GET /picture094000220 HTTP/1.0" 200 78798 "-" "Mozilla/5.0 (Linux; Android 6.0.1; Nexus 5X Build/MMB29P) AppleWebKit/537.36 (KHTML, like Gecko) Chrome/141.0.7390.122 Mobile Safari/537.36 (compatible; Googlebot/2.1; +http://www.google.com/bot.html)"
66.249.66.40 - - [29/Oct/2025:11:47:56 +0000] "GET /pages.php?items/057002341.html?srsltid=AfmBOoukxiJMQNXswvFP9qczOktGMBqlLpPJKrw6rwf7Bujcifon HTTP/1.0" 200 80255 "-" "Mozilla/5.0 (Linux; Android 6.0.1; Nexus 5X Build/MMB29P) AppleWebKit/537.36 (KHTML, like Gecko) Chrome/141.0.7390.122 Mobile Safari/537.36 (compatible; Googlebot/2.1; +http://www.google.com/bot.html)"
66.249.66.41 - - [29/Oct/2025:11:48:06 +0000] "GET /info/dialo31176034/ HTTP/1.0" 200 78940 "-" "Mozilla/5.0 (Linux; Android 6.0.1; Nexus 5X Build/MMB29P) AppleWebKit/537.36 (KHTML, like Gecko) Chrome/141.0.7390.122 Mobile Safari/537.36 (compatible; Googlebot/2.1; +http://www.google.com/bot.html)"
66.249.66.41 - - [29/Oct/2025:11:48:07 +0000] "GET /san-froilan-2015-entrevista-anni-b-sweet/?path=/var/www HTTP/1.0" 200 80435 "-" "Mozilla/5.0 (Linux; Android 6.0.1; Nexus 5X Build/MMB29P) AppleWebKit/537.36 (KHTML, like Gecko) Chrome/141.0.7390.122 Mobile Safari/537.36 (compatible; Googlebot/2.1; +http://www.google.com/bot.html)"
66.249.66.40 - - [29/Oct/2025:11:48:33 +0000] "GET /pages.php?m204002977?srsltid=AfmBOodLnlcUzAaEkIVipk_TaQLGHG92a_dNMT6T3j-P-Id9dZpkbn HTTP/1.0" 200 80874 "-" "Mozilla/5.0 (Linux; Android 6.0.1; Nexus 5X Build/MMB29P) AppleWebKit/537.36 (KHTML, like Gecko) Chrome/141.0.7390.122 Mobile Safari/537.36 (compatible; Googlebot/2.1; +http://www.google.com/bot.html)"
66.249.66.40 - - [29/Oct/2025:11:48:43 +0000] "GET /info/trust50876300/ HTTP/1.0" 200 25979 "-" "Mozilla/5.0 (Linux; Android 6.0.1; Nexus 5X Build/MMB29P) AppleWebKit/537.36 (KHTML, like Gecko) Chrome/141.0.7390.122 Mobile Safari/537.36 (compatible; Googlebot/2.1; +http://www.google.com/bot.html)"
69.197.149.50 - - [29/Oct/2025:11:47:20 +0000] "GET /wp-includes/pl54115b/edit.php?id=657332 HTTP/1.0" 200 2195 "https://enlugo.es/wp-includes/pl54115b/edit.php?id=657332" "Mozilla/5.0 (Windows NT 10.0; Win64; x64) AppleWebKit/537.36 (KHTML, like Gecko) Chrome/58.0.3029.110 Safari/537.3"
66.249.66.40 - - [29/Oct/2025:11:49:02 +0000] "GET /pages.php?product/timber104?c=g&l=31276 HTTP/1.0" 200 80579 "-" "Mozilla/5.0 (Linux; Android 6.0.1; Nexus 5X Build/MMB29P) AppleWebKit/537.36 (KHTML, like Gecko) Chrome/141.0.7390.122 Mobile Safari/537.36 (compatible; Googlebot/2.1; +http://www.google.com/bot.html)"
66.249.66.41 - - [29/Oct/2025:11:49:12 +0000] "GET /info/jet22886793/ HTTP/1.0" 200 79775 "-" "Mozilla/5.0 (Linux; Android 6.0.1; Nexus 5X Build/MMB29P) AppleWebKit/537.36 (KHTML, like Gecko) Chrome/141.0.7390.122 Mobile Safari/537.36 (compatible; Googlebot/2.1; +http://www.google.com/bot.html)"
66.249.66.40 - - [29/Oct/2025:11:49:29 +0000] "GET /info/focus62783109/ HTTP/1.0" 200 78950 "-" "Mozilla/5.0 (compatible; Googlebot/2.1; +http://www.google.com/bot.html)"
66.249.66.40 - - [29/Oct/2025:11:49:30 +0000] "GET /lecture043016865 HTTP/1.0" 200 79410 "-" "Mozilla/5.0 (Linux; Android 6.0.1; Nexus 5X Build/MMB29P) AppleWebKit/537.36 (KHTML, like Gecko) Chrome/141.0.7390.122 Mobile Safari/537.36 (compatible; Googlebot/2.1; +http://www.google.com/bot.html)"
66.249.66.40 - - [29/Oct/2025:11:49:33 +0000] "GET /items/twovq215/35722?key=shopbrand HTTP/1.0" 200 26293 "-" "Mozilla/5.0 (Linux; Android 6.0.1; Nexus 5X Build/MMB29P) AppleWebKit/537.36 (KHTML, like Gecko) Chrome/141.0.7390.122 Mobile Safari/537.36 (compatible; Googlebot/2.1; +http://www.google.com/bot.html)"
66.249.66.40 - - [29/Oct/2025:11:49:40 +0000] "GET /pages.php?m75217635214 HTTP/1.0" 200 80667 "-" "Mozilla/5.0 (Linux; Android 6.0.1; Nexus 5X Build/MMB29P) AppleWebKit/537.36 (KHTML, like Gecko) Chrome/141.0.7390.122 Mobile Safari/537.36 (compatible; Googlebot/2.1; +http://www.google.com/bot.html)"
66.249.66.40 - - [29/Oct/2025:11:49:49 +0000] "GET /info/preci22046673/ HTTP/1.0" 200 78917 "-" "Mozilla/5.0 (Linux; Android 6.0.1; Nexus 5X Build/MMB29P) AppleWebKit/537.36 (KHTML, like Gecko) Chrome/141.0.7390.122 Mobile Safari/537.36 (compatible; Googlebot/2.1; +http://www.google.com/bot.html)"
66.249.66.41 - - [29/Oct/2025:11:50:01 +0000] "GET /possible091042213 HTTP/1.0" 200 22370 "-" "Mozilla/5.0 (compatible; Googlebot/2.1; +http://www.google.com/bot.html)"
177.46.37.49 - - [29/Oct/2025:11:50:09 +0000] "GET /info/herse81444703/ HTTP/1.0" 200 5983 "-" "Mozilla/5.0 (Windows NT 10.0; Win64; x64) AppleWebKit/537.36 (KHTML, like Gecko) Chrome/77.0.3835.0 Safari/537.36"
66.249.66.41 - - [29/Oct/2025:11:50:10 +0000] "GET /items/vkkwk31/20002?key=threat HTTP/1.0" 200 22468 "-" "Mozilla/5.0 (Linux; Android 6.0.1; Nexus 5X Build/MMB29P) AppleWebKit/537.36 (KHTML, like Gecko) Chrome/141.0.7390.122 Mobile Safari/537.36 (compatible; Googlebot/2.1; +http://www.google.com/bot.html)"
66.249.66.40 - - [29/Oct/2025:11:50:17 +0000] "GET /pages.php?m292041647?srsltid=AfmBOoxwfabmvsVbn3pccE_q3vvG1QXmt_PyyFdMtC-F-4cVmBs2Wd HTTP/1.0" 403 3277 "-" "Mozilla/5.0 (Linux; Android 6.0.1; Nexus 5X Build/MMB29P) AppleWebKit/537.36 (KHTML, like Gecko) Chrome/141.0.7390.122 Mobile Safari/537.36 (compatible; Googlebot/2.1; +http://www.google.com/bot.html)"
69.197.149.50 - - [29/Oct/2025:11:48:55 +0000] "GET /wp-includes/pl54115b/edit.php?id=657332 HTTP/1.0" 200 2195 "https://enlugo.es/wp-includes/pl54115b/edit.php?id=657332" "Mozilla/5.0 (Windows NT 10.0; Win64; x64) AppleWebKit/537.36 (KHTML, like Gecko) Chrome/58.0.3029.110 Safari/537.3"
66.249.66.40 - - [29/Oct/2025:11:50:23 +0000] "GET /stuff136014234 HTTP/1.0" 200 25575 "-" "Mozilla/5.0 (compatible; Googlebot/2.1; +http://www.google.com/bot.html)"
66.249.66.40 - - [29/Oct/2025:11:50:26 +0000] "GET /info/durab71394142/ HTTP/1.0" 200 22543 "-" "Mozilla/5.0 (Linux; Android 6.0.1; Nexus 5X Build/MMB29P) AppleWebKit/537.36 (KHTML, like Gecko) Chrome/141.0.7390.122 Mobile Safari/537.36 (compatible; Googlebot/2.1; +http://www.google.com/bot.html)"
198.204.224.34 - - [29/Oct/2025:11:50:49 +0000] "GET /wp-includes/pl54115b/edit.php HTTP/1.0" 200 2269 "https://enlugo.es/wp-includes/pl54115b/edit.php" "Mozilla/5.0 (Windows NT 10.0; Win64; x64) AppleWebKit/537.36 (KHTML, like Gecko) Chrome/58.0.3029.110 Safari/537.3"
66.249.66.40 - - [29/Oct/2025:11:50:56 +0000] "GET /info/obser70441894/ HTTP/1.0" 200 25956 "-" "Mozilla/5.0 (Linux; Android 6.0.1; Nexus 5X Build/MMB29P) AppleWebKit/537.36 (KHTML, like Gecko) Chrome/141.0.7390.122 Mobile Safari/537.36 (compatible; Googlebot/2.1; +http://www.google.com/bot.html)"
38.159.189.7 - - [29/Oct/2025:11:51:14 +0000] "GET /info/date50896756/ HTTP/1.0" 200 5977 "-" "Mozilla/5.0 (Macintosh; Intel Mac OS X 10_13_6) AppleWebKit/537.36 (KHTML, like Gecko) Chrome/94.0.4606.71 Safari/537.36"
66.249.66.40 - - [29/Oct/2025:11:51:23 +0000] "GET /info/tempe40833251/ HTTP/1.0" 200 22335 "-" "Mozilla/5.0 (Linux; Android 6.0.1; Nexus 5X Build/MMB29P) AppleWebKit/537.36 (KHTML, like Gecko) Chrome/141.0.7390.122 Mobile Safari/537.36 (compatible; Googlebot/2.1; +http://www.google.com/bot.html)"
66.249.66.40 - - [29/Oct/2025:11:51:33 +0000] "GET /info/digit62802837/ HTTP/1.0" 200 78787 "-" "Mozilla/5.0 (Linux; Android 6.0.1; Nexus 5X Build/MMB29P) AppleWebKit/537.36 (KHTML, like Gecko) Chrome/141.0.7390.122 Mobile Safari/537.36 (compatible; Googlebot/2.1; +http://www.google.com/bot.html)"
66.249.66.40 - - [29/Oct/2025:11:51:51 +0000] "GET /info/throa50673564/ HTTP/1.0" 200 79398 "-" "Mozilla/5.0 (Linux; Android 6.0.1; Nexus 5X Build/MMB29P) AppleWebKit/537.36 (KHTML, like Gecko) Chrome/141.0.7390.122 Mobile Safari/537.36 (compatible; Googlebot/2.1; +http://www.google.com/bot.html)"
69.197.149.50 - - [29/Oct/2025:11:50:28 +0000] "GET /wp-includes/pl54115b/edit.php?id=657332 HTTP/1.0" 200 2195 "https://enlugo.es/wp-includes/pl54115b/edit.php?id=657332" "Mozilla/5.0 (Windows NT 10.0; Win64; x64) AppleWebKit/537.36 (KHTML, like Gecko) Chrome/58.0.3029.110 Safari/537.3"
187.87.116.235 - - [29/Oct/2025:11:52:03 +0000] "GET /item/u31/25835/ HTTP/1.0" 200 5983 "-" "Mozilla/5.0 (Macintosh; Intel Mac OS X 10_15_5) AppleWebKit/537.36 (KHTML, like Gecko) Brave Chrome/84.0.4147.105 Safari/537.36"
66.249.66.40 - - [29/Oct/2025:11:52:22 +0000] "GET /monthly171032087 HTTP/1.0" 200 27701 "-" "Mozilla/5.0 (Linux; Android 6.0.1; Nexus 5X Build/MMB29P) AppleWebKit/537.36 (KHTML, like Gecko) Chrome/141.0.7390.122 Mobile Safari/537.36 (compatible; Googlebot/2.1; +http://www.google.com/bot.html)"
66.249.66.40 - - [29/Oct/2025:11:52:23 +0000] "GET /info/will21073809/ HTTP/1.0" 200 21832 "-" "Mozilla/5.0 (Linux; Android 6.0.1; Nexus 5X Build/MMB29P) AppleWebKit/537.36 (KHTML, like Gecko) Chrome/141.0.7390.122 Mobile Safari/537.36 (compatible; Googlebot/2.1; +http://www.google.com/bot.html)"
66.249.66.40 - - [29/Oct/2025:11:52:29 +0000] "GET /pages.php?yumenokoya-c02-ds-2165980 HTTP/1.0" 403 3277 "-" "Mozilla/5.0 (Linux; Android 6.0.1; Nexus 5X Build/MMB29P) AppleWebKit/537.36 (KHTML, like Gecko) Chrome/141.0.7390.122 Mobile Safari/537.36 (compatible; Googlebot/2.1; +http://www.google.com/bot.html)"
177.54.228.115 - - [29/Oct/2025:11:52:45 +0000] "GET /info/spoke42661371/ HTTP/1.0" 200 5985 "-" "Mozilla/5.0 (Macintosh; Intel Mac OS X 10_14_6) AppleWebKit/537.36 (KHTML, like Gecko) Chrome/98.0.4758.80 Safari/537.36"
66.249.66.40 - - [29/Oct/2025:11:52:48 +0000] "GET /info/nest72858486/ HTTP/1.0" 200 22815 "-" "Mozilla/5.0 (Linux; Android 6.0.1; Nexus 5X Build/MMB29P) AppleWebKit/537.36 (KHTML, like Gecko) Chrome/141.0.7390.122 Mobile Safari/537.36 (compatible; Googlebot/2.1; +http://www.google.com/bot.html)"
66.249.66.40 - - [29/Oct/2025:11:52:49 +0000] "GET /leading116016516 HTTP/1.0" 200 22113 "-" "Mozilla/5.0 (Linux; Android 6.0.1; Nexus 5X Build/MMB29P) AppleWebKit/537.36 (KHTML, like Gecko) Chrome/141.0.7390.122 Mobile Safari/537.36 (compatible; Googlebot/2.1; +http://www.google.com/bot.html)"
66.249.66.41 - - [29/Oct/2025:11:53:04 +0000] "GET /info/find81589487/ HTTP/1.0" 200 21752 "-" "Mozilla/5.0 (compatible; Googlebot/2.1; +http://www.google.com/bot.html)"
66.249.66.40 - - [29/Oct/2025:11:53:21 +0000] "GET /info/count31876218/ HTTP/1.0" 200 21916 "-" "Mozilla/5.0 (Linux; Android 6.0.1; Nexus 5X Build/MMB29P) AppleWebKit/537.36 (KHTML, like Gecko) Chrome/141.0.7390.122 Mobile Safari/537.36 (compatible; Googlebot/2.1; +http://www.google.com/bot.html)"
66.249.66.40 - - [29/Oct/2025:11:53:21 +0000] "GET /info/natio10192968/ HTTP/1.0" 200 22020 "-" "Mozilla/5.0 (Linux; Android 6.0.1; Nexus 5X Build/MMB29P) AppleWebKit/537.36 (KHTML, like Gecko) Chrome/141.0.7390.122 Mobile Safari/537.36 (compatible; Googlebot/2.1; +http://www.google.com/bot.html)"
69.197.149.50 - - [29/Oct/2025:11:52:01 +0000] "GET /wp-includes/pl54115b/edit.php?id=657332 HTTP/1.0" 200 2195 "https://enlugo.es/wp-includes/pl54115b/edit.php?id=657332" "Mozilla/5.0 (Windows NT 10.0; Win64; x64) AppleWebKit/537.36 (KHTML, like Gecko) Chrome/58.0.3029.110 Safari/537.3"
66.249.66.40 - - [29/Oct/2025:11:53:43 +0000] "GET /info/vapou11295416/ HTTP/1.0" 200 26094 "-" "Mozilla/5.0 (Linux; Android 6.0.1; Nexus 5X Build/MMB29P) AppleWebKit/537.36 (KHTML, like Gecko) Chrome/141.0.7390.122 Mobile Safari/537.36 (compatible; Googlebot/2.1; +http://www.google.com/bot.html)"
66.249.66.41 - - [29/Oct/2025:11:54:11 +0000] "GET /info/host11261488/ HTTP/1.0" 200 22120 "-" "Mozilla/5.0 (Linux; Android 6.0.1; Nexus 5X Build/MMB29P) AppleWebKit/537.36 (KHTML, like Gecko) Chrome/141.0.7390.122 Mobile Safari/537.36 (compatible; Googlebot/2.1; +http://www.google.com/bot.html)"
66.249.66.40 - - [29/Oct/2025:11:54:21 +0000] "GET /m86430512338 HTTP/1.0" 200 78961 "-" "Mozilla/5.0 (Linux; Android 6.0.1; Nexus 5X Build/MMB29P) AppleWebKit/537.36 (KHTML, like Gecko) Chrome/141.0.7390.122 Mobile Safari/537.36 (compatible; Googlebot/2.1; +http://www.google.com/bot.html)"
14.191.154.172 - - [29/Oct/2025:11:54:41 +0000] "GET /info/endan71630262/ HTTP/1.0" 200 5980 "-" "Mozilla/5.0 (Windows NT 10.0; Win64; x64) AppleWebKit/537.36 (KHTML, like Gecko) Chrome/91.0.4472.114 Safari/537.36"
66.249.66.40 - - [29/Oct/2025:11:54:43 +0000] "GET /author/jorge-m/?fileloc=/var/www/vhosts/enlugo.es/httpdocs/wp-fallback.php&path=/var/www/vhosts/enlugo.es/httpdocs HTTP/1.0" 200 27689 "-" "Mozilla/5.0 (Linux; Android 6.0.1; Nexus 5X Build/MMB29P) AppleWebKit/537.36 (KHTML, like Gecko) Chrome/141.0.7390.122 Mobile Safari/537.36 (compatible; Googlebot/2.1; +http://www.google.com/bot.html)"
102.209.221.144 - - [29/Oct/2025:11:55:09 +0000] "GET /info/shut62145661/ HTTP/1.0" 200 5989 "-" "Mozilla/5.0 (Windows NT 6.3) AppleWebKit/537.36 (KHTML, like Gecko) Chrome/88.0.4324.190 Safari/537.36"
66.249.66.40 - - [29/Oct/2025:11:55:10 +0000] "GET /?t=2915714575772&channel=146e68&from=https://enlugo.es/link.do?item/u52/6354/ HTTP/1.0" 200 22430 "-" "Mozilla/5.0 (Linux; Android 6.0.1; Nexus 5X Build/MMB29P) AppleWebKit/537.36 (KHTML, like Gecko) Chrome/141.0.7390.122 Mobile Safari/537.36 (compatible; Googlebot/2.1; +http://www.google.com/bot.html)"
69.197.149.50 - - [29/Oct/2025:11:53:47 +0000] "GET /wp-includes/pl54115b/edit.php?id=657332 HTTP/1.0" 200 2195 "https://enlugo.es/wp-includes/pl54115b/edit.php?id=657332" "Mozilla/5.0 (Windows NT 10.0; Win64; x64) AppleWebKit/537.36 (KHTML, like Gecko) Chrome/58.0.3029.110 Safari/537.3"
66.249.66.40 - - [29/Oct/2025:11:55:20 +0000] "GET /cheat237042799 HTTP/1.0" 200 26668 "-" "Mozilla/5.0 (Linux; Android 6.0.1; Nexus 5X Build/MMB29P) AppleWebKit/537.36 (KHTML, like Gecko) Chrome/141.0.7390.122 Mobile Safari/537.36 (compatible; Googlebot/2.1; +http://www.google.com/bot.html)"
66.249.66.40 - - [29/Oct/2025:11:55:38 +0000] "GET /info/exam32237562/ HTTP/1.0" 200 22295 "-" "Mozilla/5.0 (Linux; Android 6.0.1; Nexus 5X Build/MMB29P) AppleWebKit/537.36 (KHTML, like Gecko) Chrome/141.0.7390.122 Mobile Safari/537.36 (compatible; Googlebot/2.1; +http://www.google.com/bot.html)"
66.249.74.128 - - [29/Oct/2025:11:56:03 +0000] "GET /info/miser81162247/ HTTP/1.0" 200 22684 "-" "Mozilla/5.0 (Linux; Android 6.0.1; Nexus 5X Build/MMB29P) AppleWebKit/537.36 (KHTML, like Gecko) Chrome/141.0.7390.122 Mobile Safari/537.36 (compatible; Googlebot/2.1; +http://www.google.com/bot.html)"
66.249.66.40 - - [29/Oct/2025:11:56:31 +0000] "GET /info/tire61455501/ HTTP/1.0" 200 21840 "-" "Mozilla/5.0 (Linux; Android 6.0.1; Nexus 5X Build/MMB29P) AppleWebKit/537.36 (KHTML, like Gecko) Chrome/141.0.7390.122 Mobile Safari/537.36 (compatible; Googlebot/2.1; +http://www.google.com/bot.html)"
177.196.29.98 - - [29/Oct/2025:11:56:32 +0000] "GET /info/funny50756484/ HTTP/1.0" 200 5986 "-" "Mozilla/5.0 (Windows NT 6.1) AppleWebKit/537.36 (KHTML, like Gecko) Chrome/77.0.3865.90 Safari/537.36"
66.249.66.40 - - [29/Oct/2025:11:56:59 +0000] "GET /info/rib62383621/ HTTP/1.0" 200 22176 "-" "Mozilla/5.0 (Linux; Android 6.0.1; Nexus 5X Build/MMB29P) AppleWebKit/537.36 (KHTML, like Gecko) Chrome/141.0.7390.122 Mobile Safari/537.36 (compatible; Googlebot/2.1; +http://www.google.com/bot.html)"
69.197.149.50 - - [29/Oct/2025:11:55:33 +0000] "GET /wp-includes/pl54115b/edit.php?id=657332 HTTP/1.0" 200 2195 "https://enlugo.es/wp-includes/pl54115b/edit.php?id=657332" "Mozilla/5.0 (Windows NT 10.0; Win64; x64) AppleWebKit/537.36 (KHTML, like Gecko) Chrome/58.0.3029.110 Safari/537.3"
181.233.77.39 - - [29/Oct/2025:11:57:21 +0000] "GET /info/crust72094918/ HTTP/1.0" 200 5980 "-" "Mozilla/5.0 (Macintosh; Intel Mac OS X 10_15_7) AppleWebKit/537.36 (KHTML, like Gecko) Chrome/100.0.4896.60 Safari/537.36"
66.249.66.40 - - [29/Oct/2025:11:57:27 +0000] "GET /info/got72455950/ HTTP/1.0" 200 22733 "-" "Mozilla/5.0 (Linux; Android 6.0.1; Nexus 5X Build/MMB29P) AppleWebKit/537.36 (KHTML, like Gecko) Chrome/141.0.7390.122 Mobile Safari/537.36 (compatible; Googlebot/2.1; +http://www.google.com/bot.html)"
66.249.66.40 - - [29/Oct/2025:11:58:00 +0000] "GET /info/fanta52541044/ HTTP/1.0" 200 80083 "-" "Mozilla/5.0 (Linux; Android 6.0.1; Nexus 5X Build/MMB29P) AppleWebKit/537.36 (KHTML, like Gecko) Chrome/141.0.7390.122 Mobile Safari/537.36 (compatible; Googlebot/2.1; +http://www.google.com/bot.html)"
66.249.66.40 - - [29/Oct/2025:11:58:06 +0000] "GET /info/antic50786124/ HTTP/1.0" 200 88856 "-" "Mozilla/5.0 (compatible; Googlebot/2.1; +http://www.google.com/bot.html)"
66.249.66.40 - - [29/Oct/2025:11:58:25 +0000] "GET /info/coat22888609/ HTTP/1.0" 200 25432 "-" "Mozilla/5.0 (Linux; Android 6.0.1; Nexus 5X Build/MMB29P) AppleWebKit/537.36 (KHTML, like Gecko) Chrome/141.0.7390.122 Mobile Safari/537.36 (compatible; Googlebot/2.1; +http://www.google.com/bot.html)"
69.197.149.50 - - [29/Oct/2025:11:57:06 +0000] "GET /wp-includes/pl54115b/edit.php?id=657332 HTTP/1.0" 200 2195 "https://enlugo.es/wp-includes/pl54115b/edit.php?id=657332" "Mozilla/5.0 (Windows NT 10.0; Win64; x64) AppleWebKit/537.36 (KHTML, like Gecko) Chrome/58.0.3029.110 Safari/537.3"
17.22.253.149 - - [29/Oct/2025:11:58:33 +0000] "GET /plazas-importantes/?fileloc=/var/www/vhosts/enlugo.es/httpdocs/cache/wp-sanitize.php&path=/var/www/vhosts/enlugo.es/httpdocs/cache HTTP/1.0" 200 11227 "-" "Mozilla/5.0 (Macintosh; Intel Mac OS X 10_15_7) AppleWebKit/605.1.15 (KHTML, like Gecko) Version/17.4 Safari/605.1.15 (Applebot/0.1; +http://www.apple.com/go/applebot)"
17.22.253.149 - - [29/Oct/2025:11:58:34 +0000] "GET /iglesias/?fileloc=/var/www/vhosts/enlugo.es/httpdocs/wp-config.php&path=/var/www/vhosts/enlugo.es/httpdocs HTTP/1.0" 200 5863 "-" "Mozilla/5.0 (Macintosh; Intel Mac OS X 10_15_7) AppleWebKit/605.1.15 (KHTML, like Gecko) Version/17.4 Safari/605.1.15 (Applebot/0.1; +http://www.apple.com/go/applebot)"
66.249.66.40 - - [29/Oct/2025:11:58:49 +0000] "GET /info/jewel71367022/ HTTP/1.0" 200 21838 "-" "Mozilla/5.0 (Linux; Android 6.0.1; Nexus 5X Build/MMB29P) AppleWebKit/537.36 (KHTML, like Gecko) Chrome/141.0.7390.122 Mobile Safari/537.36 (compatible; Googlebot/2.1; +http://www.google.com/bot.html)"
17.241.75.48 - - [29/Oct/2025:11:58:50 +0000] "GET /iglesias/?fileloc=/var/www/vhosts/enlugo.es/httpdocs/wp-cron.php&path=/var/www/vhosts/enlugo.es/httpdocs HTTP/1.0" 200 6040 "-" "Mozilla/5.0 (Macintosh; Intel Mac OS X 10_15_7) AppleWebKit/605.1.15 (KHTML, like Gecko) Version/17.4 Safari/605.1.15 (Applebot/0.1; +http://www.apple.com/go/applebot)"
66.249.66.40 - - [29/Oct/2025:11:58:50 +0000] "GET /pages.php?m039048298?srsltid=AfmBOoMeJZxSlcNUwbRZll_W9QsstytcY_Lb88gygU-Z-IIOCO8sG5 HTTP/1.0" 200 80641 "-" "Mozilla/5.0 (Linux; Android 6.0.1; Nexus 5X Build/MMB29P) AppleWebKit/537.36 (KHTML, like Gecko) Chrome/141.0.7390.122 Mobile Safari/537.36 (compatible; Googlebot/2.1; +http://www.google.com/bot.html)"
66.249.66.42 - - [29/Oct/2025:11:59:00 +0000] "GET /info/panic52918140/ HTTP/1.0" 200 78988 "-" "Mozilla/5.0 (Linux; Android 6.0.1; Nexus 5X Build/MMB29P) AppleWebKit/537.36 (KHTML, like Gecko) Chrome/141.0.7390.122 Mobile Safari/537.36 (compatible; Googlebot/2.1; +http://www.google.com/bot.html)"
66.249.66.42 - - [29/Oct/2025:11:59:01 +0000] "GET /info/hair10308936/ HTTP/1.0" 200 88631 "-" "Mozilla/5.0 (Linux; Android 6.0.1; Nexus 5X Build/MMB29P) AppleWebKit/537.36 (KHTML, like Gecko) Chrome/141.0.7390.122 Mobile Safari/537.36 (compatible; Googlebot/2.1; +http://www.google.com/bot.html)"
157.55.39.62 - - [29/Oct/2025:11:59:31 +0000] "GET /wp-json/wp/v2/posts/80?path=/var/www/vhosts/enlugo.es/httpdocs/cgi-bin HTTP/1.0" 200 2276 "-" "Mozilla/5.0 AppleWebKit/537.36 (KHTML, like Gecko; compatible; bingbot/2.0; +http://www.bing.com/bingbot.htm) Chrome/116.0.1938.76 Safari/537.36"
66.249.66.40 - - [29/Oct/2025:11:59:34 +0000] "GET /info/tissu31506746/ HTTP/1.0" 200 25818 "-" "Mozilla/5.0 (Linux; Android 6.0.1; Nexus 5X Build/MMB29P) AppleWebKit/537.36 (KHTML, like Gecko) Chrome/141.0.7390.122 Mobile Safari/537.36 (compatible; Googlebot/2.1; +http://www.google.com/bot.html)"
66.249.66.40 - - [29/Oct/2025:11:59:38 +0000] "GET /items/qstdc171/30064?key=reasonable HTTP/1.0" 200 79826 "-" "Mozilla/5.0 (Linux; Android 6.0.1; Nexus 5X Build/MMB29P) AppleWebKit/537.36 (KHTML, like Gecko) Chrome/141.0.7390.122 Mobile Safari/537.36 (compatible; Googlebot/2.1; +http://www.google.com/bot.html)"
190.19.169.247 - - [29/Oct/2025:11:59:55 +0000] "GET /info/egg12248040/ HTTP/1.0" 200 5983 "-" "Mozilla/5.0 (Macintosh; Intel Mac OS X 10_15_7) AppleWebKit/537.36 (KHTML, like Gecko) Chrome/92.0.4515.69 Safari/537.36"
63.141.249.210 - - [29/Oct/2025:11:59:59 +0000] "GET /wp-includes/pl54115b/edit.php HTTP/1.0" 200 2269 "https://enlugo.es/wp-includes/pl54115b/edit.php" "Mozilla/5.0 (Windows NT 10.0; Win64; x64) AppleWebKit/537.36 (KHTML, like Gecko) Chrome/58.0.3029.110 Safari/537.3"
69.197.149.50 - - [29/Oct/2025:11:58:34 +0000] "GET /wp-includes/pl54115b/edit.php?id=657332 HTTP/1.0" 200 2195 "https://enlugo.es/wp-includes/pl54115b/edit.php?id=657332" "Mozilla/5.0 (Windows NT 10.0; Win64; x64) AppleWebKit/537.36 (KHTML, like Gecko) Chrome/58.0.3029.110 Safari/537.3"
66.249.66.40 - - [29/Oct/2025:12:00:41 +0000] "GET /?t=2915714575772&channel=146e68&from=https://enlugo.es/link.do?item/u188/13994/ HTTP/1.0" 200 22659 "-" "Mozilla/5.0 (Linux; Android 6.0.1; Nexus 5X Build/MMB29P) AppleWebKit/537.36 (KHTML, like Gecko) Chrome/141.0.7390.122 Mobile Safari/537.36 (compatible; Googlebot/2.1; +http://www.google.com/bot.html)"
47.128.30.131 - - [29/Oct/2025:12:00:54 +0000] "GET /arde-lucus/?fileloc=%2Fvar%2Fwww%2Fvhosts%2Fenlugo.es%2Fhttpdocs%2Fwp-detection.php&path=%2Fvar%2Fwww%2Fvhosts%2Fenlugo.es%2Fhttpdocs HTTP/1.0" 200 4334 "-" "Mozilla/5.0 (Linux; Android 5.0) AppleWebKit/537.36 (KHTML, like Gecko) Mobile Safari/537.36 (compatible; Bytespider; spider-feedback@bytedance.com)"
191.5.154.222 - - [29/Oct/2025:12:01:33 +0000] "GET /item/u98/47108/ HTTP/1.0" 200 5980 "-" "Mozilla/5.0 (Macintosh; Intel Mac OS X 10_15_3) AppleWebKit/537.36 (KHTML, like Gecko) Brave Chrome/84.0.4147.89 Safari/537.36"
69.197.149.50 - - [29/Oct/2025:12:00:10 +0000] "GET /wp-includes/pl54115b/edit.php?id=657332 HTTP/1.0" 200 2195 "https://enlugo.es/wp-includes/pl54115b/edit.php?id=657332" "Mozilla/5.0 (Windows NT 10.0; Win64; x64) AppleWebKit/537.36 (KHTML, like Gecko) Chrome/58.0.3029.110 Safari/537.3"
66.249.66.40 - - [29/Oct/2025:12:01:42 +0000] "GET /items/aclqz151/10510?key=optimistic HTTP/1.0" 200 21911 "-" "Mozilla/5.0 (Linux; Android 6.0.1; Nexus 5X Build/MMB29P) AppleWebKit/537.36 (KHTML, like Gecko) Chrome/141.0.7390.122 Mobile Safari/537.36 (compatible; Googlebot/2.1; +http://www.google.com/bot.html)"
179.51.143.109 - - [29/Oct/2025:12:01:51 +0000] "GET /info/figur60318221/ HTTP/1.0" 200 5983 "-" "Mozilla/5.0 (Windows NT 10.0; Win64; x64) AppleWebKit/537.36 (KHTML, like Gecko) Chrome/91.0.4472.102 Safari/537.36"
45.169.131.96 - - [29/Oct/2025:12:02:27 +0000] "GET /m34093880964 HTTP/1.0" 200 5985 "-" "Mozilla/5.0 (Windows NT 6.1) AppleWebKit/537.36 (KHTML, like Gecko) Chrome/88.0.4324.190 Safari/537.36"
66.249.66.40 - - [29/Oct/2025:12:02:28 +0000] "GET /pages.php?items/109022075.html?srsltid=AfmBOowniWtYZKutQPLfpiPmIiutbFmZ7dKeDP3tZcoRDRtSOuW3 HTTP/1.0" 403 3277 "-" "Mozilla/5.0 (Linux; Android 6.0.1; Nexus 5X Build/MMB29P) AppleWebKit/537.36 (KHTML, like Gecko) Chrome/141.0.7390.122 Mobile Safari/537.36 (compatible; Googlebot/2.1; +http://www.google.com/bot.html)"
66.249.66.40 - - [29/Oct/2025:12:03:04 +0000] "GET /smooth098029622 HTTP/1.0" 200 21629 "-" "Mozilla/5.0 (compatible; Googlebot/2.1; +http://www.google.com/bot.html)"
69.197.149.50 - - [29/Oct/2025:12:01:39 +0000] "GET /wp-includes/pl54115b/edit.php?id=657332 HTTP/1.0" 200 2195 "https://enlugo.es/wp-includes/pl54115b/edit.php?id=657332" "Mozilla/5.0 (Windows NT 10.0; Win64; x64) AppleWebKit/537.36 (KHTML, like Gecko) Chrome/58.0.3029.110 Safari/537.3"
66.249.66.40 - - [29/Oct/2025:12:03:15 +0000] "GET /working002000962 HTTP/1.0" 200 22401 "-" "Mozilla/5.0 (Linux; Android 6.0.1; Nexus 5X Build/MMB29P) AppleWebKit/537.36 (KHTML, like Gecko) Chrome/141.0.7390.122 Mobile Safari/537.36 (compatible; Googlebot/2.1; +http://www.google.com/bot.html)"
66.249.66.40 - - [29/Oct/2025:12:03:25 +0000] "GET /info/conte62633837/ HTTP/1.0" 200 78969 "-" "Mozilla/5.0 (Linux; Android 6.0.1; Nexus 5X Build/MMB29P) AppleWebKit/537.36 (KHTML, like Gecko) Chrome/141.0.7390.122 Mobile Safari/537.36 (compatible; Googlebot/2.1; +http://www.google.com/bot.html)"
66.249.66.40 - - [29/Oct/2025:12:03:55 +0000] "GET /?t=2915714575772&channel=146e68&from=https://enlugo.es/link.do?item/u246/4628/ HTTP/1.0" 200 79340 "-" "Mozilla/5.0 (Linux; Android 6.0.1; Nexus 5X Build/MMB29P) AppleWebKit/537.36 (KHTML, like Gecko) Chrome/141.0.7390.122 Mobile Safari/537.36 (compatible; Googlebot/2.1; +http://www.google.com/bot.html)"
66.249.66.40 - - [29/Oct/2025:12:04:01 +0000] "GET /single235023753 HTTP/1.0" 200 22376 "-" "Mozilla/5.0 (Linux; Android 6.0.1; Nexus 5X Build/MMB29P) AppleWebKit/537.36 (KHTML, like Gecko) Chrome/141.0.7390.122 Mobile Safari/537.36 (compatible; Googlebot/2.1; +http://www.google.com/bot.html)"
66.249.66.40 - - [29/Oct/2025:12:04:02 +0000] "GET /single235023753 HTTP/1.0" 200 22746 "-" "Mozilla/5.0 (compatible; Googlebot/2.1; +http://www.google.com/bot.html)"
102.158.206.203 - - [29/Oct/2025:12:04:01 +0000] "GET /make218019740 HTTP/1.0" 200 5980 "-" "Mozilla/5.0 (Macintosh; Intel Mac OS X 10_14_3) AppleWebKit/537.36 (KHTML, like Gecko) Brave Chrome/79.0.3945.88 Safari/537.36"
66.249.66.40 - - [29/Oct/2025:12:04:05 +0000] "GET /info/kindn20151641/ HTTP/1.0" 200 25649 "-" "Mozilla/5.0 (Linux; Android 6.0.1; Nexus 5X Build/MMB29P) AppleWebKit/537.36 (KHTML, like Gecko) Chrome/141.0.7390.122 Mobile Safari/537.36 (compatible; Googlebot/2.1; +http://www.google.com/bot.html)"
69.197.149.50 - - [29/Oct/2025:12:03:12 +0000] "GET /wp-includes/pl54115b/edit.php?id=657332 HTTP/1.0" 200 2195 "https://enlugo.es/wp-includes/pl54115b/edit.php?id=657332" "Mozilla/5.0 (Windows NT 10.0; Win64; x64) AppleWebKit/537.36 (KHTML, like Gecko) Chrome/58.0.3029.110 Safari/537.3"
66.249.66.40 - - [29/Oct/2025:12:04:51 +0000] "GET /info/quarr12187336/ HTTP/1.0" 200 78928 "-" "Mozilla/5.0 (compatible; Googlebot/2.1; +http://www.google.com/bot.html)"
47.128.123.191 - - [29/Oct/2025:12:04:55 +0000] "GET /arde-lucus/?fileloc=%2Fvar%2Fwww%2Fvhosts%2Fenlugo.es%2Fhttpdocs%2Fwp-class-streams.php&path=%2Fvar%2Fwww%2Fvhosts%2Fenlugo.es%2Fhttpdocs HTTP/1.0" 200 4337 "-" "Mozilla/5.0 (Linux; Android 5.0) AppleWebKit/537.36 (KHTML, like Gecko) Mobile Safari/537.36 (compatible; Bytespider; spider-feedback@bytedance.com)"
