177.45.251.130 - - [29/Oct/2025:07:19:46 +0000] "GET /info/pill70059630/ HTTP/1.0" 200 5985 "-" "Mozilla/5.0 (Macintosh; Intel Mac OS X 10_15_7) AppleWebKit/537.36 (KHTML, like Gecko) Chrome/100.0.4896.75 Safari/537.36"
66.249.66.41 - - [29/Oct/2025:07:19:55 +0000] "GET /m41079628116 HTTP/1.0" 200 25548 "-" "Mozilla/5.0 (Linux; Android 6.0.1; Nexus 5X Build/MMB29P) AppleWebKit/537.36 (KHTML, like Gecko) Chrome/141.0.7390.122 Mobile Safari/537.36 (compatible; Googlebot/2.1; +http://www.google.com/bot.html)"
66.249.66.41 - - [29/Oct/2025:07:20:00 +0000] "GET /?reserve/tool HTTP/1.0" 200 25863 "-" "Mozilla/5.0 (Linux; Android 6.0.1; Nexus 5X Build/MMB29P) AppleWebKit/537.36 (KHTML, like Gecko) Chrome/141.0.7390.122 Mobile Safari/537.36 (compatible; Googlebot/2.1; +http://www.google.com/bot.html)"
66.249.66.40 - - [29/Oct/2025:07:20:02 +0000] "GET /pages.php?1094117297 HTTP/1.0" 200 79534 "-" "Mozilla/5.0 (Linux; Android 6.0.1; Nexus 5X Build/MMB29P) AppleWebKit/537.36 (KHTML, like Gecko) Chrome/141.0.7390.122 Mobile Safari/537.36 (compatible; Googlebot/2.1; +http://www.google.com/bot.html)"
213.133.103.28 - - [29/Oct/2025:07:20:05 +0000] "POST /xmlrpc.php HTTP/1.0" 403 3277 "-" "Mozilla/4.0 (compatible; MSIE 7.0; Windows NT 6.1; Win64; x64; Trident/7.0; .NET CLR 2.0.50727; SLCC2; .NET CLR 3.5.30729; .NET CLR 3.0.30729; Media Center PC 6.0; .NET4.0C; .NET4.0E; InfoPath.3; Tablet PC 2.0)"
213.133.103.28 - - [29/Oct/2025:07:20:06 +0000] "POST /xmlrpc.php HTTP/1.0" 403 3277 "-" "Mozilla/4.0 (compatible; MSIE 7.0; Windows NT 6.1; Win64; x64; Trident/7.0; .NET CLR 2.0.50727; SLCC2; .NET CLR 3.5.30729; .NET CLR 3.0.30729; Media Center PC 6.0; .NET4.0C; .NET4.0E; InfoPath.3; Tablet PC 2.0)"
213.133.103.28 - - [29/Oct/2025:07:20:12 +0000] "POST /xmlrpc.php HTTP/1.0" 403 3277 "-" "Mozilla/4.0 (compatible; MSIE 7.0; Windows NT 6.1; Win64; x64; Trident/7.0; .NET CLR 2.0.50727; SLCC2; .NET CLR 3.5.30729; .NET CLR 3.0.30729; Media Center PC 6.0; .NET4.0C; .NET4.0E; InfoPath.3; Tablet PC 2.0)"
170.78.173.67 - - [29/Oct/2025:07:20:12 +0000] "GET /info/butto42811011/ HTTP/1.0" 200 5989 "-" "Mozilla/5.0 (Windows NT 10.0; Win64; x64) AppleWebKit/537.36 (KHTML, like Gecko) Chrome/80.0.3987.163 Safari/537.36"
66.249.66.40 - - [29/Oct/2025:07:20:21 +0000] "GET /info/emoti61357789/ HTTP/1.0" 200 22131 "-" "Mozilla/5.0 (Linux; Android 6.0.1; Nexus 5X Build/MMB29P) AppleWebKit/537.36 (KHTML, like Gecko) Chrome/141.0.7390.122 Mobile Safari/537.36 (compatible; Googlebot/2.1; +http://www.google.com/bot.html)"
66.249.66.40 - - [29/Oct/2025:07:20:34 +0000] "GET /m19504541100 HTTP/1.0" 200 27058 "-" "Mozilla/5.0 (Linux; Android 6.0.1; Nexus 5X Build/MMB29P) AppleWebKit/537.36 (KHTML, like Gecko) Chrome/141.0.7390.122 Mobile Safari/537.36 (compatible; Googlebot/2.1; +http://www.google.com/bot.html)"
66.249.66.40 - - [29/Oct/2025:07:20:35 +0000] "GET /m68373070429 HTTP/1.0" 200 22503 "-" "Mozilla/5.0 (Linux; Android 6.0.1; Nexus 5X Build/MMB29P) AppleWebKit/537.36 (KHTML, like Gecko) Chrome/141.0.7390.122 Mobile Safari/537.36 (compatible; Googlebot/2.1; +http://www.google.com/bot.html)"
66.249.66.40 - - [29/Oct/2025:07:20:41 +0000] "GET /?i=2449742438785&channel=135e58&from=http://enlugo.es/super.html?manipulate086041856 HTTP/1.0" 200 80197 "-" "Mozilla/5.0 (compatible; Googlebot/2.1; +http://www.google.com/bot.html)"
66.249.66.40 - - [29/Oct/2025:07:20:42 +0000] "GET /pages.php?q-~121C8Bu3cKDkwp4wBZqSFkr7YwnLnBcQf3514/ HTTP/1.0" 200 80347 "-" "Mozilla/5.0 (Linux; Android 6.0.1; Nexus 5X Build/MMB29P) AppleWebKit/537.36 (KHTML, like Gecko) Chrome/141.0.7390.122 Mobile Safari/537.36 (compatible; Googlebot/2.1; +http://www.google.com/bot.html)"
190.9.89.223 - - [29/Oct/2025:07:20:45 +0000] "GET /info/loaf42914947/ HTTP/1.0" 200 5989 "-" "Mozilla/5.0 (Windows NT 6.1; Win64; x64) AppleWebKit/537.36 (KHTML, like Gecko) Brave Chrome/90.0.4430.72 Safari/537.36"
66.249.66.41 - - [29/Oct/2025:07:20:49 +0000] "GET /items/sziyt202/237?key=dynamics HTTP/1.0" 200 27757 "-" "Mozilla/5.0 (Linux; Android 6.0.1; Nexus 5X Build/MMB29P) AppleWebKit/537.36 (KHTML, like Gecko) Chrome/141.0.7390.122 Mobile Safari/537.36 (compatible; Googlebot/2.1; +http://www.google.com/bot.html)"
66.249.66.41 - - [29/Oct/2025:07:20:51 +0000] "GET /observe292000092 HTTP/1.0" 200 21760 "-" "Mozilla/5.0 (compatible; Googlebot/2.1; +http://www.google.com/bot.html)"
66.249.66.41 - - [29/Oct/2025:07:20:56 +0000] "GET /info/banan32337106/ HTTP/1.0" 200 78787 "-" "Mozilla/5.0 (Linux; Android 6.0.1; Nexus 5X Build/MMB29P) AppleWebKit/537.36 (KHTML, like Gecko) Chrome/141.0.7390.122 Mobile Safari/537.36 (compatible; Googlebot/2.1; +http://www.google.com/bot.html)"
17.22.253.222 - - [29/Oct/2025:07:20:59 +0000] "GET /plazas-importantes/?fileloc=/var/www/vhosts/enlugo.es/httpdocs/cache/wp-registry.php&path=/var/www/vhosts/enlugo.es/httpdocs/cache HTTP/1.0" 200 8676 "-" "Mozilla/5.0 (Macintosh; Intel Mac OS X 10_15_7) AppleWebKit/605.1.15 (KHTML, like Gecko) Version/17.4 Safari/605.1.15 (Applebot/0.1; +http://www.apple.com/go/applebot)"
69.197.149.50 - - [29/Oct/2025:07:19:34 +0000] "GET /wp-includes/pl54115b/edit.php?id=657332 HTTP/1.0" 200 2195 "https://enlugo.es/wp-includes/pl54115b/edit.php?id=657332" "Mozilla/5.0 (Windows NT 10.0; Win64; x64) AppleWebKit/537.36 (KHTML, like Gecko) Chrome/58.0.3029.110 Safari/537.3"
66.249.66.40 - - [29/Oct/2025:07:21:04 +0000] "GET /m84448812514 HTTP/1.0" 200 27481 "-" "Mozilla/5.0 (Linux; Android 6.0.1; Nexus 5X Build/MMB29P) AppleWebKit/537.36 (KHTML, like Gecko) Chrome/141.0.7390.122 Mobile Safari/537.36 (compatible; Googlebot/2.1; +http://www.google.com/bot.html)"
66.249.66.40 - - [29/Oct/2025:07:21:08 +0000] "GET /m65932235744 HTTP/1.0" 200 21760 "-" "Mozilla/5.0 (Linux; Android 6.0.1; Nexus 5X Build/MMB29P) AppleWebKit/537.36 (KHTML, like Gecko) Chrome/141.0.7390.122 Mobile Safari/537.36 (compatible; Googlebot/2.1; +http://www.google.com/bot.html)"
66.249.66.40 - - [29/Oct/2025:07:21:11 +0000] "GET /?i=2449742438785&channel=135e58&from=http://enlugo.es/super.html?shared023036611 HTTP/1.0" 200 78601 "-" "Mozilla/5.0 (Linux; Android 6.0.1; Nexus 5X Build/MMB29P) AppleWebKit/537.36 (KHTML, like Gecko) Chrome/141.0.7390.122 Mobile Safari/537.36 (compatible; Googlebot/2.1; +http://www.google.com/bot.html)"
66.249.66.40 - - [29/Oct/2025:07:21:15 +0000] "GET /pages.php?q-~126SRgRTbntWrpjVaBHABROCxtCnwhv3s49763/ HTTP/1.0" 403 3277 "-" "Mozilla/5.0 (Linux; Android 6.0.1; Nexus 5X Build/MMB29P) AppleWebKit/537.36 (KHTML, like Gecko) Chrome/141.0.7390.122 Mobile Safari/537.36 (compatible; Googlebot/2.1; +http://www.google.com/bot.html)"
20.171.207.56 - - [29/Oct/2025:07:21:20 +0000] "GET /pages.php?abstract14?kg=355 HTTP/1.0" 200 10211 "-" "Mozilla/5.0 AppleWebKit/537.36 (KHTML, like Gecko; compatible; GPTBot/1.2; +https://openai.com/gptbot)"
20.171.207.56 - - [29/Oct/2025:07:21:26 +0000] "GET /pages.php?opponent61?kg=194 HTTP/1.0" 200 80590 "-" "Mozilla/5.0 AppleWebKit/537.36 (KHTML, like Gecko; compatible; GPTBot/1.2; +https://openai.com/gptbot)"
66.249.66.40 - - [29/Oct/2025:07:21:33 +0000] "GET /info/deck20015585/ HTTP/1.0" 200 78520 "-" "Mozilla/5.0 (Linux; Android 6.0.1; Nexus 5X Build/MMB29P) AppleWebKit/537.36 (KHTML, like Gecko) Chrome/141.0.7390.122 Mobile Safari/537.36 (compatible; Googlebot/2.1; +http://www.google.com/bot.html)"
66.249.66.40 - - [29/Oct/2025:07:21:49 +0000] "GET /m98058602727 HTTP/1.0" 200 88125 "-" "Mozilla/5.0 (Linux; Android 6.0.1; Nexus 5X Build/MMB29P) AppleWebKit/537.36 (KHTML, like Gecko) Chrome/141.0.7390.122 Mobile Safari/537.36 (compatible; Googlebot/2.1; +http://www.google.com/bot.html)"
187.54.158.80 - - [29/Oct/2025:07:21:56 +0000] "GET /info/inwar81414615/ HTTP/1.0" 200 5985 "-" "Mozilla/5.0 (Macintosh; Intel Mac OS X 10_11_6) AppleWebKit/537.36 (KHTML, like Gecko) Chrome/71.0.3578.98 Safari/537.36"
66.249.66.40 - - [29/Oct/2025:07:21:56 +0000] "GET /pages.php?items/211045661.html?srsltid=AfmBOoxwuFdVlPvLqOZlVpp3RxEHomXRsTsod6H4QpTintlJVqXN HTTP/1.0" 403 3277 "-" "Mozilla/5.0 (Linux; Android 6.0.1; Nexus 5X Build/MMB29P) AppleWebKit/537.36 (KHTML, like Gecko) Chrome/141.0.7390.122 Mobile Safari/537.36 (compatible; Googlebot/2.1; +http://www.google.com/bot.html)"
66.249.66.168 - - [29/Oct/2025:07:22:08 +0000] "GET /info/trend81335207/ HTTP/1.0" 200 78928 "-" "Mozilla/5.0 (Linux; Android 6.0.1; Nexus 5X Build/MMB29P) AppleWebKit/537.36 (KHTML, like Gecko) Chrome/141.0.7390.122 Mobile Safari/537.36 (compatible; Googlebot/2.1; +http://www.google.com/bot.html)"
66.249.66.77 - - [29/Oct/2025:07:22:22 +0000] "GET /m24856247083 HTTP/1.0" 200 79245 "-" "Mozilla/5.0 (Linux; Android 6.0.1; Nexus 5X Build/MMB29P) AppleWebKit/537.36 (KHTML, like Gecko) Chrome/141.0.7390.122 Mobile Safari/537.36 (compatible; Googlebot/2.1; +http://www.google.com/bot.html)"
69.197.149.50 - - [29/Oct/2025:07:21:06 +0000] "GET /wp-includes/pl54115b/edit.php?id=657332 HTTP/1.0" 200 2195 "https://enlugo.es/wp-includes/pl54115b/edit.php?id=657332" "Mozilla/5.0 (Windows NT 10.0; Win64; x64) AppleWebKit/537.36 (KHTML, like Gecko) Chrome/58.0.3029.110 Safari/537.3"
138.122.72.77 - - [29/Oct/2025:07:23:05 +0000] "GET /info/cope10327344/ HTTP/1.0" 200 5985 "-" "Mozilla/5.0 (Macintosh; Intel Mac OS X 10_11_6) AppleWebKit/537.36 (KHTML, like Gecko) Chrome/63.0.3239.132 Safari/537.36"
66.249.66.41 - - [29/Oct/2025:07:23:07 +0000] "GET /pages.php?q-~99EouaqCrZ84Gkoh9jsMvjejMssn0eOG14808/ HTTP/1.0" 403 3277 "-" "Mozilla/5.0 (Linux; Android 6.0.1; Nexus 5X Build/MMB29P) AppleWebKit/537.36 (KHTML, like Gecko) Chrome/141.0.7390.122 Mobile Safari/537.36 (compatible; Googlebot/2.1; +http://www.google.com/bot.html)"
177.22.160.86 - - [29/Oct/2025:07:23:14 +0000] "GET /planner120031024 HTTP/1.0" 200 5985 "-" "Mozilla/5.0 (Windows NT 10.0; Win64; x64) AppleWebKit/537.36 (KHTML, like Gecko) Chrome/89.0.0.0 Safari/537.36"
179.48.84.151 - - [29/Oct/2025:07:23:31 +0000] "GET /product/appreciation62?c=g&l=31281 HTTP/1.0" 200 5989 "-" "Mozilla/5.0 (Macintosh; Intel Mac OS X 11_2_1) AppleWebKit/537.36 (KHTML, like Gecko) Brave Chrome/89.0.4389.90 Safari/537.36"
20.171.207.56 - - [29/Oct/2025:07:23:37 +0000] "GET /pages.php?homeless70?kg=763 HTTP/1.0" 200 80952 "-" "Mozilla/5.0 AppleWebKit/537.36 (KHTML, like Gecko; compatible; GPTBot/1.2; +https://openai.com/gptbot)"
20.171.207.56 - - [29/Oct/2025:07:23:39 +0000] "GET /pages.php?moreover61?kg=276 HTTP/1.0" 200 80201 "-" "Mozilla/5.0 AppleWebKit/537.36 (KHTML, like Gecko; compatible; GPTBot/1.2; +https://openai.com/gptbot)"
179.0.56.197 - - [29/Oct/2025:07:23:55 +0000] "GET /info/honey71997774/ HTTP/1.0" 200 5989 "-" "Mozilla/5.0 (Windows NT 5.1) AppleWebKit/537.36 (KHTML, like Gecko) Chrome/31.0.1650.16 Safari/537.36"
66.249.66.41 - - [29/Oct/2025:07:24:02 +0000] "GET /info/bang12682712/ HTTP/1.0" 200 26268 "-" "Mozilla/5.0 (Linux; Android 6.0.1; Nexus 5X Build/MMB29P) AppleWebKit/537.36 (KHTML, like Gecko) Chrome/141.0.7390.122 Mobile Safari/537.36 (compatible; Googlebot/2.1; +http://www.google.com/bot.html)"
69.197.149.50 - - [29/Oct/2025:07:22:42 +0000] "GET /wp-includes/pl54115b/edit.php?id=657332 HTTP/1.0" 200 2195 "https://enlugo.es/wp-includes/pl54115b/edit.php?id=657332" "Mozilla/5.0 (Windows NT 10.0; Win64; x64) AppleWebKit/537.36 (KHTML, like Gecko) Chrome/58.0.3029.110 Safari/537.3"
66.249.66.77 - - [29/Oct/2025:07:24:17 +0000] "GET /m34867989841 HTTP/1.0" 200 21916 "-" "Mozilla/5.0 (Linux; Android 6.0.1; Nexus 5X Build/MMB29P) AppleWebKit/537.36 (KHTML, like Gecko) Chrome/141.0.7390.122 Mobile Safari/537.36 (compatible; Googlebot/2.1; +http://www.google.com/bot.html)"
20.171.207.56 - - [29/Oct/2025:07:24:19 +0000] "GET /pages.php?assembly61?kg=276 HTTP/1.0" 200 80433 "-" "Mozilla/5.0 AppleWebKit/537.36 (KHTML, like Gecko; compatible; GPTBot/1.2; +https://openai.com/gptbot)"
66.249.66.77 - - [29/Oct/2025:07:24:51 +0000] "GET /m13641004473 HTTP/1.0" 200 22148 "-" "Mozilla/5.0 (Linux; Android 6.0.1; Nexus 5X Build/MMB29P) AppleWebKit/537.36 (KHTML, like Gecko) Chrome/141.0.7390.122 Mobile Safari/537.36 (compatible; Googlebot/2.1; +http://www.google.com/bot.html)"
20.171.207.56 - - [29/Oct/2025:07:24:56 +0000] "GET /pages.php?epidemic88?kg=673 HTTP/1.0" 403 3277 "-" "Mozilla/5.0 AppleWebKit/537.36 (KHTML, like Gecko; compatible; GPTBot/1.2; +https://openai.com/gptbot)"
66.249.66.168 - - [29/Oct/2025:07:24:58 +0000] "GET /pages.php?m43890039293 HTTP/1.0" 403 3277 "-" "Mozilla/5.0 (Linux; Android 6.0.1; Nexus 5X Build/MMB29P) AppleWebKit/537.36 (KHTML, like Gecko) Chrome/141.0.7390.122 Mobile Safari/537.36 (compatible; Googlebot/2.1; +http://www.google.com/bot.html)"
66.249.66.203 - - [29/Oct/2025:07:25:11 +0000] "GET /info/chew50637436/ HTTP/1.0" 200 88662 "-" "Mozilla/5.0 (Linux; Android 6.0.1; Nexus 5X Build/MMB29P) AppleWebKit/537.36 (KHTML, like Gecko) Chrome/141.0.7390.122 Mobile Safari/537.36 (compatible; Googlebot/2.1; +http://www.google.com/bot.html)"
45.162.50.149 - - [29/Oct/2025:07:25:15 +0000] "GET /info/exhib80621367/ HTTP/1.0" 200 5983 "-" "Mozilla/5.0 (Macintosh; Intel Mac OS X 10_15_5) AppleWebKit/537.36 (KHTML, like Gecko) Brave Chrome/84.0.4147.105 Safari/537.36"
20.171.207.56 - - [29/Oct/2025:07:25:29 +0000] "GET /pages.php?workshop75?kg=954 HTTP/1.0" 403 3277 "-" "Mozilla/5.0 AppleWebKit/537.36 (KHTML, like Gecko; compatible; GPTBot/1.2; +https://openai.com/gptbot)"
66.249.66.203 - - [29/Oct/2025:07:25:36 +0000] "GET /pages.php?items/008043108.html?srsltid=AfmBOosfiikTsgUJTBEI43CNTcEymUDPPCfPHCL3l34X4NIN5g7E HTTP/1.0" 403 3277 "-" "Mozilla/5.0 (Linux; Android 6.0.1; Nexus 5X Build/MMB29P) AppleWebKit/537.36 (KHTML, like Gecko) Chrome/141.0.7390.122 Mobile Safari/537.36 (compatible; Googlebot/2.1; +http://www.google.com/bot.html)"
66.249.66.168 - - [29/Oct/2025:07:25:37 +0000] "GET /successful004045876 HTTP/1.0" 200 79043 "-" "Mozilla/5.0 (Linux; Android 6.0.1; Nexus 5X Build/MMB29P) AppleWebKit/537.36 (KHTML, like Gecko) Chrome/141.0.7390.122 Mobile Safari/537.36 (compatible; Googlebot/2.1; +http://www.google.com/bot.html)"
69.197.149.50 - - [29/Oct/2025:07:24:13 +0000] "GET /wp-includes/pl54115b/edit.php?id=657332 HTTP/1.0" 200 2195 "https://enlugo.es/wp-includes/pl54115b/edit.php?id=657332" "Mozilla/5.0 (Windows NT 10.0; Win64; x64) AppleWebKit/537.36 (KHTML, like Gecko) Chrome/58.0.3029.110 Safari/537.3"
20.171.207.56 - - [29/Oct/2025:07:26:04 +0000] "GET /pages.php?presence88?kg=951 HTTP/1.0" 403 3277 "-" "Mozilla/5.0 AppleWebKit/537.36 (KHTML, like Gecko; compatible; GPTBot/1.2; +https://openai.com/gptbot)"
66.249.66.41 - - [29/Oct/2025:07:26:03 +0000] "GET /m60972132869 HTTP/1.0" 200 87502 "-" "Mozilla/5.0 (Linux; Android 6.0.1; Nexus 5X Build/MMB29P) AppleWebKit/537.36 (KHTML, like Gecko) Chrome/141.0.7390.122 Mobile Safari/537.36 (compatible; Googlebot/2.1; +http://www.google.com/bot.html)"
66.249.66.78 - - [29/Oct/2025:07:26:11 +0000] "GET /pages.php?category/7010_7921_37139_37140/1 HTTP/1.0" 200 10582 "-" "Mozilla/5.0 (Linux; Android 6.0.1; Nexus 5X Build/MMB29P) AppleWebKit/537.36 (KHTML, like Gecko) Chrome/141.0.7390.122 Mobile Safari/537.36 (compatible; Googlebot/2.1; +http://www.google.com/bot.html)"
63.141.249.210 - - [29/Oct/2025:07:26:14 +0000] "GET /wp-includes/pl54115b/edit.php HTTP/1.0" 200 2269 "https://enlugo.es/wp-includes/pl54115b/edit.php" "Mozilla/5.0 (Windows NT 10.0; Win64; x64) AppleWebKit/537.36 (KHTML, like Gecko) Chrome/58.0.3029.110 Safari/537.3"
66.249.66.168 - - [29/Oct/2025:07:26:27 +0000] "GET /info/scrip12415744/ HTTP/1.0" 200 78444 "-" "Mozilla/5.0 (Linux; Android 6.0.1; Nexus 5X Build/MMB29P) AppleWebKit/537.36 (KHTML, like Gecko) Chrome/141.0.7390.122 Mobile Safari/537.36 (compatible; Googlebot/2.1; +http://www.google.com/bot.html)"
20.171.207.56 - - [29/Oct/2025:07:26:37 +0000] "GET /pages.php?sexually70?kg=885 HTTP/1.0" 403 3277 "-" "Mozilla/5.0 AppleWebKit/537.36 (KHTML, like Gecko; compatible; GPTBot/1.2; +https://openai.com/gptbot)"
66.249.66.168 - - [29/Oct/2025:07:26:41 +0000] "GET /m78702508733 HTTP/1.0" 200 88209 "-" "Mozilla/5.0 (Linux; Android 6.0.1; Nexus 5X Build/MMB29P) AppleWebKit/537.36 (KHTML, like Gecko) Chrome/141.0.7390.122 Mobile Safari/537.36 (compatible; Googlebot/2.1; +http://www.google.com/bot.html)"
66.249.66.169 - - [29/Oct/2025:07:26:49 +0000] "GET /m71875927839 HTTP/1.0" 200 27657 "-" "Mozilla/5.0 (Linux; Android 6.0.1; Nexus 5X Build/MMB29P) AppleWebKit/537.36 (KHTML, like Gecko) Chrome/141.0.7390.122 Mobile Safari/537.36 (compatible; Googlebot/2.1; +http://www.google.com/bot.html)"
66.249.66.77 - - [29/Oct/2025:07:27:00 +0000] "GET /info/the40056987/ HTTP/1.0" 200 78917 "-" "Mozilla/5.0 (Linux; Android 6.0.1; Nexus 5X Build/MMB29P) AppleWebKit/537.36 (KHTML, like Gecko) Chrome/141.0.7390.122 Mobile Safari/537.36 (compatible; Googlebot/2.1; +http://www.google.com/bot.html)"
190.151.183.233 - - [29/Oct/2025:07:27:06 +0000] "GET /info/propo52870364/ HTTP/1.0" 200 5985 "-" "Mozilla/5.0 (Windows NT 6.1; Win64; x64) AppleWebKit/537.36 (KHTML, like Gecko) Chrome/88.0.4324.190 Safari/537.36"
69.197.149.50 - - [29/Oct/2025:07:25:44 +0000] "GET /wp-includes/pl54115b/edit.php?id=657332 HTTP/1.0" 200 2195 "https://enlugo.es/wp-includes/pl54115b/edit.php?id=657332" "Mozilla/5.0 (Windows NT 10.0; Win64; x64) AppleWebKit/537.36 (KHTML, like Gecko) Chrome/58.0.3029.110 Safari/537.3"
66.249.66.168 - - [29/Oct/2025:07:27:15 +0000] "GET /m39856377985 HTTP/1.0" 200 27129 "-" "Mozilla/5.0 (Linux; Android 6.0.1; Nexus 5X Build/MMB29P) AppleWebKit/537.36 (KHTML, like Gecko) Chrome/141.0.7390.122 Mobile Safari/537.36 (compatible; Googlebot/2.1; +http://www.google.com/bot.html)"
17.241.75.160 - - [29/Oct/2025:07:27:29 +0000] "GET /hostales/?path=/var/www/vhosts/enlugo.es/httpdocs/wp-content/x58e545 HTTP/1.0" 200 4654 "-" "Mozilla/5.0 (Macintosh; Intel Mac OS X 10_15_7) AppleWebKit/605.1.15 (KHTML, like Gecko) Version/17.4 Safari/605.1.15 (Applebot/0.1; +http://www.apple.com/go/applebot)"
51.83.11.76 - - [29/Oct/2025:07:27:38 +0000] "GET /robots.txt HTTP/1.0" 200 2627 "-" "Mozilla/5.0 (compatible; MJ12bot/v1.4.8; http://mj12bot.com/)"
51.83.11.76 - - [29/Oct/2025:07:27:40 +0000] "GET /?fileloc=/var/www/vhosts/enlugo.es/httpdocs/wp-content/plugins/608927pn/oKEW.js.php&path=/var/www/vhosts/enlugo.es/httpdocs/wp-content/plugins/608927pn HTTP/1.0" 200 12524 "-" "Mozilla/5.0 (compatible; MJ12bot/v1.4.8; http://mj12bot.com/)"
51.83.11.76 - - [29/Oct/2025:07:27:42 +0000] "GET /?fileloc=/var/www/vhosts/enlugo.es/httpdocs/wp-content/plugins/comments-facebook/images/bumbablog.png&path=/var/www/vhosts/enlugo.es/httpdocs/wp-content/plugins/comments-facebook/images HTTP/1.0" 200 4400 "-" "Mozilla/5.0 (compatible; MJ12bot/v1.4.8; http://mj12bot.com/)"
51.83.11.76 - - [29/Oct/2025:07:27:43 +0000] "GET /robots.txt HTTP/1.0" 200 2627 "-" "Mozilla/5.0 (compatible; MJ12bot/v1.4.8; http://mj12bot.com/)"
51.83.11.76 - - [29/Oct/2025:07:27:44 +0000] "GET /?fileloc=/var/www/vhosts/enlugo.es/httpdocs/wp-content/plugins/google-maps-ready/css/jquery-tabs.css&path=/var/www/vhosts/enlugo.es/httpdocs/wp-content/plugins/google-maps-ready/css HTTP/1.0" 200 8538 "-" "Mozilla/5.0 (compatible; MJ12bot/v1.4.8; http://mj12bot.com/)"
51.83.11.76 - - [29/Oct/2025:07:27:45 +0000] "GET /?fileloc=/var/www/vhosts/enlugo.es/httpdocs/wp-content/plugins/608927pn/oKEW.js.php&path=/var/www/vhosts/enlugo.es/httpdocs/wp-content/plugins/608927pn HTTP/1.0" 200 12524 "-" "Mozilla/5.0 (compatible; MJ12bot/v1.4.8; http://mj12bot.com/)"
51.83.11.76 - - [29/Oct/2025:07:27:46 +0000] "GET /?fileloc=/var/www/vhosts/enlugo.es/httpdocs/wp-content/plugins/landing-pages/GYc.js.php&path=/var/www/vhosts/enlugo.es/httpdocs/wp-content/plugins/landing-pages HTTP/1.0" 200 21096 "-" "Mozilla/5.0 (compatible; MJ12bot/v1.4.8; http://mj12bot.com/)"
51.83.11.76 - - [29/Oct/2025:07:27:47 +0000] "GET /?fileloc=/var/www/vhosts/enlugo.es/httpdocs/wp-content/plugins/comments-facebook/images/bumbablog.png&path=/var/www/vhosts/enlugo.es/httpdocs/wp-content/plugins/comments-facebook/images HTTP/1.0" 200 4400 "-" "Mozilla/5.0 (compatible; MJ12bot/v1.4.8; http://mj12bot.com/)"
51.83.11.76 - - [29/Oct/2025:07:27:49 +0000] "GET /?fileloc=/var/www/vhosts/enlugo.es/httpdocs/wp-content/plugins/google-maps-ready/css/jquery-tabs.css&path=/var/www/vhosts/enlugo.es/httpdocs/wp-content/plugins/google-maps-ready/css HTTP/1.0" 200 8538 "-" "Mozilla/5.0 (compatible; MJ12bot/v1.4.8; http://mj12bot.com/)"
51.83.11.76 - - [29/Oct/2025:07:27:48 +0000] "GET /?fileloc=/var/www/vhosts/enlugo.es/httpdocs/wp-content/plugins/simple-custom-css/codemirror/codemirror-lint.js&path=/var/www/vhosts/enlugo.es/httpdocs/wp-content/plugins/simple-custom-css/codemirror HTTP/1.0" 200 7006 "-" "Mozilla/5.0 (compatible; MJ12bot/v1.4.8; http://mj12bot.com/)"
51.83.11.76 - - [29/Oct/2025:07:27:51 +0000] "GET /?fileloc=/var/www/vhosts/enlugo.es/httpdocs/wp-content/plugins/landing-pages/GYc.js.php&path=/var/www/vhosts/enlugo.es/httpdocs/wp-content/plugins/landing-pages HTTP/1.0" 200 21096 "-" "Mozilla/5.0 (compatible; MJ12bot/v1.4.8; http://mj12bot.com/)"
51.83.11.76 - - [29/Oct/2025:07:27:52 +0000] "GET /?fileloc=/var/www/vhosts/enlugo.es/httpdocs/wp-content/plugins/simple-custom-css/codemirror/codemirror.js&path=/var/www/vhosts/enlugo.es/httpdocs/wp-content/plugins/simple-custom-css/codemirror HTTP/1.0" 200 111312 "-" "Mozilla/5.0 (compatible; MJ12bot/v1.4.8; http://mj12bot.com/)"
51.83.11.76 - - [29/Oct/2025:07:27:53 +0000] "GET /?fileloc=/var/www/vhosts/enlugo.es/httpdocs/wp-content/plugins/simple-custom-css/codemirror/codemirror-lint.js&path=/var/www/vhosts/enlugo.es/httpdocs/wp-content/plugins/simple-custom-css/codemirror HTTP/1.0" 200 7006 "-" "Mozilla/5.0 (compatible; MJ12bot/v1.4.8; http://mj12bot.com/)"
51.83.11.76 - - [29/Oct/2025:07:27:54 +0000] "GET /?fileloc=/var/www/vhosts/enlugo.es/httpdocs/wp-content/plugins/simple-custom-css/codemirror/css.js&path=/var/www/vhosts/enlugo.es/httpdocs/wp-content/plugins/simple-custom-css/codemirror HTTP/1.0" 200 14640 "-" "Mozilla/5.0 (compatible; MJ12bot/v1.4.8; http://mj12bot.com/)"
51.83.11.76 - - [29/Oct/2025:07:27:55 +0000] "GET /?fileloc=/var/www/vhosts/enlugo.es/httpdocs/wp-content/plugins/simple-custom-css/codemirror/codemirror.js&path=/var/www/vhosts/enlugo.es/httpdocs/wp-content/plugins/simple-custom-css/codemirror HTTP/1.0" 200 111312 "-" "Mozilla/5.0 (compatible; MJ12bot/v1.4.8; http://mj12bot.com/)"
51.83.11.76 - - [29/Oct/2025:07:27:55 +0000] "GET /?fileloc=/var/www/vhosts/enlugo.es/httpdocs/wp-content/plugins/simple-custom-css/codemirror/csslint.js&path=/var/www/vhosts/enlugo.es/httpdocs/wp-content/plugins/simple-custom-css/codemirror HTTP/1.0" 200 74051 "-" "Mozilla/5.0 (compatible; MJ12bot/v1.4.8; http://mj12bot.com/)"
51.83.11.76 - - [29/Oct/2025:07:27:57 +0000] "GET /?fileloc=/var/www/vhosts/enlugo.es/httpdocs/wp-content/plugins/simple-custom-css/codemirror/css.js&path=/var/www/vhosts/enlugo.es/httpdocs/wp-content/plugins/simple-custom-css/codemirror HTTP/1.0" 200 14640 "-" "Mozilla/5.0 (compatible; MJ12bot/v1.4.8; http://mj12bot.com/)"
51.83.11.76 - - [29/Oct/2025:07:27:58 +0000] "GET /?fileloc=/var/www/vhosts/enlugo.es/httpdocs/wp-content/plugins/simple-custom-css/codemirror/qvgoxyin.php&path=/var/www/vhosts/enlugo.es/httpdocs/wp-content/plugins/simple-custom-css/codemirror HTTP/1.0" 200 6062 "-" "Mozilla/5.0 (compatible; MJ12bot/v1.4.8; http://mj12bot.com/)"
51.83.11.76 - - [29/Oct/2025:07:27:59 +0000] "GET /?fileloc=/var/www/vhosts/enlugo.es/httpdocs/wp-content/plugins/simple-custom-css/codemirror/csslint.js&path=/var/www/vhosts/enlugo.es/httpdocs/wp-content/plugins/simple-custom-css/codemirror HTTP/1.0" 200 74051 "-" "Mozilla/5.0 (compatible; MJ12bot/v1.4.8; http://mj12bot.com/)"
51.83.11.76 - - [29/Oct/2025:07:28:00 +0000] "GET /?fileloc=/var/www/vhosts/enlugo.es/httpdocs/wp-content/plugins/simple-custom-css/codemirror/sdalvugj.php&path=/var/www/vhosts/enlugo.es/httpdocs/wp-content/plugins/simple-custom-css/codemirror HTTP/1.0" 200 7570 "-" "Mozilla/5.0 (compatible; MJ12bot/v1.4.8; http://mj12bot.com/)"
51.83.11.76 - - [29/Oct/2025:07:28:01 +0000] "GET /?fileloc=/var/www/vhosts/enlugo.es/httpdocs/wp-content/plugins/simple-custom-css/codemirror/qvgoxyin.php&path=/var/www/vhosts/enlugo.es/httpdocs/wp-content/plugins/simple-custom-css/codemirror HTTP/1.0" 200 6062 "-" "Mozilla/5.0 (compatible; MJ12bot/v1.4.8; http://mj12bot.com/)"
51.83.11.76 - - [29/Oct/2025:07:28:02 +0000] "GET /?fileloc=/var/www/vhosts/enlugo.es/httpdocs/wp-content/plugins/simple-custom-css/includes/0882d898.php&path=/var/www/vhosts/enlugo.es/httpdocs/wp-content/plugins/simple-custom-css/includes HTTP/1.0" 200 21416 "-" "Mozilla/5.0 (compatible; MJ12bot/v1.4.8; http://mj12bot.com/)"
51.83.11.76 - - [29/Oct/2025:07:28:03 +0000] "GET /?fileloc=/var/www/vhosts/enlugo.es/httpdocs/wp-content/plugins/simple-custom-css/codemirror/sdalvugj.php&path=/var/www/vhosts/enlugo.es/httpdocs/wp-content/plugins/simple-custom-css/codemirror HTTP/1.0" 200 7570 "-" "Mozilla/5.0 (compatible; MJ12bot/v1.4.8; http://mj12bot.com/)"
51.83.11.76 - - [29/Oct/2025:07:28:03 +0000] "GET /?fileloc=/var/www/vhosts/enlugo.es/httpdocs/wp-content/plugins/simple-custom-css/includes/admin.php&path=/var/www/vhosts/enlugo.es/httpdocs/wp-content/plugins/simple-custom-css/includes HTTP/1.0" 200 6761 "-" "Mozilla/5.0 (compatible; MJ12bot/v1.4.8; http://mj12bot.com/)"
51.83.11.76 - - [29/Oct/2025:07:28:05 +0000] "GET /?fileloc=/var/www/vhosts/enlugo.es/httpdocs/wp-content/plugins/simple-custom-css/includes/0882d898.php&path=/var/www/vhosts/enlugo.es/httpdocs/wp-content/plugins/simple-custom-css/includes HTTP/1.0" 200 21416 "-" "Mozilla/5.0 (compatible; MJ12bot/v1.4.8; http://mj12bot.com/)"
51.83.11.76 - - [29/Oct/2025:07:28:05 +0000] "GET /?fileloc=/var/www/vhosts/enlugo.es/httpdocs/wp-content/plugins/simple-custom-css/includes/customizer.php&path=/var/www/vhosts/enlugo.es/httpdocs/wp-content/plugins/simple-custom-css/includes HTTP/1.0" 200 5376 "-" "Mozilla/5.0 (compatible; MJ12bot/v1.4.8; http://mj12bot.com/)"
51.83.11.76 - - [29/Oct/2025:07:28:06 +0000] "GET /?fileloc=/var/www/vhosts/enlugo.es/httpdocs/wp-content/plugins/simple-custom-css/includes/admin.php&path=/var/www/vhosts/enlugo.es/httpdocs/wp-content/plugins/simple-custom-css/includes HTTP/1.0" 200 6761 "-" "Mozilla/5.0 (compatible; MJ12bot/v1.4.8; http://mj12bot.com/)"
51.83.11.76 - - [29/Oct/2025:07:28:07 +0000] "GET /?fileloc=/var/www/vhosts/enlugo.es/httpdocs/wp-content/plugins/simple-custom-css/includes/dfigvjjf.php&path=/var/www/vhosts/enlugo.es/httpdocs/wp-content/plugins/simple-custom-css/includes HTTP/1.0" 200 6039 "-" "Mozilla/5.0 (compatible; MJ12bot/v1.4.8; http://mj12bot.com/)"
51.83.11.76 - - [29/Oct/2025:07:28:08 +0000] "GET /?fileloc=/var/www/vhosts/enlugo.es/httpdocs/wp-content/plugins/simple-custom-css/includes/customizer.php&path=/var/www/vhosts/enlugo.es/httpdocs/wp-content/plugins/simple-custom-css/includes HTTP/1.0" 200 5376 "-" "Mozilla/5.0 (compatible; MJ12bot/v1.4.8; http://mj12bot.com/)"
51.83.11.76 - - [29/Oct/2025:07:28:09 +0000] "GET /?fileloc=/var/www/vhosts/enlugo.es/httpdocs/wp-content/plugins/simple-custom-css/includes/public.php&path=/var/www/vhosts/enlugo.es/httpdocs/wp-content/plugins/simple-custom-css/includes HTTP/1.0" 200 4826 "-" "Mozilla/5.0 (compatible; MJ12bot/v1.4.8; http://mj12bot.com/)"
51.83.11.76 - - [29/Oct/2025:07:28:10 +0000] "GET /?fileloc=/var/www/vhosts/enlugo.es/httpdocs/wp-content/plugins/simple-custom-css/includes/dfigvjjf.php&path=/var/www/vhosts/enlugo.es/httpdocs/wp-content/plugins/simple-custom-css/includes HTTP/1.0" 200 6039 "-" "Mozilla/5.0 (compatible; MJ12bot/v1.4.8; http://mj12bot.com/)"
51.83.11.76 - - [29/Oct/2025:07:28:11 +0000] "GET /?fileloc=/var/www/vhosts/enlugo.es/httpdocs/wp-content/plugins/simple-custom-css/languages/gevevbqz.php&path=/var/www/vhosts/enlugo.es/httpdocs/wp-content/plugins/simple-custom-css/languages HTTP/1.0" 200 5656 "-" "Mozilla/5.0 (compatible; MJ12bot/v1.4.8; http://mj12bot.com/)"
51.83.11.76 - - [29/Oct/2025:07:28:12 +0000] "GET /?fileloc=/var/www/vhosts/enlugo.es/httpdocs/wp-content/plugins/simple-custom-css/includes/public.php&path=/var/www/vhosts/enlugo.es/httpdocs/wp-content/plugins/simple-custom-css/includes HTTP/1.0" 200 4826 "-" "Mozilla/5.0 (compatible; MJ12bot/v1.4.8; http://mj12bot.com/)"
51.83.11.76 - - [29/Oct/2025:07:28:13 +0000] "GET /?fileloc=/var/www/vhosts/enlugo.es/httpdocs/wp-content/plugins/simple-custom-css/languages/simple-custom-css-da_DK.mo&path=/var/www/vhosts/enlugo.es/httpdocs/wp-content/plugins/simple-custom-css/languages HTTP/1.0" 200 4400 "-" "Mozilla/5.0 (compatible; MJ12bot/v1.4.8; http://mj12bot.com/)"
51.83.11.76 - - [29/Oct/2025:07:28:14 +0000] "GET /?fileloc=/var/www/vhosts/enlugo.es/httpdocs/wp-content/plugins/simple-custom-css/languages/gevevbqz.php&path=/var/www/vhosts/enlugo.es/httpdocs/wp-content/plugins/simple-custom-css/languages HTTP/1.0" 200 5656 "-" "Mozilla/5.0 (compatible; MJ12bot/v1.4.8; http://mj12bot.com/)"
51.83.11.76 - - [29/Oct/2025:07:28:14 +0000] "GET /?fileloc=/var/www/vhosts/enlugo.es/httpdocs/wp-content/plugins/simple-custom-css/languages/simple-custom-css-da_DK.po&path=/var/www/vhosts/enlugo.es/httpdocs/wp-content/plugins/simple-custom-css/languages HTTP/1.0" 200 5082 "-" "Mozilla/5.0 (compatible; MJ12bot/v1.4.8; http://mj12bot.com/)"
51.83.11.76 - - [29/Oct/2025:07:28:16 +0000] "GET /?fileloc=/var/www/vhosts/enlugo.es/httpdocs/wp-content/plugins/simple-custom-css/languages/simple-custom-css-da_DK.mo&path=/var/www/vhosts/enlugo.es/httpdocs/wp-content/plugins/simple-custom-css/languages HTTP/1.0" 200 4400 "-" "Mozilla/5.0 (compatible; MJ12bot/v1.4.8; http://mj12bot.com/)"
51.83.11.76 - - [29/Oct/2025:07:28:16 +0000] "GET /?fileloc=/var/www/vhosts/enlugo.es/httpdocs/wp-content/plugins/simple-image-sizes/classes/Main.php&path=/var/www/vhosts/enlugo.es/httpdocs/wp-content/plugins/simple-image-sizes/classes HTTP/1.0" 200 4973 "-" "Mozilla/5.0 (compatible; MJ12bot/v1.4.8; http://mj12bot.com/)"
51.83.11.76 - - [29/Oct/2025:07:28:17 +0000] "GET /?fileloc=/var/www/vhosts/enlugo.es/httpdocs/wp-content/plugins/simple-custom-css/languages/simple-custom-css-da_DK.po&path=/var/www/vhosts/enlugo.es/httpdocs/wp-content/plugins/simple-custom-css/languages HTTP/1.0" 200 5082 "-" "Mozilla/5.0 (compatible; MJ12bot/v1.4.8; http://mj12bot.com/)"
51.83.11.76 - - [29/Oct/2025:07:28:18 +0000] "GET /?fileloc=/var/www/vhosts/enlugo.es/httpdocs/wp-content/plugins/simple-image-sizes/classes/sgvhrxyr.php&path=/var/www/vhosts/enlugo.es/httpdocs/wp-content/plugins/simple-image-sizes/classes HTTP/1.0" 200 5511 "-" "Mozilla/5.0 (compatible; MJ12bot/v1.4.8; http://mj12bot.com/)"
51.83.11.76 - - [29/Oct/2025:07:28:19 +0000] "GET /?fileloc=/var/www/vhosts/enlugo.es/httpdocs/wp-content/plugins/simple-image-sizes/classes/Main.php&path=/var/www/vhosts/enlugo.es/httpdocs/wp-content/plugins/simple-image-sizes/classes HTTP/1.0" 200 4973 "-" "Mozilla/5.0 (compatible; MJ12bot/v1.4.8; http://mj12bot.com/)"
51.83.11.76 - - [29/Oct/2025:07:28:20 +0000] "GET /?fileloc=/var/www/vhosts/enlugo.es/httpdocs/wp-content/plugins/simple-image-sizes/languages/simple-image-sizes-de_DE.po&path=/var/www/vhosts/enlugo.es/httpdocs/wp-content/plugins/simple-image-sizes/languages HTTP/1.0" 200 6925 "-" "Mozilla/5.0 (compatible; MJ12bot/v1.4.8; http://mj12bot.com/)"
51.83.11.76 - - [29/Oct/2025:07:28:21 +0000] "GET /?fileloc=/var/www/vhosts/enlugo.es/httpdocs/wp-content/plugins/simple-image-sizes/classes/sgvhrxyr.php&path=/var/www/vhosts/enlugo.es/httpdocs/wp-content/plugins/simple-image-sizes/classes HTTP/1.0" 200 5511 "-" "Mozilla/5.0 (compatible; MJ12bot/v1.4.8; http://mj12bot.com/)"
51.83.11.76 - - [29/Oct/2025:07:28:22 +0000] "GET /?fileloc=/var/www/vhosts/enlugo.es/httpdocs/wp-content/plugins/simple-image-sizes/languages/simple-image-sizes-fr_FR.mo&path=/var/www/vhosts/enlugo.es/httpdocs/wp-content/plugins/simple-image-sizes/languages HTTP/1.0" 200 4400 "-" "Mozilla/5.0 (compatible; MJ12bot/v1.4.8; http://mj12bot.com/)"
66.249.66.168 - - [29/Oct/2025:07:28:21 +0000] "GET /m62965531131 HTTP/1.0" 200 22822 "-" "Mozilla/5.0 (Linux; Android 6.0.1; Nexus 5X Build/MMB29P) AppleWebKit/537.36 (KHTML, like Gecko) Chrome/141.0.7390.122 Mobile Safari/537.36 (compatible; Googlebot/2.1; +http://www.google.com/bot.html)"
51.83.11.76 - - [29/Oct/2025:07:28:23 +0000] "GET /?fileloc=/var/www/vhosts/enlugo.es/httpdocs/wp-content/plugins/simple-image-sizes/languages/simple-image-sizes-de_DE.po&path=/var/www/vhosts/enlugo.es/httpdocs/wp-content/plugins/simple-image-sizes/languages HTTP/1.0" 200 6925 "-" "Mozilla/5.0 (compatible; MJ12bot/v1.4.8; http://mj12bot.com/)"
51.83.11.76 - - [29/Oct/2025:07:28:23 +0000] "GET /?fileloc=/var/www/vhosts/enlugo.es/httpdocs/wp-content/plugins/simple-image-sizes/languages/simple-image-sizes-fr_FR.po&path=/var/www/vhosts/enlugo.es/httpdocs/wp-content/plugins/simple-image-sizes/languages HTTP/1.0" 200 7080 "-" "Mozilla/5.0 (compatible; MJ12bot/v1.4.8; http://mj12bot.com/)"
51.83.11.76 - - [29/Oct/2025:07:28:25 +0000] "GET /?fileloc=/var/www/vhosts/enlugo.es/httpdocs/wp-content/plugins/simple-image-sizes/languages/simple-image-sizes-fr_FR.mo&path=/var/www/vhosts/enlugo.es/httpdocs/wp-content/plugins/simple-image-sizes/languages HTTP/1.0" 200 4400 "-" "Mozilla/5.0 (compatible; MJ12bot/v1.4.8; http://mj12bot.com/)"
51.83.11.76 - - [29/Oct/2025:07:28:25 +0000] "GET /?fileloc=/var/www/vhosts/enlugo.es/httpdocs/wp-content/plugins/simple-image-sizes/languages/simple-image-sizes-he_IL.mo&path=/var/www/vhosts/enlugo.es/httpdocs/wp-content/plugins/simple-image-sizes/languages HTTP/1.0" 200 4400 "-" "Mozilla/5.0 (compatible; MJ12bot/v1.4.8; http://mj12bot.com/)"
51.83.11.76 - - [29/Oct/2025:07:28:27 +0000] "GET /?fileloc=/var/www/vhosts/enlugo.es/httpdocs/wp-content/plugins/simple-image-sizes/languages/simple-image-sizes-fr_FR.po&path=/var/www/vhosts/enlugo.es/httpdocs/wp-content/plugins/simple-image-sizes/languages HTTP/1.0" 200 7080 "-" "Mozilla/5.0 (compatible; MJ12bot/v1.4.8; http://mj12bot.com/)"
51.83.11.76 - - [29/Oct/2025:07:28:27 +0000] "GET /?fileloc=/var/www/vhosts/enlugo.es/httpdocs/wp-content/plugins/simple-image-sizes/languages/simple-image-sizes-he_IL.po&path=/var/www/vhosts/enlugo.es/httpdocs/wp-content/plugins/simple-image-sizes/languages HTTP/1.0" 200 10337 "-" "Mozilla/5.0 (compatible; MJ12bot/v1.4.8; http://mj12bot.com/)"
51.83.11.76 - - [29/Oct/2025:07:28:28 +0000] "GET /?fileloc=/var/www/vhosts/enlugo.es/httpdocs/wp-content/plugins/simple-image-sizes/languages/simple-image-sizes-he_IL.mo&path=/var/www/vhosts/enlugo.es/httpdocs/wp-content/plugins/simple-image-sizes/languages HTTP/1.0" 200 4400 "-" "Mozilla/5.0 (compatible; MJ12bot/v1.4.8; http://mj12bot.com/)"
51.83.11.76 - - [29/Oct/2025:07:28:29 +0000] "GET /?fileloc=/var/www/vhosts/enlugo.es/httpdocs/wp-content/plugins/simple-image-sizes/languages/simple-image-sizes.pot&path=/var/www/vhosts/enlugo.es/httpdocs/wp-content/plugins/simple-image-sizes/languages HTTP/1.0" 200 5823 "-" "Mozilla/5.0 (compatible; MJ12bot/v1.4.8; http://mj12bot.com/)"
51.83.11.76 - - [29/Oct/2025:07:28:30 +0000] "GET /?fileloc=/var/www/vhosts/enlugo.es/httpdocs/wp-content/plugins/simple-image-sizes/languages/simple-image-sizes-he_IL.po&path=/var/www/vhosts/enlugo.es/httpdocs/wp-content/plugins/simple-image-sizes/languages HTTP/1.0" 200 10337 "-" "Mozilla/5.0 (compatible; MJ12bot/v1.4.8; http://mj12bot.com/)"
51.83.11.76 - - [29/Oct/2025:07:28:31 +0000] "GET /?fileloc=/var/www/vhosts/enlugo.es/httpdocs/wp-content/plugins/simple-image-sizes/templates/admin-js.html&path=/var/www/vhosts/enlugo.es/httpdocs/wp-content/plugins/simple-image-sizes/templates HTTP/1.0" 200 5056 "-" "Mozilla/5.0 (compatible; MJ12bot/v1.4.8; http://mj12bot.com/)"
51.83.11.76 - - [29/Oct/2025:07:28:32 +0000] "GET /?fileloc=/var/www/vhosts/enlugo.es/httpdocs/wp-content/plugins/simple-image-sizes/languages/simple-image-sizes.pot&path=/var/www/vhosts/enlugo.es/httpdocs/wp-content/plugins/simple-image-sizes/languages HTTP/1.0" 200 5823 "-" "Mozilla/5.0 (compatible; MJ12bot/v1.4.8; http://mj12bot.com/)"
51.83.11.76 - - [29/Oct/2025:07:28:33 +0000] "GET /?fileloc=/var/www/vhosts/enlugo.es/httpdocs/wp-content/plugins/simple-image-sizes/templates/options-media.php&path=/var/www/vhosts/enlugo.es/httpdocs/wp-content/plugins/simple-image-sizes/templates HTTP/1.0" 200 5908 "-" "Mozilla/5.0 (compatible; MJ12bot/v1.4.8; http://mj12bot.com/)"
51.83.11.76 - - [29/Oct/2025:07:28:34 +0000] "GET /?fileloc=/var/www/vhosts/enlugo.es/httpdocs/wp-content/plugins/simple-image-sizes/templates/admin-js.html&path=/var/www/vhosts/enlugo.es/httpdocs/wp-content/plugins/simple-image-sizes/templates HTTP/1.0" 200 5056 "-" "Mozilla/5.0 (compatible; MJ12bot/v1.4.8; http://mj12bot.com/)"
51.83.11.76 - - [29/Oct/2025:07:28:35 +0000] "GET /?fileloc=/var/www/vhosts/enlugo.es/httpdocs/wp-content/plugins/simple-image-sizes/vendor/autoload.php&path=/var/www/vhosts/enlugo.es/httpdocs/wp-content/plugins/simple-image-sizes/vendor HTTP/1.0" 200 4515 "-" "Mozilla/5.0 (compatible; MJ12bot/v1.4.8; http://mj12bot.com/)"
51.83.11.76 - - [29/Oct/2025:07:28:36 +0000] "GET /?fileloc=/var/www/vhosts/enlugo.es/httpdocs/wp-content/plugins/simple-image-sizes/templates/options-media.php&path=/var/www/vhosts/enlugo.es/httpdocs/wp-content/plugins/simple-image-sizes/templates HTTP/1.0" 200 5908 "-" "Mozilla/5.0 (compatible; MJ12bot/v1.4.8; http://mj12bot.com/)"
51.83.11.76 - - [29/Oct/2025:07:28:37 +0000] "GET /?fileloc=/var/www/vhosts/enlugo.es/httpdocs/wp-content/plugins/w3-total-cache/Base_Page_Settings.php&path=/var/www/vhosts/enlugo.es/httpdocs/wp-content/plugins/w3-total-cache HTTP/1.0" 200 5545 "-" "Mozilla/5.0 (compatible; MJ12bot/v1.4.8; http://mj12bot.com/)"
51.83.11.76 - - [29/Oct/2025:07:28:38 +0000] "GET /?fileloc=/var/www/vhosts/enlugo.es/httpdocs/wp-content/plugins/simple-image-sizes/vendor/autoload.php&path=/var/www/vhosts/enlugo.es/httpdocs/wp-content/plugins/simple-image-sizes/vendor HTTP/1.0" 200 4515 "-" "Mozilla/5.0 (compatible; MJ12bot/v1.4.8; http://mj12bot.com/)"
51.83.11.76 - - [29/Oct/2025:07:28:39 +0000] "GET /?fileloc=/var/www/vhosts/enlugo.es/httpdocs/wp-content/plugins/w3-total-cache/BrowserCache_ConfigLabels.php&path=/var/www/vhosts/enlugo.es/httpdocs/wp-content/plugins/w3-total-cache HTTP/1.0" 200 5494 "-" "Mozilla/5.0 (compatible; MJ12bot/v1.4.8; http://mj12bot.com/)"
51.83.11.76 - - [29/Oct/2025:07:28:40 +0000] "GET /?fileloc=/var/www/vhosts/enlugo.es/httpdocs/wp-content/plugins/w3-total-cache/Base_Page_Settings.php&path=/var/www/vhosts/enlugo.es/httpdocs/wp-content/plugins/w3-total-cache HTTP/1.0" 200 5545 "-" "Mozilla/5.0 (compatible; MJ12bot/v1.4.8; http://mj12bot.com/)"
51.83.11.76 - - [29/Oct/2025:07:28:41 +0000] "GET /?fileloc=/var/www/vhosts/enlugo.es/httpdocs/wp-content/plugins/w3-total-cache/BrowserCache_Core.php&path=/var/www/vhosts/enlugo.es/httpdocs/wp-content/plugins/w3-total-cache HTTP/1.0" 200 4939 "-" "Mozilla/5.0 (compatible; MJ12bot/v1.4.8; http://mj12bot.com/)"
51.83.11.76 - - [29/Oct/2025:07:28:42 +0000] "GET /?fileloc=/var/www/vhosts/enlugo.es/httpdocs/wp-content/plugins/w3-total-cache/BrowserCache_ConfigLabels.php&path=/var/www/vhosts/enlugo.es/httpdocs/wp-content/plugins/w3-total-cache HTTP/1.0" 200 5494 "-" "Mozilla/5.0 (compatible; MJ12bot/v1.4.8; http://mj12bot.com/)"
51.83.11.76 - - [29/Oct/2025:07:28:42 +0000] "GET /?fileloc=/var/www/vhosts/enlugo.es/httpdocs/wp-content/plugins/w3-total-cache/BrowserCache_Environment.php&path=/var/www/vhosts/enlugo.es/httpdocs/wp-content/plugins/w3-total-cache HTTP/1.0" 200 9469 "-" "Mozilla/5.0 (compatible; MJ12bot/v1.4.8; http://mj12bot.com/)"
51.83.11.76 - - [29/Oct/2025:07:28:43 +0000] "GET /?fileloc=/var/www/vhosts/enlugo.es/httpdocs/wp-content/plugins/w3-total-cache/BrowserCache_Core.php&path=/var/www/vhosts/enlugo.es/httpdocs/wp-content/plugins/w3-total-cache HTTP/1.0" 200 4939 "-" "Mozilla/5.0 (compatible; MJ12bot/v1.4.8; http://mj12bot.com/)"
51.83.11.76 - - [29/Oct/2025:07:28:44 +0000] "GET /?fileloc=/var/www/vhosts/enlugo.es/httpdocs/wp-content/plugins/w3-total-cache/BrowserCache_Environment_Nginx.php&path=/var/www/vhosts/enlugo.es/httpdocs/wp-content/plugins/w3-total-cache HTTP/1.0" 200 8077 "-" "Mozilla/5.0 (compatible; MJ12bot/v1.4.8; http://mj12bot.com/)"
51.83.11.76 - - [29/Oct/2025:07:28:45 +0000] "GET /?fileloc=/var/www/vhosts/enlugo.es/httpdocs/wp-content/plugins/w3-total-cache/BrowserCache_Environment.php&path=/var/www/vhosts/enlugo.es/httpdocs/wp-content/plugins/w3-total-cache HTTP/1.0" 200 9469 "-" "Mozilla/5.0 (compatible; MJ12bot/v1.4.8; http://mj12bot.com/)"
51.83.11.76 - - [29/Oct/2025:07:28:46 +0000] "GET /?fileloc=/var/www/vhosts/enlugo.es/httpdocs/wp-content/plugins/w3-total-cache/BrowserCache_Page.php&path=/var/www/vhosts/enlugo.es/httpdocs/wp-content/plugins/w3-total-cache HTTP/1.0" 200 4946 "-" "Mozilla/5.0 (compatible; MJ12bot/v1.4.8; http://mj12bot.com/)"
51.83.11.76 - - [29/Oct/2025:07:28:47 +0000] "GET /?fileloc=/var/www/vhosts/enlugo.es/httpdocs/wp-content/plugins/w3-total-cache/BrowserCache_Environment_Nginx.php&path=/var/www/vhosts/enlugo.es/httpdocs/wp-content/plugins/w3-total-cache HTTP/1.0" 200 8077 "-" "Mozilla/5.0 (compatible; MJ12bot/v1.4.8; http://mj12bot.com/)"
51.83.11.76 - - [29/Oct/2025:07:28:48 +0000] "GET /?fileloc=/var/www/vhosts/enlugo.es/httpdocs/wp-content/plugins/w3-total-cache/BrowserCache_Page_View_QuickReference.php&path=/var/www/vhosts/enlugo.es/httpdocs/wp-content/plugins/w3-total-cache HTTP/1.0" 200 5257 "-" "Mozilla/5.0 (compatible; MJ12bot/v1.4.8; http://mj12bot.com/)"
51.83.11.76 - - [29/Oct/2025:07:28:49 +0000] "GET /?fileloc=/var/www/vhosts/enlugo.es/httpdocs/wp-content/plugins/w3-total-cache/BrowserCache_Page.php&path=/var/www/vhosts/enlugo.es/httpdocs/wp-content/plugins/w3-total-cache HTTP/1.0" 200 4946 "-" "Mozilla/5.0 (compatible; MJ12bot/v1.4.8; http://mj12bot.com/)"
51.83.11.76 - - [29/Oct/2025:07:28:50 +0000] "GET /?fileloc=/var/www/vhosts/enlugo.es/httpdocs/wp-content/plugins/w3-total-cache/BrowserCache_Page_View_SectionSecurity.php&path=/var/www/vhosts/enlugo.es/httpdocs/wp-content/plugins/w3-total-cache HTTP/1.0" 200 10153 "-" "Mozilla/5.0 (compatible; MJ12bot/v1.4.8; http://mj12bot.com/)"
51.83.11.76 - - [29/Oct/2025:07:28:51 +0000] "GET /?fileloc=/var/www/vhosts/enlugo.es/httpdocs/wp-content/plugins/w3-total-cache/BrowserCache_Page_View_QuickReference.php&path=/var/www/vhosts/enlugo.es/httpdocs/wp-content/plugins/w3-total-cache HTTP/1.0" 200 5257 "-" "Mozilla/5.0 (compatible; MJ12bot/v1.4.8; http://mj12bot.com/)"
66.249.66.14 - - [29/Oct/2025:07:28:51 +0000] "GET /m75636056396 HTTP/1.0" 200 22120 "-" "Mozilla/5.0 (Linux; Android 6.0.1; Nexus 5X Build/MMB29P) AppleWebKit/537.36 (KHTML, like Gecko) Chrome/141.0.7390.122 Mobile Safari/537.36 (compatible; Googlebot/2.1; +http://www.google.com/bot.html)"
51.83.11.76 - - [29/Oct/2025:07:28:52 +0000] "GET /?fileloc=/var/www/vhosts/enlugo.es/httpdocs/wp-content/plugins/w3-total-cache/BrowserCache_Plugin.php&path=/var/www/vhosts/enlugo.es/httpdocs/wp-content/plugins/w3-total-cache HTTP/1.0" 200 7489 "-" "Mozilla/5.0 (compatible; MJ12bot/v1.4.8; http://mj12bot.com/)"
51.83.11.76 - - [29/Oct/2025:07:28:53 +0000] "GET /?fileloc=/var/www/vhosts/enlugo.es/httpdocs/wp-content/plugins/w3-total-cache/BrowserCache_Page_View_SectionSecurity.php&path=/var/www/vhosts/enlugo.es/httpdocs/wp-content/plugins/w3-total-cache HTTP/1.0" 200 10153 "-" "Mozilla/5.0 (compatible; MJ12bot/v1.4.8; http://mj12bot.com/)"
51.83.11.76 - - [29/Oct/2025:07:28:54 +0000] "GET /?fileloc=/var/www/vhosts/enlugo.es/httpdocs/wp-content/plugins/w3-total-cache/BrowserCache_Plugin_Admin.php&path=/var/www/vhosts/enlugo.es/httpdocs/wp-content/plugins/w3-total-cache HTTP/1.0" 200 4796 "-" "Mozilla/5.0 (compatible; MJ12bot/v1.4.8; http://mj12bot.com/)"
69.197.149.50 - - [29/Oct/2025:07:27:28 +0000] "GET /wp-includes/pl54115b/edit.php?id=657332 HTTP/1.0" 200 2195 "https://enlugo.es/wp-includes/pl54115b/edit.php?id=657332" "Mozilla/5.0 (Windows NT 10.0; Win64; x64) AppleWebKit/537.36 (KHTML, like Gecko) Chrome/58.0.3029.110 Safari/537.3"
51.83.11.76 - - [29/Oct/2025:07:28:55 +0000] "GET /?fileloc=/var/www/vhosts/enlugo.es/httpdocs/wp-content/plugins/w3-total-cache/BrowserCache_Plugin.php&path=/var/www/vhosts/enlugo.es/httpdocs/wp-content/plugins/w3-total-cache HTTP/1.0" 200 7489 "-" "Mozilla/5.0 (compatible; MJ12bot/v1.4.8; http://mj12bot.com/)"
51.83.11.76 - - [29/Oct/2025:07:28:56 +0000] "GET /?fileloc=/var/www/vhosts/enlugo.es/httpdocs/wp-content/plugins/w3-total-cache/Cache.php&path=/var/www/vhosts/enlugo.es/httpdocs/wp-content/plugins/w3-total-cache HTTP/1.0" 200 5371 "-" "Mozilla/5.0 (compatible; MJ12bot/v1.4.8; http://mj12bot.com/)"
51.83.11.76 - - [29/Oct/2025:07:28:56 +0000] "GET /?fileloc=/var/www/vhosts/enlugo.es/httpdocs/wp-content/plugins/w3-total-cache/BrowserCache_Plugin_Admin.php&path=/var/www/vhosts/enlugo.es/httpdocs/wp-content/plugins/w3-total-cache HTTP/1.0" 200 4796 "-" "Mozilla/5.0 (compatible; MJ12bot/v1.4.8; http://mj12bot.com/)"
51.83.11.76 - - [29/Oct/2025:07:28:58 +0000] "GET /?fileloc=/var/www/vhosts/enlugo.es/httpdocs/wp-content/plugins/w3-total-cache/CacheFlush.php&path=/var/www/vhosts/enlugo.es/httpdocs/wp-content/plugins/w3-total-cache HTTP/1.0" 200 5398 "-" "Mozilla/5.0 (compatible; MJ12bot/v1.4.8; http://mj12bot.com/)"
51.83.11.76 - - [29/Oct/2025:07:28:58 +0000] "GET /?fileloc=/var/www/vhosts/enlugo.es/httpdocs/wp-content/plugins/w3-total-cache/Cache.php&path=/var/www/vhosts/enlugo.es/httpdocs/wp-content/plugins/w3-total-cache HTTP/1.0" 200 5371 "-" "Mozilla/5.0 (compatible; MJ12bot/v1.4.8; http://mj12bot.com/)"
51.83.11.76 - - [29/Oct/2025:07:28:59 +0000] "GET /?fileloc=/var/www/vhosts/enlugo.es/httpdocs/wp-content/plugins/w3-total-cache/CacheFlush_Locally.php&path=/var/www/vhosts/enlugo.es/httpdocs/wp-content/plugins/w3-total-cache HTTP/1.0" 200 6208 "-" "Mozilla/5.0 (compatible; MJ12bot/v1.4.8; http://mj12bot.com/)"
51.83.11.76 - - [29/Oct/2025:07:29:00 +0000] "GET /?fileloc=/var/www/vhosts/enlugo.es/httpdocs/wp-content/plugins/w3-total-cache/CacheFlush.php&path=/var/www/vhosts/enlugo.es/httpdocs/wp-content/plugins/w3-total-cache HTTP/1.0" 200 5398 "-" "Mozilla/5.0 (compatible; MJ12bot/v1.4.8; http://mj12bot.com/)"
51.83.11.76 - - [29/Oct/2025:07:29:01 +0000] "GET /?fileloc=/var/www/vhosts/enlugo.es/httpdocs/wp-content/plugins/w3-total-cache/CacheGroups_Plugin_Admin.php&path=/var/www/vhosts/enlugo.es/httpdocs/wp-content/plugins/w3-total-cache HTTP/1.0" 200 6238 "-" "Mozilla/5.0 (compatible; MJ12bot/v1.4.8; http://mj12bot.com/)"
51.83.11.76 - - [29/Oct/2025:07:29:02 +0000] "GET /?fileloc=/var/www/vhosts/enlugo.es/httpdocs/wp-content/plugins/w3-total-cache/CacheFlush_Locally.php&path=/var/www/vhosts/enlugo.es/httpdocs/wp-content/plugins/w3-total-cache HTTP/1.0" 200 6208 "-" "Mozilla/5.0 (compatible; MJ12bot/v1.4.8; http://mj12bot.com/)"
51.83.11.76 - - [29/Oct/2025:07:29:03 +0000] "GET /?fileloc=/var/www/vhosts/enlugo.es/httpdocs/wp-content/plugins/w3-total-cache/CacheGroups_Plugin_Admin_View.js&path=/var/www/vhosts/enlugo.es/httpdocs/wp-content/plugins/w3-total-cache HTTP/1.0" 200 6696 "-" "Mozilla/5.0 (compatible; MJ12bot/v1.4.8; http://mj12bot.com/)"
51.83.11.76 - - [29/Oct/2025:07:29:03 +0000] "GET /?fileloc=/var/www/vhosts/enlugo.es/httpdocs/wp-content/plugins/w3-total-cache/CacheGroups_Plugin_Admin.php&path=/var/www/vhosts/enlugo.es/httpdocs/wp-content/plugins/w3-total-cache HTTP/1.0" 200 6238 "-" "Mozilla/5.0 (compatible; MJ12bot/v1.4.8; http://mj12bot.com/)"
17.246.15.228 - - [29/Oct/2025:07:29:05 +0000] "GET /robots.txt HTTP/1.0" 200 2453 "-" "Mozilla/5.0 (Macintosh; Intel Mac OS X 10_15_7) AppleWebKit/605.1.15 (KHTML, like Gecko) Version/17.4 Safari/605.1.15 (Applebot/0.1; +http://www.apple.com/go/applebot)"
51.83.11.76 - - [29/Oct/2025:07:29:05 +0000] "GET /?fileloc=/var/www/vhosts/enlugo.es/httpdocs/wp-content/plugins/w3-total-cache/CacheGroups_Plugin_Admin_View.php&path=/var/www/vhosts/enlugo.es/httpdocs/wp-content/plugins/w3-total-cache HTTP/1.0" 200 7069 "-" "Mozilla/5.0 (compatible; MJ12bot/v1.4.8; http://mj12bot.com/)"
17.246.15.228 - - [29/Oct/2025:07:29:05 +0000] "GET /muralla-romana/feed/?fileloc=/var/www/vhosts/enlugo.es/httpdocs/images/wp-rest.php&path=/var/www/vhosts/enlugo.es/httpdocs/images HTTP/1.0" 200 45262 "-" "Mozilla/5.0 (Macintosh; Intel Mac OS X 10_15_7) AppleWebKit/605.1.15 (KHTML, like Gecko) Version/17.4 Safari/605.1.15 (Applebot/0.1; +http://www.apple.com/go/applebot)"
51.83.11.76 - - [29/Oct/2025:07:29:05 +0000] "GET /?fileloc=/var/www/vhosts/enlugo.es/httpdocs/wp-content/plugins/w3-total-cache/CacheGroups_Plugin_Admin_View.js&path=/var/www/vhosts/enlugo.es/httpdocs/wp-content/plugins/w3-total-cache HTTP/1.0" 200 6696 "-" "Mozilla/5.0 (compatible; MJ12bot/v1.4.8; http://mj12bot.com/)"
66.249.66.160 - - [29/Oct/2025:07:29:05 +0000] "GET /info/strin61929637/ HTTP/1.0" 200 22901 "-" "Mozilla/5.0 (Linux; Android 6.0.1; Nexus 5X Build/MMB29P) AppleWebKit/537.36 (KHTML, like Gecko) Chrome/141.0.7390.122 Mobile Safari/537.36 (compatible; Googlebot/2.1; +http://www.google.com/bot.html)"
51.83.11.76 - - [29/Oct/2025:07:29:07 +0000] "GET /?fileloc=/var/www/vhosts/enlugo.es/httpdocs/wp-content/plugins/w3-total-cache/Cache_Apc.php&path=/var/www/vhosts/enlugo.es/httpdocs/wp-content/plugins/w3-total-cache HTTP/1.0" 200 5774 "-" "Mozilla/5.0 (compatible; MJ12bot/v1.4.8; http://mj12bot.com/)"
51.83.11.76 - - [29/Oct/2025:07:29:07 +0000] "GET /?fileloc=/var/www/vhosts/enlugo.es/httpdocs/wp-content/plugins/w3-total-cache/CacheGroups_Plugin_Admin_View.php&path=/var/www/vhosts/enlugo.es/httpdocs/wp-content/plugins/w3-total-cache HTTP/1.0" 200 7069 "-" "Mozilla/5.0 (compatible; MJ12bot/v1.4.8; http://mj12bot.com/)"
51.83.11.76 - - [29/Oct/2025:07:29:09 +0000] "GET /?fileloc=/var/www/vhosts/enlugo.es/httpdocs/wp-content/plugins/w3-total-cache/Cache_Apcu.php&path=/var/www/vhosts/enlugo.es/httpdocs/wp-content/plugins/w3-total-cache HTTP/1.0" 200 5775 "-" "Mozilla/5.0 (compatible; MJ12bot/v1.4.8; http://mj12bot.com/)"
