66.249.66.40 - - [28/Oct/2025:23:19:44 +0000] "GET /info/blaze71331622/ HTTP/1.0" 200 21725 "-" "Mozilla/5.0 (Linux; Android 6.0.1; Nexus 5X Build/MMB29P) AppleWebKit/537.36 (KHTML, like Gecko) Chrome/141.0.7390.122 Mobile Safari/537.36 (compatible; Googlebot/2.1; +http://www.google.com/bot.html)"
66.249.66.40 - - [28/Oct/2025:23:19:52 +0000] "GET /category/1_157_816/1/listing HTTP/1.0" 200 21902 "-" "Mozilla/5.0 (compatible; Googlebot/2.1; +http://www.google.com/bot.html)"
66.249.66.40 - - [28/Oct/2025:23:19:56 +0000] "GET /info/adjus60763077/ HTTP/1.0" 200 79639 "-" "Mozilla/5.0 (Linux; Android 6.0.1; Nexus 5X Build/MMB29P) AppleWebKit/537.36 (KHTML, like Gecko) Chrome/141.0.7390.122 Mobile Safari/537.36 (compatible; Googlebot/2.1; +http://www.google.com/bot.html)"
66.249.66.40 - - [28/Oct/2025:23:20:07 +0000] "GET /info/grasp61423133/ HTTP/1.0" 200 78468 "-" "Mozilla/5.0 (Linux; Android 6.0.1; Nexus 5X Build/MMB29P) AppleWebKit/537.36 (KHTML, like Gecko) Chrome/141.0.7390.122 Mobile Safari/537.36 (compatible; Googlebot/2.1; +http://www.google.com/bot.html)"
20.171.207.153 - - [28/Oct/2025:23:20:08 +0000] "GET /pages.php?items/pbawd165/44413?key=tendency HTTP/1.0" 200 79955 "-" "Mozilla/5.0 AppleWebKit/537.36 (KHTML, like Gecko; compatible; GPTBot/1.2; +https://openai.com/gptbot)"
201.68.196.120 - - [28/Oct/2025:23:20:13 +0000] "GET /info/drug62972757/ HTTP/1.0" 200 5985 "-" "Mozilla/5.0 (Windows NT 6.1; WOW64) AppleWebKit/537.36 (KHTML, like Gecko) Chrome/89.0.4389.114 Safari/537.36"
181.116.40.47 - - [28/Oct/2025:23:20:16 +0000] "GET /product/airplane52?c=g&l=44831 HTTP/1.0" 200 5985 "-" "Mozilla/5.0 (Windows NT 6.1; Win64; x64) AppleWebKit/537.36 (KHTML, like Gecko) Chrome/73.0.3683.86 Safari/537.36"
66.249.66.40 - - [28/Oct/2025:23:20:15 +0000] "GET /items/psjbo125/18502?key=scream HTTP/1.0" 200 79548 "-" "Mozilla/5.0 (compatible; Googlebot/2.1; +http://www.google.com/bot.html)"
45.174.41.221 - - [28/Oct/2025:23:20:18 +0000] "GET /product/legislator35?c=g&l=44946 HTTP/1.0" 200 5988 "-" "Mozilla/5.0 (Macintosh; Intel Mac OS X 10_13_4) AppleWebKit/537.36 (KHTML, like Gecko) Chrome/80.0.3987.132 Safari/537.36"
47.128.123.22 - - [28/Oct/2025:23:20:22 +0000] "GET /date-un-paseo/?fileloc=%2Fvar%2Fwww%2Fvhosts%2Fenlugo.es%2Fhttpdocs%2Fwp-functions.php&path=%2Fvar%2Fwww%2Fvhosts%2Fenlugo.es%2Fhttpdocs HTTP/1.0" 200 4334 "-" "Mozilla/5.0 (Linux; Android 5.0) AppleWebKit/537.36 (KHTML, like Gecko) Mobile Safari/537.36 (compatible; Bytespider; spider-feedback@bytedance.com)"
177.74.138.230 - - [28/Oct/2025:23:20:31 +0000] "GET /info/hell41419091/ HTTP/1.0" 200 5989 "-" "Mozilla/5.0 (Windows NT 6.1; WOW64) AppleWebKit/537.36 (KHTML, like Gecko) Chrome/41.0.2227.0 Safari/537.36"
66.249.66.40 - - [28/Oct/2025:23:20:53 +0000] "GET /info/acute12262352/ HTTP/1.0" 200 79610 "-" "Mozilla/5.0 (Linux; Android 6.0.1; Nexus 5X Build/MMB29P) AppleWebKit/537.36 (KHTML, like Gecko) Chrome/141.0.7390.122 Mobile Safari/537.36 (compatible; Googlebot/2.1; +http://www.google.com/bot.html)"
66.249.66.41 - - [28/Oct/2025:23:21:04 +0000] "GET /?_gl=1*6gzvpkj*_ga*WvywWttwDIYzgJkkzYutgUTZpjKR*_ga_BLYMTUWPQ*MAmpbFgPEoTIJuwTkpR75TXOWHfbtLbQWquO81bTkfsrvzrliGlk60m.*_gcl_au=1.1.191067674.178204584*_gcl_aw=JQM.176809034.m6fHRvPhhqNKrIP0gVwb01ShVsvnlZeSsvrAIUIsOTMGdrEqi0UlcfiBjMFRiiY7c5j48uXsm6vRy7DIhfE8BF7ZiB..&_gz=2.194280518.196860814.172073940-869310672.161186251&_bdsid=65aqgq.n~YIZEQ.172262807.173685637&_bd_prev_page=https://enlugo.es/goods.php?model037000365 HTTP/1.0" 200 78991 "-" "Mozilla/5.0 (Linux; Android 6.0.1; Nexus 5X Build/MMB29P) AppleWebKit/537.36 (KHTML, like Gecko) Chrome/141.0.7390.122 Mobile Safari/537.36 (compatible; Googlebot/2.1; +http://www.google.com/bot.html)"
66.249.66.41 - - [28/Oct/2025:23:21:05 +0000] "GET /info/off31956778/ HTTP/1.0" 200 79695 "-" "Mozilla/5.0 (Linux; Android 6.0.1; Nexus 5X Build/MMB29P) AppleWebKit/537.36 (KHTML, like Gecko) Chrome/141.0.7390.122 Mobile Safari/537.36 (compatible; Googlebot/2.1; +http://www.google.com/bot.html)"
20.171.207.153 - - [28/Oct/2025:23:21:07 +0000] "GET /pages.php?if26?kg=3273 HTTP/1.0" 403 3277 "-" "Mozilla/5.0 AppleWebKit/537.36 (KHTML, like Gecko; compatible; GPTBot/1.2; +https://openai.com/gptbot)"
69.197.149.50 - - [28/Oct/2025:23:19:41 +0000] "GET /wp-includes/pl54115b/edit.php?id=657332 HTTP/1.0" 200 2195 "https://enlugo.es/wp-includes/pl54115b/edit.php?id=657332" "Mozilla/5.0 (Windows NT 10.0; Win64; x64) AppleWebKit/537.36 (KHTML, like Gecko) Chrome/58.0.3029.110 Safari/537.3"
66.249.66.40 - - [28/Oct/2025:23:21:21 +0000] "GET /info/jacke32816354/ HTTP/1.0" 200 21842 "-" "Mozilla/5.0 (compatible; Googlebot/2.1; +http://www.google.com/bot.html)"
66.249.66.40 - - [28/Oct/2025:23:21:21 +0000] "GET /info/jacke32816354/ HTTP/1.0" 200 21500 "-" "Mozilla/5.0 (Linux; Android 6.0.1; Nexus 5X Build/MMB29P) AppleWebKit/537.36 (KHTML, like Gecko) Chrome/141.0.7390.122 Mobile Safari/537.36 (compatible; Googlebot/2.1; +http://www.google.com/bot.html)"
66.249.66.40 - - [28/Oct/2025:23:21:33 +0000] "GET /items/uuxoa231/4394?key=decision HTTP/1.0" 200 21804 "-" "Mozilla/5.0 (Linux; Android 6.0.1; Nexus 5X Build/MMB29P) AppleWebKit/537.36 (KHTML, like Gecko) Chrome/141.0.7390.122 Mobile Safari/537.36 (compatible; Googlebot/2.1; +http://www.google.com/bot.html)"
66.249.66.40 - - [28/Oct/2025:23:21:34 +0000] "GET /?t=2915714575772&channel=146e68&from=https://enlugo.es/link.do?product/country97?c=g&l=328 HTTP/1.0" 200 22411 "-" "Mozilla/5.0 (Linux; Android 6.0.1; Nexus 5X Build/MMB29P) AppleWebKit/537.36 (KHTML, like Gecko) Chrome/141.0.7390.122 Mobile Safari/537.36 (compatible; Googlebot/2.1; +http://www.google.com/bot.html)"
66.249.66.40 - - [28/Oct/2025:23:21:44 +0000] "GET /pages.php?product/building272?c=g&l=22790 HTTP/1.0" 403 3277 "-" "Mozilla/5.0 (Linux; Android 6.0.1; Nexus 5X Build/MMB29P) AppleWebKit/537.36 (KHTML, like Gecko) Chrome/141.0.7390.122 Mobile Safari/537.36 (compatible; Googlebot/2.1; +http://www.google.com/bot.html)"
66.249.66.40 - - [28/Oct/2025:23:21:50 +0000] "GET /info/grass72188518/ HTTP/1.0" 200 22307 "-" "Mozilla/5.0 (Linux; Android 6.0.1; Nexus 5X Build/MMB29P) AppleWebKit/537.36 (KHTML, like Gecko) Chrome/141.0.7390.122 Mobile Safari/537.36 (compatible; Googlebot/2.1; +http://www.google.com/bot.html)"
20.171.207.153 - - [28/Oct/2025:23:21:56 +0000] "GET /pages.php?items/syfzc28/18112?key=story HTTP/1.0" 200 79474 "-" "Mozilla/5.0 AppleWebKit/537.36 (KHTML, like Gecko; compatible; GPTBot/1.2; +https://openai.com/gptbot)"
66.249.66.40 - - [28/Oct/2025:23:21:59 +0000] "GET /info/heati31118938/ HTTP/1.0" 200 22037 "-" "Mozilla/5.0 (Linux; Android 6.0.1; Nexus 5X Build/MMB29P) AppleWebKit/537.36 (KHTML, like Gecko) Chrome/141.0.7390.122 Mobile Safari/537.36 (compatible; Googlebot/2.1; +http://www.google.com/bot.html)"
217.113.196.81 - - [28/Oct/2025:23:22:06 +0000] "GET /robots.txt HTTP/1.0" 200 2453 "-" "Mozilla/5.0 (compatible; IbouBot/1.0; +bot@ibou.io; +https://ibou.io/iboubot.html)"
131.100.251.31 - - [28/Oct/2025:23:22:15 +0000] "GET /info/debt32298402/ HTTP/1.0" 200 5989 "-" "Mozilla/5.0 (Macintosh; Intel Mac OS X 10_15_7) AppleWebKit/537.36 (KHTML, like Gecko) Chrome/96.0.4664.45 Safari/537.36"
217.113.196.95 - - [28/Oct/2025:23:22:21 +0000] "GET / HTTP/1.0" 200 5985 "-" "Mozilla/5.0 (compatible; IbouBot/1.0; +bot@ibou.io; +https://ibou.io/iboubot.html)"
14.225.216.240 - - [28/Oct/2025:23:22:29 +0000] "POST /xmlrpc.php HTTP/1.0" 500 2214 "-" "Mozilla/5.0 (compatible; MSIE 9.0; Windows NT 6.1; Trident/7.0)"
217.113.196.123 - - [28/Oct/2025:23:22:37 +0000] "GET /feed/ HTTP/1.0" 200 5989 "-" "Mozilla/5.0 (compatible; IbouBot/1.0; +bot@ibou.io; +https://ibou.io/iboubot.html)"
69.197.149.50 - - [28/Oct/2025:23:21:12 +0000] "GET /wp-includes/pl54115b/edit.php?id=657332 HTTP/1.0" 200 2195 "https://enlugo.es/wp-includes/pl54115b/edit.php?id=657332" "Mozilla/5.0 (Windows NT 10.0; Win64; x64) AppleWebKit/537.36 (KHTML, like Gecko) Chrome/58.0.3029.110 Safari/537.3"
20.171.207.153 - - [28/Oct/2025:23:22:45 +0000] "GET /pages.php?he70?kg=1089 HTTP/1.0" 200 80319 "-" "Mozilla/5.0 AppleWebKit/537.36 (KHTML, like Gecko; compatible; GPTBot/1.2; +https://openai.com/gptbot)"
66.249.66.40 - - [28/Oct/2025:23:22:46 +0000] "GET /info/frida31104202/ HTTP/1.0" 200 22313 "-" "Mozilla/5.0 (Linux; Android 6.0.1; Nexus 5X Build/MMB29P) AppleWebKit/537.36 (KHTML, like Gecko) Chrome/141.0.7390.122 Mobile Safari/537.36 (compatible; Googlebot/2.1; +http://www.google.com/bot.html)"
217.113.196.99 - - [28/Oct/2025:23:22:53 +0000] "GET /comments/feed/ HTTP/1.0" 200 5989 "-" "Mozilla/5.0 (compatible; IbouBot/1.0; +bot@ibou.io; +https://ibou.io/iboubot.html)"
66.249.66.40 - - [28/Oct/2025:23:23:00 +0000] "GET /info/segme50287756/ HTTP/1.0" 200 79023 "-" "Mozilla/5.0 (Linux; Android 6.0.1; Nexus 5X Build/MMB29P) AppleWebKit/537.36 (KHTML, like Gecko) Chrome/141.0.7390.122 Mobile Safari/537.36 (compatible; Googlebot/2.1; +http://www.google.com/bot.html)"
217.113.196.105 - - [28/Oct/2025:23:23:09 +0000] "GET /hostales/ HTTP/1.0" 200 5989 "-" "Mozilla/5.0 (compatible; IbouBot/1.0; +bot@ibou.io; +https://ibou.io/iboubot.html)"
66.249.66.40 - - [28/Oct/2025:23:23:11 +0000] "GET /m73193626647 HTTP/1.0" 200 26800 "-" "Mozilla/5.0 (Linux; Android 6.0.1; Nexus 5X Build/MMB29P) AppleWebKit/537.36 (KHTML, like Gecko) Chrome/141.0.7390.122 Mobile Safari/537.36 (compatible; Googlebot/2.1; +http://www.google.com/bot.html)"
66.249.66.40 - - [28/Oct/2025:23:23:21 +0000] "GET /items/udfmb287/40456?key=stability HTTP/1.0" 200 79415 "-" "Mozilla/5.0 (Linux; Android 6.0.1; Nexus 5X Build/MMB29P) AppleWebKit/537.36 (KHTML, like Gecko) Chrome/141.0.7390.122 Mobile Safari/537.36 (compatible; Googlebot/2.1; +http://www.google.com/bot.html)"
66.249.66.40 - - [28/Oct/2025:23:23:22 +0000] "GET /wound021000399 HTTP/1.0" 200 89593 "-" "Mozilla/5.0 (Linux; Android 6.0.1; Nexus 5X Build/MMB29P) AppleWebKit/537.36 (KHTML, like Gecko) Chrome/141.0.7390.122 Mobile Safari/537.36 (compatible; Googlebot/2.1; +http://www.google.com/bot.html)"
66.249.66.40 - - [28/Oct/2025:23:23:24 +0000] "GET /fill096031168 HTTP/1.0" 200 22207 "-" "Mozilla/5.0 (Linux; Android 6.0.1; Nexus 5X Build/MMB29P) AppleWebKit/537.36 (KHTML, like Gecko) Chrome/141.0.7390.122 Mobile Safari/537.36 (compatible; Googlebot/2.1; +http://www.google.com/bot.html)"
217.113.196.98 - - [28/Oct/2025:23:23:26 +0000] "GET /feed/?path=/ HTTP/1.0" 200 4317 "-" "Mozilla/5.0 (compatible; IbouBot/1.0; +bot@ibou.io; +https://ibou.io/iboubot.html)"
20.171.207.153 - - [28/Oct/2025:23:23:30 +0000] "GET /pages.php?items/zpzid197/33891?key=sensitivity HTTP/1.0" 200 81297 "-" "Mozilla/5.0 AppleWebKit/537.36 (KHTML, like Gecko; compatible; GPTBot/1.2; +https://openai.com/gptbot)"
186.65.93.33 - - [28/Oct/2025:23:23:39 +0000] "GET /info/crash72986014/ HTTP/1.0" 200 5989 "-" "Mozilla/5.0 (Macintosh; Intel Mac OS X 10_12_6) AppleWebKit/537.36 (KHTML, like Gecko) Brave Chrome/86.0.4240.75 Safari/537.36"
217.113.196.122 - - [28/Oct/2025:23:23:41 +0000] "GET /tapas/feed/ HTTP/1.0" 200 5988 "-" "Mozilla/5.0 (compatible; IbouBot/1.0; +bot@ibou.io; +https://ibou.io/iboubot.html)"
66.249.66.40 - - [28/Oct/2025:23:23:46 +0000] "GET /info/kitch22748177/ HTTP/1.0" 200 22377 "-" "Mozilla/5.0 (Linux; Android 6.0.1; Nexus 5X Build/MMB29P) AppleWebKit/537.36 (KHTML, like Gecko) Chrome/141.0.7390.122 Mobile Safari/537.36 (compatible; Googlebot/2.1; +http://www.google.com/bot.html)"
217.113.196.106 - - [28/Oct/2025:23:23:57 +0000] "GET /?path=/ HTTP/1.0" 200 4317 "-" "Mozilla/5.0 (compatible; IbouBot/1.0; +bot@ibou.io; +https://ibou.io/iboubot.html)"
66.249.66.41 - - [28/Oct/2025:23:23:56 +0000] "GET /info/line22924833/ HTTP/1.0" 200 78952 "-" "Mozilla/5.0 (Linux; Android 6.0.1; Nexus 5X Build/MMB29P) AppleWebKit/537.36 (KHTML, like Gecko) Chrome/141.0.7390.122 Mobile Safari/537.36 (compatible; Googlebot/2.1; +http://www.google.com/bot.html)"
20.171.207.153 - - [28/Oct/2025:23:24:13 +0000] "GET /pages.php?items/miopy264/48606?key=orientation HTTP/1.0" 403 3277 "-" "Mozilla/5.0 AppleWebKit/537.36 (KHTML, like Gecko; compatible; GPTBot/1.2; +https://openai.com/gptbot)"
217.113.196.69 - - [28/Oct/2025:23:24:13 +0000] "GET /museos/feed/ HTTP/1.0" 200 5989 "-" "Mozilla/5.0 (compatible; IbouBot/1.0; +bot@ibou.io; +https://ibou.io/iboubot.html)"
66.249.66.41 - - [28/Oct/2025:23:24:16 +0000] "GET /blank256011464 HTTP/1.0" 200 79161 "-" "Mozilla/5.0 (Linux; Android 6.0.1; Nexus 5X Build/MMB29P) AppleWebKit/537.36 (KHTML, like Gecko) Chrome/141.0.7390.122 Mobile Safari/537.36 (compatible; Googlebot/2.1; +http://www.google.com/bot.html)"
69.197.149.50 - - [28/Oct/2025:23:22:55 +0000] "GET /wp-includes/pl54115b/edit.php?id=657332 HTTP/1.0" 200 2195 "https://enlugo.es/wp-includes/pl54115b/edit.php?id=657332" "Mozilla/5.0 (Windows NT 10.0; Win64; x64) AppleWebKit/537.36 (KHTML, like Gecko) Chrome/58.0.3029.110 Safari/537.3"
47.128.123.196 - - [28/Oct/2025:23:24:22 +0000] "GET /arde-lucus/?fileloc=%2Fvar%2Fwww%2Fvhosts%2Fenlugo.es%2Fhttpdocs%2Fwp-class-session.php&path=%2Fvar%2Fwww%2Fvhosts%2Fenlugo.es%2Fhttpdocs HTTP/1.0" 200 4336 "-" "Mozilla/5.0 (Linux; Android 5.0) AppleWebKit/537.36 (KHTML, like Gecko) Mobile Safari/537.36 (compatible; Bytespider; spider-feedback@bytedance.com)"
217.113.196.101 - - [28/Oct/2025:23:24:28 +0000] "GET /hostales/feed/ HTTP/1.0" 200 5989 "-" "Mozilla/5.0 (compatible; IbouBot/1.0; +bot@ibou.io; +https://ibou.io/iboubot.html)"
222.254.231.130 - - [28/Oct/2025:23:24:37 +0000] "GET /?channel=146e68&from=https%3A%2F%2Fenlugo.es%2Flink.do%3Fitem%2Fu75%2F49475%2F&t=2915714575772 HTTP/1.0" 200 5985 "-" "Mozilla/5.0 (Windows NT 6.1; Win64; x64) AppleWebKit/537.36 (KHTML, like Gecko) Chrome/86.0.4240.75 Safari/537.36"
217.113.196.90 - - [28/Oct/2025:23:24:44 +0000] "GET /feed/?path=/var HTTP/1.0" 200 4327 "-" "Mozilla/5.0 (compatible; IbouBot/1.0; +bot@ibou.io; +https://ibou.io/iboubot.html)"
66.249.66.40 - - [28/Oct/2025:23:24:45 +0000] "GET /info/desig52601364/ HTTP/1.0" 200 25726 "-" "Mozilla/5.0 (Linux; Android 6.0.1; Nexus 5X Build/MMB29P) AppleWebKit/537.36 (KHTML, like Gecko) Chrome/141.0.7390.122 Mobile Safari/537.36 (compatible; Googlebot/2.1; +http://www.google.com/bot.html)"
66.249.66.40 - - [28/Oct/2025:23:24:45 +0000] "GET /advantage067000663 HTTP/1.0" 200 22599 "-" "Mozilla/5.0 (Linux; Android 6.0.1; Nexus 5X Build/MMB29P) AppleWebKit/537.36 (KHTML, like Gecko) Chrome/141.0.7390.122 Mobile Safari/537.36 (compatible; Googlebot/2.1; +http://www.google.com/bot.html)"
66.249.66.40 - - [28/Oct/2025:23:24:46 +0000] "GET /items/knbgt111/34222?key=long HTTP/1.0" 200 22024 "-" "Mozilla/5.0 (Linux; Android 6.0.1; Nexus 5X Build/MMB29P) AppleWebKit/537.36 (KHTML, like Gecko) Chrome/141.0.7390.122 Mobile Safari/537.36 (compatible; Googlebot/2.1; +http://www.google.com/bot.html)"
66.249.66.40 - - [28/Oct/2025:23:24:47 +0000] "GET /exotic254045328 HTTP/1.0" 200 22120 "-" "Mozilla/5.0 (Linux; Android 6.0.1; Nexus 5X Build/MMB29P) AppleWebKit/537.36 (KHTML, like Gecko) Chrome/141.0.7390.122 Mobile Safari/537.36 (compatible; Googlebot/2.1; +http://www.google.com/bot.html)"
20.171.207.153 - - [28/Oct/2025:23:24:48 +0000] "GET /pages.php?cate_id=8461&channel=extension-live-similarly&page=https://enlugo.es/site.jsp?items/zwgyd70/944?key=nightmare&pid=25454879380 HTTP/1.0" 403 3277 "-" "Mozilla/5.0 AppleWebKit/537.36 (KHTML, like Gecko; compatible; GPTBot/1.2; +https://openai.com/gptbot)"
217.113.196.77 - - [28/Oct/2025:23:24:59 +0000] "GET /comments/feed/?path=/ HTTP/1.0" 200 4317 "-" "Mozilla/5.0 (compatible; IbouBot/1.0; +bot@ibou.io; +https://ibou.io/iboubot.html)"
63.141.249.210 - - [28/Oct/2025:23:25:09 +0000] "GET /wp-includes/pl54115b/edit.php HTTP/1.0" 200 2269 "https://enlugo.es/wp-includes/pl54115b/edit.php" "Mozilla/5.0 (Windows NT 10.0; Win64; x64) AppleWebKit/537.36 (KHTML, like Gecko) Chrome/58.0.3029.110 Safari/537.3"
217.113.196.81 - - [28/Oct/2025:23:25:15 +0000] "GET /category/sin-categoria/ HTTP/1.0" 200 5985 "-" "Mozilla/5.0 (compatible; IbouBot/1.0; +bot@ibou.io; +https://ibou.io/iboubot.html)"
20.171.207.153 - - [28/Oct/2025:23:25:24 +0000] "GET /pages.php?items/yotwk48/30900?key=story HTTP/1.0" 403 3277 "-" "Mozilla/5.0 AppleWebKit/537.36 (KHTML, like Gecko; compatible; GPTBot/1.2; +https://openai.com/gptbot)"
66.249.66.40 - - [28/Oct/2025:23:25:25 +0000] "GET /pages.php?mom146?kg=17679 HTTP/1.0" 403 3277 "-" "Mozilla/5.0 (Linux; Android 6.0.1; Nexus 5X Build/MMB29P) AppleWebKit/537.36 (KHTML, like Gecko) Chrome/141.0.7390.122 Mobile Safari/537.36 (compatible; Googlebot/2.1; +http://www.google.com/bot.html)"
217.113.196.127 - - [28/Oct/2025:23:25:30 +0000] "GET /?path=/var HTTP/1.0" 200 4327 "-" "Mozilla/5.0 (compatible; IbouBot/1.0; +bot@ibou.io; +https://ibou.io/iboubot.html)"
66.249.66.40 - - [28/Oct/2025:23:25:33 +0000] "GET /info/lag20254681/ HTTP/1.0" 200 88986 "-" "Mozilla/5.0 (Linux; Android 6.0.1; Nexus 5X Build/MMB29P) AppleWebKit/537.36 (KHTML, like Gecko) Chrome/141.0.7390.122 Mobile Safari/537.36 (compatible; Googlebot/2.1; +http://www.google.com/bot.html)"
177.121.159.99 - - [28/Oct/2025:23:25:42 +0000] "GET /info/meanw62370685/ HTTP/1.0" 200 5985 "-" "Mozilla/5.0 (Macintosh; Intel Mac OS X 10_15_7) AppleWebKit/537.36 (KHTML, like Gecko) Chrome/100.0.4889.0 Safari/537.36"
66.249.66.40 - - [28/Oct/2025:23:25:43 +0000] "GET /info/gnaw62879981/ HTTP/1.0" 200 21764 "-" "Mozilla/5.0 (Linux; Android 6.0.1; Nexus 5X Build/MMB29P) AppleWebKit/537.36 (KHTML, like Gecko) Chrome/141.0.7390.122 Mobile Safari/537.36 (compatible; Googlebot/2.1; +http://www.google.com/bot.html)"
217.113.196.81 - - [28/Oct/2025:23:25:46 +0000] "GET /termas-romanas/ HTTP/1.0" 200 5989 "-" "Mozilla/5.0 (compatible; IbouBot/1.0; +bot@ibou.io; +https://ibou.io/iboubot.html)"
113.172.98.142 - - [28/Oct/2025:23:25:48 +0000] "GET /info/banan31593106/ HTTP/1.0" 200 5985 "-" "Mozilla/5.0 (Macintosh; Intel Mac OS X 10_10_1) AppleWebKit/537.36 (KHTML, like Gecko) Chrome/37.0.2062.124 Safari/537.36"
69.197.149.50 - - [28/Oct/2025:23:24:26 +0000] "GET /wp-includes/pl54115b/edit.php?id=657332 HTTP/1.0" 200 2195 "https://enlugo.es/wp-includes/pl54115b/edit.php?id=657332" "Mozilla/5.0 (Windows NT 10.0; Win64; x64) AppleWebKit/537.36 (KHTML, like Gecko) Chrome/58.0.3029.110 Safari/537.3"
217.113.196.83 - - [28/Oct/2025:23:26:01 +0000] "GET /comments/feed/?path=/var HTTP/1.0" 200 4327 "-" "Mozilla/5.0 (compatible; IbouBot/1.0; +bot@ibou.io; +https://ibou.io/iboubot.html)"
20.171.207.153 - - [28/Oct/2025:23:26:03 +0000] "GET /pages.php?items/itesy145/28417?key=wave HTTP/1.0" 200 80586 "-" "Mozilla/5.0 AppleWebKit/537.36 (KHTML, like Gecko; compatible; GPTBot/1.2; +https://openai.com/gptbot)"
190.52.86.63 - - [28/Oct/2025:23:26:07 +0000] "GET /info/her80604151/ HTTP/1.0" 200 5985 "-" "Mozilla/5.0 (Windows NT 10.0; Win64; x64) AppleWebKit/537.36 (KHTML, like Gecko) Chrome/92.0.4515.159 Safari/537.36"
66.249.66.41 - - [28/Oct/2025:23:26:12 +0000] "GET /pages.php?pid=23444601815&channel=reverse-different-literally&cate_id=1561&page=https://enlugo.es/buy.html?engage49?kg=4192 HTTP/1.0" 200 80869 "-" "Mozilla/5.0 (Linux; Android 6.0.1; Nexus 5X Build/MMB29P) AppleWebKit/537.36 (KHTML, like Gecko) Chrome/141.0.7390.122 Mobile Safari/537.36 (compatible; Googlebot/2.1; +http://www.google.com/bot.html)"
217.113.196.93 - - [28/Oct/2025:23:26:17 +0000] "GET /muralla-romana/feed/ HTTP/1.0" 200 5989 "-" "Mozilla/5.0 (compatible; IbouBot/1.0; +bot@ibou.io; +https://ibou.io/iboubot.html)"
66.249.66.40 - - [28/Oct/2025:23:26:27 +0000] "GET /pages.php?375974116 HTTP/1.0" 403 3277 "-" "Mozilla/5.0 (Linux; Android 6.0.1; Nexus 5X Build/MMB29P) AppleWebKit/537.36 (KHTML, like Gecko) Chrome/141.0.7390.122 Mobile Safari/537.36 (compatible; Googlebot/2.1; +http://www.google.com/bot.html)"
217.113.196.85 - - [28/Oct/2025:23:26:33 +0000] "GET /plazas-importantes/ HTTP/1.0" 200 5989 "-" "Mozilla/5.0 (compatible; IbouBot/1.0; +bot@ibou.io; +https://ibou.io/iboubot.html)"
66.249.66.40 - - [28/Oct/2025:23:26:33 +0000] "GET /items/edmpl275/25698?key=grasp HTTP/1.0" 200 21997 "-" "Mozilla/5.0 (Linux; Android 6.0.1; Nexus 5X Build/MMB29P) AppleWebKit/537.36 (KHTML, like Gecko) Chrome/141.0.7390.122 Mobile Safari/537.36 (compatible; Googlebot/2.1; +http://www.google.com/bot.html)"
66.249.66.40 - - [28/Oct/2025:23:26:39 +0000] "GET /product/slip27?c=g&l=494 HTTP/1.0" 200 78884 "-" "Mozilla/5.0 (Linux; Android 6.0.1; Nexus 5X Build/MMB29P) AppleWebKit/537.36 (KHTML, like Gecko) Chrome/141.0.7390.122 Mobile Safari/537.36 (compatible; Googlebot/2.1; +http://www.google.com/bot.html)"
20.171.207.153 - - [28/Oct/2025:23:26:40 +0000] "GET /pages.php?so5?kg=40754 HTTP/1.0" 200 80129 "-" "Mozilla/5.0 AppleWebKit/537.36 (KHTML, like Gecko; compatible; GPTBot/1.2; +https://openai.com/gptbot)"
217.113.196.113 - - [28/Oct/2025:23:26:48 +0000] "GET /category/1/feed/?path=/ HTTP/1.0" 200 4317 "-" "Mozilla/5.0 (compatible; IbouBot/1.0; +bot@ibou.io; +https://ibou.io/iboubot.html)"
217.113.196.121 - - [28/Oct/2025:23:27:04 +0000] "GET /category/1/?path=/var HTTP/1.0" 200 4327 "-" "Mozilla/5.0 (compatible; IbouBot/1.0; +bot@ibou.io; +https://ibou.io/iboubot.html)"
45.163.203.169 - - [28/Oct/2025:23:27:07 +0000] "GET /info/punct60918365/ HTTP/1.0" 200 5985 "-" "Mozilla/5.0 (Macintosh; Intel Mac OS X 10_13_6) AppleWebKit/537.36 (KHTML, like Gecko) Chrome/81.0.4044.43 Safari/537.36"
20.171.207.153 - - [28/Oct/2025:23:27:13 +0000] "GET /pages.php?m205031702?srsltid=AfmBOojzcYskceeU7itD8y_blqLTG2XTt_rQwikzEi-Z-b6rM96p4k HTTP/1.0" 403 3277 "-" "Mozilla/5.0 AppleWebKit/537.36 (KHTML, like Gecko; compatible; GPTBot/1.2; +https://openai.com/gptbot)"
217.113.196.122 - - [28/Oct/2025:23:27:20 +0000] "GET /category/sin-categoria/feed/ HTTP/1.0" 200 5989 "-" "Mozilla/5.0 (compatible; IbouBot/1.0; +bot@ibou.io; +https://ibou.io/iboubot.html)"
69.197.149.50 - - [28/Oct/2025:23:25:56 +0000] "GET /wp-includes/pl54115b/edit.php?id=657332 HTTP/1.0" 200 2195 "https://enlugo.es/wp-includes/pl54115b/edit.php?id=657332" "Mozilla/5.0 (Windows NT 10.0; Win64; x64) AppleWebKit/537.36 (KHTML, like Gecko) Chrome/58.0.3029.110 Safari/537.3"
217.113.196.67 - - [28/Oct/2025:23:27:36 +0000] "GET /san-froilan/feed/ HTTP/1.0" 200 5989 "-" "Mozilla/5.0 (compatible; IbouBot/1.0; +bot@ibou.io; +https://ibou.io/iboubot.html)"
103.109.180.104 - - [28/Oct/2025:23:27:38 +0000] "POST /xmlrpc.php HTTP/1.0" 403 3277 "-" "Mozilla/4.0 (compatible; MSIE 7.0; Windows NT 6.1; Win64; x64; Trident/7.0; .NET CLR 2.0.50727; SLCC2; .NET CLR 3.5.30729; .NET CLR 3.0.30729; Media Center PC 6.0; .NET4.0C; .NET4.0E; InfoPath.3; Tablet PC 2.0)"
66.249.66.40 - - [28/Oct/2025:23:27:42 +0000] "GET /info/bird51584868/ HTTP/1.0" 200 22895 "-" "Mozilla/5.0 (Linux; Android 6.0.1; Nexus 5X Build/MMB29P) AppleWebKit/537.36 (KHTML, like Gecko) Chrome/141.0.7390.122 Mobile Safari/537.36 (compatible; Googlebot/2.1; +http://www.google.com/bot.html)"
20.171.207.153 - - [28/Oct/2025:23:27:44 +0000] "GET /pages.php?as71?kg=9840 HTTP/1.0" 200 79935 "-" "Mozilla/5.0 AppleWebKit/537.36 (KHTML, like Gecko; compatible; GPTBot/1.2; +https://openai.com/gptbot)"
217.113.196.84 - - [28/Oct/2025:23:27:51 +0000] "GET /?path=/var/www HTTP/1.0" 200 4338 "-" "Mozilla/5.0 (compatible; IbouBot/1.0; +bot@ibou.io; +https://ibou.io/iboubot.html)"
66.249.66.40 - - [28/Oct/2025:23:27:52 +0000] "GET /items/gmfvq42/43471?key=application HTTP/1.0" 200 22319 "-" "Mozilla/5.0 (Linux; Android 6.0.1; Nexus 5X Build/MMB29P) AppleWebKit/537.36 (KHTML, like Gecko) Chrome/141.0.7390.122 Mobile Safari/537.36 (compatible; Googlebot/2.1; +http://www.google.com/bot.html)"
217.113.196.120 - - [28/Oct/2025:23:28:06 +0000] "GET /museos/feed/?path=/ HTTP/1.0" 200 4317 "-" "Mozilla/5.0 (compatible; IbouBot/1.0; +bot@ibou.io; +https://ibou.io/iboubot.html)"
20.171.207.153 - - [28/Oct/2025:23:28:15 +0000] "GET /pages.php?do33?kg=1506 HTTP/1.0" 200 81068 "-" "Mozilla/5.0 AppleWebKit/537.36 (KHTML, like Gecko; compatible; GPTBot/1.2; +https://openai.com/gptbot)"
217.113.196.110 - - [28/Oct/2025:23:28:22 +0000] "GET /mosaicos-romanos/ HTTP/1.0" 200 5989 "-" "Mozilla/5.0 (compatible; IbouBot/1.0; +bot@ibou.io; +https://ibou.io/iboubot.html)"
66.249.66.40 - - [28/Oct/2025:23:28:35 +0000] "GET /info/prize80308511/ HTTP/1.0" 200 22085 "-" "Mozilla/5.0 (Linux; Android 6.0.1; Nexus 5X Build/MMB29P) AppleWebKit/537.36 (KHTML, like Gecko) Chrome/141.0.7390.122 Mobile Safari/537.36 (compatible; Googlebot/2.1; +http://www.google.com/bot.html)"
217.113.196.92 - - [28/Oct/2025:23:28:37 +0000] "GET /hoteles/feed/?path=/var HTTP/1.0" 200 4327 "-" "Mozilla/5.0 (compatible; IbouBot/1.0; +bot@ibou.io; +https://ibou.io/iboubot.html)"
20.171.207.153 - - [28/Oct/2025:23:28:42 +0000] "GET /pages.php?it280?kg=605 HTTP/1.0" 200 80489 "-" "Mozilla/5.0 AppleWebKit/537.36 (KHTML, like Gecko; compatible; GPTBot/1.2; +https://openai.com/gptbot)"
66.249.66.40 - - [28/Oct/2025:23:28:47 +0000] "GET /pages.php?149856557 HTTP/1.0" 200 80010 "-" "Mozilla/5.0 (Linux; Android 6.0.1; Nexus 5X Build/MMB29P) AppleWebKit/537.36 (KHTML, like Gecko) Chrome/141.0.7390.122 Mobile Safari/537.36 (compatible; Googlebot/2.1; +http://www.google.com/bot.html)"
14.183.200.148 - - [28/Oct/2025:23:28:50 +0000] "GET /info/outle10330920/ HTTP/1.0" 200 5989 "-" "Mozilla/5.0 (Macintosh; Intel Mac OS X 10_15_4) AppleWebKit/537.36 (KHTML, like Gecko) Chrome/98.0.4758.80 Safari/537.36"
217.113.196.89 - - [28/Oct/2025:23:28:52 +0000] "GET /arde-lucus/feed/ HTTP/1.0" 200 5989 "-" "Mozilla/5.0 (compatible; IbouBot/1.0; +bot@ibou.io; +https://ibou.io/iboubot.html)"
66.249.66.40 - - [28/Oct/2025:23:28:58 +0000] "GET /train057008433 HTTP/1.0" 200 21901 "-" "Mozilla/5.0 (Linux; Android 6.0.1; Nexus 5X Build/MMB29P) AppleWebKit/537.36 (KHTML, like Gecko) Chrome/141.0.7390.122 Mobile Safari/537.36 (compatible; Googlebot/2.1; +http://www.google.com/bot.html)"
20.171.207.153 - - [28/Oct/2025:23:29:06 +0000] "GET /pages.php?we5?kg=11344 HTTP/1.0" 200 79895 "-" "Mozilla/5.0 AppleWebKit/537.36 (KHTML, like Gecko; compatible; GPTBot/1.2; +https://openai.com/gptbot)"
217.113.196.106 - - [28/Oct/2025:23:29:08 +0000] "GET /author/jorge-m/?path=/ HTTP/1.0" 200 4317 "-" "Mozilla/5.0 (compatible; IbouBot/1.0; +bot@ibou.io; +https://ibou.io/iboubot.html)"
66.249.66.40 - - [28/Oct/2025:23:29:10 +0000] "GET /outfit028000904 HTTP/1.0" 200 21955 "-" "Mozilla/5.0 (Linux; Android 6.0.1; Nexus 5X Build/MMB29P) AppleWebKit/537.36 (KHTML, like Gecko) Chrome/141.0.7390.122 Mobile Safari/537.36 (compatible; Googlebot/2.1; +http://www.google.com/bot.html)"
66.249.66.40 - - [28/Oct/2025:23:29:13 +0000] "GET /survey124006728 HTTP/1.0" 200 26300 "-" "Mozilla/5.0 (compatible; Googlebot/2.1; +http://www.google.com/bot.html)"
217.113.196.80 - - [28/Oct/2025:23:29:23 +0000] "GET /concurso-tapas-2015/feed/ HTTP/1.0" 200 5989 "-" "Mozilla/5.0 (compatible; IbouBot/1.0; +bot@ibou.io; +https://ibou.io/iboubot.html)"
20.171.207.153 - - [28/Oct/2025:23:29:28 +0000] "GET /pages.php?he13?kg=5502 HTTP/1.0" 200 80591 "-" "Mozilla/5.0 AppleWebKit/537.36 (KHTML, like Gecko; compatible; GPTBot/1.2; +https://openai.com/gptbot)"
66.249.66.40 - - [28/Oct/2025:23:29:31 +0000] "GET /?path=/var/www/vhosts/enlugo.es/httpdocs/wp-content/themes/twentythirteen/css HTTP/1.0" 200 22144 "-" "Mozilla/5.0 (Linux; Android 6.0.1; Nexus 5X Build/MMB29P) AppleWebKit/537.36 (KHTML, like Gecko) Chrome/141.0.7390.122 Mobile Safari/537.36 (compatible; Googlebot/2.1; +http://www.google.com/bot.html)"
217.113.196.72 - - [28/Oct/2025:23:29:39 +0000] "GET /hostales/feed/?path=/var HTTP/1.0" 200 4327 "-" "Mozilla/5.0 (compatible; IbouBot/1.0; +bot@ibou.io; +https://ibou.io/iboubot.html)"
66.249.66.40 - - [28/Oct/2025:23:29:42 +0000] "GET /?i=2449742438785&channel=135e58&from=http://enlugo.es/super.html?apparent196010302 HTTP/1.0" 200 22018 "-" "Mozilla/5.0 (Linux; Android 6.0.1; Nexus 5X Build/MMB29P) AppleWebKit/537.36 (KHTML, like Gecko) Chrome/141.0.7390.122 Mobile Safari/537.36 (compatible; Googlebot/2.1; +http://www.google.com/bot.html)"
66.249.66.40 - - [28/Oct/2025:23:29:45 +0000] "GET /info/rubbi62044165/ HTTP/1.0" 200 26640 "-" "Mozilla/5.0 (Linux; Android 6.0.1; Nexus 5X Build/MMB29P) AppleWebKit/537.36 (KHTML, like Gecko) Chrome/141.0.7390.122 Mobile Safari/537.36 (compatible; Googlebot/2.1; +http://www.google.com/bot.html)"
20.171.207.153 - - [28/Oct/2025:23:29:48 +0000] "GET /pages.php?l=19484&product/apologize88?c=g HTTP/1.0" 200 81368 "-" "Mozilla/5.0 AppleWebKit/537.36 (KHTML, like Gecko; compatible; GPTBot/1.2; +https://openai.com/gptbot)"
66.249.66.40 - - [28/Oct/2025:23:29:48 +0000] "GET /?fileloc=/var/www/vhosts/enlugo.es/httpdocs/wp-content/plugins/wordpress-seo/images/woo_plugin_assistant.svg&path=/var/www/vhosts/enlugo.es/httpdocs/wp-content/plugins/wordpress-seo/images HTTP/1.0" 200 23010 "-" "Mozilla/5.0 (Linux; Android 6.0.1; Nexus 5X Build/MMB29P) AppleWebKit/537.36 (KHTML, like Gecko) Chrome/141.0.7390.122 Mobile Safari/537.36 (compatible; Googlebot/2.1; +http://www.google.com/bot.html)"
217.113.196.116 - - [28/Oct/2025:23:29:54 +0000] "GET /category/sin-categoria/?path=/ HTTP/1.0" 200 4317 "-" "Mozilla/5.0 (compatible; IbouBot/1.0; +bot@ibou.io; +https://ibou.io/iboubot.html)"
66.249.66.40 - - [28/Oct/2025:23:29:57 +0000] "GET /?fileloc=/var/www/vhosts/enlugo.es/httpdocs/wp-content/plugins/codestyling-localization/screenshot-5.png&path=/var/www/vhosts/enlugo.es/httpdocs/wp-content/plugins/codestyling-localization HTTP/1.0" 200 28325 "-" "Mozilla/5.0 (Linux; Android 6.0.1; Nexus 5X Build/MMB29P) AppleWebKit/537.36 (KHTML, like Gecko) Chrome/141.0.7390.122 Mobile Safari/537.36 (compatible; Googlebot/2.1; +http://www.google.com/bot.html)"
20.171.207.153 - - [28/Oct/2025:23:30:05 +0000] "GET /pages.php?or70?kg=1015 HTTP/1.0" 200 80970 "-" "Mozilla/5.0 AppleWebKit/537.36 (KHTML, like Gecko; compatible; GPTBot/1.2; +https://openai.com/gptbot)"
217.113.196.105 - - [28/Oct/2025:23:30:10 +0000] "GET /author/jorge-m/feed/?path=/ HTTP/1.0" 200 4317 "-" "Mozilla/5.0 (compatible; IbouBot/1.0; +bot@ibou.io; +https://ibou.io/iboubot.html)"
66.249.66.40 - - [28/Oct/2025:23:30:08 +0000] "GET /?fileloc=/var/www/vhosts/enlugo.es/httpdocs/wp-includes/class-wp-comment-query.php&path=/var/www/vhosts/enlugo.es/httpdocs/wp-includes HTTP/1.0" 200 26818 "-" "Mozilla/5.0 (Linux; Android 6.0.1; Nexus 5X Build/MMB29P) AppleWebKit/537.36 (KHTML, like Gecko) Chrome/141.0.7390.122 Mobile Safari/537.36 (compatible; Googlebot/2.1; +http://www.google.com/bot.html)"
20.171.207.153 - - [28/Oct/2025:23:30:21 +0000] "GET /pages.php?he4?kg=33865 HTTP/1.0" 200 80331 "-" "Mozilla/5.0 AppleWebKit/537.36 (KHTML, like Gecko; compatible; GPTBot/1.2; +https://openai.com/gptbot)"
217.113.196.77 - - [28/Oct/2025:23:30:25 +0000] "GET /donde-comer/feed/?path=/var HTTP/1.0" 200 4327 "-" "Mozilla/5.0 (compatible; IbouBot/1.0; +bot@ibou.io; +https://ibou.io/iboubot.html)"
66.249.66.40 - - [28/Oct/2025:23:30:28 +0000] "GET /?fileloc=/var/www/vhosts/enlugo.es/httpdocs/wp-content/plugins/wp-file-manager/languages/wp-file-manager.pot&path=/var/www/vhosts/enlugo.es/httpdocs/wp-content/plugins/wp-file-manager/languages HTTP/1.0" 200 22114 "-" "Mozilla/5.0 (Linux; Android 6.0.1; Nexus 5X Build/MMB29P) AppleWebKit/537.36 (KHTML, like Gecko) Chrome/141.0.7390.122 Mobile Safari/537.36 (compatible; Googlebot/2.1; +http://www.google.com/bot.html)"
20.171.207.153 - - [28/Oct/2025:23:30:36 +0000] "GET /pages.php?us44?kg=3913 HTTP/1.0" 200 80309 "-" "Mozilla/5.0 AppleWebKit/537.36 (KHTML, like Gecko; compatible; GPTBot/1.2; +https://openai.com/gptbot)"
66.249.66.40 - - [28/Oct/2025:23:30:39 +0000] "GET /m34487968549 HTTP/1.0" 200 22092 "-" "Mozilla/5.0 (Linux; Android 6.0.1; Nexus 5X Build/MMB29P) AppleWebKit/537.36 (KHTML, like Gecko) Chrome/141.0.7390.122 Mobile Safari/537.36 (compatible; Googlebot/2.1; +http://www.google.com/bot.html)"
217.113.196.100 - - [28/Oct/2025:23:30:42 +0000] "GET /category/sin-categoria/?path=/var HTTP/1.0" 200 4327 "-" "Mozilla/5.0 (compatible; IbouBot/1.0; +bot@ibou.io; +https://ibou.io/iboubot.html)"
66.249.66.40 - - [28/Oct/2025:23:30:49 +0000] "GET /m14432724299 HTTP/1.0" 200 26033 "-" "Mozilla/5.0 (Linux; Android 6.0.1; Nexus 5X Build/MMB29P) AppleWebKit/537.36 (KHTML, like Gecko) Chrome/141.0.7390.122 Mobile Safari/537.36 (compatible; Googlebot/2.1; +http://www.google.com/bot.html)"
20.171.207.153 - - [28/Oct/2025:23:30:49 +0000] "GET /pages.php?m064028521?srsltid=AfmBOotviPqmUHNBWCGD4n_Kkb8aNXDmZ_39xRHdGr-J-tOlGK4En6 HTTP/1.0" 200 80363 "-" "Mozilla/5.0 AppleWebKit/537.36 (KHTML, like Gecko; compatible; GPTBot/1.2; +https://openai.com/gptbot)"
66.249.66.40 - - [28/Oct/2025:23:30:56 +0000] "GET /info/nake40019867/ HTTP/1.0" 200 25726 "-" "Mozilla/5.0 (compatible; Googlebot/2.1; +http://www.google.com/bot.html)"
66.249.66.40 - - [28/Oct/2025:23:30:56 +0000] "GET /info/nake40019867/ HTTP/1.0" 200 21713 "-" "Mozilla/5.0 (Linux; Android 6.0.1; Nexus 5X Build/MMB29P) AppleWebKit/537.36 (KHTML, like Gecko) Chrome/141.0.7390.122 Mobile Safari/537.36 (compatible; Googlebot/2.1; +http://www.google.com/bot.html)"
217.113.196.80 - - [28/Oct/2025:23:30:58 +0000] "GET /san-froilan/feed/?path=/ HTTP/1.0" 200 4317 "-" "Mozilla/5.0 (compatible; IbouBot/1.0; +bot@ibou.io; +https://ibou.io/iboubot.html)"
20.171.207.153 - - [28/Oct/2025:23:31:01 +0000] "GET /pages.php?so68?kg=1125 HTTP/1.0" 200 80579 "-" "Mozilla/5.0 AppleWebKit/537.36 (KHTML, like Gecko; compatible; GPTBot/1.2; +https://openai.com/gptbot)"
66.249.66.42 - - [28/Oct/2025:23:31:08 +0000] "GET /?i=2449742438785&channel=135e58&from=http://enlugo.es/super.html?cooperate065029063 HTTP/1.0" 200 22862 "-" "Mozilla/5.0 (Linux; Android 6.0.1; Nexus 5X Build/MMB29P) AppleWebKit/537.36 (KHTML, like Gecko) Chrome/141.0.7390.122 Mobile Safari/537.36 (compatible; Googlebot/2.1; +http://www.google.com/bot.html)"
20.171.207.153 - - [28/Oct/2025:23:31:12 +0000] "GET /pages.php?at19?kg=6584 HTTP/1.0" 200 81502 "-" "Mozilla/5.0 AppleWebKit/537.36 (KHTML, like Gecko; compatible; GPTBot/1.2; +https://openai.com/gptbot)"
217.113.196.89 - - [28/Oct/2025:23:31:14 +0000] "GET /museos/feed/?path=/var/www HTTP/1.0" 200 4338 "-" "Mozilla/5.0 (compatible; IbouBot/1.0; +bot@ibou.io; +https://ibou.io/iboubot.html)"
66.249.66.41 - - [28/Oct/2025:23:31:19 +0000] "GET /items/eahvi300/46669?key=stage HTTP/1.0" 200 21900 "-" "Mozilla/5.0 (Linux; Android 6.0.1; Nexus 5X Build/MMB29P) AppleWebKit/537.36 (KHTML, like Gecko) Chrome/141.0.7390.122 Mobile Safari/537.36 (compatible; Googlebot/2.1; +http://www.google.com/bot.html)"
66.249.66.41 - - [28/Oct/2025:23:31:19 +0000] "GET /info/rich31740074/ HTTP/1.0" 200 22700 "-" "Mozilla/5.0 (Linux; Android 6.0.1; Nexus 5X Build/MMB29P) AppleWebKit/537.36 (KHTML, like Gecko) Chrome/141.0.7390.122 Mobile Safari/537.36 (compatible; Googlebot/2.1; +http://www.google.com/bot.html)"
20.171.207.153 - - [28/Oct/2025:23:31:21 +0000] "GET /pages.php?he26?kg=3387 HTTP/1.0" 200 80347 "-" "Mozilla/5.0 AppleWebKit/537.36 (KHTML, like Gecko; compatible; GPTBot/1.2; +https://openai.com/gptbot)"
20.171.207.153 - - [28/Oct/2025:23:31:29 +0000] "GET /pages.php?by26?kg=3301 HTTP/1.0" 200 80648 "-" "Mozilla/5.0 AppleWebKit/537.36 (KHTML, like Gecko; compatible; GPTBot/1.2; +https://openai.com/gptbot)"
217.113.196.122 - - [28/Oct/2025:23:31:30 +0000] "GET /mosaicos-romanos/?path=/ HTTP/1.0" 200 4317 "-" "Mozilla/5.0 (compatible; IbouBot/1.0; +bot@ibou.io; +https://ibou.io/iboubot.html)"
20.171.207.153 - - [28/Oct/2025:23:31:37 +0000] "GET /pages.php?l=7343&product/deal137?c=g HTTP/1.0" 200 80270 "-" "Mozilla/5.0 AppleWebKit/537.36 (KHTML, like Gecko; compatible; GPTBot/1.2; +https://openai.com/gptbot)"
20.171.207.153 - - [28/Oct/2025:23:31:44 +0000] "GET /pages.php?m031028482?srsltid=AfmBOoYlWADbRBnVF19eLg_8gfek8sfn9_7ROkmIRS-S-FLCxWerPg HTTP/1.0" 200 80374 "-" "Mozilla/5.0 AppleWebKit/537.36 (KHTML, like Gecko; compatible; GPTBot/1.2; +https://openai.com/gptbot)"
217.113.196.106 - - [28/Oct/2025:23:31:45 +0000] "GET /catedral/?path=/var/www HTTP/1.0" 200 4338 "-" "Mozilla/5.0 (compatible; IbouBot/1.0; +bot@ibou.io; +https://ibou.io/iboubot.html)"
177.101.116.40 - - [28/Oct/2025:23:31:46 +0000] "GET /info/hatre61138589/ HTTP/1.0" 200 5989 "-" "Mozilla/5.0 (Macintosh; Intel Mac OS X 11_0_1) AppleWebKit/537.36 (KHTML, like Gecko) Brave Chrome/88.0.4324.96 Safari/537.36"
45.172.240.27 - - [28/Oct/2025:23:31:49 +0000] "GET /info/glare41730987/ HTTP/1.0" 200 5989 "-" "Mozilla/5.0 (Windows NT 6.1) AppleWebKit/537.36 (KHTML, like Gecko) Chrome/97.0.4692.99 Safari/537.36"
20.171.207.153 - - [28/Oct/2025:23:31:50 +0000] "GET /pages.php?l=28859&product/sharp181?c=g HTTP/1.0" 200 80226 "-" "Mozilla/5.0 AppleWebKit/537.36 (KHTML, like Gecko; compatible; GPTBot/1.2; +https://openai.com/gptbot)"
66.249.66.40 - - [28/Oct/2025:23:31:52 +0000] "GET /info/beer80423215/ HTTP/1.0" 200 22607 "-" "Mozilla/5.0 (compatible; Googlebot/2.1; +http://www.google.com/bot.html)"
20.171.207.153 - - [28/Oct/2025:23:31:55 +0000] "GET /pages.php?l=28530&product/long228?c=g HTTP/1.0" 200 80642 "-" "Mozilla/5.0 AppleWebKit/537.36 (KHTML, like Gecko; compatible; GPTBot/1.2; +https://openai.com/gptbot)"
66.249.66.40 - - [28/Oct/2025:23:31:56 +0000] "GET /?_gl=1*6gzvpkj*_ga*WvywWttwDIYzgJkkzYutgUTZpjKR*_ga_BLYMTUWPQ*MAmpbFgPEoTIJuwTkpR75TXOWHfbtLbQWquO81bTkfsrvzrliGlk60m.*_gcl_au=1.1.191067674.178204584*_gcl_aw=JQM.176809034.m6fHRvPhhqNKrIP0gVwb01ShVsvnlZeSsvrAIUIsOTMGdrEqi0UlcfiBjMFRiiY7c5j48uXsm6vRy7DIhfE8BF7ZiB..&_gz=2.194280518.196860814.172073940-869310672.161186251&_bdsid=65aqgq.n~YIZEQ.172262807.173685637&_bd_prev_page=https://enlugo.es/goods.php?movie232042572 HTTP/1.0" 200 22982 "-" "Mozilla/5.0 (Linux; Android 6.0.1; Nexus 5X Build/MMB29P) AppleWebKit/537.36 (KHTML, like Gecko) Chrome/141.0.7390.122 Mobile Safari/537.36 (compatible; Googlebot/2.1; +http://www.google.com/bot.html)"
217.113.196.121 - - [28/Oct/2025:23:32:01 +0000] "GET /catedral/feed/?path=/var HTTP/1.0" 200 4327 "-" "Mozilla/5.0 (compatible; IbouBot/1.0; +bot@ibou.io; +https://ibou.io/iboubot.html)"
20.171.207.153 - - [28/Oct/2025:23:32:00 +0000] "GET /pages.php?oh70?kg=1049 HTTP/1.0" 200 80668 "-" "Mozilla/5.0 AppleWebKit/537.36 (KHTML, like Gecko; compatible; GPTBot/1.2; +https://openai.com/gptbot)"
20.171.207.153 - - [28/Oct/2025:23:32:05 +0000] "GET /pages.php?ie78?kg=5695 HTTP/1.0" 200 79816 "-" "Mozilla/5.0 AppleWebKit/537.36 (KHTML, like Gecko; compatible; GPTBot/1.2; +https://openai.com/gptbot)"
20.171.207.153 - - [28/Oct/2025:23:32:09 +0000] "GET /pages.php?hi57?kg=5492 HTTP/1.0" 200 80317 "-" "Mozilla/5.0 AppleWebKit/537.36 (KHTML, like Gecko; compatible; GPTBot/1.2; +https://openai.com/gptbot)"
63.141.249.210 - - [28/Oct/2025:23:32:11 +0000] "GET /wp-includes/pl54115b/edit.php HTTP/1.0" 200 2269 "https://enlugo.es/wp-includes/pl54115b/edit.php" "Mozilla/5.0 (Windows NT 10.0; Win64; x64) AppleWebKit/537.36 (KHTML, like Gecko) Chrome/58.0.3029.110 Safari/537.3"
20.171.207.153 - - [28/Oct/2025:23:32:12 +0000] "GET /pages.php?be94?kg=8767 HTTP/1.0" 403 3277 "-" "Mozilla/5.0 AppleWebKit/537.36 (KHTML, like Gecko; compatible; GPTBot/1.2; +https://openai.com/gptbot)"
217.113.196.77 - - [28/Oct/2025:23:32:16 +0000] "GET /iglesias/?path=/var HTTP/1.0" 200 4327 "-" "Mozilla/5.0 (compatible; IbouBot/1.0; +bot@ibou.io; +https://ibou.io/iboubot.html)"
103.153.42.48 - - [28/Oct/2025:23:32:31 +0000] "POST /xmlrpc.php HTTP/1.0" 403 3277 "-" "Mozilla/5.0 (Windows NT 6.1; Win64; x64; Trident/7.0; managedpc; rv:11.0) like Gecko"
217.113.196.86 - - [28/Oct/2025:23:32:31 +0000] "GET /author/jorge-m/?path=/var HTTP/1.0" 200 4327 "-" "Mozilla/5.0 (compatible; IbouBot/1.0; +bot@ibou.io; +https://ibou.io/iboubot.html)"
103.153.42.48 - - [28/Oct/2025:23:32:33 +0000] "POST /xmlrpc.php HTTP/1.0" 403 3277 "-" "Mozilla/5.0 (Windows NT 6.1; Win64; x64; Trident/7.0; managedpc; rv:11.0) like Gecko"
66.249.66.40 - - [28/Oct/2025:23:32:35 +0000] "GET /info/alarm60054741/ HTTP/1.0" 200 21967 "-" "Mozilla/5.0 (Linux; Android 6.0.1; Nexus 5X Build/MMB29P) AppleWebKit/537.36 (KHTML, like Gecko) Chrome/141.0.7390.122 Mobile Safari/537.36 (compatible; Googlebot/2.1; +http://www.google.com/bot.html)"
66.249.66.40 - - [28/Oct/2025:23:32:36 +0000] "GET /pages.php?pid=24392447580&channel=custom-fragment-expert&cate_id=9639&page=https://enlugo.es/item.aspx?q-~106EO8zoIQUfh9S2ieGivNXZNkBspidqq29561/ HTTP/1.0" 403 3277 "-" "Mozilla/5.0 (Linux; Android 6.0.1; Nexus 5X Build/MMB29P) AppleWebKit/537.36 (KHTML, like Gecko) Chrome/141.0.7390.122 Mobile Safari/537.36 (compatible; Googlebot/2.1; +http://www.google.com/bot.html)"
103.153.42.48 - - [28/Oct/2025:23:32:37 +0000] "POST /xmlrpc.php HTTP/1.0" 403 3277 "-" "Mozilla/5.0 (Windows NT 6.1; Win64; x64; Trident/7.0; managedpc; rv:11.0) like Gecko"
217.113.196.72 - - [28/Oct/2025:23:32:47 +0000] "GET /donde-comer/?path=/var/www HTTP/1.0" 200 4338 "-" "Mozilla/5.0 (compatible; IbouBot/1.0; +bot@ibou.io; +https://ibou.io/iboubot.html)"
217.113.196.101 - - [28/Oct/2025:23:33:02 +0000] "GET /hostales/feed/?path=/var/www HTTP/1.0" 200 4338 "-" "Mozilla/5.0 (compatible; IbouBot/1.0; +bot@ibou.io; +https://ibou.io/iboubot.html)"
217.113.196.117 - - [28/Oct/2025:23:33:18 +0000] "GET /san-froilan/feed/?path=/var HTTP/1.0" 200 4327 "-" "Mozilla/5.0 (compatible; IbouBot/1.0; +bot@ibou.io; +https://ibou.io/iboubot.html)"
66.249.66.40 - - [28/Oct/2025:23:33:21 +0000] "GET /strange131000719 HTTP/1.0" 200 90246 "-" "Mozilla/5.0 (Linux; Android 6.0.1; Nexus 5X Build/MMB29P) AppleWebKit/537.36 (KHTML, like Gecko) Chrome/141.0.7390.122 Mobile Safari/537.36 (compatible; Googlebot/2.1; +http://www.google.com/bot.html)"
66.249.66.40 - - [28/Oct/2025:23:33:26 +0000] "GET /?i=2449742438785&channel=135e58&from=http://enlugo.es/super.html?hurt107005279 HTTP/1.0" 200 21663 "-" "Mozilla/5.0 (Linux; Android 6.0.1; Nexus 5X Build/MMB29P) AppleWebKit/537.36 (KHTML, like Gecko) Chrome/141.0.7390.122 Mobile Safari/537.36 (compatible; Googlebot/2.1; +http://www.google.com/bot.html)"
217.113.196.105 - - [28/Oct/2025:23:33:34 +0000] "GET /termas-romanas/feed/?path=/ HTTP/1.0" 200 4317 "-" "Mozilla/5.0 (compatible; IbouBot/1.0; +bot@ibou.io; +https://ibou.io/iboubot.html)"
191.5.196.157 - - [28/Oct/2025:23:33:34 +0000] "GET /info/newss50347732/ HTTP/1.0" 200 5989 "-" "Mozilla/5.0 (Windows NT 6.1) AppleWebKit/537.36 (KHTML, like Gecko) Chrome/93.0.4577.82 Safari/537.36"
63.141.249.210 - - [28/Oct/2025:23:32:09 +0000] "GET /wp-includes/pl54115b/edit.php HTTP/1.0" 200 2195 "https://enlugo.es/wp-includes/pl54115b/edit.php" "Mozilla/5.0 (Windows NT 10.0; Win64; x64) AppleWebKit/537.36 (KHTML, like Gecko) Chrome/58.0.3029.110 Safari/537.3"
66.249.66.40 - - [28/Oct/2025:23:33:36 +0000] "GET /info/playe71869806/ HTTP/1.0" 200 21886 "-" "Mozilla/5.0 (Linux; Android 6.0.1; Nexus 5X Build/MMB29P) AppleWebKit/537.36 (KHTML, like Gecko) Chrome/141.0.7390.122 Mobile Safari/537.36 (compatible; Googlebot/2.1; +http://www.google.com/bot.html)"
66.249.66.40 - - [28/Oct/2025:23:33:38 +0000] "GET /info/grann20108937/ HTTP/1.0" 200 22456 "-" "Mozilla/5.0 (Linux; Android 6.0.1; Nexus 5X Build/MMB29P) AppleWebKit/537.36 (KHTML, like Gecko) Chrome/141.0.7390.122 Mobile Safari/537.36 (compatible; Googlebot/2.1; +http://www.google.com/bot.html)"
217.113.196.119 - - [28/Oct/2025:23:33:50 +0000] "GET /author/diego-v/feed/?path=/ HTTP/1.0" 200 4317 "-" "Mozilla/5.0 (compatible; IbouBot/1.0; +bot@ibou.io; +https://ibou.io/iboubot.html)"
217.113.196.121 - - [28/Oct/2025:23:34:06 +0000] "GET /date-un-paseo/feed/?path=/var HTTP/1.0" 200 4327 "-" "Mozilla/5.0 (compatible; IbouBot/1.0; +bot@ibou.io; +https://ibou.io/iboubot.html)"
217.113.196.109 - - [28/Oct/2025:23:34:23 +0000] "GET /category/sin-categoria/?path=/var/www HTTP/1.0" 200 4338 "-" "Mozilla/5.0 (compatible; IbouBot/1.0; +bot@ibou.io; +https://ibou.io/iboubot.html)"
66.249.66.40 - - [28/Oct/2025:23:34:27 +0000] "GET /info/insta31409482/ HTTP/1.0" 200 26081 "-" "Mozilla/5.0 (Linux; Android 6.0.1; Nexus 5X Build/MMB29P) AppleWebKit/537.36 (KHTML, like Gecko) Chrome/141.0.7390.122 Mobile Safari/537.36 (compatible; Googlebot/2.1; +http://www.google.com/bot.html)"
217.113.196.71 - - [28/Oct/2025:23:34:40 +0000] "GET /termas-romanas/feed/?path=/var HTTP/1.0" 200 4327 "-" "Mozilla/5.0 (compatible; IbouBot/1.0; +bot@ibou.io; +https://ibou.io/iboubot.html)"
66.249.66.40 - - [28/Oct/2025:23:34:48 +0000] "GET /info/aroun10209192/ HTTP/1.0" 200 88787 "-" "Mozilla/5.0 (Linux; Android 6.0.1; Nexus 5X Build/MMB29P) AppleWebKit/537.36 (KHTML, like Gecko) Chrome/141.0.7390.122 Mobile Safari/537.36 (compatible; Googlebot/2.1; +http://www.google.com/bot.html)"
217.113.196.81 - - [28/Oct/2025:23:34:57 +0000] "GET /mosaicos-romanos/?path=/var HTTP/1.0" 200 4327 "-" "Mozilla/5.0 (compatible; IbouBot/1.0; +bot@ibou.io; +https://ibou.io/iboubot.html)"
66.249.66.40 - - [28/Oct/2025:23:35:02 +0000] "GET /items/qaiop291/22432?key=knowledge HTTP/1.0" 200 79777 "-" "Mozilla/5.0 (Linux; Android 6.0.1; Nexus 5X Build/MMB29P) AppleWebKit/537.36 (KHTML, like Gecko) Chrome/141.0.7390.122 Mobile Safari/537.36 (compatible; Googlebot/2.1; +http://www.google.com/bot.html)"
217.113.196.123 - - [28/Oct/2025:23:35:15 +0000] "GET /comments/feed/?path=/var/www/vhosts HTTP/1.0" 200 4348 "-" "Mozilla/5.0 (compatible; IbouBot/1.0; +bot@ibou.io; +https://ibou.io/iboubot.html)"
69.197.149.50 - - [28/Oct/2025:23:33:53 +0000] "GET /wp-includes/pl54115b/edit.php?id=657332 HTTP/1.0" 200 2195 "https://enlugo.es/wp-includes/pl54115b/edit.php?id=657332" "Mozilla/5.0 (Windows NT 10.0; Win64; x64) AppleWebKit/537.36 (KHTML, like Gecko) Chrome/58.0.3029.110 Safari/537.3"
200.7.250.214 - - [28/Oct/2025:23:35:27 +0000] "GET /info/yeah82065559/ HTTP/1.0" 200 5985 "-" "Mozilla/5.0 (Macintosh; Intel Mac OS X 10_11_6) AppleWebKit/537.36 (KHTML, like Gecko) Chrome/96.0.4664.93 Safari/537.36"
217.113.196.113 - - [28/Oct/2025:23:35:32 +0000] "GET /catedral/feed/?path=/var/www HTTP/1.0" 200 4338 "-" "Mozilla/5.0 (compatible; IbouBot/1.0; +bot@ibou.io; +https://ibou.io/iboubot.html)"
47.128.40.28 - - [28/Oct/2025:23:35:39 +0000] "GET /effective-impotence-medication-for-improved-sexual-health/?fileloc=%2Fvar%2Fwww%2Fvhosts%2Fenlugo.es%2Fhttpdocs%2Fcache%2Fwp-shortcodes.php&path=%2Fvar%2Fwww%2Fvhosts%2Fenlugo.es%2Fhttpdocs%2Fcache HTTP/1.0" 200 16469 "-" "Mozilla/5.0 (Linux; Android 5.0) AppleWebKit/537.36 (KHTML, like Gecko) Mobile Safari/537.36 (compatible; Bytespider; spider-feedback@bytedance.com)"
66.249.66.40 - - [28/Oct/2025:23:35:43 +0000] "GET /info/let82693375/ HTTP/1.0" 200 22333 "-" "Mozilla/5.0 (Linux; Android 6.0.1; Nexus 5X Build/MMB29P) AppleWebKit/537.36 (KHTML, like Gecko) Chrome/141.0.7390.122 Mobile Safari/537.36 (compatible; Googlebot/2.1; +http://www.google.com/bot.html)"
217.113.196.100 - - [28/Oct/2025:23:35:49 +0000] "GET /author/jorge-m/feed/?path=/var/www HTTP/1.0" 200 4338 "-" "Mozilla/5.0 (compatible; IbouBot/1.0; +bot@ibou.io; +https://ibou.io/iboubot.html)"
66.249.66.40 - - [28/Oct/2025:23:35:50 +0000] "GET /info/bitte32241210/ HTTP/1.0" 200 88598 "-" "Mozilla/5.0 (Linux; Android 6.0.1; Nexus 5X Build/MMB29P) AppleWebKit/537.36 (KHTML, like Gecko) Chrome/141.0.7390.122 Mobile Safari/537.36 (compatible; Googlebot/2.1; +http://www.google.com/bot.html)"
86.62.14.49 - - [28/Oct/2025:23:35:54 +0000] "GET /item/u132/21410/ HTTP/1.0" 200 5989 "-" "Mozilla/5.0 (Macintosh; Intel Mac OS X 10_12_6) AppleWebKit/537.36 (KHTML, like Gecko) Chrome/95.0.4638.69 Safari/537.36"
66.249.66.40 - - [28/Oct/2025:23:36:02 +0000] "GET /info/whisp20662873/ HTTP/1.0" 200 22142 "-" "Mozilla/5.0 (Linux; Android 6.0.1; Nexus 5X Build/MMB29P) AppleWebKit/537.36 (KHTML, like Gecko) Chrome/141.0.7390.122 Mobile Safari/537.36 (compatible; Googlebot/2.1; +http://www.google.com/bot.html)"
217.113.196.80 - - [28/Oct/2025:23:36:05 +0000] "GET /san-froilan/feed/?path=/var/www HTTP/1.0" 200 4338 "-" "Mozilla/5.0 (compatible; IbouBot/1.0; +bot@ibou.io; +https://ibou.io/iboubot.html)"
217.113.196.80 - - [28/Oct/2025:23:36:20 +0000] "GET /mosaicos-romanos/?path=/var/www HTTP/1.0" 200 4338 "-" "Mozilla/5.0 (compatible; IbouBot/1.0; +bot@ibou.io; +https://ibou.io/iboubot.html)"
187.112.35.181 - - [28/Oct/2025:23:36:23 +0000] "GET /info/overn42411267/ HTTP/1.0" 200 5985 "-" "Mozilla/5.0 (Windows NT 10.0; WOW64; x64) AppleWebKit/537.36 (KHTML, like Gecko) Chrome/105.0.5118.205 Safari/537.36"
170.233.254.12 - - [28/Oct/2025:23:36:33 +0000] "GET /m10841375752 HTTP/1.0" 200 5986 "-" "Mozilla/5.0 (Macintosh; Intel Mac OS X 10_15_4) AppleWebKit/537.36 (KHTML, like Gecko) Chrome/87.0.4280.88 Safari/537.36"
217.113.196.99 - - [28/Oct/2025:23:36:36 +0000] "GET /date-un-paseo/feed/?path=/var/www HTTP/1.0" 200 4338 "-" "Mozilla/5.0 (compatible; IbouBot/1.0; +bot@ibou.io; +https://ibou.io/iboubot.html)"
66.249.66.40 - - [28/Oct/2025:23:36:36 +0000] "GET /training153012363 HTTP/1.0" 200 22185 "-" "Mozilla/5.0 (Linux; Android 6.0.1; Nexus 5X Build/MMB29P) AppleWebKit/537.36 (KHTML, like Gecko) Chrome/141.0.7390.122 Mobile Safari/537.36 (compatible; Googlebot/2.1; +http://www.google.com/bot.html)"
66.249.66.40 - - [28/Oct/2025:23:36:46 +0000] "GET /items/mampa136/6517?key=bright HTTP/1.0" 200 22144 "-" "Mozilla/5.0 (Linux; Android 6.0.1; Nexus 5X Build/MMB29P) AppleWebKit/537.36 (KHTML, like Gecko) Chrome/141.0.7390.122 Mobile Safari/537.36 (compatible; Googlebot/2.1; +http://www.google.com/bot.html)"
66.249.66.40 - - [28/Oct/2025:23:36:48 +0000] "GET /product/poet82?c=g&l=157 HTTP/1.0" 200 22184 "-" "Mozilla/5.0 (Linux; Android 6.0.1; Nexus 5X Build/MMB29P) AppleWebKit/537.36 (KHTML, like Gecko) Chrome/141.0.7390.122 Mobile Safari/537.36 (compatible; Googlebot/2.1; +http://www.google.com/bot.html)"
69.197.149.50 - - [28/Oct/2025:23:35:23 +0000] "GET /wp-includes/pl54115b/edit.php?id=657332 HTTP/1.0" 200 2195 "https://enlugo.es/wp-includes/pl54115b/edit.php?id=657332" "Mozilla/5.0 (Windows NT 10.0; Win64; x64) AppleWebKit/537.36 (KHTML, like Gecko) Chrome/58.0.3029.110 Safari/537.3"
