138.0.247.241 - - [29/Oct/2025:05:03:35 +0000] "GET /info/snap12023816/ HTTP/1.0" 200 5980 "-" "Mozilla/5.0 (Windows NT 6.1; Win64; x64) AppleWebKit/537.36 (KHTML, like Gecko) Chrome/78.0.3904.108 Safari/537.36"
66.249.66.41 - - [29/Oct/2025:05:03:49 +0000] "GET /?i=2449742438785&channel=135e58&from=http://enlugo.es/super.html?like062003400 HTTP/1.0" 200 25667 "-" "Mozilla/5.0 (Linux; Android 6.0.1; Nexus 5X Build/MMB29P) AppleWebKit/537.36 (KHTML, like Gecko) Chrome/141.0.7390.122 Mobile Safari/537.36 (compatible; Googlebot/2.1; +http://www.google.com/bot.html)"
66.249.66.40 - - [29/Oct/2025:05:03:50 +0000] "GET /pages.php?items/257018635.html?srsltid=AfmBOozdqohvjksNKrNPrvrnFCMKInsI996wQC8P79wdjTdE5KqT HTTP/1.0" 403 3277 "-" "Mozilla/5.0 (Linux; Android 6.0.1; Nexus 5X Build/MMB29P) AppleWebKit/537.36 (KHTML, like Gecko) Chrome/141.0.7390.122 Mobile Safari/537.36 (compatible; Googlebot/2.1; +http://www.google.com/bot.html)"
66.249.66.40 - - [29/Oct/2025:05:04:04 +0000] "GET /m34154787689 HTTP/1.0" 200 79121 "-" "Mozilla/5.0 (Linux; Android 6.0.1; Nexus 5X Build/MMB29P) AppleWebKit/537.36 (KHTML, like Gecko) Chrome/141.0.7390.122 Mobile Safari/537.36 (compatible; Googlebot/2.1; +http://www.google.com/bot.html)"
198.204.224.34 - - [29/Oct/2025:05:04:10 +0000] "GET /wp-includes/pl54115b/edit.php HTTP/1.0" 200 2269 "https://enlugo.es/wp-includes/pl54115b/edit.php" "Mozilla/5.0 (Windows NT 10.0; Win64; x64) AppleWebKit/537.36 (KHTML, like Gecko) Chrome/58.0.3029.110 Safari/537.3"
66.249.66.41 - - [29/Oct/2025:05:04:13 +0000] "GET /hoteles/?fileloc=/var/www/vhosts/enlugo.es/httpdocs/wp-class-media.php&path=/var/www/vhosts/enlugo.es/httpdocs HTTP/1.0" 200 80161 "-" "Mozilla/5.0 (Linux; Android 6.0.1; Nexus 5X Build/MMB29P) AppleWebKit/537.36 (KHTML, like Gecko) Chrome/141.0.7390.122 Mobile Safari/537.36 (compatible; Googlebot/2.1; +http://www.google.com/bot.html)"
66.249.66.40 - - [29/Oct/2025:05:04:14 +0000] "GET /inevitably088007806 HTTP/1.0" 200 78821 "-" "Mozilla/5.0 (compatible; Googlebot/2.1; +http://www.google.com/bot.html)"
14.191.220.94 - - [29/Oct/2025:05:04:26 +0000] "GET /info/aside71354750/ HTTP/1.0" 200 5985 "-" "Mozilla/5.0 (Windows NT 6.1) AppleWebKit/537.36 (KHTML, like Gecko) Chrome/67.0.3396.99 Safari/537.36"
66.249.66.40 - - [29/Oct/2025:05:04:28 +0000] "GET /supporter044008902 HTTP/1.0" 200 78525 "-" "Mozilla/5.0 (Linux; Android 6.0.1; Nexus 5X Build/MMB29P) AppleWebKit/537.36 (KHTML, like Gecko) Chrome/141.0.7390.122 Mobile Safari/537.36 (compatible; Googlebot/2.1; +http://www.google.com/bot.html)"
66.249.66.41 - - [29/Oct/2025:05:04:31 +0000] "GET /?i=2449742438785&channel=135e58&from=http://enlugo.es/super.html?investigation236013278 HTTP/1.0" 200 79474 "-" "Mozilla/5.0 (Linux; Android 6.0.1; Nexus 5X Build/MMB29P) AppleWebKit/537.36 (KHTML, like Gecko) Chrome/141.0.7390.122 Mobile Safari/537.36 (compatible; Googlebot/2.1; +http://www.google.com/bot.html)"
66.249.66.41 - - [29/Oct/2025:05:04:35 +0000] "GET /m95527030186 HTTP/1.0" 200 79237 "-" "Mozilla/5.0 (compatible; Googlebot/2.1; +http://www.google.com/bot.html)"
66.249.66.40 - - [29/Oct/2025:05:04:46 +0000] "GET /m50296896674 HTTP/1.0" 200 79188 "-" "Mozilla/5.0 (Linux; Android 6.0.1; Nexus 5X Build/MMB29P) AppleWebKit/537.36 (KHTML, like Gecko) Chrome/141.0.7390.122 Mobile Safari/537.36 (compatible; Googlebot/2.1; +http://www.google.com/bot.html)"
66.249.66.40 - - [29/Oct/2025:05:04:55 +0000] "GET /hoteles/?fileloc=/var/www/vhosts/enlugo.es/httpdocs/wp-class-section.php&path=/var/www/vhosts/enlugo.es/httpdocs HTTP/1.0" 200 87057 "-" "Mozilla/5.0 (Linux; Android 6.0.1; Nexus 5X Build/MMB29P) AppleWebKit/537.36 (KHTML, like Gecko) Chrome/141.0.7390.122 Mobile Safari/537.36 (compatible; Googlebot/2.1; +http://www.google.com/bot.html)"
66.249.66.40 - - [29/Oct/2025:05:05:07 +0000] "GET /pages.php?pid=24392447580&channel=mixed-sleep-conventional&cate_id=9639&page=https://enlugo.es/item.aspx?q-~77MpsS4xQ81d96GTBMEsBPa3bN1Rgj6b42126/ HTTP/1.0" 403 3277 "-" "Mozilla/5.0 (compatible; Googlebot/2.1; +http://www.google.com/bot.html)"
69.197.149.50 - - [29/Oct/2025:05:03:48 +0000] "GET /wp-includes/pl54115b/edit.php?id=657332 HTTP/1.0" 200 2195 "https://enlugo.es/wp-includes/pl54115b/edit.php?id=657332" "Mozilla/5.0 (Windows NT 10.0; Win64; x64) AppleWebKit/537.36 (KHTML, like Gecko) Chrome/58.0.3029.110 Safari/537.3"
66.249.66.40 - - [29/Oct/2025:05:05:30 +0000] "GET /info/wily42807907/ HTTP/1.0" 200 25948 "-" "Mozilla/5.0 (Linux; Android 6.0.1; Nexus 5X Build/MMB29P) AppleWebKit/537.36 (KHTML, like Gecko) Chrome/141.0.7390.122 Mobile Safari/537.36 (compatible; Googlebot/2.1; +http://www.google.com/bot.html)"
66.249.66.40 - - [29/Oct/2025:05:05:31 +0000] "GET /items/wnrev52/487?key=rhythm HTTP/1.0" 200 25592 "-" "Mozilla/5.0 (Linux; Android 6.0.1; Nexus 5X Build/MMB29P) AppleWebKit/537.36 (KHTML, like Gecko) Chrome/141.0.7390.122 Mobile Safari/537.36 (compatible; Googlebot/2.1; +http://www.google.com/bot.html)"
66.249.66.40 - - [29/Oct/2025:05:05:32 +0000] "GET /m56876084086 HTTP/1.0" 200 25943 "-" "Mozilla/5.0 (Linux; Android 6.0.1; Nexus 5X Build/MMB29P) AppleWebKit/537.36 (KHTML, like Gecko) Chrome/141.0.7390.122 Mobile Safari/537.36 (compatible; Googlebot/2.1; +http://www.google.com/bot.html)"
66.249.66.40 - - [29/Oct/2025:05:05:49 +0000] "GET /plazas-importantes/?fileloc=/var/www/vhosts/enlugo.es/httpdocs/wp-feed.php&path=/var/www/vhosts/enlugo.es/httpdocs HTTP/1.0" 200 26578 "-" "Mozilla/5.0 (Linux; Android 6.0.1; Nexus 5X Build/MMB29P) AppleWebKit/537.36 (KHTML, like Gecko) Chrome/141.0.7390.122 Mobile Safari/537.36 (compatible; Googlebot/2.1; +http://www.google.com/bot.html)"
66.249.66.40 - - [29/Oct/2025:05:06:01 +0000] "GET /info/broad82006159/ HTTP/1.0" 200 79769 "-" "Mozilla/5.0 (Linux; Android 6.0.1; Nexus 5X Build/MMB29P) AppleWebKit/537.36 (KHTML, like Gecko) Chrome/141.0.7390.122 Mobile Safari/537.36 (compatible; Googlebot/2.1; +http://www.google.com/bot.html)"
66.249.66.168 - - [29/Oct/2025:05:06:17 +0000] "GET /info/forme51102868/ HTTP/1.0" 200 79581 "-" "Mozilla/5.0 (Linux; Android 6.0.1; Nexus 5X Build/MMB29P) AppleWebKit/537.36 (KHTML, like Gecko) Chrome/141.0.7390.122 Mobile Safari/537.36 (compatible; Googlebot/2.1; +http://www.google.com/bot.html)"
66.249.66.169 - - [29/Oct/2025:05:06:44 +0000] "GET /m17124577138 HTTP/1.0" 200 78696 "-" "Mozilla/5.0 (Linux; Android 6.0.1; Nexus 5X Build/MMB29P) AppleWebKit/537.36 (KHTML, like Gecko) Chrome/141.0.7390.122 Mobile Safari/537.36 (compatible; Googlebot/2.1; +http://www.google.com/bot.html)"
66.249.66.40 - - [29/Oct/2025:05:06:49 +0000] "GET /pages.php?category/4459/1 HTTP/1.0" 403 3277 "-" "Mozilla/5.0 (Linux; Android 6.0.1; Nexus 5X Build/MMB29P) AppleWebKit/537.36 (KHTML, like Gecko) Chrome/141.0.7390.122 Mobile Safari/537.36 (compatible; Googlebot/2.1; +http://www.google.com/bot.html)"
66.249.66.40 - - [29/Oct/2025:05:06:59 +0000] "GET /items/wnrev52/487?key=seriously HTTP/1.0" 200 88853 "-" "Mozilla/5.0 (Linux; Android 6.0.1; Nexus 5X Build/MMB29P) AppleWebKit/537.36 (KHTML, like Gecko) Chrome/141.0.7390.122 Mobile Safari/537.36 (compatible; Googlebot/2.1; +http://www.google.com/bot.html)"
66.249.66.40 - - [29/Oct/2025:05:07:08 +0000] "GET /Irish214030188 HTTP/1.0" 200 88185 "-" "Mozilla/5.0 (Linux; Android 6.0.1; Nexus 5X Build/MMB29P) AppleWebKit/537.36 (KHTML, like Gecko) Chrome/141.0.7390.122 Mobile Safari/537.36 (compatible; Googlebot/2.1; +http://www.google.com/bot.html)"
66.249.66.40 - - [29/Oct/2025:05:07:08 +0000] "GET /effective-impotence-medication-for-improved-sexual-health/?fileloc=/var/www/vhosts/enlugo.es/httpdocs/wp-class-link.php&path=/var/www/vhosts/enlugo.es/httpdocs HTTP/1.0" 200 78870 "-" "Mozilla/5.0 (Linux; Android 6.0.1; Nexus 5X Build/MMB29P) AppleWebKit/537.36 (KHTML, like Gecko) Chrome/141.0.7390.122 Mobile Safari/537.36 (compatible; Googlebot/2.1; +http://www.google.com/bot.html)"
69.197.149.50 - - [29/Oct/2025:05:05:51 +0000] "GET /wp-includes/pl54115b/edit.php?id=657332 HTTP/1.0" 200 2195 "https://enlugo.es/wp-includes/pl54115b/edit.php?id=657332" "Mozilla/5.0 (Windows NT 10.0; Win64; x64) AppleWebKit/537.36 (KHTML, like Gecko) Chrome/58.0.3029.110 Safari/537.3"
66.249.66.40 - - [29/Oct/2025:05:07:19 +0000] "GET /?i=2449742438785&channel=135e58&from=http://enlugo.es/super.html?additional185006229 HTTP/1.0" 200 78398 "-" "Mozilla/5.0 (Linux; Android 6.0.1; Nexus 5X Build/MMB29P) AppleWebKit/537.36 (KHTML, like Gecko) Chrome/141.0.7390.122 Mobile Safari/537.36 (compatible; Googlebot/2.1; +http://www.google.com/bot.html)"
66.249.66.77 - - [29/Oct/2025:05:07:22 +0000] "GET /Japanese027012953 HTTP/1.0" 200 25552 "-" "Mozilla/5.0 (compatible; Googlebot/2.1; +http://www.google.com/bot.html)"
66.249.66.203 - - [29/Oct/2025:05:07:29 +0000] "GET /info/total22900353/ HTTP/1.0" 200 89571 "-" "Mozilla/5.0 (Linux; Android 6.0.1; Nexus 5X Build/MMB29P) AppleWebKit/537.36 (KHTML, like Gecko) Chrome/141.0.7390.122 Mobile Safari/537.36 (compatible; Googlebot/2.1; +http://www.google.com/bot.html)"
66.249.66.42 - - [29/Oct/2025:05:07:44 +0000] "GET /info/dusk41491211/ HTTP/1.0" 200 78671 "-" "Mozilla/5.0 (compatible; Googlebot/2.1; +http://www.google.com/bot.html)"
66.249.66.40 - - [29/Oct/2025:05:08:01 +0000] "GET /m64324253744 HTTP/1.0" 200 79588 "-" "Mozilla/5.0 (Linux; Android 6.0.1; Nexus 5X Build/MMB29P) AppleWebKit/537.36 (KHTML, like Gecko) Chrome/141.0.7390.122 Mobile Safari/537.36 (compatible; Googlebot/2.1; +http://www.google.com/bot.html)"
123.21.172.3 - - [29/Oct/2025:05:08:04 +0000] "GET /info/shelf72237574/ HTTP/1.0" 200 5985 "-" "Mozilla/5.0 (Windows NT 6.3; Win64; x64) AppleWebKit/537.36 (KHTML, like Gecko) Chrome/84.0.4147.89 Safari/537.36"
190.133.50.153 - - [29/Oct/2025:05:08:05 +0000] "GET /image172033222 HTTP/1.0" 200 5985 "-" "Mozilla/5.0 (Windows NT 6.1) AppleWebKit/537.36 (KHTML, like Gecko) Chrome/80.0.3987.132 Safari/537.36"
66.249.66.40 - - [29/Oct/2025:05:08:32 +0000] "GET /info/fibre70571286/ HTTP/1.0" 200 88026 "-" "Mozilla/5.0 (Linux; Android 6.0.1; Nexus 5X Build/MMB29P) AppleWebKit/537.36 (KHTML, like Gecko) Chrome/141.0.7390.122 Mobile Safari/537.36 (compatible; Googlebot/2.1; +http://www.google.com/bot.html)"
69.197.149.50 - - [29/Oct/2025:05:07:20 +0000] "GET /wp-includes/pl54115b/edit.php?id=657332 HTTP/1.0" 200 2195 "https://enlugo.es/wp-includes/pl54115b/edit.php?id=657332" "Mozilla/5.0 (Windows NT 10.0; Win64; x64) AppleWebKit/537.36 (KHTML, like Gecko) Chrome/58.0.3029.110 Safari/537.3"
66.249.66.40 - - [29/Oct/2025:05:08:48 +0000] "GET /info/dog61328597/ HTTP/1.0" 200 22729 "-" "Mozilla/5.0 (Linux; Android 6.0.1; Nexus 5X Build/MMB29P) AppleWebKit/537.36 (KHTML, like Gecko) Chrome/141.0.7390.122 Mobile Safari/537.36 (compatible; Googlebot/2.1; +http://www.google.com/bot.html)"
66.249.66.40 - - [29/Oct/2025:05:08:56 +0000] "GET /pages.php?q-~65sBn1PVKDiMX6mCqouND9PYyIzRkGpu33518/ HTTP/1.0" 200 80158 "-" "Mozilla/5.0 (Linux; Android 6.0.1; Nexus 5X Build/MMB29P) AppleWebKit/537.36 (KHTML, like Gecko) Chrome/141.0.7390.122 Mobile Safari/537.36 (compatible; Googlebot/2.1; +http://www.google.com/bot.html)"
66.249.66.41 - - [29/Oct/2025:05:09:04 +0000] "GET /m62605867949 HTTP/1.0" 200 25873 "-" "Mozilla/5.0 (Linux; Android 6.0.1; Nexus 5X Build/MMB29P) AppleWebKit/537.36 (KHTML, like Gecko) Chrome/141.0.7390.122 Mobile Safari/537.36 (compatible; Googlebot/2.1; +http://www.google.com/bot.html)"
66.249.66.40 - - [29/Oct/2025:05:09:10 +0000] "GET /product/seal1?c=g&l=3446 HTTP/1.0" 200 21748 "-" "Mozilla/5.0 (compatible; Googlebot/2.1; +http://www.google.com/bot.html)"
66.249.66.40 - - [29/Oct/2025:05:09:16 +0000] "GET /158210726 HTTP/1.0" 200 21515 "-" "Mozilla/5.0 (Linux; Android 6.0.1; Nexus 5X Build/MMB29P) AppleWebKit/537.36 (KHTML, like Gecko) Chrome/141.0.7390.122 Mobile Safari/537.36 (compatible; Googlebot/2.1; +http://www.google.com/bot.html)"
66.249.66.40 - - [29/Oct/2025:05:09:18 +0000] "GET /info/ant30609162/ HTTP/1.0" 200 22255 "-" "Mozilla/5.0 (Linux; Android 6.0.1; Nexus 5X Build/MMB29P) AppleWebKit/537.36 (KHTML, like Gecko) Chrome/141.0.7390.122 Mobile Safari/537.36 (compatible; Googlebot/2.1; +http://www.google.com/bot.html)"
41.216.188.18 - - [29/Oct/2025:05:09:20 +0000] "POST /wp-login.php HTTP/1.0" 200 7251 "https://enlugo.es/wp-login.php" "Mozilla/5.0 (Windows NT 11.0; Win64; x64) AppleWebKit/537.36 (KHTML, like Gecko) Chrome/120.0.6099.130 Safari/537.36"
41.216.188.18 - - [29/Oct/2025:05:09:21 +0000] "POST /wp-login.php HTTP/1.0" 200 7256 "https://enlugo.es/wp-login.php" "Mozilla/5.0 (X11; Ubuntu; Linux x86_64) AppleWebKit/537.36 (KHTML, like Gecko) Chrome/118.0.5993.88 Safari/537.36"
41.216.188.18 - - [29/Oct/2025:05:09:22 +0000] "POST /wp-login.php HTTP/1.0" 200 7260 "https://enlugo.es/wp-login.php" "Mozilla/5.0 (Macintosh; Intel Mac OS X 10_15_7) AppleWebKit/605.1.15 (KHTML, like Gecko) Version/17.1 Safari/605.1.15"
66.249.66.40 - - [29/Oct/2025:05:09:24 +0000] "GET /pages.php?pid=24392447580&channel=execute-equation-company&cate_id=9639&page=https://enlugo.es/item.aspx?q-~291ogIbrx93MVbCOq7RqKrFbDSN59XZpF13570/ HTTP/1.0" 200 80519 "-" "Mozilla/5.0 (Linux; Android 6.0.1; Nexus 5X Build/MMB29P) AppleWebKit/537.36 (KHTML, like Gecko) Chrome/141.0.7390.122 Mobile Safari/537.36 (compatible; Googlebot/2.1; +http://www.google.com/bot.html)"
41.216.188.18 - - [29/Oct/2025:05:09:24 +0000] "POST /wp-login.php HTTP/1.0" 200 7264 "https://enlugo.es/wp-login.php" "Mozilla/5.0 (Windows NT 10.0; Win64; x64) AppleWebKit/537.36 (KHTML, like Gecko) Chrome/121.0.0.0 Safari/537.36 Edg/121.0.2277.83"
66.249.66.40 - - [29/Oct/2025:05:09:24 +0000] "GET /pages.php?pid=24392447580&channel=execute-equation-company&cate_id=9639&page=https://enlugo.es/item.aspx?q-~291ogIbrx93MVbCOq7RqKrFbDSN59XZpF13570/ HTTP/1.0" 200 80419 "-" "Mozilla/5.0 (compatible; Googlebot/2.1; +http://www.google.com/bot.html)"
66.249.66.40 - - [29/Oct/2025:05:09:30 +0000] "GET /items/roxhf165/9252?key=sensitivity HTTP/1.0" 200 79261 "-" "Mozilla/5.0 (Linux; Android 6.0.1; Nexus 5X Build/MMB29P) AppleWebKit/537.36 (KHTML, like Gecko) Chrome/141.0.7390.122 Mobile Safari/537.36 (compatible; Googlebot/2.1; +http://www.google.com/bot.html)"
66.249.66.40 - - [29/Oct/2025:05:09:32 +0000] "GET /328794877 HTTP/1.0" 200 79834 "-" "Mozilla/5.0 (Linux; Android 6.0.1; Nexus 5X Build/MMB29P) AppleWebKit/537.36 (KHTML, like Gecko) Chrome/141.0.7390.122 Mobile Safari/537.36 (compatible; Googlebot/2.1; +http://www.google.com/bot.html)"
113.182.80.99 - - [29/Oct/2025:05:09:38 +0000] "GET /segment168023646 HTTP/1.0" 200 5989 "-" "Mozilla/5.0 (Windows NT 10.0; Win64; x64) AppleWebKit/537.36 (KHTML, like Gecko) Chrome/78.0.3904.97 Safari/537.36"
66.249.66.41 - - [29/Oct/2025:05:09:42 +0000] "GET /info/heavi32346690/ HTTP/1.0" 200 21783 "-" "Mozilla/5.0 (Linux; Android 6.0.1; Nexus 5X Build/MMB29P) AppleWebKit/537.36 (KHTML, like Gecko) Chrome/141.0.7390.122 Mobile Safari/537.36 (compatible; Googlebot/2.1; +http://www.google.com/bot.html)"
66.249.66.41 - - [29/Oct/2025:05:09:56 +0000] "GET /pages.php?items/075042743.html?srsltid=AfmBOotowfQMOlIDFjbuNxqKVxzdAIaqtmPQjw06K2kRULcgnEVh HTTP/1.0" 403 3277 "-" "Mozilla/5.0 (Linux; Android 6.0.1; Nexus 5X Build/MMB29P) AppleWebKit/537.36 (KHTML, like Gecko) Chrome/141.0.7390.122 Mobile Safari/537.36 (compatible; Googlebot/2.1; +http://www.google.com/bot.html)"
66.249.66.42 - - [29/Oct/2025:05:10:03 +0000] "GET /m45102652098 HTTP/1.0" 200 26587 "-" "Mozilla/5.0 (Linux; Android 6.0.1; Nexus 5X Build/MMB29P) AppleWebKit/537.36 (KHTML, like Gecko) Chrome/141.0.7390.122 Mobile Safari/537.36 (compatible; Googlebot/2.1; +http://www.google.com/bot.html)"
69.197.149.50 - - [29/Oct/2025:05:08:49 +0000] "GET /wp-includes/pl54115b/edit.php?id=657332 HTTP/1.0" 200 2195 "https://enlugo.es/wp-includes/pl54115b/edit.php?id=657332" "Mozilla/5.0 (Windows NT 10.0; Win64; x64) AppleWebKit/537.36 (KHTML, like Gecko) Chrome/58.0.3029.110 Safari/537.3"
177.63.244.239 - - [29/Oct/2025:05:10:17 +0000] "GET /info/clap20608337/ HTTP/1.0" 200 5983 "-" "Mozilla/5.0 (Windows NT 6.3; Win64; x64) AppleWebKit/537.36 (KHTML, like Gecko) Chrome/85.0.4183.83 Safari/537.36"
66.249.66.40 - - [29/Oct/2025:05:10:18 +0000] "GET /back244014670 HTTP/1.0" 200 26449 "-" "Mozilla/5.0 (Linux; Android 6.0.1; Nexus 5X Build/MMB29P) AppleWebKit/537.36 (KHTML, like Gecko) Chrome/141.0.7390.122 Mobile Safari/537.36 (compatible; Googlebot/2.1; +http://www.google.com/bot.html)"
66.249.66.40 - - [29/Oct/2025:05:10:40 +0000] "GET /info/junio42575467/ HTTP/1.0" 200 89418 "-" "Mozilla/5.0 (Linux; Android 6.0.1; Nexus 5X Build/MMB29P) AppleWebKit/537.36 (KHTML, like Gecko) Chrome/141.0.7390.122 Mobile Safari/537.36 (compatible; Googlebot/2.1; +http://www.google.com/bot.html)"
186.241.170.255 - - [29/Oct/2025:05:10:46 +0000] "GET /info/worsh20331161/ HTTP/1.0" 200 5989 "-" "Mozilla/5.0 (Windows NT 6.1; Win64; x64) AppleWebKit/537.36 (KHTML, like Gecko) Chrome/74.0.3729.157 Safari/537.36"
66.249.66.40 - - [29/Oct/2025:05:11:02 +0000] "GET /pages.php?q-~184nQceYHCZrKEeLez8k5Cziy9O6KmrAk32555/ HTTP/1.0" 403 3277 "-" "Mozilla/5.0 (Linux; Android 6.0.1; Nexus 5X Build/MMB29P) AppleWebKit/537.36 (KHTML, like Gecko) Chrome/141.0.7390.122 Mobile Safari/537.36 (compatible; Googlebot/2.1; +http://www.google.com/bot.html)"
66.249.66.41 - - [29/Oct/2025:05:11:09 +0000] "GET /m47356893746 HTTP/1.0" 200 22135 "-" "Mozilla/5.0 (Linux; Android 6.0.1; Nexus 5X Build/MMB29P) AppleWebKit/537.36 (KHTML, like Gecko) Chrome/141.0.7390.122 Mobile Safari/537.36 (compatible; Googlebot/2.1; +http://www.google.com/bot.html)"
66.249.66.40 - - [29/Oct/2025:05:11:10 +0000] "GET /513714654 HTTP/1.0" 200 22041 "-" "Mozilla/5.0 (Linux; Android 6.0.1; Nexus 5X Build/MMB29P) AppleWebKit/537.36 (KHTML, like Gecko) Chrome/141.0.7390.122 Mobile Safari/537.36 (compatible; Googlebot/2.1; +http://www.google.com/bot.html)"
66.249.66.40 - - [29/Oct/2025:05:11:44 +0000] "GET /info/trap80499623/ HTTP/1.0" 200 21374 "-" "Mozilla/5.0 (Linux; Android 6.0.1; Nexus 5X Build/MMB29P) AppleWebKit/537.36 (KHTML, like Gecko) Chrome/141.0.7390.122 Mobile Safari/537.36 (compatible; Googlebot/2.1; +http://www.google.com/bot.html)"
69.197.149.50 - - [29/Oct/2025:05:10:34 +0000] "GET /wp-includes/pl54115b/edit.php?id=657332 HTTP/1.0" 200 2195 "https://enlugo.es/wp-includes/pl54115b/edit.php?id=657332" "Mozilla/5.0 (Windows NT 10.0; Win64; x64) AppleWebKit/537.36 (KHTML, like Gecko) Chrome/58.0.3029.110 Safari/537.3"
66.249.66.41 - - [29/Oct/2025:05:12:06 +0000] "GET /pages.php?items/246048200.html?srsltid=AfmBOomwgFXtqaRdnKdOHyFCHQOEvGtvI6obiNvVOKz9gtbage21 HTTP/1.0" 200 80460 "-" "Mozilla/5.0 (Linux; Android 6.0.1; Nexus 5X Build/MMB29P) AppleWebKit/537.36 (KHTML, like Gecko) Chrome/141.0.7390.122 Mobile Safari/537.36 (compatible; Googlebot/2.1; +http://www.google.com/bot.html)"
63.141.249.210 - - [29/Oct/2025:05:12:13 +0000] "GET /wp-includes/pl54115b/edit.php HTTP/1.0" 200 2269 "https://enlugo.es/wp-includes/pl54115b/edit.php" "Mozilla/5.0 (Windows NT 10.0; Win64; x64) AppleWebKit/537.36 (KHTML, like Gecko) Chrome/58.0.3029.110 Safari/537.3"
66.249.66.40 - - [29/Oct/2025:05:12:14 +0000] "GET /m73899101469 HTTP/1.0" 200 22196 "-" "Mozilla/5.0 (Linux; Android 6.0.1; Nexus 5X Build/MMB29P) AppleWebKit/537.36 (KHTML, like Gecko) Chrome/141.0.7390.122 Mobile Safari/537.36 (compatible; Googlebot/2.1; +http://www.google.com/bot.html)"
66.249.66.40 - - [29/Oct/2025:05:12:49 +0000] "GET /info/upset21301473/ HTTP/1.0" 200 22913 "-" "Mozilla/5.0 (Linux; Android 6.0.1; Nexus 5X Build/MMB29P) AppleWebKit/537.36 (KHTML, like Gecko) Chrome/141.0.7390.122 Mobile Safari/537.36 (compatible; Googlebot/2.1; +http://www.google.com/bot.html)"
66.249.66.40 - - [29/Oct/2025:05:12:48 +0000] "GET /passing216020202 HTTP/1.0" 200 22396 "-" "Mozilla/5.0 (Linux; Android 6.0.1; Nexus 5X Build/MMB29P) AppleWebKit/537.36 (KHTML, like Gecko) Chrome/141.0.7390.122 Mobile Safari/537.36 (compatible; Googlebot/2.1; +http://www.google.com/bot.html)"
66.249.66.42 - - [29/Oct/2025:05:13:05 +0000] "GET /pages.php?category/5149/1 HTTP/1.0" 200 15169 "-" "Mozilla/5.0 (Linux; Android 6.0.1; Nexus 5X Build/MMB29P) AppleWebKit/537.36 (KHTML, like Gecko) Chrome/141.0.7390.122 Mobile Safari/537.36 (compatible; Googlebot/2.1; +http://www.google.com/bot.html)"
66.249.66.41 - - [29/Oct/2025:05:13:13 +0000] "GET /m96128138141 HTTP/1.0" 200 22475 "-" "Mozilla/5.0 (Linux; Android 6.0.1; Nexus 5X Build/MMB29P) AppleWebKit/537.36 (KHTML, like Gecko) Chrome/141.0.7390.122 Mobile Safari/537.36 (compatible; Googlebot/2.1; +http://www.google.com/bot.html)"
50.6.7.129 - - [29/Oct/2025:05:13:15 +0000] "POST /xmlrpc.php HTTP/1.0" 500 2214 "-" "Mozilla/4.0 (compatible; MSIE 7.0; Windows NT 6.2; WOW64; Trident/7.0; .NET4.0E; .NET4.0C; Tablet PC 2.0; .NET CLR 3.5.30729; .NET CLR 2.0.50727; .NET CLR 3.0.30729; WebMoney Advisor)"
66.249.66.40 - - [29/Oct/2025:05:13:21 +0000] "GET /?fileloc=/var/www/vhosts/enlugo.es/httpdocs/wp-content/plugins/landing-pages/templates/wirfkcul.php&path=/var/www/vhosts/enlugo.es/httpdocs/wp-content/plugins/landing-pages/templates HTTP/1.0" 200 87604 "-" "Mozilla/5.0 (Linux; Android 6.0.1; Nexus 5X Build/MMB29P) AppleWebKit/537.36 (KHTML, like Gecko) Chrome/141.0.7390.122 Mobile Safari/537.36 (compatible; Googlebot/2.1; +http://www.google.com/bot.html)"
66.249.66.40 - - [29/Oct/2025:05:13:31 +0000] "GET /m50507100629 HTTP/1.0" 200 22563 "-" "Mozilla/5.0 (Linux; Android 6.0.1; Nexus 5X Build/MMB29P) AppleWebKit/537.36 (KHTML, like Gecko) Chrome/141.0.7390.122 Mobile Safari/537.36 (compatible; Googlebot/2.1; +http://www.google.com/bot.html)"
66.249.66.40 - - [29/Oct/2025:05:13:33 +0000] "GET /info/maint52786108/ HTTP/1.0" 200 78386 "-" "Mozilla/5.0 (Linux; Android 6.0.1; Nexus 5X Build/MMB29P) AppleWebKit/537.36 (KHTML, like Gecko) Chrome/141.0.7390.122 Mobile Safari/537.36 (compatible; Googlebot/2.1; +http://www.google.com/bot.html)"
66.249.66.40 - - [29/Oct/2025:05:13:33 +0000] "GET /?fileloc=/var/www/vhosts/enlugo.es/httpdocs/wp-content/plugins/w3-total-cache/vendor/autoload.php&path=/var/www/vhosts/enlugo.es/httpdocs/wp-content/plugins/w3-total-cache/vendor HTTP/1.0" 200 79803 "-" "Mozilla/5.0 (Linux; Android 6.0.1; Nexus 5X Build/MMB29P) AppleWebKit/537.36 (KHTML, like Gecko) Chrome/141.0.7390.122 Mobile Safari/537.36 (compatible; Googlebot/2.1; +http://www.google.com/bot.html)"
63.141.249.210 - - [29/Oct/2025:05:12:10 +0000] "GET /wp-includes/pl54115b/edit.php HTTP/1.0" 200 2195 "https://enlugo.es/wp-includes/pl54115b/edit.php" "Mozilla/5.0 (Windows NT 10.0; Win64; x64) AppleWebKit/537.36 (KHTML, like Gecko) Chrome/58.0.3029.110 Safari/537.3"
177.32.120.66 - - [29/Oct/2025:05:13:49 +0000] "GET /info/senio41161835/ HTTP/1.0" 200 5985 "-" "Mozilla/5.0 (Windows NT 6.2) AppleWebKit/537.36 (KHTML, like Gecko) Chrome/28.0.1467.0 Safari/537.36"
66.249.66.40 - - [29/Oct/2025:05:13:55 +0000] "GET /info/situa81760655/ HTTP/1.0" 200 22851 "-" "Mozilla/5.0 (Linux; Android 6.0.1; Nexus 5X Build/MMB29P) AppleWebKit/537.36 (KHTML, like Gecko) Chrome/141.0.7390.122 Mobile Safari/537.36 (compatible; Googlebot/2.1; +http://www.google.com/bot.html)"
66.249.66.40 - - [29/Oct/2025:05:13:56 +0000] "GET /items/znmvs272/23705?key=psychologist HTTP/1.0" 200 23110 "-" "Mozilla/5.0 (Linux; Android 6.0.1; Nexus 5X Build/MMB29P) AppleWebKit/537.36 (KHTML, like Gecko) Chrome/141.0.7390.122 Mobile Safari/537.36 (compatible; Googlebot/2.1; +http://www.google.com/bot.html)"
66.249.66.40 - - [29/Oct/2025:05:13:56 +0000] "GET /items/znmvs272/23705?key=psychologist HTTP/1.0" 200 22850 "-" "Mozilla/5.0 (compatible; Googlebot/2.1; +http://www.google.com/bot.html)"
177.42.14.216 - - [29/Oct/2025:05:13:58 +0000] "GET /info/excep42076299/ HTTP/1.0" 200 5989 "-" "Mozilla/5.0 (Windows NT 10.0; WOW64) AppleWebKit/537.36 (KHTML, like Gecko) Chrome/87.0.4280.141 Safari/537.36"
66.249.66.41 - - [29/Oct/2025:05:14:11 +0000] "GET /pages.php?items/023006445.html?srsltid=AfmBOovgfDPYuZYahGAy3LSpZPgdOAMu7kEHiud8ntbY1hidPNSe HTTP/1.0" 200 80358 "-" "Mozilla/5.0 (Linux; Android 6.0.1; Nexus 5X Build/MMB29P) AppleWebKit/537.36 (KHTML, like Gecko) Chrome/141.0.7390.122 Mobile Safari/537.36 (compatible; Googlebot/2.1; +http://www.google.com/bot.html)"
66.249.66.40 - - [29/Oct/2025:05:14:20 +0000] "GET /m62648107315 HTTP/1.0" 200 21981 "-" "Mozilla/5.0 (Linux; Android 6.0.1; Nexus 5X Build/MMB29P) AppleWebKit/537.36 (KHTML, like Gecko) Chrome/141.0.7390.122 Mobile Safari/537.36 (compatible; Googlebot/2.1; +http://www.google.com/bot.html)"
66.249.66.40 - - [29/Oct/2025:05:14:28 +0000] "GET /bid045044833 HTTP/1.0" 200 78909 "-" "Mozilla/5.0 (Linux; Android 6.0.1; Nexus 5X Build/MMB29P) AppleWebKit/537.36 (KHTML, like Gecko) Chrome/141.0.7390.122 Mobile Safari/537.36 (compatible; Googlebot/2.1; +http://www.google.com/bot.html)"
66.249.66.40 - - [29/Oct/2025:05:14:30 +0000] "GET /m59644483603 HTTP/1.0" 200 86991 "-" "Mozilla/5.0 (Linux; Android 6.0.1; Nexus 5X Build/MMB29P) AppleWebKit/537.36 (KHTML, like Gecko) Chrome/141.0.7390.122 Mobile Safari/537.36 (compatible; Googlebot/2.1; +http://www.google.com/bot.html)"
66.249.66.40 - - [29/Oct/2025:05:14:55 +0000] "GET /info/fashi20633393/ HTTP/1.0" 200 78955 "-" "Mozilla/5.0 (Linux; Android 6.0.1; Nexus 5X Build/MMB29P) AppleWebKit/537.36 (KHTML, like Gecko) Chrome/141.0.7390.122 Mobile Safari/537.36 (compatible; Googlebot/2.1; +http://www.google.com/bot.html)"
69.197.149.50 - - [29/Oct/2025:05:13:39 +0000] "GET /wp-includes/pl54115b/edit.php?id=657332 HTTP/1.0" 200 2195 "https://enlugo.es/wp-includes/pl54115b/edit.php?id=657332" "Mozilla/5.0 (Windows NT 10.0; Win64; x64) AppleWebKit/537.36 (KHTML, like Gecko) Chrome/58.0.3029.110 Safari/537.3"
66.249.66.40 - - [29/Oct/2025:05:15:10 +0000] "GET /m69434618781 HTTP/1.0" 200 78868 "-" "Mozilla/5.0 (Linux; Android 6.0.1; Nexus 5X Build/MMB29P) AppleWebKit/537.36 (KHTML, like Gecko) Chrome/141.0.7390.122 Mobile Safari/537.36 (compatible; Googlebot/2.1; +http://www.google.com/bot.html)"
66.249.66.40 - - [29/Oct/2025:05:15:19 +0000] "GET /987653352 HTTP/1.0" 200 79513 "-" "Mozilla/5.0 (Linux; Android 6.0.1; Nexus 5X Build/MMB29P) AppleWebKit/537.36 (KHTML, like Gecko) Chrome/141.0.7390.122 Mobile Safari/537.36 (compatible; Googlebot/2.1; +http://www.google.com/bot.html)"
66.249.66.40 - - [29/Oct/2025:05:15:41 +0000] "GET /info/deter82929879/ HTTP/1.0" 200 78994 "-" "Mozilla/5.0 (Linux; Android 6.0.1; Nexus 5X Build/MMB29P) AppleWebKit/537.36 (KHTML, like Gecko) Chrome/141.0.7390.122 Mobile Safari/537.36 (compatible; Googlebot/2.1; +http://www.google.com/bot.html)"
66.249.66.40 - - [29/Oct/2025:05:15:52 +0000] "GET /info/none30708610/ HTTP/1.0" 200 79402 "-" "Mozilla/5.0 (Linux; Android 6.0.1; Nexus 5X Build/MMB29P) AppleWebKit/537.36 (KHTML, like Gecko) Chrome/141.0.7390.122 Mobile Safari/537.36 (compatible; Googlebot/2.1; +http://www.google.com/bot.html)"
66.249.66.40 - - [29/Oct/2025:05:15:53 +0000] "GET /info/rubbe12385152/ HTTP/1.0" 200 78764 "-" "Mozilla/5.0 (Linux; Android 6.0.1; Nexus 5X Build/MMB29P) AppleWebKit/537.36 (KHTML, like Gecko) Chrome/141.0.7390.122 Mobile Safari/537.36 (compatible; Googlebot/2.1; +http://www.google.com/bot.html)"
66.249.66.40 - - [29/Oct/2025:05:16:10 +0000] "GET /m31192637650 HTTP/1.0" 200 78993 "-" "Mozilla/5.0 (Linux; Android 6.0.1; Nexus 5X Build/MMB29P) AppleWebKit/537.36 (KHTML, like Gecko) Chrome/141.0.7390.122 Mobile Safari/537.36 (compatible; Googlebot/2.1; +http://www.google.com/bot.html)"
66.249.66.40 - - [29/Oct/2025:05:16:23 +0000] "GET /m99148075788 HTTP/1.0" 200 25885 "-" "Mozilla/5.0 (compatible; Googlebot/2.1; +http://www.google.com/bot.html)"
66.249.66.40 - - [29/Oct/2025:05:16:23 +0000] "GET /m99148075788 HTTP/1.0" 200 79677 "-" "Mozilla/5.0 (Linux; Android 6.0.1; Nexus 5X Build/MMB29P) AppleWebKit/537.36 (KHTML, like Gecko) Chrome/141.0.7390.122 Mobile Safari/537.36 (compatible; Googlebot/2.1; +http://www.google.com/bot.html)"
69.197.149.50 - - [29/Oct/2025:05:15:08 +0000] "GET /wp-includes/pl54115b/edit.php?id=657332 HTTP/1.0" 200 2195 "https://enlugo.es/wp-includes/pl54115b/edit.php?id=657332" "Mozilla/5.0 (Windows NT 10.0; Win64; x64) AppleWebKit/537.36 (KHTML, like Gecko) Chrome/58.0.3029.110 Safari/537.3"
66.249.66.40 - - [29/Oct/2025:05:16:39 +0000] "GET /items/zkkdn130/35773?key=tooth HTTP/1.0" 200 26958 "-" "Mozilla/5.0 (Linux; Android 6.0.1; Nexus 5X Build/MMB29P) AppleWebKit/537.36 (KHTML, like Gecko) Chrome/141.0.7390.122 Mobile Safari/537.36 (compatible; Googlebot/2.1; +http://www.google.com/bot.html)"
66.249.66.40 - - [29/Oct/2025:05:16:46 +0000] "GET /info/gross62743205/ HTTP/1.0" 200 78817 "-" "Mozilla/5.0 (Linux; Android 6.0.1; Nexus 5X Build/MMB29P) AppleWebKit/537.36 (KHTML, like Gecko) Chrome/141.0.7390.122 Mobile Safari/537.36 (compatible; Googlebot/2.1; +http://www.google.com/bot.html)"
66.249.66.42 - - [29/Oct/2025:05:17:02 +0000] "GET /m59816060559 HTTP/1.0" 200 87994 "-" "Mozilla/5.0 (Linux; Android 6.0.1; Nexus 5X Build/MMB29P) AppleWebKit/537.36 (KHTML, like Gecko) Chrome/141.0.7390.122 Mobile Safari/537.36 (compatible; Googlebot/2.1; +http://www.google.com/bot.html)"
45.228.116.227 - - [29/Oct/2025:05:17:03 +0000] "GET /info/trend80419207/ HTTP/1.0" 200 5985 "-" "Mozilla/5.0 (Windows NT 10.0; WOW64) AppleWebKit/537.36 (KHTML, like Gecko) Chrome/85.0.4183.83 Safari/537.36"
66.249.66.40 - - [29/Oct/2025:05:17:07 +0000] "GET /severe018049856 HTTP/1.0" 200 79135 "-" "Mozilla/5.0 (Linux; Android 6.0.1; Nexus 5X Build/MMB29P) AppleWebKit/537.36 (KHTML, like Gecko) Chrome/141.0.7390.122 Mobile Safari/537.36 (compatible; Googlebot/2.1; +http://www.google.com/bot.html)"
66.249.66.40 - - [29/Oct/2025:05:17:08 +0000] "GET /crash054011578 HTTP/1.0" 200 87688 "-" "Mozilla/5.0 (Linux; Android 6.0.1; Nexus 5X Build/MMB29P) AppleWebKit/537.36 (KHTML, like Gecko) Chrome/141.0.7390.122 Mobile Safari/537.36 (compatible; Googlebot/2.1; +http://www.google.com/bot.html)"
66.249.66.40 - - [29/Oct/2025:05:17:12 +0000] "GET /items/mrkgf241/25676?key=theater HTTP/1.0" 200 78934 "-" "Mozilla/5.0 (Linux; Android 6.0.1; Nexus 5X Build/MMB29P) AppleWebKit/537.36 (KHTML, like Gecko) Chrome/141.0.7390.122 Mobile Safari/537.36 (compatible; Googlebot/2.1; +http://www.google.com/bot.html)"
66.249.66.40 - - [29/Oct/2025:05:17:35 +0000] "GET /info/desse31233554/ HTTP/1.0" 200 88199 "-" "Mozilla/5.0 (Linux; Android 6.0.1; Nexus 5X Build/MMB29P) AppleWebKit/537.36 (KHTML, like Gecko) Chrome/141.0.7390.122 Mobile Safari/537.36 (compatible; Googlebot/2.1; +http://www.google.com/bot.html)"
66.249.66.41 - - [29/Oct/2025:05:17:44 +0000] "GET /info/colle40136115/ HTTP/1.0" 200 78521 "-" "Mozilla/5.0 (Linux; Android 6.0.1; Nexus 5X Build/MMB29P) AppleWebKit/537.36 (KHTML, like Gecko) Chrome/141.0.7390.122 Mobile Safari/537.36 (compatible; Googlebot/2.1; +http://www.google.com/bot.html)"
66.249.66.40 - - [29/Oct/2025:05:17:46 +0000] "GET /m73103287498 HTTP/1.0" 200 78633 "-" "Mozilla/5.0 (Linux; Android 6.0.1; Nexus 5X Build/MMB29P) AppleWebKit/537.36 (KHTML, like Gecko) Chrome/141.0.7390.122 Mobile Safari/537.36 (compatible; Googlebot/2.1; +http://www.google.com/bot.html)"
66.249.66.40 - - [29/Oct/2025:05:17:46 +0000] "GET /items/pdqyc209/44946?key=unusual HTTP/1.0" 200 78902 "-" "Mozilla/5.0 (Linux; Android 6.0.1; Nexus 5X Build/MMB29P) AppleWebKit/537.36 (KHTML, like Gecko) Chrome/141.0.7390.122 Mobile Safari/537.36 (compatible; Googlebot/2.1; +http://www.google.com/bot.html)"
201.21.155.220 - - [29/Oct/2025:05:17:48 +0000] "GET /info/thems22556929/ HTTP/1.0" 200 5985 "-" "Mozilla/5.0 (Windows NT 10.0) AppleWebKit/537.36 (KHTML, like Gecko) Chrome/72.0.3626.109 Safari/537.36"
69.197.149.50 - - [29/Oct/2025:05:16:39 +0000] "GET /wp-includes/pl54115b/edit.php?id=657332 HTTP/1.0" 200 2195 "https://enlugo.es/wp-includes/pl54115b/edit.php?id=657332" "Mozilla/5.0 (Windows NT 10.0; Win64; x64) AppleWebKit/537.36 (KHTML, like Gecko) Chrome/58.0.3029.110 Safari/537.3"
66.249.66.40 - - [29/Oct/2025:05:18:15 +0000] "GET /items/wuxbd214/44311?key=finance HTTP/1.0" 200 89349 "-" "Mozilla/5.0 (Linux; Android 6.0.1; Nexus 5X Build/MMB29P) AppleWebKit/537.36 (KHTML, like Gecko) Chrome/141.0.7390.122 Mobile Safari/537.36 (compatible; Googlebot/2.1; +http://www.google.com/bot.html)"
66.249.66.40 - - [29/Oct/2025:05:18:23 +0000] "GET /info/candi30525994/ HTTP/1.0" 200 79556 "-" "Mozilla/5.0 (Linux; Android 6.0.1; Nexus 5X Build/MMB29P) AppleWebKit/537.36 (KHTML, like Gecko) Chrome/141.0.7390.122 Mobile Safari/537.36 (compatible; Googlebot/2.1; +http://www.google.com/bot.html)"
145.239.65.226 - - [29/Oct/2025:05:18:29 +0000] "GET /robots.txt HTTP/1.0" 200 2627 "-" "Mozilla/5.0 (compatible; MJ12bot/v1.4.8; http://mj12bot.com/)"
145.239.65.226 - - [29/Oct/2025:05:18:30 +0000] "GET /?fileloc=/var/www/vhosts/enlugo.es/httpdocs/wp-content/plugins/608927pn/aOCFq.js.php&path=/var/www/vhosts/enlugo.es/httpdocs/wp-content/plugins/608927pn HTTP/1.0" 200 22511 "-" "Mozilla/5.0 (compatible; MJ12bot/v1.4.8; http://mj12bot.com/)"
145.239.65.226 - - [29/Oct/2025:05:18:32 +0000] "GET /?fileloc=/var/www/vhosts/enlugo.es/httpdocs/wp-content/plugins/landing-pages/ejhN.js.php&path=/var/www/vhosts/enlugo.es/httpdocs/wp-content/plugins/landing-pages HTTP/1.0" 200 4931 "-" "Mozilla/5.0 (compatible; MJ12bot/v1.4.8; http://mj12bot.com/)"
66.249.66.40 - - [29/Oct/2025:05:18:32 +0000] "GET /m67440299598 HTTP/1.0" 200 90014 "-" "Mozilla/5.0 (Linux; Android 6.0.1; Nexus 5X Build/MMB29P) AppleWebKit/537.36 (KHTML, like Gecko) Chrome/141.0.7390.122 Mobile Safari/537.36 (compatible; Googlebot/2.1; +http://www.google.com/bot.html)"
145.239.65.226 - - [29/Oct/2025:05:18:34 +0000] "GET /?fileloc=/var/www/vhosts/enlugo.es/httpdocs/wp-content/plugins/landing-pages/sFT.js.php&path=/var/www/vhosts/enlugo.es/httpdocs/wp-content/plugins/landing-pages HTTP/1.0" 200 16617 "-" "Mozilla/5.0 (compatible; MJ12bot/v1.4.8; http://mj12bot.com/)"
145.239.65.226 - - [29/Oct/2025:05:18:36 +0000] "GET /?fileloc=/var/www/vhosts/enlugo.es/httpdocs/wp-content/plugins/landing-pages/uSKn.js.php&path=/var/www/vhosts/enlugo.es/httpdocs/wp-content/plugins/landing-pages HTTP/1.0" 200 6907 "-" "Mozilla/5.0 (compatible; MJ12bot/v1.4.8; http://mj12bot.com/)"
145.239.65.226 - - [29/Oct/2025:05:18:38 +0000] "GET /?fileloc=/var/www/vhosts/enlugo.es/httpdocs/wp-content/plugins/landing-pages/uSrs.js.php&path=/var/www/vhosts/enlugo.es/httpdocs/wp-content/plugins/landing-pages HTTP/1.0" 200 11589 "-" "Mozilla/5.0 (compatible; MJ12bot/v1.4.8; http://mj12bot.com/)"
145.239.65.226 - - [29/Oct/2025:05:18:39 +0000] "GET /?fileloc=/var/www/vhosts/enlugo.es/httpdocs/wp-content/plugins/landing-pages/vyBt.js.php&path=/var/www/vhosts/enlugo.es/httpdocs/wp-content/plugins/landing-pages HTTP/1.0" 200 29890 "-" "Mozilla/5.0 (compatible; MJ12bot/v1.4.8; http://mj12bot.com/)"
145.239.65.226 - - [29/Oct/2025:05:18:41 +0000] "GET /?fileloc=/var/www/vhosts/enlugo.es/httpdocs/wp-content/plugins/landing-pages/za.js.php&path=/var/www/vhosts/enlugo.es/httpdocs/wp-content/plugins/landing-pages HTTP/1.0" 200 4949 "-" "Mozilla/5.0 (compatible; MJ12bot/v1.4.8; http://mj12bot.com/)"
145.239.65.226 - - [29/Oct/2025:05:18:43 +0000] "GET /?fileloc=/var/www/vhosts/enlugo.es/httpdocs/wp-content/plugins/si-captcha-for-wordpress/captcha/LICENSE.txt&path=/var/www/vhosts/enlugo.es/httpdocs/wp-content/plugins/si-captcha-for-wordpress/captcha HTTP/1.0" 200 13168 "-" "Mozilla/5.0 (compatible; MJ12bot/v1.4.8; http://mj12bot.com/)"
145.239.65.226 - - [29/Oct/2025:05:18:45 +0000] "GET /?fileloc=/var/www/vhosts/enlugo.es/httpdocs/wp-content/plugins/si-captcha-for-wordpress/captcha/README.txt&path=/var/www/vhosts/enlugo.es/httpdocs/wp-content/plugins/si-captcha-for-wordpress/captcha HTTP/1.0" 200 5156 "-" "Mozilla/5.0 (compatible; MJ12bot/v1.4.8; http://mj12bot.com/)"
145.239.65.226 - - [29/Oct/2025:05:18:47 +0000] "GET /?fileloc=/var/www/vhosts/enlugo.es/httpdocs/wp-content/plugins/si-captcha-for-wordpress/captcha/ihgoiqch.php&path=/var/www/vhosts/enlugo.es/httpdocs/wp-content/plugins/si-captcha-for-wordpress/captcha HTTP/1.0" 200 5491 "-" "Mozilla/5.0 (compatible; MJ12bot/v1.4.8; http://mj12bot.com/)"
145.239.65.226 - - [29/Oct/2025:05:18:49 +0000] "GET /?fileloc=/var/www/vhosts/enlugo.es/httpdocs/wp-content/plugins/si-captcha-for-wordpress/captcha/index.php&path=/var/www/vhosts/enlugo.es/httpdocs/wp-content/plugins/si-captcha-for-wordpress/captcha HTTP/1.0" 200 4417 "-" "Mozilla/5.0 (compatible; MJ12bot/v1.4.8; http://mj12bot.com/)"
66.249.66.41 - - [29/Oct/2025:05:18:56 +0000] "GET /pages.php?614029078 HTTP/1.0" 403 3277 "-" "Mozilla/5.0 (Linux; Android 6.0.1; Nexus 5X Build/MMB29P) AppleWebKit/537.36 (KHTML, like Gecko) Chrome/141.0.7390.122 Mobile Safari/537.36 (compatible; Googlebot/2.1; +http://www.google.com/bot.html)"
66.249.66.41 - - [29/Oct/2025:05:18:56 +0000] "GET /effective-impotence-medication-for-improved-sexual-health/?fileloc=/var/www/vhosts/enlugo.es/httpdocs/.tmp&path=/var/www/vhosts/enlugo.es/httpdocs HTTP/1.0" 200 89474 "-" "Mozilla/5.0 (Linux; Android 6.0.1; Nexus 5X Build/MMB29P) AppleWebKit/537.36 (KHTML, like Gecko) Chrome/141.0.7390.122 Mobile Safari/537.36 (compatible; Googlebot/2.1; +http://www.google.com/bot.html)"
66.249.66.40 - - [29/Oct/2025:05:19:02 +0000] "GET /pages.php?items/173019637.html?srsltid=AfmBOowvaBAPHuGJcpvooplLWkCYAtxLIYwGthLPXupMYzdajR8w HTTP/1.0" 403 3277 "-" "Mozilla/5.0 (Linux; Android 6.0.1; Nexus 5X Build/MMB29P) AppleWebKit/537.36 (KHTML, like Gecko) Chrome/141.0.7390.122 Mobile Safari/537.36 (compatible; Googlebot/2.1; +http://www.google.com/bot.html)"
66.249.66.41 - - [29/Oct/2025:05:19:05 +0000] "GET /info/groan71014694/ HTTP/1.0" 200 79670 "-" "Mozilla/5.0 (Linux; Android 6.0.1; Nexus 5X Build/MMB29P) AppleWebKit/537.36 (KHTML, like Gecko) Chrome/141.0.7390.122 Mobile Safari/537.36 (compatible; Googlebot/2.1; +http://www.google.com/bot.html)"
66.249.66.41 - - [29/Oct/2025:05:19:07 +0000] "GET /items/zgjlf63/43694?key=volume HTTP/1.0" 200 88462 "-" "Mozilla/5.0 (Linux; Android 6.0.1; Nexus 5X Build/MMB29P) AppleWebKit/537.36 (KHTML, like Gecko) Chrome/141.0.7390.122 Mobile Safari/537.36 (compatible; Googlebot/2.1; +http://www.google.com/bot.html)"
66.249.66.40 - - [29/Oct/2025:05:19:20 +0000] "GET /m99925107807 HTTP/1.0" 200 78999 "-" "Mozilla/5.0 (Linux; Android 6.0.1; Nexus 5X Build/MMB29P) AppleWebKit/537.36 (KHTML, like Gecko) Chrome/141.0.7390.122 Mobile Safari/537.36 (compatible; Googlebot/2.1; +http://www.google.com/bot.html)"
66.249.66.41 - - [29/Oct/2025:05:19:32 +0000] "GET /items/mimsq127/21126?key=cord HTTP/1.0" 200 78610 "-" "Mozilla/5.0 (Linux; Android 6.0.1; Nexus 5X Build/MMB29P) AppleWebKit/537.36 (KHTML, like Gecko) Chrome/141.0.7390.122 Mobile Safari/537.36 (compatible; Googlebot/2.1; +http://www.google.com/bot.html)"
69.197.149.50 - - [29/Oct/2025:05:18:08 +0000] "GET /wp-includes/pl54115b/edit.php?id=657332 HTTP/1.0" 200 2195 "https://enlugo.es/wp-includes/pl54115b/edit.php?id=657332" "Mozilla/5.0 (Windows NT 10.0; Win64; x64) AppleWebKit/537.36 (KHTML, like Gecko) Chrome/58.0.3029.110 Safari/537.3"
66.249.66.41 - - [29/Oct/2025:05:19:39 +0000] "GET /seek004021550 HTTP/1.0" 200 79311 "-" "Mozilla/5.0 (Linux; Android 6.0.1; Nexus 5X Build/MMB29P) AppleWebKit/537.36 (KHTML, like Gecko) Chrome/141.0.7390.122 Mobile Safari/537.36 (compatible; Googlebot/2.1; +http://www.google.com/bot.html)"
66.249.66.41 - - [29/Oct/2025:05:19:44 +0000] "GET /info/horn12959632/ HTTP/1.0" 200 78916 "-" "Mozilla/5.0 (Linux; Android 6.0.1; Nexus 5X Build/MMB29P) AppleWebKit/537.36 (KHTML, like Gecko) Chrome/141.0.7390.122 Mobile Safari/537.36 (compatible; Googlebot/2.1; +http://www.google.com/bot.html)"
66.249.66.40 - - [29/Oct/2025:05:19:50 +0000] "GET /m11656486084 HTTP/1.0" 200 78786 "-" "Mozilla/5.0 (Linux; Android 6.0.1; Nexus 5X Build/MMB29P) AppleWebKit/537.36 (KHTML, like Gecko) Chrome/141.0.7390.122 Mobile Safari/537.36 (compatible; Googlebot/2.1; +http://www.google.com/bot.html)"
63.141.249.210 - - [29/Oct/2025:05:19:55 +0000] "GET /wp-includes/pl54115b/edit.php HTTP/1.0" 200 2269 "https://enlugo.es/wp-includes/pl54115b/edit.php" "Mozilla/5.0 (Windows NT 10.0; Win64; x64) AppleWebKit/537.36 (KHTML, like Gecko) Chrome/58.0.3029.110 Safari/537.3"
66.249.66.40 - - [29/Oct/2025:05:20:17 +0000] "GET /info/jeer72707846/ HTTP/1.0" 200 78822 "-" "Mozilla/5.0 (Linux; Android 6.0.1; Nexus 5X Build/MMB29P) AppleWebKit/537.36 (KHTML, like Gecko) Chrome/141.0.7390.122 Mobile Safari/537.36 (compatible; Googlebot/2.1; +http://www.google.com/bot.html)"
66.249.66.40 - - [29/Oct/2025:05:20:26 +0000] "GET /m50414428092 HTTP/1.0" 200 79023 "-" "Mozilla/5.0 (Linux; Android 6.0.1; Nexus 5X Build/MMB29P) AppleWebKit/537.36 (KHTML, like Gecko) Chrome/141.0.7390.122 Mobile Safari/537.36 (compatible; Googlebot/2.1; +http://www.google.com/bot.html)"
66.249.66.40 - - [29/Oct/2025:05:20:29 +0000] "GET /type265009435 HTTP/1.0" 200 79150 "-" "Mozilla/5.0 (Linux; Android 6.0.1; Nexus 5X Build/MMB29P) AppleWebKit/537.36 (KHTML, like Gecko) Chrome/141.0.7390.122 Mobile Safari/537.36 (compatible; Googlebot/2.1; +http://www.google.com/bot.html)"
181.192.99.29 - - [29/Oct/2025:05:20:33 +0000] "GET /item/u110/21784/ HTTP/1.0" 200 5985 "-" "Mozilla/5.0 (Macintosh; Intel Mac OS X 10_14_6) AppleWebKit/537.36 (KHTML, like Gecko) Chrome/96.0.4664.55 Safari/537.36"
66.249.66.40 - - [29/Oct/2025:05:20:36 +0000] "GET /objective285044161 HTTP/1.0" 200 88566 "-" "Mozilla/5.0 (Linux; Android 6.0.1; Nexus 5X Build/MMB29P) AppleWebKit/537.36 (KHTML, like Gecko) Chrome/141.0.7390.122 Mobile Safari/537.36 (compatible; Googlebot/2.1; +http://www.google.com/bot.html)"
66.249.66.40 - - [29/Oct/2025:05:20:53 +0000] "GET /info/couns22721945/ HTTP/1.0" 200 78657 "-" "Mozilla/5.0 (Linux; Android 6.0.1; Nexus 5X Build/MMB29P) AppleWebKit/537.36 (KHTML, like Gecko) Chrome/141.0.7390.122 Mobile Safari/537.36 (compatible; Googlebot/2.1; +http://www.google.com/bot.html)"
66.249.66.41 - - [29/Oct/2025:05:21:01 +0000] "GET /m51760596918 HTTP/1.0" 200 78635 "-" "Mozilla/5.0 (Linux; Android 6.0.1; Nexus 5X Build/MMB29P) AppleWebKit/537.36 (KHTML, like Gecko) Chrome/141.0.7390.122 Mobile Safari/537.36 (compatible; Googlebot/2.1; +http://www.google.com/bot.html)"
66.249.66.40 - - [29/Oct/2025:05:21:02 +0000] "GET /m93488798340 HTTP/1.0" 200 78983 "-" "Mozilla/5.0 (Linux; Android 6.0.1; Nexus 5X Build/MMB29P) AppleWebKit/537.36 (KHTML, like Gecko) Chrome/141.0.7390.122 Mobile Safari/537.36 (compatible; Googlebot/2.1; +http://www.google.com/bot.html)"
69.197.149.50 - - [29/Oct/2025:05:19:37 +0000] "GET /wp-includes/pl54115b/edit.php?id=657332 HTTP/1.0" 200 2195 "https://enlugo.es/wp-includes/pl54115b/edit.php?id=657332" "Mozilla/5.0 (Windows NT 10.0; Win64; x64) AppleWebKit/537.36 (KHTML, like Gecko) Chrome/58.0.3029.110 Safari/537.3"
66.249.66.40 - - [29/Oct/2025:05:21:35 +0000] "GET /info/lime12183128/ HTTP/1.0" 200 78742 "-" "Mozilla/5.0 (Linux; Android 6.0.1; Nexus 5X Build/MMB29P) AppleWebKit/537.36 (KHTML, like Gecko) Chrome/141.0.7390.122 Mobile Safari/537.36 (compatible; Googlebot/2.1; +http://www.google.com/bot.html)"
66.249.66.40 - - [29/Oct/2025:05:21:43 +0000] "GET /m83476225107 HTTP/1.0" 200 78930 "-" "Mozilla/5.0 (Linux; Android 6.0.1; Nexus 5X Build/MMB29P) AppleWebKit/537.36 (KHTML, like Gecko) Chrome/141.0.7390.122 Mobile Safari/537.36 (compatible; Googlebot/2.1; +http://www.google.com/bot.html)"
66.249.66.41 - - [29/Oct/2025:05:21:53 +0000] "GET /info/chees41808931/ HTTP/1.0" 200 26259 "-" "Mozilla/5.0 (Linux; Android 6.0.1; Nexus 5X Build/MMB29P) AppleWebKit/537.36 (KHTML, like Gecko) Chrome/141.0.7390.122 Mobile Safari/537.36 (compatible; Googlebot/2.1; +http://www.google.com/bot.html)"
66.249.66.41 - - [29/Oct/2025:05:22:09 +0000] "GET /info/tone30702658/ HTTP/1.0" 200 79390 "-" "Mozilla/5.0 (Linux; Android 6.0.1; Nexus 5X Build/MMB29P) AppleWebKit/537.36 (KHTML, like Gecko) Chrome/141.0.7390.122 Mobile Safari/537.36 (compatible; Googlebot/2.1; +http://www.google.com/bot.html)"
66.249.66.40 - - [29/Oct/2025:05:22:18 +0000] "GET /m87683301202 HTTP/1.0" 200 80313 "-" "Mozilla/5.0 (Linux; Android 6.0.1; Nexus 5X Build/MMB29P) AppleWebKit/537.36 (KHTML, like Gecko) Chrome/141.0.7390.122 Mobile Safari/537.36 (compatible; Googlebot/2.1; +http://www.google.com/bot.html)"
66.249.66.40 - - [29/Oct/2025:05:22:20 +0000] "GET /republican060043154 HTTP/1.0" 200 78799 "-" "Mozilla/5.0 (Linux; Android 6.0.1; Nexus 5X Build/MMB29P) AppleWebKit/537.36 (KHTML, like Gecko) Chrome/141.0.7390.122 Mobile Safari/537.36 (compatible; Googlebot/2.1; +http://www.google.com/bot.html)"
69.197.149.50 - - [29/Oct/2025:05:21:09 +0000] "GET /wp-includes/pl54115b/edit.php?id=657332 HTTP/1.0" 200 2195 "https://enlugo.es/wp-includes/pl54115b/edit.php?id=657332" "Mozilla/5.0 (Windows NT 10.0; Win64; x64) AppleWebKit/537.36 (KHTML, like Gecko) Chrome/58.0.3029.110 Safari/537.3"
190.124.55.213 - - [29/Oct/2025:05:22:39 +0000] "GET /info/yawn51123228/ HTTP/1.0" 200 5980 "-" "Mozilla/5.0 (X11; Linux x86_64) AppleWebKit/537.36 (KHTML, like Gecko) Chrome/41.0.2227.0 Safari/537.36"
66.249.66.40 - - [29/Oct/2025:05:22:42 +0000] "GET /info/impos70877406/ HTTP/1.0" 200 28438 "-" "Mozilla/5.0 (Linux; Android 6.0.1; Nexus 5X Build/MMB29P) AppleWebKit/537.36 (KHTML, like Gecko) Chrome/141.0.7390.122 Mobile Safari/537.36 (compatible; Googlebot/2.1; +http://www.google.com/bot.html)"
66.249.66.41 - - [29/Oct/2025:05:22:56 +0000] "GET /m68714121520 HTTP/1.0" 200 78791 "-" "Mozilla/5.0 (Linux; Android 6.0.1; Nexus 5X Build/MMB29P) AppleWebKit/537.36 (KHTML, like Gecko) Chrome/141.0.7390.122 Mobile Safari/537.36 (compatible; Googlebot/2.1; +http://www.google.com/bot.html)"
187.61.100.156 - - [29/Oct/2025:05:23:08 +0000] "GET /item/u77/37233/ HTTP/1.0" 200 5985 "-" "Mozilla/5.0 (Windows NT 6.3; Win64; x64) AppleWebKit/537.36 (KHTML, like Gecko) Chrome/108.0.0.0 Safari/537.36"
66.249.66.40 - - [29/Oct/2025:05:23:20 +0000] "GET /info/dusk40647211/ HTTP/1.0" 200 78979 "-" "Mozilla/5.0 (Linux; Android 6.0.1; Nexus 5X Build/MMB29P) AppleWebKit/537.36 (KHTML, like Gecko) Chrome/141.0.7390.122 Mobile Safari/537.36 (compatible; Googlebot/2.1; +http://www.google.com/bot.html)"
66.249.66.40 - - [29/Oct/2025:05:23:29 +0000] "GET /pages.php?category/5259_16748_25161_25162/1 HTTP/1.0" 403 3277 "-" "Mozilla/5.0 (Linux; Android 6.0.1; Nexus 5X Build/MMB29P) AppleWebKit/537.36 (KHTML, like Gecko) Chrome/141.0.7390.122 Mobile Safari/537.36 (compatible; Googlebot/2.1; +http://www.google.com/bot.html)"
66.249.66.77 - - [29/Oct/2025:05:23:29 +0000] "GET /m53330801723 HTTP/1.0" 200 79416 "-" "Mozilla/5.0 (Linux; Android 6.0.1; Nexus 5X Build/MMB29P) AppleWebKit/537.36 (KHTML, like Gecko) Chrome/141.0.7390.122 Mobile Safari/537.36 (compatible; Googlebot/2.1; +http://www.google.com/bot.html)"
66.249.66.40 - - [29/Oct/2025:05:23:48 +0000] "GET /info/dead81544471/ HTTP/1.0" 200 78903 "-" "Mozilla/5.0 (Linux; Android 6.0.1; Nexus 5X Build/MMB29P) AppleWebKit/537.36 (KHTML, like Gecko) Chrome/141.0.7390.122 Mobile Safari/537.36 (compatible; Googlebot/2.1; +http://www.google.com/bot.html)"
66.249.66.41 - - [29/Oct/2025:05:23:58 +0000] "GET /info/thoro40082963/ HTTP/1.0" 200 79069 "-" "Mozilla/5.0 (Linux; Android 6.0.1; Nexus 5X Build/MMB29P) AppleWebKit/537.36 (KHTML, like Gecko) Chrome/141.0.7390.122 Mobile Safari/537.36 (compatible; Googlebot/2.1; +http://www.google.com/bot.html)"
69.197.149.50 - - [29/Oct/2025:05:22:40 +0000] "GET /wp-includes/pl54115b/edit.php?id=657332 HTTP/1.0" 200 2195 "https://enlugo.es/wp-includes/pl54115b/edit.php?id=657332" "Mozilla/5.0 (Windows NT 10.0; Win64; x64) AppleWebKit/537.36 (KHTML, like Gecko) Chrome/58.0.3029.110 Safari/537.3"
66.249.66.40 - - [29/Oct/2025:05:24:07 +0000] "GET /m27506935929 HTTP/1.0" 200 79060 "-" "Mozilla/5.0 (Linux; Android 6.0.1; Nexus 5X Build/MMB29P) AppleWebKit/537.36 (KHTML, like Gecko) Chrome/141.0.7390.122 Mobile Safari/537.36 (compatible; Googlebot/2.1; +http://www.google.com/bot.html)"
66.249.66.77 - - [29/Oct/2025:05:24:31 +0000] "GET /info/raise82652799/ HTTP/1.0" 200 79134 "-" "Mozilla/5.0 (Linux; Android 6.0.1; Nexus 5X Build/MMB29P) AppleWebKit/537.36 (KHTML, like Gecko) Chrome/141.0.7390.122 Mobile Safari/537.36 (compatible; Googlebot/2.1; +http://www.google.com/bot.html)"
66.249.66.204 - - [29/Oct/2025:05:24:42 +0000] "GET /info/coord12867520/ HTTP/1.0" 200 22221 "-" "Mozilla/5.0 (Linux; Android 6.0.1; Nexus 5X Build/MMB29P) AppleWebKit/537.36 (KHTML, like Gecko) Chrome/141.0.7390.122 Mobile Safari/537.36 (compatible; Googlebot/2.1; +http://www.google.com/bot.html)"
66.249.66.203 - - [29/Oct/2025:05:24:43 +0000] "GET /m50604795329 HTTP/1.0" 200 21909 "-" "Mozilla/5.0 (Linux; Android 6.0.1; Nexus 5X Build/MMB29P) AppleWebKit/537.36 (KHTML, like Gecko) Chrome/141.0.7390.122 Mobile Safari/537.36 (compatible; Googlebot/2.1; +http://www.google.com/bot.html)"
66.249.66.168 - - [29/Oct/2025:05:24:45 +0000] "GET /info/findi42922611/ HTTP/1.0" 200 22525 "-" "Mozilla/5.0 (Linux; Android 6.0.1; Nexus 5X Build/MMB29P) AppleWebKit/537.36 (KHTML, like Gecko) Chrome/141.0.7390.122 Mobile Safari/537.36 (compatible; Googlebot/2.1; +http://www.google.com/bot.html)"
66.249.66.169 - - [29/Oct/2025:05:25:09 +0000] "GET /info/echo60231405/ HTTP/1.0" 200 78898 "-" "Mozilla/5.0 (Linux; Android 6.0.1; Nexus 5X Build/MMB29P) AppleWebKit/537.36 (KHTML, like Gecko) Chrome/141.0.7390.122 Mobile Safari/537.36 (compatible; Googlebot/2.1; +http://www.google.com/bot.html)"
66.249.66.168 - - [29/Oct/2025:05:25:17 +0000] "GET /m48510602747 HTTP/1.0" 200 88205 "-" "Mozilla/5.0 (Linux; Android 6.0.1; Nexus 5X Build/MMB29P) AppleWebKit/537.36 (KHTML, like Gecko) Chrome/141.0.7390.122 Mobile Safari/537.36 (compatible; Googlebot/2.1; +http://www.google.com/bot.html)"
14.167.54.73 - - [29/Oct/2025:05:25:25 +0000] "GET /info/fake60823837/ HTTP/1.0" 200 5986 "-" "Mozilla/5.0 (Windows NT 6.1; Win64; x64) AppleWebKit/537.36 (KHTML, like Gecko) Chrome/90.0.4430.41 Safari/537.36"
