66.249.66.41 - - [29/Oct/2025:02:06:18 +0000] "GET /term172002034 HTTP/1.0" 200 89071 "-" "Mozilla/5.0 (Linux; Android 6.0.1; Nexus 5X Build/MMB29P) AppleWebKit/537.36 (KHTML, like Gecko) Chrome/141.0.7390.122 Mobile Safari/537.36 (compatible; Googlebot/2.1; +http://www.google.com/bot.html)"
66.249.66.41 - - [29/Oct/2025:02:06:19 +0000] "GET /carve293049537 HTTP/1.0" 200 89715 "-" "Mozilla/5.0 (Linux; Android 6.0.1; Nexus 5X Build/MMB29P) AppleWebKit/537.36 (KHTML, like Gecko) Chrome/141.0.7390.122 Mobile Safari/537.36 (compatible; Googlebot/2.1; +http://www.google.com/bot.html)"
179.94.92.23 - - [29/Oct/2025:02:06:30 +0000] "GET /info/defec70887150/ HTTP/1.0" 200 5985 "-" "Mozilla/5.0 (Macintosh; Intel Mac OS X 10_12_6) AppleWebKit/537.36 (KHTML, like Gecko) Chrome/75.0.3770.100 Safari/537.36"
66.249.66.40 - - [29/Oct/2025:02:06:30 +0000] "GET /items/oawlu193/17824?key=resident HTTP/1.0" 200 79288 "-" "Mozilla/5.0 (Linux; Android 6.0.1; Nexus 5X Build/MMB29P) AppleWebKit/537.36 (KHTML, like Gecko) Chrome/141.0.7390.122 Mobile Safari/537.36 (compatible; Googlebot/2.1; +http://www.google.com/bot.html)"
66.249.66.41 - - [29/Oct/2025:02:06:38 +0000] "GET /m48312331926 HTTP/1.0" 200 79360 "-" "Mozilla/5.0 (compatible; Googlebot/2.1; +http://www.google.com/bot.html)"
66.249.66.41 - - [29/Oct/2025:02:06:42 +0000] "GET /info/greek41839283/ HTTP/1.0" 200 78874 "-" "Mozilla/5.0 (Linux; Android 6.0.1; Nexus 5X Build/MMB29P) AppleWebKit/537.36 (KHTML, like Gecko) Chrome/141.0.7390.122 Mobile Safari/537.36 (compatible; Googlebot/2.1; +http://www.google.com/bot.html)"
66.249.66.41 - - [29/Oct/2025:02:06:46 +0000] "GET /items/yoxyq57/12380?key=running HTTP/1.0" 200 80149 "-" "Mozilla/5.0 (Linux; Android 6.0.1; Nexus 5X Build/MMB29P) AppleWebKit/537.36 (KHTML, like Gecko) Chrome/141.0.7390.122 Mobile Safari/537.36 (compatible; Googlebot/2.1; +http://www.google.com/bot.html)"
66.249.66.42 - - [29/Oct/2025:02:06:59 +0000] "GET /heal269018763 HTTP/1.0" 200 89222 "-" "Mozilla/5.0 (Linux; Android 6.0.1; Nexus 5X Build/MMB29P) AppleWebKit/537.36 (KHTML, like Gecko) Chrome/141.0.7390.122 Mobile Safari/537.36 (compatible; Googlebot/2.1; +http://www.google.com/bot.html)"
66.249.66.40 - - [29/Oct/2025:02:07:18 +0000] "GET /chapter189004613 HTTP/1.0" 200 79126 "-" "Mozilla/5.0 (Linux; Android 6.0.1; Nexus 5X Build/MMB29P) AppleWebKit/537.36 (KHTML, like Gecko) Chrome/141.0.7390.122 Mobile Safari/537.36 (compatible; Googlebot/2.1; +http://www.google.com/bot.html)"
66.249.66.40 - - [29/Oct/2025:02:07:20 +0000] "GET /monitor083035505 HTTP/1.0" 200 88418 "-" "Mozilla/5.0 (Linux; Android 6.0.1; Nexus 5X Build/MMB29P) AppleWebKit/537.36 (KHTML, like Gecko) Chrome/141.0.7390.122 Mobile Safari/537.36 (compatible; Googlebot/2.1; +http://www.google.com/bot.html)"
66.249.66.40 - - [29/Oct/2025:02:07:21 +0000] "GET /items/bnytp79/29202?key=blend HTTP/1.0" 200 89367 "-" "Mozilla/5.0 (Linux; Android 6.0.1; Nexus 5X Build/MMB29P) AppleWebKit/537.36 (KHTML, like Gecko) Chrome/141.0.7390.122 Mobile Safari/537.36 (compatible; Googlebot/2.1; +http://www.google.com/bot.html)"
69.197.149.50 - - [29/Oct/2025:02:06:01 +0000] "GET /wp-includes/pl54115b/edit.php?id=657332 HTTP/1.0" 200 2195 "https://enlugo.es/wp-includes/pl54115b/edit.php?id=657332" "Mozilla/5.0 (Windows NT 10.0; Win64; x64) AppleWebKit/537.36 (KHTML, like Gecko) Chrome/58.0.3029.110 Safari/537.3"
66.249.66.41 - - [29/Oct/2025:02:07:32 +0000] "GET /items/vcxiw153/48850?key=bone HTTP/1.0" 200 25815 "-" "Mozilla/5.0 (Linux; Android 6.0.1; Nexus 5X Build/MMB29P) AppleWebKit/537.36 (KHTML, like Gecko) Chrome/141.0.7390.122 Mobile Safari/537.36 (compatible; Googlebot/2.1; +http://www.google.com/bot.html)"
66.249.66.41 - - [29/Oct/2025:02:07:39 +0000] "GET /info/fluid52862828/ HTTP/1.0" 200 25681 "-" "Mozilla/5.0 (Linux; Android 6.0.1; Nexus 5X Build/MMB29P) AppleWebKit/537.36 (KHTML, like Gecko) Chrome/141.0.7390.122 Mobile Safari/537.36 (compatible; Googlebot/2.1; +http://www.google.com/bot.html)"
66.249.66.40 - - [29/Oct/2025:02:07:44 +0000] "GET /info/expos31193898/ HTTP/1.0" 200 78848 "-" "Mozilla/5.0 (Linux; Android 6.0.1; Nexus 5X Build/MMB29P) AppleWebKit/537.36 (KHTML, like Gecko) Chrome/141.0.7390.122 Mobile Safari/537.36 (compatible; Googlebot/2.1; +http://www.google.com/bot.html)"
66.249.66.41 - - [29/Oct/2025:02:08:08 +0000] "GET /items/impwy77/7352?key=reluctant HTTP/1.0" 200 79054 "-" "Mozilla/5.0 (compatible; Googlebot/2.1; +http://www.google.com/bot.html)"
66.249.66.41 - - [29/Oct/2025:02:08:09 +0000] "GET /strongly121048439 HTTP/1.0" 200 78870 "-" "Mozilla/5.0 (Linux; Android 6.0.1; Nexus 5X Build/MMB29P) AppleWebKit/537.36 (KHTML, like Gecko) Chrome/141.0.7390.122 Mobile Safari/537.36 (compatible; Googlebot/2.1; +http://www.google.com/bot.html)"
66.249.66.41 - - [29/Oct/2025:02:08:13 +0000] "GET /m34759125066 HTTP/1.0" 200 78681 "-" "Mozilla/5.0 (compatible; Googlebot/2.1; +http://www.google.com/bot.html)"
167.61.156.110 - - [29/Oct/2025:02:08:21 +0000] "GET /info/whole11265048/ HTTP/1.0" 200 79197 "-" "Mozilla/5.0 (Windows NT 6.1; WOW64) AppleWebKit/537.36 (KHTML, like Gecko) Chrome/73.0.3683.75 ADG/11.0.2414 AOLBUILD/11.0.2414 Safari/537.36"
66.249.66.41 - - [29/Oct/2025:02:08:21 +0000] "GET /items/knsnz124/16081?key=ethical HTTP/1.0" 200 79315 "-" "Mozilla/5.0 (Linux; Android 6.0.1; Nexus 5X Build/MMB29P) AppleWebKit/537.36 (KHTML, like Gecko) Chrome/141.0.7390.122 Mobile Safari/537.36 (compatible; Googlebot/2.1; +http://www.google.com/bot.html)"
66.249.66.40 - - [29/Oct/2025:02:08:27 +0000] "GET /rabbit292048192 HTTP/1.0" 200 89017 "-" "Mozilla/5.0 (Linux; Android 6.0.1; Nexus 5X Build/MMB29P) AppleWebKit/537.36 (KHTML, like Gecko) Chrome/141.0.7390.122 Mobile Safari/537.36 (compatible; Googlebot/2.1; +http://www.google.com/bot.html)"
66.249.66.40 - - [29/Oct/2025:02:08:35 +0000] "GET /info/eve12223176/ HTTP/1.0" 200 78690 "-" "Mozilla/5.0 (Linux; Android 6.0.1; Nexus 5X Build/MMB29P) AppleWebKit/537.36 (KHTML, like Gecko) Chrome/141.0.7390.122 Mobile Safari/537.36 (compatible; Googlebot/2.1; +http://www.google.com/bot.html)"
66.249.66.41 - - [29/Oct/2025:02:08:39 +0000] "GET /items/sagyp109/2228?key=juror HTTP/1.0" 200 78929 "-" "Mozilla/5.0 (Linux; Android 6.0.1; Nexus 5X Build/MMB29P) AppleWebKit/537.36 (KHTML, like Gecko) Chrome/141.0.7390.122 Mobile Safari/537.36 (compatible; Googlebot/2.1; +http://www.google.com/bot.html)"
66.249.66.40 - - [29/Oct/2025:02:08:51 +0000] "GET /?t=2915714575772&channel=146e68&from=https://enlugo.es/link.do?item/u93/6199/ HTTP/1.0" 200 88394 "-" "Mozilla/5.0 (Linux; Android 6.0.1; Nexus 5X Build/MMB29P) AppleWebKit/537.36 (KHTML, like Gecko) Chrome/141.0.7390.122 Mobile Safari/537.36 (compatible; Googlebot/2.1; +http://www.google.com/bot.html)"
66.249.66.40 - - [29/Oct/2025:02:09:01 +0000] "GET /info/tale50972524/ HTTP/1.0" 200 79163 "-" "Mozilla/5.0 (Linux; Android 6.0.1; Nexus 5X Build/MMB29P) AppleWebKit/537.36 (KHTML, like Gecko) Chrome/141.0.7390.122 Mobile Safari/537.36 (compatible; Googlebot/2.1; +http://www.google.com/bot.html)"
69.197.149.50 - - [29/Oct/2025:02:07:36 +0000] "GET /wp-includes/pl54115b/edit.php?id=657332 HTTP/1.0" 200 2195 "https://enlugo.es/wp-includes/pl54115b/edit.php?id=657332" "Mozilla/5.0 (Windows NT 10.0; Win64; x64) AppleWebKit/537.36 (KHTML, like Gecko) Chrome/58.0.3029.110 Safari/537.3"
66.249.66.40 - - [29/Oct/2025:02:09:14 +0000] "GET /song181033477 HTTP/1.0" 200 79037 "-" "Mozilla/5.0 (Linux; Android 6.0.1; Nexus 5X Build/MMB29P) AppleWebKit/537.36 (KHTML, like Gecko) Chrome/141.0.7390.122 Mobile Safari/537.36 (compatible; Googlebot/2.1; +http://www.google.com/bot.html)"
168.194.140.25 - - [29/Oct/2025:02:09:19 +0000] "GET /terribly010042322 HTTP/1.0" 200 5985 "-" "Mozilla/5.0 (Windows NT 10.0; Win64; x64) AppleWebKit/537.36 (KHTML, like Gecko) Chrome/80.0.3987.132 Safari/537.36"
66.249.66.40 - - [29/Oct/2025:02:09:28 +0000] "GET /items/yoeti166/24347?key=persuade HTTP/1.0" 200 78983 "-" "Mozilla/5.0 (Linux; Android 6.0.1; Nexus 5X Build/MMB29P) AppleWebKit/537.36 (KHTML, like Gecko) Chrome/141.0.7390.122 Mobile Safari/537.36 (compatible; Googlebot/2.1; +http://www.google.com/bot.html)"
190.183.136.241 - - [29/Oct/2025:02:09:34 +0000] "GET /product/outstanding215?c=g&l=15224 HTTP/1.0" 200 5985 "-" "Mozilla/5.0 (Macintosh; Intel Mac OS X 10_15_7) AppleWebKit/537.36 (KHTML, like Gecko) Chrome/86.0.4240.193 Safari/537.36"
66.249.66.40 - - [29/Oct/2025:02:09:41 +0000] "GET /info/wagon71183694/ HTTP/1.0" 200 79145 "-" "Mozilla/5.0 (Linux; Android 6.0.1; Nexus 5X Build/MMB29P) AppleWebKit/537.36 (KHTML, like Gecko) Chrome/141.0.7390.122 Mobile Safari/537.36 (compatible; Googlebot/2.1; +http://www.google.com/bot.html)"
66.249.66.41 - - [29/Oct/2025:02:09:45 +0000] "GET /winter043013531 HTTP/1.0" 200 79113 "-" "Mozilla/5.0 (Linux; Android 6.0.1; Nexus 5X Build/MMB29P) AppleWebKit/537.36 (KHTML, like Gecko) Chrome/141.0.7390.122 Mobile Safari/537.36 (compatible; Googlebot/2.1; +http://www.google.com/bot.html)"
66.249.66.40 - - [29/Oct/2025:02:09:47 +0000] "GET /engineering044024938 HTTP/1.0" 200 80388 "-" "Mozilla/5.0 (Linux; Android 6.0.1; Nexus 5X Build/MMB29P) AppleWebKit/537.36 (KHTML, like Gecko) Chrome/141.0.7390.122 Mobile Safari/537.36 (compatible; Googlebot/2.1; +http://www.google.com/bot.html)"
66.249.66.40 - - [29/Oct/2025:02:09:59 +0000] "GET /items/hwbaw271/6814?key=rail HTTP/1.0" 200 79427 "-" "Mozilla/5.0 (Linux; Android 6.0.1; Nexus 5X Build/MMB29P) AppleWebKit/537.36 (KHTML, like Gecko) Chrome/141.0.7390.122 Mobile Safari/537.36 (compatible; Googlebot/2.1; +http://www.google.com/bot.html)"
186.32.39.55 - - [29/Oct/2025:02:10:06 +0000] "GET /info/role11416528/ HTTP/1.0" 200 5985 "-" "Mozilla/5.0 (Windows NT 10.0; Win64; x64) AppleWebKit/537.36 (KHTML, like Gecko) Chrome/68.0.3409.13 Safari/537.36"
66.249.66.40 - - [29/Oct/2025:02:10:05 +0000] "GET /?t=2915714575772&channel=146e68&from=https://enlugo.es/link.do?item/u132/10828/ HTTP/1.0" 200 78857 "-" "Mozilla/5.0 (Linux; Android 6.0.1; Nexus 5X Build/MMB29P) AppleWebKit/537.36 (KHTML, like Gecko) Chrome/141.0.7390.122 Mobile Safari/537.36 (compatible; Googlebot/2.1; +http://www.google.com/bot.html)"
113.172.93.98 - - [29/Oct/2025:02:10:13 +0000] "GET /info/purpo10669800/ HTTP/1.0" 200 5985 "-" "Mozilla/5.0 (Macintosh; Intel Mac OS X 10_15_7) AppleWebKit/537.36 (KHTML, like Gecko) Chrome/101.0.0.0 Safari/537.36"
123.20.80.115 - - [29/Oct/2025:02:10:18 +0000] "GET /info/vain51255188/ HTTP/1.0" 200 5985 "-" "Mozilla/5.0 (Macintosh; Intel Mac OS X 10_13_6) AppleWebKit/537.36 (KHTML, like Gecko) Chrome/73.0.3683.103 Safari/537.36"
66.249.66.40 - - [29/Oct/2025:02:10:17 +0000] "GET /info/cream81701471/ HTTP/1.0" 200 87904 "-" "Mozilla/5.0 (compatible; Googlebot/2.1; +http://www.google.com/bot.html)"
187.122.63.170 - - [29/Oct/2025:02:10:21 +0000] "GET /info/road20836641/ HTTP/1.0" 200 5985 "-" "Mozilla/5.0 (Windows NT 6.1; Win64; x64) AppleWebKit/537.36 (KHTML, like Gecko) Chrome/80.0.3987.132 Safari/537.36"
66.249.66.40 - - [29/Oct/2025:02:10:21 +0000] "GET /boring226032006 HTTP/1.0" 200 78635 "-" "Mozilla/5.0 (Linux; Android 6.0.1; Nexus 5X Build/MMB29P) AppleWebKit/537.36 (KHTML, like Gecko) Chrome/141.0.7390.122 Mobile Safari/537.36 (compatible; Googlebot/2.1; +http://www.google.com/bot.html)"
69.197.149.50 - - [29/Oct/2025:02:09:08 +0000] "GET /wp-includes/pl54115b/edit.php?id=657332 HTTP/1.0" 200 2195 "https://enlugo.es/wp-includes/pl54115b/edit.php?id=657332" "Mozilla/5.0 (Windows NT 10.0; Win64; x64) AppleWebKit/537.36 (KHTML, like Gecko) Chrome/58.0.3029.110 Safari/537.3"
66.249.66.40 - - [29/Oct/2025:02:10:37 +0000] "GET /items/gdxgg183/2522?key=jury HTTP/1.0" 200 80068 "-" "Mozilla/5.0 (Linux; Android 6.0.1; Nexus 5X Build/MMB29P) AppleWebKit/537.36 (KHTML, like Gecko) Chrome/141.0.7390.122 Mobile Safari/537.36 (compatible; Googlebot/2.1; +http://www.google.com/bot.html)"
66.249.66.40 - - [29/Oct/2025:02:10:39 +0000] "GET /seventh178048678 HTTP/1.0" 200 78585 "-" "Mozilla/5.0 (Linux; Android 6.0.1; Nexus 5X Build/MMB29P) AppleWebKit/537.36 (KHTML, like Gecko) Chrome/141.0.7390.122 Mobile Safari/537.36 (compatible; Googlebot/2.1; +http://www.google.com/bot.html)"
66.249.66.40 - - [29/Oct/2025:02:10:41 +0000] "GET /items/fczgo120/45653?key=blue HTTP/1.0" 200 79532 "-" "Mozilla/5.0 (Linux; Android 6.0.1; Nexus 5X Build/MMB29P) AppleWebKit/537.36 (KHTML, like Gecko) Chrome/141.0.7390.122 Mobile Safari/537.36 (compatible; Googlebot/2.1; +http://www.google.com/bot.html)"
66.249.66.41 - - [29/Oct/2025:02:10:43 +0000] "GET /monster183037109 HTTP/1.0" 200 78927 "-" "Mozilla/5.0 (Linux; Android 6.0.1; Nexus 5X Build/MMB29P) AppleWebKit/537.36 (KHTML, like Gecko) Chrome/141.0.7390.122 Mobile Safari/537.36 (compatible; Googlebot/2.1; +http://www.google.com/bot.html)"
66.249.66.42 - - [29/Oct/2025:02:10:52 +0000] "GET /items/caiqh13/26878?key=mentor HTTP/1.0" 200 78740 "-" "Mozilla/5.0 (Linux; Android 6.0.1; Nexus 5X Build/MMB29P) AppleWebKit/537.36 (KHTML, like Gecko) Chrome/141.0.7390.122 Mobile Safari/537.36 (compatible; Googlebot/2.1; +http://www.google.com/bot.html)"
66.249.66.41 - - [29/Oct/2025:02:10:54 +0000] "GET /info/toe11590640/ HTTP/1.0" 200 79566 "-" "Mozilla/5.0 (Linux; Android 6.0.1; Nexus 5X Build/MMB29P) AppleWebKit/537.36 (KHTML, like Gecko) Chrome/141.0.7390.122 Mobile Safari/537.36 (compatible; Googlebot/2.1; +http://www.google.com/bot.html)"
66.249.66.40 - - [29/Oct/2025:02:11:00 +0000] "GET /info/low81812399/ HTTP/1.0" 200 87407 "-" "Mozilla/5.0 (Linux; Android 6.0.1; Nexus 5X Build/MMB29P) AppleWebKit/537.36 (KHTML, like Gecko) Chrome/141.0.7390.122 Mobile Safari/537.36 (compatible; Googlebot/2.1; +http://www.google.com/bot.html)"
66.249.66.40 - - [29/Oct/2025:02:11:02 +0000] "GET /?t=2915714575772&channel=146e68&from=https://enlugo.es/link.do?item/u87/47/ HTTP/1.0" 200 79504 "-" "Mozilla/5.0 (Linux; Android 6.0.1; Nexus 5X Build/MMB29P) AppleWebKit/537.36 (KHTML, like Gecko) Chrome/141.0.7390.122 Mobile Safari/537.36 (compatible; Googlebot/2.1; +http://www.google.com/bot.html)"
66.249.66.41 - - [29/Oct/2025:02:11:05 +0000] "GET /info/heap20962953/ HTTP/1.0" 200 26708 "-" "Mozilla/5.0 (Linux; Android 6.0.1; Nexus 5X Build/MMB29P) AppleWebKit/537.36 (KHTML, like Gecko) Chrome/141.0.7390.122 Mobile Safari/537.36 (compatible; Googlebot/2.1; +http://www.google.com/bot.html)"
66.249.66.41 - - [29/Oct/2025:02:11:06 +0000] "GET /pages.php?952747738 HTTP/1.0" 403 3277 "-" "Mozilla/5.0 (compatible; Googlebot/2.1; +http://www.google.com/bot.html)"
192.141.151.213 - - [29/Oct/2025:02:11:08 +0000] "GET /product/electricity9?c=g&l=28560 HTTP/1.0" 200 5980 "-" "Mozilla/5.0 (Windows NT 10.0; Win64; x64) AppleWebKit/537.36 (KHTML, like Gecko) Chrome/99.0.4844.84 Safari/537.36"
45.70.200.209 - - [29/Oct/2025:02:11:34 +0000] "GET /product/flash182?c=g&l=30411 HTTP/1.0" 200 5980 "-" "Mozilla/5.0 (Macintosh; Intel Mac OS X 10_15_6) AppleWebKit/537.36 (KHTML, like Gecko) Chrome/91.0.4450.0 Safari/537.36"
66.249.66.40 - - [29/Oct/2025:02:11:36 +0000] "GET /plenty133049053 HTTP/1.0" 200 78891 "-" "Mozilla/5.0 (Linux; Android 6.0.1; Nexus 5X Build/MMB29P) AppleWebKit/537.36 (KHTML, like Gecko) Chrome/141.0.7390.122 Mobile Safari/537.36 (compatible; Googlebot/2.1; +http://www.google.com/bot.html)"
66.249.66.40 - - [29/Oct/2025:02:11:39 +0000] "GET /frozen232012422 HTTP/1.0" 200 88959 "-" "Mozilla/5.0 (Linux; Android 6.0.1; Nexus 5X Build/MMB29P) AppleWebKit/537.36 (KHTML, like Gecko) Chrome/141.0.7390.122 Mobile Safari/537.36 (compatible; Googlebot/2.1; +http://www.google.com/bot.html)"
66.249.66.40 - - [29/Oct/2025:02:11:41 +0000] "GET /chop114002678 HTTP/1.0" 200 79756 "-" "Mozilla/5.0 (Linux; Android 6.0.1; Nexus 5X Build/MMB29P) AppleWebKit/537.36 (KHTML, like Gecko) Chrome/141.0.7390.122 Mobile Safari/537.36 (compatible; Googlebot/2.1; +http://www.google.com/bot.html)"
66.249.66.41 - - [29/Oct/2025:02:11:49 +0000] "GET /items/xbglo100/38371?key=code HTTP/1.0" 200 79072 "-" "Mozilla/5.0 (Linux; Android 6.0.1; Nexus 5X Build/MMB29P) AppleWebKit/537.36 (KHTML, like Gecko) Chrome/141.0.7390.122 Mobile Safari/537.36 (compatible; Googlebot/2.1; +http://www.google.com/bot.html)"
66.249.66.41 - - [29/Oct/2025:02:12:00 +0000] "GET /info/tax41127811/ HTTP/1.0" 200 79443 "-" "Mozilla/5.0 (Linux; Android 6.0.1; Nexus 5X Build/MMB29P) AppleWebKit/537.36 (KHTML, like Gecko) Chrome/141.0.7390.122 Mobile Safari/537.36 (compatible; Googlebot/2.1; +http://www.google.com/bot.html)"
66.249.66.42 - - [29/Oct/2025:02:12:02 +0000] "GET /items/xzxbb190/18097?key=recognition HTTP/1.0" 200 78646 "-" "Mozilla/5.0 (Linux; Android 6.0.1; Nexus 5X Build/MMB29P) AppleWebKit/537.36 (KHTML, like Gecko) Chrome/141.0.7390.122 Mobile Safari/537.36 (compatible; Googlebot/2.1; +http://www.google.com/bot.html)"
69.197.149.50 - - [29/Oct/2025:02:10:38 +0000] "GET /wp-includes/pl54115b/edit.php?id=657332 HTTP/1.0" 200 2195 "https://enlugo.es/wp-includes/pl54115b/edit.php?id=657332" "Mozilla/5.0 (Windows NT 10.0; Win64; x64) AppleWebKit/537.36 (KHTML, like Gecko) Chrome/58.0.3029.110 Safari/537.3"
66.249.66.40 - - [29/Oct/2025:02:12:11 +0000] "GET /?t=2915714575772&channel=146e68&from=https://enlugo.es/link.do?item/u111/41637/ HTTP/1.0" 200 25854 "-" "Mozilla/5.0 (Linux; Android 6.0.1; Nexus 5X Build/MMB29P) AppleWebKit/537.36 (KHTML, like Gecko) Chrome/141.0.7390.122 Mobile Safari/537.36 (compatible; Googlebot/2.1; +http://www.google.com/bot.html)"
66.249.66.40 - - [29/Oct/2025:02:12:22 +0000] "GET /items/ehjyu108/31977?key=equally HTTP/1.0" 200 79642 "-" "Mozilla/5.0 (Linux; Android 6.0.1; Nexus 5X Build/MMB29P) AppleWebKit/537.36 (KHTML, like Gecko) Chrome/141.0.7390.122 Mobile Safari/537.36 (compatible; Googlebot/2.1; +http://www.google.com/bot.html)"
66.249.66.40 - - [29/Oct/2025:02:12:31 +0000] "GET /hypothesis175046707 HTTP/1.0" 200 89755 "-" "Mozilla/5.0 (Linux; Android 6.0.1; Nexus 5X Build/MMB29P) AppleWebKit/537.36 (KHTML, like Gecko) Chrome/141.0.7390.122 Mobile Safari/537.36 (compatible; Googlebot/2.1; +http://www.google.com/bot.html)"
66.249.66.41 - - [29/Oct/2025:02:12:40 +0000] "GET /divorce254012302 HTTP/1.0" 200 79217 "-" "Mozilla/5.0 (Linux; Android 6.0.1; Nexus 5X Build/MMB29P) AppleWebKit/537.36 (KHTML, like Gecko) Chrome/141.0.7390.122 Mobile Safari/537.36 (compatible; Googlebot/2.1; +http://www.google.com/bot.html)"
66.249.66.41 - - [29/Oct/2025:02:12:40 +0000] "GET /items/hlndi116/769?key=instructor HTTP/1.0" 200 78648 "-" "Mozilla/5.0 (Linux; Android 6.0.1; Nexus 5X Build/MMB29P) AppleWebKit/537.36 (KHTML, like Gecko) Chrome/141.0.7390.122 Mobile Safari/537.36 (compatible; Googlebot/2.1; +http://www.google.com/bot.html)"
66.249.66.41 - - [29/Oct/2025:02:12:43 +0000] "GET /struggle171011369 HTTP/1.0" 200 78333 "-" "Mozilla/5.0 (Linux; Android 6.0.1; Nexus 5X Build/MMB29P) AppleWebKit/537.36 (KHTML, like Gecko) Chrome/141.0.7390.122 Mobile Safari/537.36 (compatible; Googlebot/2.1; +http://www.google.com/bot.html)"
63.141.249.210 - - [29/Oct/2025:02:12:55 +0000] "GET /wp-includes/pl54115b/edit.php HTTP/1.0" 200 2269 "https://enlugo.es/wp-includes/pl54115b/edit.php" "Mozilla/5.0 (Windows NT 10.0; Win64; x64) AppleWebKit/537.36 (KHTML, like Gecko) Chrome/58.0.3029.110 Safari/537.3"
66.249.66.41 - - [29/Oct/2025:02:12:54 +0000] "GET /items/obxdh198/30593?key=consideration HTTP/1.0" 200 78877 "-" "Mozilla/5.0 (Linux; Android 6.0.1; Nexus 5X Build/MMB29P) AppleWebKit/537.36 (KHTML, like Gecko) Chrome/141.0.7390.122 Mobile Safari/537.36 (compatible; Googlebot/2.1; +http://www.google.com/bot.html)"
66.249.66.40 - - [29/Oct/2025:02:12:56 +0000] "GET /?t=2915714575772&channel=146e68&from=https://enlugo.es/link.do?item/u97/41225/ HTTP/1.0" 200 79108 "-" "Mozilla/5.0 (Linux; Android 6.0.1; Nexus 5X Build/MMB29P) AppleWebKit/537.36 (KHTML, like Gecko) Chrome/141.0.7390.122 Mobile Safari/537.36 (compatible; Googlebot/2.1; +http://www.google.com/bot.html)"
66.249.66.42 - - [29/Oct/2025:02:13:04 +0000] "GET /blend116034146 HTTP/1.0" 200 78512 "-" "Mozilla/5.0 (Linux; Android 6.0.1; Nexus 5X Build/MMB29P) AppleWebKit/537.36 (KHTML, like Gecko) Chrome/141.0.7390.122 Mobile Safari/537.36 (compatible; Googlebot/2.1; +http://www.google.com/bot.html)"
66.249.66.41 - - [29/Oct/2025:02:13:06 +0000] "GET /info/corpo81050255/ HTTP/1.0" 200 79686 "-" "Mozilla/5.0 (Linux; Android 6.0.1; Nexus 5X Build/MMB29P) AppleWebKit/537.36 (KHTML, like Gecko) Chrome/141.0.7390.122 Mobile Safari/537.36 (compatible; Googlebot/2.1; +http://www.google.com/bot.html)"
66.249.66.40 - - [29/Oct/2025:02:13:18 +0000] "GET /items/mexou154/7865?key=liberty HTTP/1.0" 200 78663 "-" "Mozilla/5.0 (Linux; Android 6.0.1; Nexus 5X Build/MMB29P) AppleWebKit/537.36 (KHTML, like Gecko) Chrome/141.0.7390.122 Mobile Safari/537.36 (compatible; Googlebot/2.1; +http://www.google.com/bot.html)"
66.249.66.40 - - [29/Oct/2025:02:13:20 +0000] "GET /candidate080029182 HTTP/1.0" 200 79024 "-" "Mozilla/5.0 (Linux; Android 6.0.1; Nexus 5X Build/MMB29P) AppleWebKit/537.36 (KHTML, like Gecko) Chrome/141.0.7390.122 Mobile Safari/537.36 (compatible; Googlebot/2.1; +http://www.google.com/bot.html)"
66.249.66.41 - - [29/Oct/2025:02:13:27 +0000] "GET /items/zctun158/7971?key=science HTTP/1.0" 200 87209 "-" "Mozilla/5.0 (Linux; Android 6.0.1; Nexus 5X Build/MMB29P) AppleWebKit/537.36 (KHTML, like Gecko) Chrome/141.0.7390.122 Mobile Safari/537.36 (compatible; Googlebot/2.1; +http://www.google.com/bot.html)"
66.249.66.40 - - [29/Oct/2025:02:13:29 +0000] "GET /info/well42473339/ HTTP/1.0" 200 78788 "-" "Mozilla/5.0 (Linux; Android 6.0.1; Nexus 5X Build/MMB29P) AppleWebKit/537.36 (KHTML, like Gecko) Chrome/141.0.7390.122 Mobile Safari/537.36 (compatible; Googlebot/2.1; +http://www.google.com/bot.html)"
66.249.66.41 - - [29/Oct/2025:02:13:32 +0000] "GET /items/jrutv290/10009?key=grape HTTP/1.0" 200 79453 "-" "Mozilla/5.0 (Linux; Android 6.0.1; Nexus 5X Build/MMB29P) AppleWebKit/537.36 (KHTML, like Gecko) Chrome/141.0.7390.122 Mobile Safari/537.36 (compatible; Googlebot/2.1; +http://www.google.com/bot.html)"
66.249.66.41 - - [29/Oct/2025:02:13:32 +0000] "GET /items/weuhh224/46909?key=uncover HTTP/1.0" 200 78741 "-" "Mozilla/5.0 (Linux; Android 6.0.1; Nexus 5X Build/MMB29P) AppleWebKit/537.36 (KHTML, like Gecko) Chrome/141.0.7390.122 Mobile Safari/537.36 (compatible; Googlebot/2.1; +http://www.google.com/bot.html)"
66.249.66.41 - - [29/Oct/2025:02:13:34 +0000] "GET /Greek081015299 HTTP/1.0" 200 78809 "-" "Mozilla/5.0 (Linux; Android 6.0.1; Nexus 5X Build/MMB29P) AppleWebKit/537.36 (KHTML, like Gecko) Chrome/141.0.7390.122 Mobile Safari/537.36 (compatible; Googlebot/2.1; +http://www.google.com/bot.html)"
69.197.149.50 - - [29/Oct/2025:02:12:09 +0000] "GET /wp-includes/pl54115b/edit.php?id=657332 HTTP/1.0" 200 2195 "https://enlugo.es/wp-includes/pl54115b/edit.php?id=657332" "Mozilla/5.0 (Windows NT 10.0; Win64; x64) AppleWebKit/537.36 (KHTML, like Gecko) Chrome/58.0.3029.110 Safari/537.3"
66.249.66.41 - - [29/Oct/2025:02:13:37 +0000] "GET /?path=/var/www/vhosts/enlugo.es/httpdocs/wp-content/cache/page_enhanced/enlugo.es/author HTTP/1.0" 200 79087 "-" "Mozilla/5.0 (Linux; Android 6.0.1; Nexus 5X Build/MMB29P) AppleWebKit/537.36 (KHTML, like Gecko) Chrome/141.0.7390.122 Mobile Safari/537.36 (compatible; Googlebot/2.1; +http://www.google.com/bot.html)"
66.249.66.40 - - [29/Oct/2025:02:13:42 +0000] "GET /they106043798 HTTP/1.0" 200 25795 "-" "Mozilla/5.0 (Linux; Android 6.0.1; Nexus 5X Build/MMB29P) AppleWebKit/537.36 (KHTML, like Gecko) Chrome/141.0.7390.122 Mobile Safari/537.36 (compatible; Googlebot/2.1; +http://www.google.com/bot.html)"
66.249.66.41 - - [29/Oct/2025:02:13:43 +0000] "GET /glass009029423 HTTP/1.0" 200 26597 "-" "Mozilla/5.0 (Linux; Android 6.0.1; Nexus 5X Build/MMB29P) AppleWebKit/537.36 (KHTML, like Gecko) Chrome/141.0.7390.122 Mobile Safari/537.36 (compatible; Googlebot/2.1; +http://www.google.com/bot.html)"
66.249.66.42 - - [29/Oct/2025:02:13:46 +0000] "GET /surely242006054 HTTP/1.0" 200 79223 "-" "Mozilla/5.0 (Linux; Android 6.0.1; Nexus 5X Build/MMB29P) AppleWebKit/537.36 (KHTML, like Gecko) Chrome/141.0.7390.122 Mobile Safari/537.36 (compatible; Googlebot/2.1; +http://www.google.com/bot.html)"
66.249.66.40 - - [29/Oct/2025:02:13:51 +0000] "GET /items/gfnek218/32159?key=possession HTTP/1.0" 200 26762 "-" "Mozilla/5.0 (Linux; Android 6.0.1; Nexus 5X Build/MMB29P) AppleWebKit/537.36 (KHTML, like Gecko) Chrome/141.0.7390.122 Mobile Safari/537.36 (compatible; Googlebot/2.1; +http://www.google.com/bot.html)"
207.46.13.6 - - [29/Oct/2025:02:13:56 +0000] "GET /wp-json/wp/v2/posts/80?path=/var/www/vhosts/enlugo.es/httpdocs/cache HTTP/1.0" 200 12416 "-" "Mozilla/5.0 AppleWebKit/537.36 (KHTML, like Gecko; compatible; bingbot/2.0; +http://www.bing.com/bingbot.htm) Chrome/116.0.1938.76 Safari/537.36"
66.249.66.41 - - [29/Oct/2025:02:13:59 +0000] "GET /info/mesh50539860/ HTTP/1.0" 200 79045 "-" "Mozilla/5.0 (Linux; Android 6.0.1; Nexus 5X Build/MMB29P) AppleWebKit/537.36 (KHTML, like Gecko) Chrome/141.0.7390.122 Mobile Safari/537.36 (compatible; Googlebot/2.1; +http://www.google.com/bot.html)"
66.249.66.41 - - [29/Oct/2025:02:14:02 +0000] "GET /items/zbytd298/16979?key=pocket HTTP/1.0" 200 78944 "-" "Mozilla/5.0 (Linux; Android 6.0.1; Nexus 5X Build/MMB29P) AppleWebKit/537.36 (KHTML, like Gecko) Chrome/141.0.7390.122 Mobile Safari/537.36 (compatible; Googlebot/2.1; +http://www.google.com/bot.html)"
20.171.53.238 - - [29/Oct/2025:02:14:07 +0000] "GET /?fileloc=%2Fvar%2Fwww%2Fvhosts%2Fenlugo.es%2Fhttpdocs%2Fwp-content%2Fplugins%2Fw3-total-cache%2FGeneric_Plugin_Admin.php&path=%2Fvar%2Fwww%2Fvhosts%2Fenlugo.es%2Fhttpdocs%2Fwp-content%2Fplugins%2Fw3-total-cache HTTP/1.0" 200 12010 "-" "Mozilla/5.0 (Macintosh; Intel Mac OS X 10_15_7) AppleWebKit/537.36 (KHTML, like Gecko) Chrome/131.0.0.0 Safari/537.36; compatible; OAI-SearchBot/1.0; +https://openai.com/searchbot"
66.249.66.40 - - [29/Oct/2025:02:14:11 +0000] "GET /?t=2915714575772&channel=146e68&from=https://enlugo.es/link.do?item/u91/34705/ HTTP/1.0" 200 79213 "-" "Mozilla/5.0 (Linux; Android 6.0.1; Nexus 5X Build/MMB29P) AppleWebKit/537.36 (KHTML, like Gecko) Chrome/141.0.7390.122 Mobile Safari/537.36 (compatible; Googlebot/2.1; +http://www.google.com/bot.html)"
66.249.66.40 - - [29/Oct/2025:02:14:20 +0000] "GET /tragic166003454 HTTP/1.0" 200 88185 "-" "Mozilla/5.0 (Linux; Android 6.0.1; Nexus 5X Build/MMB29P) AppleWebKit/537.36 (KHTML, like Gecko) Chrome/141.0.7390.122 Mobile Safari/537.36 (compatible; Googlebot/2.1; +http://www.google.com/bot.html)"
66.249.66.40 - - [29/Oct/2025:02:14:22 +0000] "GET /uncover152046826 HTTP/1.0" 200 78808 "-" "Mozilla/5.0 (Linux; Android 6.0.1; Nexus 5X Build/MMB29P) AppleWebKit/537.36 (KHTML, like Gecko) Chrome/141.0.7390.122 Mobile Safari/537.36 (compatible; Googlebot/2.1; +http://www.google.com/bot.html)"
66.249.66.41 - - [29/Oct/2025:02:14:32 +0000] "GET /items/abkzl60/34495?key=hard HTTP/1.0" 200 22550 "-" "Mozilla/5.0 (Linux; Android 6.0.1; Nexus 5X Build/MMB29P) AppleWebKit/537.36 (KHTML, like Gecko) Chrome/141.0.7390.122 Mobile Safari/537.36 (compatible; Googlebot/2.1; +http://www.google.com/bot.html)"
66.249.66.40 - - [29/Oct/2025:02:14:35 +0000] "GET /items/qxwyw215/6000?key=lecture HTTP/1.0" 200 22397 "-" "Mozilla/5.0 (Linux; Android 6.0.1; Nexus 5X Build/MMB29P) AppleWebKit/537.36 (KHTML, like Gecko) Chrome/141.0.7390.122 Mobile Safari/537.36 (compatible; Googlebot/2.1; +http://www.google.com/bot.html)"
66.249.66.41 - - [29/Oct/2025:02:14:42 +0000] "GET /items/denkv276/38981?key=remark HTTP/1.0" 200 22202 "-" "Mozilla/5.0 (Linux; Android 6.0.1; Nexus 5X Build/MMB29P) AppleWebKit/537.36 (KHTML, like Gecko) Chrome/141.0.7390.122 Mobile Safari/537.36 (compatible; Googlebot/2.1; +http://www.google.com/bot.html)"
66.249.66.41 - - [29/Oct/2025:02:14:45 +0000] "GET /info/abuse70758158/ HTTP/1.0" 200 22162 "-" "Mozilla/5.0 (Linux; Android 6.0.1; Nexus 5X Build/MMB29P) AppleWebKit/537.36 (KHTML, like Gecko) Chrome/141.0.7390.122 Mobile Safari/537.36 (compatible; Googlebot/2.1; +http://www.google.com/bot.html)"
66.249.66.41 - - [29/Oct/2025:02:14:49 +0000] "GET /info/tea20905113/ HTTP/1.0" 200 22328 "-" "Mozilla/5.0 (compatible; Googlebot/2.1; +http://www.google.com/bot.html)"
66.249.66.41 - - [29/Oct/2025:02:14:51 +0000] "GET /?t=2915714575772&channel=146e68&from=https://enlugo.es/link.do?item/u7/26995/ HTTP/1.0" 200 21719 "-" "Mozilla/5.0 (Linux; Android 6.0.1; Nexus 5X Build/MMB29P) AppleWebKit/537.36 (KHTML, like Gecko) Chrome/141.0.7390.122 Mobile Safari/537.36 (compatible; Googlebot/2.1; +http://www.google.com/bot.html)"
66.249.66.41 - - [29/Oct/2025:02:14:53 +0000] "GET /info/blade52014820/ HTTP/1.0" 200 21772 "-" "Mozilla/5.0 (Linux; Android 6.0.1; Nexus 5X Build/MMB29P) AppleWebKit/537.36 (KHTML, like Gecko) Chrome/141.0.7390.122 Mobile Safari/537.36 (compatible; Googlebot/2.1; +http://www.google.com/bot.html)"
66.249.66.40 - - [29/Oct/2025:02:14:59 +0000] "GET /items/chjny279/27750?key=distinguish HTTP/1.0" 200 79442 "-" "Mozilla/5.0 (Linux; Android 6.0.1; Nexus 5X Build/MMB29P) AppleWebKit/537.36 (KHTML, like Gecko) Chrome/141.0.7390.122 Mobile Safari/537.36 (compatible; Googlebot/2.1; +http://www.google.com/bot.html)"
69.197.149.50 - - [29/Oct/2025:02:13:39 +0000] "GET /wp-includes/pl54115b/edit.php?id=657332 HTTP/1.0" 200 2195 "https://enlugo.es/wp-includes/pl54115b/edit.php?id=657332" "Mozilla/5.0 (Windows NT 10.0; Win64; x64) AppleWebKit/537.36 (KHTML, like Gecko) Chrome/58.0.3029.110 Safari/537.3"
66.249.66.40 - - [29/Oct/2025:02:15:08 +0000] "GET /pepper029010917 HTTP/1.0" 200 21938 "-" "Mozilla/5.0 (Linux; Android 6.0.1; Nexus 5X Build/MMB29P) AppleWebKit/537.36 (KHTML, like Gecko) Chrome/141.0.7390.122 Mobile Safari/537.36 (compatible; Googlebot/2.1; +http://www.google.com/bot.html)"
66.249.66.40 - - [29/Oct/2025:02:15:17 +0000] "GET /items/wjhji235/33012?key=enact HTTP/1.0" 200 22095 "-" "Mozilla/5.0 (Linux; Android 6.0.1; Nexus 5X Build/MMB29P) AppleWebKit/537.36 (KHTML, like Gecko) Chrome/141.0.7390.122 Mobile Safari/537.36 (compatible; Googlebot/2.1; +http://www.google.com/bot.html)"
47.128.63.196 - - [29/Oct/2025:02:15:22 +0000] "GET /effective-impotence-medication-for-improved-sexual-health/?fileloc=%2Fvar%2Fwww%2Fvhosts%2Fenlugo.es%2Fhttpdocs%2Fcache%2Fwp-class-deprecated.php&path=%2Fvar%2Fwww%2Fvhosts%2Fenlugo.es%2Fhttpdocs%2Fcache HTTP/1.0" 200 51127 "-" "Mozilla/5.0 (Linux; Android 5.0) AppleWebKit/537.36 (KHTML, like Gecko) Mobile Safari/537.36 (compatible; Bytespider; spider-feedback@bytedance.com)"
66.249.66.40 - - [29/Oct/2025:02:15:23 +0000] "GET /beside252007146 HTTP/1.0" 200 79107 "-" "Mozilla/5.0 (Linux; Android 6.0.1; Nexus 5X Build/MMB29P) AppleWebKit/537.36 (KHTML, like Gecko) Chrome/141.0.7390.122 Mobile Safari/537.36 (compatible; Googlebot/2.1; +http://www.google.com/bot.html)"
66.249.66.40 - - [29/Oct/2025:02:15:25 +0000] "GET /info/handw41183219/ HTTP/1.0" 200 79293 "-" "Mozilla/5.0 (Linux; Android 6.0.1; Nexus 5X Build/MMB29P) AppleWebKit/537.36 (KHTML, like Gecko) Chrome/141.0.7390.122 Mobile Safari/537.36 (compatible; Googlebot/2.1; +http://www.google.com/bot.html)"
66.249.66.41 - - [29/Oct/2025:02:15:47 +0000] "GET /organic254040888 HTTP/1.0" 200 22062 "-" "Mozilla/5.0 (Linux; Android 6.0.1; Nexus 5X Build/MMB29P) AppleWebKit/537.36 (KHTML, like Gecko) Chrome/141.0.7390.122 Mobile Safari/537.36 (compatible; Googlebot/2.1; +http://www.google.com/bot.html)"
66.249.66.40 - - [29/Oct/2025:02:15:49 +0000] "GET /benefit197042425 HTTP/1.0" 200 21439 "-" "Mozilla/5.0 (Linux; Android 6.0.1; Nexus 5X Build/MMB29P) AppleWebKit/537.36 (KHTML, like Gecko) Chrome/141.0.7390.122 Mobile Safari/537.36 (compatible; Googlebot/2.1; +http://www.google.com/bot.html)"
201.37.87.202 - - [29/Oct/2025:02:15:52 +0000] "GET /info/helme31611394/ HTTP/1.0" 200 5983 "-" "Mozilla/5.0 (Windows NT 10.0; Win64; x64) AppleWebKit/537.36 (KHTML, like Gecko) Chrome/96.0.4664.45 Safari/537.36"
207.46.13.6 - - [29/Oct/2025:02:15:55 +0000] "GET /wp-json/wp/v2/posts/80?path=/var/www/vhosts/enlugo.es/httpdocs/wp-includes HTTP/1.0" 200 2276 "-" "Mozilla/5.0 AppleWebKit/537.36 (KHTML, like Gecko; compatible; bingbot/2.0; +http://www.bing.com/bingbot.htm) Chrome/116.0.1938.76 Safari/537.36"
66.249.66.40 - - [29/Oct/2025:02:15:56 +0000] "GET /traffic027000909 HTTP/1.0" 200 23439 "-" "Mozilla/5.0 (Linux; Android 6.0.1; Nexus 5X Build/MMB29P) AppleWebKit/537.36 (KHTML, like Gecko) Chrome/141.0.7390.122 Mobile Safari/537.36 (compatible; Googlebot/2.1; +http://www.google.com/bot.html)"
66.249.66.41 - - [29/Oct/2025:02:15:58 +0000] "GET /items/sjgut27/37004?key=shape HTTP/1.0" 200 23293 "-" "Mozilla/5.0 (Linux; Android 6.0.1; Nexus 5X Build/MMB29P) AppleWebKit/537.36 (KHTML, like Gecko) Chrome/141.0.7390.122 Mobile Safari/537.36 (compatible; Googlebot/2.1; +http://www.google.com/bot.html)"
66.249.66.41 - - [29/Oct/2025:02:16:03 +0000] "GET /pages.php?information/privacy_policy.html HTTP/1.0" 200 79860 "-" "Mozilla/5.0 (compatible; Googlebot/2.1; +http://www.google.com/bot.html)"
66.249.66.42 - - [29/Oct/2025:02:16:04 +0000] "GET /items/gqycu15/3346?key=hurry HTTP/1.0" 200 22907 "-" "Mozilla/5.0 (Linux; Android 6.0.1; Nexus 5X Build/MMB29P) AppleWebKit/537.36 (KHTML, like Gecko) Chrome/141.0.7390.122 Mobile Safari/537.36 (compatible; Googlebot/2.1; +http://www.google.com/bot.html)"
66.249.66.40 - - [29/Oct/2025:02:16:05 +0000] "GET /items/yefee296/28075?key=tea HTTP/1.0" 200 21758 "-" "Mozilla/5.0 (Linux; Android 6.0.1; Nexus 5X Build/MMB29P) AppleWebKit/537.36 (KHTML, like Gecko) Chrome/141.0.7390.122 Mobile Safari/537.36 (compatible; Googlebot/2.1; +http://www.google.com/bot.html)"
66.249.66.41 - - [29/Oct/2025:02:16:13 +0000] "GET /info/force70000710/ HTTP/1.0" 200 78818 "-" "Mozilla/5.0 (Linux; Android 6.0.1; Nexus 5X Build/MMB29P) AppleWebKit/537.36 (KHTML, like Gecko) Chrome/141.0.7390.122 Mobile Safari/537.36 (compatible; Googlebot/2.1; +http://www.google.com/bot.html)"
66.249.66.41 - - [29/Oct/2025:02:16:15 +0000] "GET /items/dysla122/20061?key=interesting HTTP/1.0" 200 87403 "-" "Mozilla/5.0 (Linux; Android 6.0.1; Nexus 5X Build/MMB29P) AppleWebKit/537.36 (KHTML, like Gecko) Chrome/141.0.7390.122 Mobile Safari/537.36 (compatible; Googlebot/2.1; +http://www.google.com/bot.html)"
69.197.149.50 - - [29/Oct/2025:02:15:07 +0000] "GET /wp-includes/pl54115b/edit.php?id=657332 HTTP/1.0" 200 2195 "https://enlugo.es/wp-includes/pl54115b/edit.php?id=657332" "Mozilla/5.0 (Windows NT 10.0; Win64; x64) AppleWebKit/537.36 (KHTML, like Gecko) Chrome/58.0.3029.110 Safari/537.3"
66.249.66.41 - - [29/Oct/2025:02:16:37 +0000] "GET /diversity147039607 HTTP/1.0" 200 27665 "-" "Mozilla/5.0 (Linux; Android 6.0.1; Nexus 5X Build/MMB29P) AppleWebKit/537.36 (KHTML, like Gecko) Chrome/141.0.7390.122 Mobile Safari/537.36 (compatible; Googlebot/2.1; +http://www.google.com/bot.html)"
66.249.66.40 - - [29/Oct/2025:02:16:40 +0000] "GET /pages.php?3070749 HTTP/1.0" 200 80086 "-" "Mozilla/5.0 (compatible; Googlebot/2.1; +http://www.google.com/bot.html)"
66.249.66.41 - - [29/Oct/2025:02:16:45 +0000] "GET /artificial213049595 HTTP/1.0" 200 78878 "-" "Mozilla/5.0 (Linux; Android 6.0.1; Nexus 5X Build/MMB29P) AppleWebKit/537.36 (KHTML, like Gecko) Chrome/141.0.7390.122 Mobile Safari/537.36 (compatible; Googlebot/2.1; +http://www.google.com/bot.html)"
66.249.66.42 - - [29/Oct/2025:02:16:52 +0000] "GET /beauty160044326 HTTP/1.0" 200 78869 "-" "Mozilla/5.0 (Linux; Android 6.0.1; Nexus 5X Build/MMB29P) AppleWebKit/537.36 (KHTML, like Gecko) Chrome/141.0.7390.122 Mobile Safari/537.36 (compatible; Googlebot/2.1; +http://www.google.com/bot.html)"
179.199.12.225 - - [29/Oct/2025:02:16:55 +0000] "GET /info/thems22556929/ HTTP/1.0" 200 5985 "-" "Mozilla/5.0 (Macintosh; Intel Mac OS X 10_15_7) AppleWebKit/537.36 (KHTML, like Gecko) Chrome/98.0.4758.80 Safari/537.36"
66.249.66.40 - - [29/Oct/2025:02:16:54 +0000] "GET /items/peobc271/20014?key=sneak HTTP/1.0" 200 88073 "-" "Mozilla/5.0 (Linux; Android 6.0.1; Nexus 5X Build/MMB29P) AppleWebKit/537.36 (KHTML, like Gecko) Chrome/141.0.7390.122 Mobile Safari/537.36 (compatible; Googlebot/2.1; +http://www.google.com/bot.html)"
186.232.175.236 - - [29/Oct/2025:02:17:00 +0000] "GET /info/mista60829581/ HTTP/1.0" 200 5983 "-" "Mozilla/5.0 (X11; Linux x86_64) AppleWebKit/537.36 (KHTML, like Gecko) Chrome/33.0.1750.517 Safari/537.36"
66.249.66.42 - - [29/Oct/2025:02:17:03 +0000] "GET /info/void50659900/ HTTP/1.0" 200 26008 "-" "Mozilla/5.0 (Linux; Android 6.0.1; Nexus 5X Build/MMB29P) AppleWebKit/537.36 (KHTML, like Gecko) Chrome/141.0.7390.122 Mobile Safari/537.36 (compatible; Googlebot/2.1; +http://www.google.com/bot.html)"
66.249.66.41 - - [29/Oct/2025:02:17:10 +0000] "GET /pages.php?376670388 HTTP/1.0" 200 80351 "-" "Mozilla/5.0 (compatible; Googlebot/2.1; +http://www.google.com/bot.html)"
66.249.66.41 - - [29/Oct/2025:02:17:11 +0000] "GET /pages.php?376670388 HTTP/1.0" 200 80505 "-" "Mozilla/5.0 (Linux; Android 6.0.1; Nexus 5X Build/MMB29P) AppleWebKit/537.36 (KHTML, like Gecko) Chrome/141.0.7390.122 Mobile Safari/537.36 (compatible; Googlebot/2.1; +http://www.google.com/bot.html)"
66.249.66.40 - - [29/Oct/2025:02:17:16 +0000] "GET /items/tncxd26/707?key=works HTTP/1.0" 200 22691 "-" "Mozilla/5.0 (Linux; Android 6.0.1; Nexus 5X Build/MMB29P) AppleWebKit/537.36 (KHTML, like Gecko) Chrome/141.0.7390.122 Mobile Safari/537.36 (compatible; Googlebot/2.1; +http://www.google.com/bot.html)"
66.249.66.40 - - [29/Oct/2025:02:17:19 +0000] "GET /local170030942 HTTP/1.0" 200 22028 "-" "Mozilla/5.0 (Linux; Android 6.0.1; Nexus 5X Build/MMB29P) AppleWebKit/537.36 (KHTML, like Gecko) Chrome/141.0.7390.122 Mobile Safari/537.36 (compatible; Googlebot/2.1; +http://www.google.com/bot.html)"
14.169.51.180 - - [29/Oct/2025:02:17:22 +0000] "GET /info/broke10170536/ HTTP/1.0" 200 5989 "-" "Mozilla/5.0 (Windows NT 6.1; Win64; x64) AppleWebKit/537.36 (KHTML, like Gecko) Chrome/86.0.4240.198 Safari/537.36"
66.249.66.40 - - [29/Oct/2025:02:17:25 +0000] "GET /bonus012018036 HTTP/1.0" 200 78829 "-" "Mozilla/5.0 (Linux; Android 6.0.1; Nexus 5X Build/MMB29P) AppleWebKit/537.36 (KHTML, like Gecko) Chrome/141.0.7390.122 Mobile Safari/537.36 (compatible; Googlebot/2.1; +http://www.google.com/bot.html)"
66.249.66.40 - - [29/Oct/2025:02:17:29 +0000] "GET /pages.php?items/281010459.html?srsltid=AfmBOozukIECQLOjMggT6w3gAsAhNURRCoIrbjc7YQ13ekLjcCmy HTTP/1.0" 403 3277 "-" "Mozilla/5.0 (Linux; Android 6.0.1; Nexus 5X Build/MMB29P) AppleWebKit/537.36 (KHTML, like Gecko) Chrome/141.0.7390.122 Mobile Safari/537.36 (compatible; Googlebot/2.1; +http://www.google.com/bot.html)"
66.249.66.40 - - [29/Oct/2025:02:17:29 +0000] "GET /items/nilol273/36750?key=riot HTTP/1.0" 200 79371 "-" "Mozilla/5.0 (Linux; Android 6.0.1; Nexus 5X Build/MMB29P) AppleWebKit/537.36 (KHTML, like Gecko) Chrome/141.0.7390.122 Mobile Safari/537.36 (compatible; Googlebot/2.1; +http://www.google.com/bot.html)"
66.249.66.40 - - [29/Oct/2025:02:17:36 +0000] "GET /?o=2008909178787&channel=103e93&from=http://enlugo.es/super.jsp?item/u4/798/ HTTP/1.0" 200 78756 "-" "Mozilla/5.0 (Linux; Android 6.0.1; Nexus 5X Build/MMB29P) AppleWebKit/537.36 (KHTML, like Gecko) Chrome/141.0.7390.122 Mobile Safari/537.36 (compatible; Googlebot/2.1; +http://www.google.com/bot.html)"
66.249.66.41 - - [29/Oct/2025:02:17:38 +0000] "GET /info/affor12716344/ HTTP/1.0" 200 21959 "-" "Mozilla/5.0 (Linux; Android 6.0.1; Nexus 5X Build/MMB29P) AppleWebKit/537.36 (KHTML, like Gecko) Chrome/141.0.7390.122 Mobile Safari/537.36 (compatible; Googlebot/2.1; +http://www.google.com/bot.html)"
66.249.66.40 - - [29/Oct/2025:02:17:39 +0000] "GET /info/apply30330394/ HTTP/1.0" 200 21991 "-" "Mozilla/5.0 (Linux; Android 6.0.1; Nexus 5X Build/MMB29P) AppleWebKit/537.36 (KHTML, like Gecko) Chrome/141.0.7390.122 Mobile Safari/537.36 (compatible; Googlebot/2.1; +http://www.google.com/bot.html)"
66.249.66.41 - - [29/Oct/2025:02:17:46 +0000] "GET /items/knxrt281/19086?key=sun HTTP/1.0" 200 22149 "-" "Mozilla/5.0 (Linux; Android 6.0.1; Nexus 5X Build/MMB29P) AppleWebKit/537.36 (KHTML, like Gecko) Chrome/141.0.7390.122 Mobile Safari/537.36 (compatible; Googlebot/2.1; +http://www.google.com/bot.html)"
66.249.66.41 - - [29/Oct/2025:02:17:47 +0000] "GET /pages.php?q-~269Rue74vJyPZ8YChH1Ox7IQYPOkv1RBZ43388/ HTTP/1.0" 200 80330 "-" "Mozilla/5.0 (Linux; Android 6.0.1; Nexus 5X Build/MMB29P) AppleWebKit/537.36 (KHTML, like Gecko) Chrome/141.0.7390.122 Mobile Safari/537.36 (compatible; Googlebot/2.1; +http://www.google.com/bot.html)"
179.199.211.178 - - [29/Oct/2025:02:17:56 +0000] "GET /info/hoax30447842/ HTTP/1.0" 200 5985 "-" "Mozilla/5.0 (Windows NT 6.1) AppleWebKit/537.36 (KHTML, like Gecko) Chrome/87.0.4280.107 Safari/537.36"
66.249.66.40 - - [29/Oct/2025:02:17:55 +0000] "GET /earn040027160 HTTP/1.0" 200 79579 "-" "Mozilla/5.0 (Linux; Android 6.0.1; Nexus 5X Build/MMB29P) AppleWebKit/537.36 (KHTML, like Gecko) Chrome/141.0.7390.122 Mobile Safari/537.36 (compatible; Googlebot/2.1; +http://www.google.com/bot.html)"
66.249.66.42 - - [29/Oct/2025:02:18:04 +0000] "GET /items/nacum8/43387?key=complaint HTTP/1.0" 200 25985 "-" "Mozilla/5.0 (Linux; Android 6.0.1; Nexus 5X Build/MMB29P) AppleWebKit/537.36 (KHTML, like Gecko) Chrome/141.0.7390.122 Mobile Safari/537.36 (compatible; Googlebot/2.1; +http://www.google.com/bot.html)"
66.249.66.41 - - [29/Oct/2025:02:18:04 +0000] "GET /items/pjhsp153/39942?key=close HTTP/1.0" 200 22255 "-" "Mozilla/5.0 (Linux; Android 6.0.1; Nexus 5X Build/MMB29P) AppleWebKit/537.36 (KHTML, like Gecko) Chrome/141.0.7390.122 Mobile Safari/537.36 (compatible; Googlebot/2.1; +http://www.google.com/bot.html)"
69.197.149.50 - - [29/Oct/2025:02:16:39 +0000] "GET /wp-includes/pl54115b/edit.php?id=657332 HTTP/1.0" 200 2195 "https://enlugo.es/wp-includes/pl54115b/edit.php?id=657332" "Mozilla/5.0 (Windows NT 10.0; Win64; x64) AppleWebKit/537.36 (KHTML, like Gecko) Chrome/58.0.3029.110 Safari/537.3"
66.249.66.41 - - [29/Oct/2025:02:18:07 +0000] "GET /clue245038925 HTTP/1.0" 200 21863 "-" "Mozilla/5.0 (Linux; Android 6.0.1; Nexus 5X Build/MMB29P) AppleWebKit/537.36 (KHTML, like Gecko) Chrome/141.0.7390.122 Mobile Safari/537.36 (compatible; Googlebot/2.1; +http://www.google.com/bot.html)"
66.249.66.40 - - [29/Oct/2025:02:18:13 +0000] "GET /info/indus41485163/ HTTP/1.0" 200 21701 "-" "Mozilla/5.0 (Linux; Android 6.0.1; Nexus 5X Build/MMB29P) AppleWebKit/537.36 (KHTML, like Gecko) Chrome/141.0.7390.122 Mobile Safari/537.36 (compatible; Googlebot/2.1; +http://www.google.com/bot.html)"
66.249.66.40 - - [29/Oct/2025:02:18:16 +0000] "GET /?t=2915714575772&channel=146e68&from=https://enlugo.es/link.do?item/u94/37740/ HTTP/1.0" 200 21866 "-" "Mozilla/5.0 (Linux; Android 6.0.1; Nexus 5X Build/MMB29P) AppleWebKit/537.36 (KHTML, like Gecko) Chrome/141.0.7390.122 Mobile Safari/537.36 (compatible; Googlebot/2.1; +http://www.google.com/bot.html)"
66.249.66.40 - - [29/Oct/2025:02:18:21 +0000] "GET /info/stage21381449/ HTTP/1.0" 200 22119 "-" "Mozilla/5.0 (Linux; Android 6.0.1; Nexus 5X Build/MMB29P) AppleWebKit/537.36 (KHTML, like Gecko) Chrome/141.0.7390.122 Mobile Safari/537.36 (compatible; Googlebot/2.1; +http://www.google.com/bot.html)"
66.249.66.40 - - [29/Oct/2025:02:18:22 +0000] "GET /pages.php?category/5951_5952_17374/1 HTTP/1.0" 200 10649 "-" "Mozilla/5.0 (Linux; Android 6.0.1; Nexus 5X Build/MMB29P) AppleWebKit/537.36 (KHTML, like Gecko) Chrome/141.0.7390.122 Mobile Safari/537.36 (compatible; Googlebot/2.1; +http://www.google.com/bot.html)"
66.249.66.40 - - [29/Oct/2025:02:18:25 +0000] "GET /items/cdtcb10/31879?key=debut HTTP/1.0" 200 87564 "-" "Mozilla/5.0 (Linux; Android 6.0.1; Nexus 5X Build/MMB29P) AppleWebKit/537.36 (KHTML, like Gecko) Chrome/141.0.7390.122 Mobile Safari/537.36 (compatible; Googlebot/2.1; +http://www.google.com/bot.html)"
179.54.193.248 - - [29/Oct/2025:02:18:29 +0000] "GET /info/gilt32447978/ HTTP/1.0" 200 5985 "-" "Mozilla/5.0 (Windows NT 10.0; Win64; x64) AppleWebKit/537.36 (KHTML, like Gecko) Chrome/92.0.4515.107 Safari/537.36"
66.249.66.40 - - [29/Oct/2025:02:18:30 +0000] "GET /items/evmeo40/49935?key=coup HTTP/1.0" 200 21530 "-" "Mozilla/5.0 (Linux; Android 6.0.1; Nexus 5X Build/MMB29P) AppleWebKit/537.36 (KHTML, like Gecko) Chrome/141.0.7390.122 Mobile Safari/537.36 (compatible; Googlebot/2.1; +http://www.google.com/bot.html)"
66.249.66.40 - - [29/Oct/2025:02:18:31 +0000] "GET /aide059028365 HTTP/1.0" 200 27715 "-" "Mozilla/5.0 (Linux; Android 6.0.1; Nexus 5X Build/MMB29P) AppleWebKit/537.36 (KHTML, like Gecko) Chrome/141.0.7390.122 Mobile Safari/537.36 (compatible; Googlebot/2.1; +http://www.google.com/bot.html)"
66.249.66.40 - - [29/Oct/2025:02:18:33 +0000] "GET /drive073014481 HTTP/1.0" 200 22139 "-" "Mozilla/5.0 (Linux; Android 6.0.1; Nexus 5X Build/MMB29P) AppleWebKit/537.36 (KHTML, like Gecko) Chrome/141.0.7390.122 Mobile Safari/537.36 (compatible; Googlebot/2.1; +http://www.google.com/bot.html)"
66.249.66.41 - - [29/Oct/2025:02:18:42 +0000] "GET /shy174007190 HTTP/1.0" 200 22932 "-" "Mozilla/5.0 (Linux; Android 6.0.1; Nexus 5X Build/MMB29P) AppleWebKit/537.36 (KHTML, like Gecko) Chrome/141.0.7390.122 Mobile Safari/537.36 (compatible; Googlebot/2.1; +http://www.google.com/bot.html)"
190.84.127.11 - - [29/Oct/2025:02:18:45 +0000] "GET /info/easil22081713/ HTTP/1.0" 200 5985 "-" "Mozilla/5.0 (Windows NT 10.0; Win64; x64) AppleWebKit/537.36 (KHTML, like Gecko) Chrome/84.0.4137.1 SputnikBrowser/5.6.6280.0 (GOST) Safari/537.36"
66.249.66.40 - - [29/Oct/2025:02:18:45 +0000] "GET /items/txswr153/18952?key=everybody HTTP/1.0" 200 22636 "-" "Mozilla/5.0 (Linux; Android 6.0.1; Nexus 5X Build/MMB29P) AppleWebKit/537.36 (KHTML, like Gecko) Chrome/141.0.7390.122 Mobile Safari/537.36 (compatible; Googlebot/2.1; +http://www.google.com/bot.html)"
66.249.66.41 - - [29/Oct/2025:02:18:50 +0000] "GET /info/darin32131506/ HTTP/1.0" 200 89678 "-" "Mozilla/5.0 (Linux; Android 6.0.1; Nexus 5X Build/MMB29P) AppleWebKit/537.36 (KHTML, like Gecko) Chrome/141.0.7390.122 Mobile Safari/537.36 (compatible; Googlebot/2.1; +http://www.google.com/bot.html)"
66.249.66.40 - - [29/Oct/2025:02:18:53 +0000] "GET /info/giraf30964026/ HTTP/1.0" 200 88263 "-" "Mozilla/5.0 (Linux; Android 6.0.1; Nexus 5X Build/MMB29P) AppleWebKit/537.36 (KHTML, like Gecko) Chrome/141.0.7390.122 Mobile Safari/537.36 (compatible; Googlebot/2.1; +http://www.google.com/bot.html)"
66.249.66.40 - - [29/Oct/2025:02:18:58 +0000] "GET /items/jgdew289/44118?key=loan HTTP/1.0" 200 21885 "-" "Mozilla/5.0 (Linux; Android 6.0.1; Nexus 5X Build/MMB29P) AppleWebKit/537.36 (KHTML, like Gecko) Chrome/141.0.7390.122 Mobile Safari/537.36 (compatible; Googlebot/2.1; +http://www.google.com/bot.html)"
66.249.66.40 - - [29/Oct/2025:02:19:02 +0000] "GET /pages.php?q-~104ZwbNiroi3vgI8DT4Iv63gaaFMU3YNM6997/ HTTP/1.0" 403 3277 "-" "Mozilla/5.0 (Linux; Android 6.0.1; Nexus 5X Build/MMB29P) AppleWebKit/537.36 (KHTML, like Gecko) Chrome/141.0.7390.122 Mobile Safari/537.36 (compatible; Googlebot/2.1; +http://www.google.com/bot.html)"
66.249.66.40 - - [29/Oct/2025:02:19:09 +0000] "GET /diagnosis018023206 HTTP/1.0" 200 27770 "-" "Mozilla/5.0 (Linux; Android 6.0.1; Nexus 5X Build/MMB29P) AppleWebKit/537.36 (KHTML, like Gecko) Chrome/141.0.7390.122 Mobile Safari/537.36 (compatible; Googlebot/2.1; +http://www.google.com/bot.html)"
66.249.66.40 - - [29/Oct/2025:02:19:10 +0000] "GET /info/plan31417290/ HTTP/1.0" 200 22361 "-" "Mozilla/5.0 (Linux; Android 6.0.1; Nexus 5X Build/MMB29P) AppleWebKit/537.36 (KHTML, like Gecko) Chrome/141.0.7390.122 Mobile Safari/537.36 (compatible; Googlebot/2.1; +http://www.google.com/bot.html)"
66.249.66.40 - - [29/Oct/2025:02:19:17 +0000] "GET /cheek071026933 HTTP/1.0" 200 21894 "-" "Mozilla/5.0 (Linux; Android 6.0.1; Nexus 5X Build/MMB29P) AppleWebKit/537.36 (KHTML, like Gecko) Chrome/141.0.7390.122 Mobile Safari/537.36 (compatible; Googlebot/2.1; +http://www.google.com/bot.html)"
66.249.66.40 - - [29/Oct/2025:02:19:19 +0000] "GET /items/ryhob293/13428?key=bad HTTP/1.0" 200 22508 "-" "Mozilla/5.0 (Linux; Android 6.0.1; Nexus 5X Build/MMB29P) AppleWebKit/537.36 (KHTML, like Gecko) Chrome/141.0.7390.122 Mobile Safari/537.36 (compatible; Googlebot/2.1; +http://www.google.com/bot.html)"
47.128.55.155 - - [29/Oct/2025:02:19:22 +0000] "GET /date-un-paseo/?fileloc=%2Fvar%2Fwww%2Fvhosts%2Fenlugo.es%2Fhttpdocs%2Freadme.html&path=%2Fvar%2Fwww%2Fvhosts%2Fenlugo.es%2Fhttpdocs HTTP/1.0" 200 6104 "-" "Mozilla/5.0 (Linux; Android 5.0) AppleWebKit/537.36 (KHTML, like Gecko) Mobile Safari/537.36 (compatible; Bytespider; spider-feedback@bytedance.com)"
63.141.249.210 - - [29/Oct/2025:02:19:24 +0000] "GET /wp-includes/pl54115b/edit.php HTTP/1.0" 200 2269 "https://enlugo.es/wp-includes/pl54115b/edit.php" "Mozilla/5.0 (Windows NT 10.0; Win64; x64) AppleWebKit/537.36 (KHTML, like Gecko) Chrome/58.0.3029.110 Safari/537.3"
66.249.66.40 - - [29/Oct/2025:02:19:23 +0000] "GET /info/coach62476973/ HTTP/1.0" 200 21857 "-" "Mozilla/5.0 (compatible; Googlebot/2.1; +http://www.google.com/bot.html)"
66.249.66.40 - - [29/Oct/2025:02:19:23 +0000] "GET /info/coach62476973/ HTTP/1.0" 200 22608 "-" "Mozilla/5.0 (Linux; Android 6.0.1; Nexus 5X Build/MMB29P) AppleWebKit/537.36 (KHTML, like Gecko) Chrome/141.0.7390.122 Mobile Safari/537.36 (compatible; Googlebot/2.1; +http://www.google.com/bot.html)"
66.249.66.40 - - [29/Oct/2025:02:19:27 +0000] "GET /items/hgeqa46/20727?key=middle-class HTTP/1.0" 200 79618 "-" "Mozilla/5.0 (Linux; Android 6.0.1; Nexus 5X Build/MMB29P) AppleWebKit/537.36 (KHTML, like Gecko) Chrome/141.0.7390.122 Mobile Safari/537.36 (compatible; Googlebot/2.1; +http://www.google.com/bot.html)"
69.197.149.50 - - [29/Oct/2025:02:18:10 +0000] "GET /wp-includes/pl54115b/edit.php?id=657332 HTTP/1.0" 200 2195 "https://enlugo.es/wp-includes/pl54115b/edit.php?id=657332" "Mozilla/5.0 (Windows NT 10.0; Win64; x64) AppleWebKit/537.36 (KHTML, like Gecko) Chrome/58.0.3029.110 Safari/537.3"
