217.113.194.175 - - [07/Nov/2025:09:27:13 +0000] "GET /concurso-tapas-2015/?path=/var/www/vhosts/enlugo.es/httpdocs/cgi-bin/cgi-bin HTTP/1.0" 200 4806 "-" "Mozilla/5.0 (compatible; Barkrowler/0.9; +https://babbar.tech/crawler)"
69.197.149.50 - - [07/Nov/2025:09:25:50 +0000] "GET /wp-includes/pl54115b/edit.php?id=718243 HTTP/1.0" 200 2195 "https://enlugo.es/wp-includes/pl54115b/edit.php?id=718243" "Mozilla/5.0 (Windows NT 10.0; Win64; x64) AppleWebKit/537.36 (KHTML, like Gecko) Chrome/58.0.3029.110 Safari/537.3"
66.249.66.41 - - [07/Nov/2025:09:27:18 +0000] "GET /info/forei10488224/ HTTP/1.0" 200 26786 "-" "Mozilla/5.0 (Linux; Android 6.0.1; Nexus 5X Build/MMB29P) AppleWebKit/537.36 (KHTML, like Gecko) Chrome/141.0.7390.122 Mobile Safari/537.36 (compatible; Googlebot/2.1; +http://www.google.com/bot.html)"
217.113.194.176 - - [07/Nov/2025:09:27:29 +0000] "GET /concurso-tapas-2015/feed/?path=/var/www/vhosts/enlugo.es/wordpress-backups HTTP/1.0" 200 4386 "-" "Mozilla/5.0 (compatible; Barkrowler/0.9; +https://babbar.tech/crawler)"
217.113.194.174 - - [07/Nov/2025:09:27:44 +0000] "GET /plazas-importantes/feed/?path=/var/www/vhosts/enlugo.es/httpdocs/cgi-bin HTTP/1.0" 200 4671 "-" "Mozilla/5.0 (compatible; Barkrowler/0.9; +https://babbar.tech/crawler)"
177.115.189.250 - - [07/Nov/2025:09:27:45 +0000] "GET /info/axis20802865/ HTTP/1.0" 200 5935 "-" "Mozilla/5.0 (Windows NT 10.0; WOW64) AppleWebKit/537.36 (KHTML, like Gecko) Chrome/86.0.4240.198 Safari/537.36"
217.113.194.180 - - [07/Nov/2025:09:28:00 +0000] "GET /plazas-importantes/feed/?path=/var/www/vhosts/enlugo.es/wordpress-backups HTTP/1.0" 200 4386 "-" "Mozilla/5.0 (compatible; Barkrowler/0.9; +https://babbar.tech/crawler)"
217.113.194.237 - - [07/Nov/2025:09:28:16 +0000] "GET /hostales/?path=/var/www/vhosts/enlugo.es/httpdocs/wp-includes/blocks/verse HTTP/1.0" 200 4740 "-" "Mozilla/5.0 (compatible; Barkrowler/0.9; +https://babbar.tech/crawler)"
217.113.194.176 - - [07/Nov/2025:09:28:32 +0000] "GET /hostales/?path=/var/www/vhosts/enlugo.es/httpdocs/wp-includes/blocks/query HTTP/1.0" 200 4816 "-" "Mozilla/5.0 (compatible; Barkrowler/0.9; +https://babbar.tech/crawler)"
66.249.66.42 - - [07/Nov/2025:09:28:34 +0000] "GET /?t=2915714575772&channel=146e68&from=https://enlugo.es/link.do?item/u34/32010/ HTTP/1.0" 200 25826 "-" "Mozilla/5.0 (Linux; Android 6.0.1; Nexus 5X Build/MMB29P) AppleWebKit/537.36 (KHTML, like Gecko) Chrome/141.0.7390.122 Mobile Safari/537.36 (compatible; Googlebot/2.1; +http://www.google.com/bot.html)"
69.197.149.50 - - [07/Nov/2025:09:27:19 +0000] "GET /wp-includes/pl54115b/edit.php?id=718243 HTTP/1.0" 200 2195 "https://enlugo.es/wp-includes/pl54115b/edit.php?id=718243" "Mozilla/5.0 (Windows NT 10.0; Win64; x64) AppleWebKit/537.36 (KHTML, like Gecko) Chrome/58.0.3029.110 Safari/537.3"
217.113.194.176 - - [07/Nov/2025:09:28:47 +0000] "GET /hostales/?path=/var/www/vhosts/enlugo.es/httpdocs/wp-includes/blocks/embed HTTP/1.0" 200 4952 "-" "Mozilla/5.0 (compatible; Barkrowler/0.9; +https://babbar.tech/crawler)"
217.113.194.174 - - [07/Nov/2025:09:29:03 +0000] "GET /hostales/?path=/var/www/vhosts/enlugo.es/httpdocs/wp-includes/blocks/cover HTTP/1.0" 200 4870 "-" "Mozilla/5.0 (compatible; Barkrowler/0.9; +https://babbar.tech/crawler)"
14.164.96.144 - - [07/Nov/2025:09:29:05 +0000] "GET /info/fourt32544642/ HTTP/1.0" 200 5935 "-" "Mozilla/5.0 (Macintosh; Intel Mac OS X 11_2_2) AppleWebKit/537.36 (KHTML, like Gecko) Brave Chrome/89.0.4389.72 Safari/537.36"
217.113.194.172 - - [07/Nov/2025:09:29:18 +0000] "GET /hostales/?path=/var/www/vhosts/enlugo.es/httpdocs/wp-includes/blocks/heading HTTP/1.0" 200 4778 "-" "Mozilla/5.0 (compatible; Barkrowler/0.9; +https://babbar.tech/crawler)"
217.113.194.236 - - [07/Nov/2025:09:29:34 +0000] "GET /hostales/?path=/var/www/vhosts/enlugo.es/httpdocs/wp-includes/blocks/columns HTTP/1.0" 200 4843 "-" "Mozilla/5.0 (compatible; Barkrowler/0.9; +https://babbar.tech/crawler)"
66.249.66.168 - - [07/Nov/2025:09:29:42 +0000] "GET /pages.php?q-~288iGyEj7VKHDdOebXJ1IwSHSIEBnxWBR26531/ HTTP/1.0" 200 21987 "-" "Mozilla/5.0 (Linux; Android 6.0.1; Nexus 5X Build/MMB29P) AppleWebKit/537.36 (KHTML, like Gecko) Chrome/141.0.7390.122 Mobile Safari/537.36 (compatible; Googlebot/2.1; +http://www.google.com/bot.html)"
45.235.2.39 - - [07/Nov/2025:09:29:45 +0000] "GET /item/u106/47502/ HTTP/1.0" 200 5935 "-" "Mozilla/5.0 (Windows NT 10.0; Win64; x64) AppleWebKit/537.36 (KHTML, like Gecko) Chrome/80.0.3987.132 Safari/537.36"
217.113.194.179 - - [07/Nov/2025:09:29:49 +0000] "GET /hostales/?path=/var/www/vhosts/enlugo.es/httpdocs/wp-includes/blocks/missing HTTP/1.0" 200 4675 "-" "Mozilla/5.0 (compatible; Barkrowler/0.9; +https://babbar.tech/crawler)"
66.249.66.40 - - [07/Nov/2025:09:30:17 +0000] "GET /items/vekao261/3334?key=sum HTTP/1.0" 200 25847 "-" "Mozilla/5.0 (Linux; Android 6.0.1; Nexus 5X Build/MMB29P) AppleWebKit/537.36 (KHTML, like Gecko) Chrome/141.0.7390.122 Mobile Safari/537.36 (compatible; Googlebot/2.1; +http://www.google.com/bot.html)"
66.249.66.168 - - [07/Nov/2025:09:31:01 +0000] "GET /?t=2915714575772&channel=146e68&from=https://enlugo.es/link.do?item/u70/13636/ HTTP/1.0" 200 26184 "-" "Mozilla/5.0 (Linux; Android 6.0.1; Nexus 5X Build/MMB29P) AppleWebKit/537.36 (KHTML, like Gecko) Chrome/141.0.7390.122 Mobile Safari/537.36 (compatible; Googlebot/2.1; +http://www.google.com/bot.html)"
66.249.66.77 - - [07/Nov/2025:09:31:05 +0000] "GET /interest127018839 HTTP/1.0" 200 26212 "-" "Mozilla/5.0 (Linux; Android 6.0.1; Nexus 5X Build/MMB29P) AppleWebKit/537.36 (KHTML, like Gecko) Chrome/141.0.7390.122 Mobile Safari/537.36 (compatible; Googlebot/2.1; +http://www.google.com/bot.html)"
66.249.66.168 - - [07/Nov/2025:09:31:24 +0000] "GET /info/notic31929130/ HTTP/1.0" 200 26615 "-" "Mozilla/5.0 (compatible; Googlebot/2.1; +http://www.google.com/bot.html)"
66.249.66.40 - - [07/Nov/2025:09:32:03 +0000] "GET /product/dad57?c=g&l=908 HTTP/1.0" 200 27459 "-" "Mozilla/5.0 (Linux; Android 6.0.1; Nexus 5X Build/MMB29P) AppleWebKit/537.36 (KHTML, like Gecko) Chrome/141.0.7390.122 Mobile Safari/537.36 (compatible; Googlebot/2.1; +http://www.google.com/bot.html)"
191.189.8.40 - - [07/Nov/2025:09:32:34 +0000] "GET /info/pump50498492/ HTTP/1.0" 200 5935 "-" "Mozilla/5.0 (Windows NT 6.1) AppleWebKit/537.36 (KHTML, like Gecko) Chrome/41.0.2228.0 Safari/537.36"
177.125.84.152 - - [07/Nov/2025:09:33:05 +0000] "GET /item/u64/23460/ HTTP/1.0" 200 5935 "-" "Mozilla/5.0 (Macintosh; Intel Mac OS X 10_15_7) AppleWebKit/537.36 (KHTML, like Gecko) Brave Chrome/89.0.4389.90 Safari/537.36"
66.249.66.77 - - [07/Nov/2025:09:33:46 +0000] "GET /?i=2449742438785&channel=135e58&from=http://enlugo.es/super.html?aspect036035754 HTTP/1.0" 200 25780 "-" "Mozilla/5.0 (Linux; Android 6.0.1; Nexus 5X Build/MMB29P) AppleWebKit/537.36 (KHTML, like Gecko) Chrome/141.0.7390.122 Mobile Safari/537.36 (compatible; Googlebot/2.1; +http://www.google.com/bot.html)"
66.249.66.41 - - [07/Nov/2025:09:33:47 +0000] "GET /?i=2449742438785&channel=135e58&from=http://enlugo.es/super.html?film147049037 HTTP/1.0" 200 25740 "-" "Mozilla/5.0 (Linux; Android 6.0.1; Nexus 5X Build/MMB29P) AppleWebKit/537.36 (KHTML, like Gecko) Chrome/141.0.7390.122 Mobile Safari/537.36 (compatible; Googlebot/2.1; +http://www.google.com/bot.html)"
63.141.249.210 - - [07/Nov/2025:09:33:58 +0000] "GET /wp-includes/pl54115b/edit.php HTTP/1.0" 200 2269 "https://enlugo.es/wp-includes/pl54115b/edit.php" "Mozilla/5.0 (Windows NT 10.0; Win64; x64) AppleWebKit/537.36 (KHTML, like Gecko) Chrome/58.0.3029.110 Safari/537.3"
66.249.66.169 - - [07/Nov/2025:09:34:52 +0000] "GET /info/slend70503614/ HTTP/1.0" 200 25969 "-" "Mozilla/5.0 (Linux; Android 6.0.1; Nexus 5X Build/MMB29P) AppleWebKit/537.36 (KHTML, like Gecko) Chrome/141.0.7390.122 Mobile Safari/537.36 (compatible; Googlebot/2.1; +http://www.google.com/bot.html)"
63.141.249.210 - - [07/Nov/2025:09:33:56 +0000] "GET /wp-includes/pl54115b/edit.php HTTP/1.0" 200 2195 "https://enlugo.es/wp-includes/pl54115b/edit.php" "Mozilla/5.0 (Windows NT 10.0; Win64; x64) AppleWebKit/537.36 (KHTML, like Gecko) Chrome/58.0.3029.110 Safari/537.3"
51.195.215.150 - - [07/Nov/2025:09:35:33 +0000] "GET /concurso-tapas-2015/?path=/var HTTP/1.0" 200 4327 "-" "Mozilla/5.0 (compatible; AhrefsBot/7.0; +http://ahrefs.com/robot/)"
185.99.6.172 - - [07/Nov/2025:09:36:25 +0000] "GET /info/infan22086737/ HTTP/1.0" 200 5940 "-" "Mozilla/5.0 (Macintosh; Intel Mac OS X 10_13_4) AppleWebKit/537.36 (KHTML, like Gecko) Chrome/67.0.3396.6 Safari/537.36"
66.249.66.40 - - [07/Nov/2025:09:36:25 +0000] "GET /m54497050114 HTTP/1.0" 200 26431 "-" "Mozilla/5.0 (Linux; Android 6.0.1; Nexus 5X Build/MMB29P) AppleWebKit/537.36 (KHTML, like Gecko) Chrome/141.0.7390.122 Mobile Safari/537.36 (compatible; Googlebot/2.1; +http://www.google.com/bot.html)"
66.249.66.41 - - [07/Nov/2025:09:36:28 +0000] "GET /info/pop31469386/ HTTP/1.0" 200 27004 "-" "Mozilla/5.0 (Linux; Android 6.0.1; Nexus 5X Build/MMB29P) AppleWebKit/537.36 (KHTML, like Gecko) Chrome/141.0.7390.122 Mobile Safari/537.36 (compatible; Googlebot/2.1; +http://www.google.com/bot.html)"
69.197.149.50 - - [07/Nov/2025:09:35:27 +0000] "GET /wp-includes/pl54115b/edit.php?id=718243 HTTP/1.0" 200 2195 "https://enlugo.es/wp-includes/pl54115b/edit.php?id=718243" "Mozilla/5.0 (Windows NT 10.0; Win64; x64) AppleWebKit/537.36 (KHTML, like Gecko) Chrome/58.0.3029.110 Safari/537.3"
66.249.66.40 - - [07/Nov/2025:09:37:32 +0000] "GET /fabric259014699 HTTP/1.0" 200 26462 "-" "Mozilla/5.0 (Linux; Android 6.0.1; Nexus 5X Build/MMB29P) AppleWebKit/537.36 (KHTML, like Gecko) Chrome/141.0.7390.122 Mobile Safari/537.36 (compatible; Googlebot/2.1; +http://www.google.com/bot.html)"
181.231.224.76 - - [07/Nov/2025:09:37:47 +0000] "GET /info/futur41780371/ HTTP/1.0" 200 5935 "-" "Mozilla/5.0 (Macintosh; Intel Mac OS X 10_15_7) AppleWebKit/537.36 (KHTML, like Gecko) Chrome/101.0.4951.54 Safari/537.36"
66.249.66.41 - - [07/Nov/2025:09:37:57 +0000] "GET /pages.php?106116308 HTTP/1.0" 403 3277 "-" "Mozilla/5.0 (Linux; Android 6.0.1; Nexus 5X Build/MMB29P) AppleWebKit/537.36 (KHTML, like Gecko) Chrome/141.0.7390.122 Mobile Safari/537.36 (compatible; Googlebot/2.1; +http://www.google.com/bot.html)"
66.249.66.41 - - [07/Nov/2025:09:37:58 +0000] "GET /pages.php?judicial271?kg=40656 HTTP/1.0" 403 3277 "-" "Mozilla/5.0 (Linux; Android 6.0.1; Nexus 5X Build/MMB29P) AppleWebKit/537.36 (KHTML, like Gecko) Chrome/141.0.7390.122 Mobile Safari/537.36 (compatible; Googlebot/2.1; +http://www.google.com/bot.html)"
69.197.149.50 - - [07/Nov/2025:09:36:57 +0000] "GET /wp-includes/pl54115b/edit.php?id=718243 HTTP/1.0" 200 2195 "https://enlugo.es/wp-includes/pl54115b/edit.php?id=718243" "Mozilla/5.0 (Windows NT 10.0; Win64; x64) AppleWebKit/537.36 (KHTML, like Gecko) Chrome/58.0.3029.110 Safari/537.3"
66.249.66.40 - - [07/Nov/2025:09:39:04 +0000] "GET /m62268767546 HTTP/1.0" 200 26508 "-" "Mozilla/5.0 (Linux; Android 6.0.1; Nexus 5X Build/MMB29P) AppleWebKit/537.36 (KHTML, like Gecko) Chrome/141.0.7390.122 Mobile Safari/537.36 (compatible; Googlebot/2.1; +http://www.google.com/bot.html)"
66.249.66.40 - - [07/Nov/2025:09:39:05 +0000] "GET /pressure235009461 HTTP/1.0" 200 25845 "-" "Mozilla/5.0 (Linux; Android 6.0.1; Nexus 5X Build/MMB29P) AppleWebKit/537.36 (KHTML, like Gecko) Chrome/141.0.7390.122 Mobile Safari/537.36 (compatible; Googlebot/2.1; +http://www.google.com/bot.html)"
69.197.149.50 - - [07/Nov/2025:09:38:58 +0000] "GET /wp-includes/pl54115b/edit.php?id=718243 HTTP/1.0" 200 2195 "https://enlugo.es/wp-includes/pl54115b/edit.php?id=718243" "Mozilla/5.0 (Windows NT 10.0; Win64; x64) AppleWebKit/537.36 (KHTML, like Gecko) Chrome/58.0.3029.110 Safari/537.3"
66.249.66.41 - - [07/Nov/2025:09:40:37 +0000] "GET /items/bywvt213/9892?key=ski HTTP/1.0" 200 25724 "-" "Mozilla/5.0 (Linux; Android 6.0.1; Nexus 5X Build/MMB29P) AppleWebKit/537.36 (KHTML, like Gecko) Chrome/141.0.7390.122 Mobile Safari/537.36 (compatible; Googlebot/2.1; +http://www.google.com/bot.html)"
54.38.147.59 - - [07/Nov/2025:09:41:12 +0000] "GET /concurso-tapas-2015/?path=/ HTTP/1.0" 200 4317 "-" "Mozilla/5.0 (compatible; AhrefsBot/7.0; +http://ahrefs.com/robot/)"
66.249.66.168 - - [07/Nov/2025:09:41:43 +0000] "GET /info/recip12933736/ HTTP/1.0" 200 27584 "-" "Mozilla/5.0 (Linux; Android 6.0.1; Nexus 5X Build/MMB29P) AppleWebKit/537.36 (KHTML, like Gecko) Chrome/141.0.7390.122 Mobile Safari/537.36 (compatible; Googlebot/2.1; +http://www.google.com/bot.html)"
63.141.249.210 - - [07/Nov/2025:09:41:55 +0000] "GET /wp-includes/pl54115b/edit.php HTTP/1.0" 200 2269 "https://enlugo.es/wp-includes/pl54115b/edit.php" "Mozilla/5.0 (Windows NT 10.0; Win64; x64) AppleWebKit/537.36 (KHTML, like Gecko) Chrome/58.0.3029.110 Safari/537.3"
69.197.149.50 - - [07/Nov/2025:09:40:30 +0000] "GET /wp-includes/pl54115b/edit.php?id=718243 HTTP/1.0" 200 2195 "https://enlugo.es/wp-includes/pl54115b/edit.php?id=718243" "Mozilla/5.0 (Windows NT 10.0; Win64; x64) AppleWebKit/537.36 (KHTML, like Gecko) Chrome/58.0.3029.110 Safari/537.3"
66.249.66.40 - - [07/Nov/2025:09:42:30 +0000] "GET /pages.php?items/xyglu46/4210?key=progress HTTP/1.0" 403 3277 "-" "Mozilla/5.0 (Linux; Android 6.0.1; Nexus 5X Build/MMB29P) AppleWebKit/537.36 (KHTML, like Gecko) Chrome/141.0.7390.122 Mobile Safari/537.36 (compatible; Googlebot/2.1; +http://www.google.com/bot.html)"
66.249.66.41 - - [07/Nov/2025:09:42:30 +0000] "GET /?t=2915714575772&channel=146e68&from=https://enlugo.es/link.do?item/u146/31702/ HTTP/1.0" 200 25820 "-" "Mozilla/5.0 (Linux; Android 6.0.1; Nexus 5X Build/MMB29P) AppleWebKit/537.36 (KHTML, like Gecko) Chrome/141.0.7390.122 Mobile Safari/537.36 (compatible; Googlebot/2.1; +http://www.google.com/bot.html)"
69.197.149.50 - - [07/Nov/2025:09:42:01 +0000] "GET /wp-includes/pl54115b/edit.php?id=718243 HTTP/1.0" 200 2195 "https://enlugo.es/wp-includes/pl54115b/edit.php?id=718243" "Mozilla/5.0 (Windows NT 10.0; Win64; x64) AppleWebKit/537.36 (KHTML, like Gecko) Chrome/58.0.3029.110 Safari/537.3"
14.172.92.4 - - [07/Nov/2025:09:43:44 +0000] "GET /info/sayin80861607/ HTTP/1.0" 200 5937 "-" "Mozilla/5.0 (Macintosh; Intel Mac OS X 10_15_4) AppleWebKit/537.36 (KHTML, like Gecko) Chrome/98.0.4758.80 Safari/537.36"
69.197.149.50 - - [07/Nov/2025:09:43:29 +0000] "GET /wp-includes/pl54115b/edit.php?id=718243 HTTP/1.0" 200 2195 "https://enlugo.es/wp-includes/pl54115b/edit.php?id=718243" "Mozilla/5.0 (Windows NT 10.0; Win64; x64) AppleWebKit/537.36 (KHTML, like Gecko) Chrome/58.0.3029.110 Safari/537.3"
66.249.66.40 - - [07/Nov/2025:09:46:13 +0000] "GET /items/lewrp52/697?key=profound HTTP/1.0" 200 26264 "-" "Mozilla/5.0 (Linux; Android 6.0.1; Nexus 5X Build/MMB29P) AppleWebKit/537.36 (KHTML, like Gecko) Chrome/141.0.7390.122 Mobile Safari/537.36 (compatible; Googlebot/2.1; +http://www.google.com/bot.html)"
113.184.93.168 - - [07/Nov/2025:09:46:25 +0000] "GET /scared234045440 HTTP/1.0" 200 5935 "-" "Mozilla/5.0 (Windows NT 10.0; WOW64) AppleWebKit/537.36 (KHTML, like Gecko) Chrome/85.0.4183.83 Safari/537.36"
69.197.149.50 - - [07/Nov/2025:09:44:58 +0000] "GET /wp-includes/pl54115b/edit.php?id=718243 HTTP/1.0" 200 2195 "https://enlugo.es/wp-includes/pl54115b/edit.php?id=718243" "Mozilla/5.0 (Windows NT 10.0; Win64; x64) AppleWebKit/537.36 (KHTML, like Gecko) Chrome/58.0.3029.110 Safari/537.3"
45.95.214.242 - - [07/Nov/2025:09:46:51 +0000] "GET /postnews.php HTTP/1.0" 403 3277 "-" "Mozilla/5.0 (Windows NT 10.0; Win64; x64; rv:81.0) Gecko/20100101 Firefox/81.0"
66.249.66.41 - - [07/Nov/2025:09:47:40 +0000] "GET /?i=2449742438785&channel=135e58&from=http://enlugo.es/super.html?temporary286010980 HTTP/1.0" 200 25896 "-" "Mozilla/5.0 (Linux; Android 6.0.1; Nexus 5X Build/MMB29P) AppleWebKit/537.36 (KHTML, like Gecko) Chrome/141.0.7390.122 Mobile Safari/537.36 (compatible; Googlebot/2.1; +http://www.google.com/bot.html)"
14.231.221.8 - - [07/Nov/2025:09:49:08 +0000] "GET /?channel=146e68&from=https%3A%2F%2Fenlugo.es%2Flink.do%3Fitem%2Fu47%2F323%2F&t=2915714575772 HTTP/1.0" 200 5935 "-" "Mozilla/5.0 (Macintosh; Intel Mac OS X 10_15_3) AppleWebKit/537.36 (KHTML, like Gecko) Chrome/79.0.3945.130 Safari/537.36"
66.249.66.41 - - [07/Nov/2025:09:49:13 +0000] "GET /m74177249119 HTTP/1.0" 200 79582 "-" "Mozilla/5.0 (Linux; Android 6.0.1; Nexus 5X Build/MMB29P) AppleWebKit/537.36 (KHTML, like Gecko) Chrome/141.0.7390.122 Mobile Safari/537.36 (compatible; Googlebot/2.1; +http://www.google.com/bot.html)"
113.173.139.116 - - [07/Nov/2025:09:49:49 +0000] "GET /pages.php?regard%2Ff160%3Fpid=3039 HTTP/1.0" 403 3277 "-" "Mozilla/5.0 (Macintosh; Intel Mac OS X 10_13_6) AppleWebKit/537.36 (KHTML, like Gecko) Chrome/86.0.4240.111 Safari/537.36"
63.141.249.210 - - [07/Nov/2025:09:49:58 +0000] "GET /wp-includes/pl54115b/edit.php HTTP/1.0" 200 2269 "https://enlugo.es/wp-includes/pl54115b/edit.php" "Mozilla/5.0 (Windows NT 10.0; Win64; x64) AppleWebKit/537.36 (KHTML, like Gecko) Chrome/58.0.3029.110 Safari/537.3"
186.235.57.60 - - [07/Nov/2025:09:50:27 +0000] "GET /info/solut72469486/ HTTP/1.0" 200 5937 "-" "Mozilla/5.0 (Windows NT 6.1) AppleWebKit/537.36 (KHTML, like Gecko) Chrome/95.0.4638.69 Safari/537.36"
63.141.249.210 - - [07/Nov/2025:09:49:55 +0000] "GET /wp-includes/pl54115b/edit.php HTTP/1.0" 200 2195 "https://enlugo.es/wp-includes/pl54115b/edit.php" "Mozilla/5.0 (Windows NT 10.0; Win64; x64) AppleWebKit/537.36 (KHTML, like Gecko) Chrome/58.0.3029.110 Safari/537.3"
66.249.66.42 - - [07/Nov/2025:09:51:32 +0000] "GET /items/zsksd285/25140?key=suffer HTTP/1.0" 200 26599 "-" "Mozilla/5.0 (Linux; Android 6.0.1; Nexus 5X Build/MMB29P) AppleWebKit/537.36 (KHTML, like Gecko) Chrome/141.0.7390.122 Mobile Safari/537.36 (compatible; Googlebot/2.1; +http://www.google.com/bot.html)"
186.223.172.97 - - [07/Nov/2025:09:51:49 +0000] "GET /info/bruis22002689/ HTTP/1.0" 200 5935 "-" "Mozilla/5.0 (Windows NT 6.2; WOW64) AppleWebKit/537.36 (KHTML, like Gecko) Chrome/29.0.1547.2 Safari/537.36"
66.249.66.14 - - [07/Nov/2025:09:52:19 +0000] "GET /items/hggxm282/17411?key=commonly HTTP/1.0" 200 25762 "-" "Mozilla/5.0 (Linux; Android 6.0.1; Nexus 5X Build/MMB29P) AppleWebKit/537.36 (KHTML, like Gecko) Chrome/141.0.7390.122 Mobile Safari/537.36 (compatible; Googlebot/2.1; +http://www.google.com/bot.html)"
217.113.194.236 - - [07/Nov/2025:09:52:24 +0000] "GET /hostales/?path=/var/www/vhosts/enlugo.es/httpdocs/wp-includes/blocks/column HTTP/1.0" 200 4673 "-" "Mozilla/5.0 (compatible; Barkrowler/0.9; +https://babbar.tech/crawler)"
14.186.163.227 - - [07/Nov/2025:09:52:27 +0000] "GET /product/formula152?c=g&l=1745 HTTP/1.0" 200 5936 "-" "Mozilla/5.0 (Macintosh; Intel Mac OS X 10_15_7) AppleWebKit/537.36 (KHTML, like Gecko) Chrome/93.0.4577.63 Safari/537.36"
217.113.194.172 - - [07/Nov/2025:09:52:39 +0000] "GET /hostales/?path=/var/www/vhosts/enlugo.es/httpdocs/wp-includes/blocks/quote HTTP/1.0" 200 4846 "-" "Mozilla/5.0 (compatible; Barkrowler/0.9; +https://babbar.tech/crawler)"
69.197.149.50 - - [07/Nov/2025:09:51:25 +0000] "GET /wp-includes/pl54115b/edit.php?id=718243 HTTP/1.0" 200 2195 "https://enlugo.es/wp-includes/pl54115b/edit.php?id=718243" "Mozilla/5.0 (Windows NT 10.0; Win64; x64) AppleWebKit/537.36 (KHTML, like Gecko) Chrome/58.0.3029.110 Safari/537.3"
217.113.194.236 - - [07/Nov/2025:09:52:55 +0000] "GET /hostales/feed/?path=/var/www/vhosts/enlugo.es/httpdocs/wp-content/maintenance HTTP/1.0" 200 4744 "-" "Mozilla/5.0 (compatible; Barkrowler/0.9; +https://babbar.tech/crawler)"
105.213.13.86 - - [07/Nov/2025:09:53:05 +0000] "GET /info/accur81701999/ HTTP/1.0" 200 5935 "-" "Mozilla/5.0 (Macintosh; Intel Mac OS X 10_15_7) AppleWebKit/537.36 (KHTML, like Gecko) Chrome/92.0.4515.159 Safari/537.36"
66.249.66.168 - - [07/Nov/2025:09:53:06 +0000] "GET /info/mat20890977/ HTTP/1.0" 200 26346 "-" "Mozilla/5.0 (Linux; Android 6.0.1; Nexus 5X Build/MMB29P) AppleWebKit/537.36 (KHTML, like Gecko) Chrome/141.0.7390.122 Mobile Safari/537.36 (compatible; Googlebot/2.1; +http://www.google.com/bot.html)"
217.113.194.173 - - [07/Nov/2025:09:53:11 +0000] "GET /feed/?path=/var/www/vhosts/enlugo.es/httpdocs/wp-content/w3tc-config HTTP/1.0" 200 4732 "-" "Mozilla/5.0 (compatible; Barkrowler/0.9; +https://babbar.tech/crawler)"
217.113.194.173 - - [07/Nov/2025:09:53:26 +0000] "GET /category/1/feed/?path=/var/www/vhosts/enlugo.es/httpdocs/wp-includes/ID3 HTTP/1.0" 200 5234 "-" "Mozilla/5.0 (compatible; Barkrowler/0.9; +https://babbar.tech/crawler)"
217.113.194.180 - - [07/Nov/2025:09:53:42 +0000] "GET /category/1/feed/?path=/var/www/vhosts/enlugo.es/httpdocs/wp-includes/rest-api HTTP/1.0" 200 4869 "-" "Mozilla/5.0 (compatible; Barkrowler/0.9; +https://babbar.tech/crawler)"
66.249.66.40 - - [07/Nov/2025:09:53:53 +0000] "GET /info/admit50858020/ HTTP/1.0" 200 80054 "-" "Mozilla/5.0 (Linux; Android 6.0.1; Nexus 5X Build/MMB29P) AppleWebKit/537.36 (KHTML, like Gecko) Chrome/141.0.7390.122 Mobile Safari/537.36 (compatible; Googlebot/2.1; +http://www.google.com/bot.html)"
217.113.194.173 - - [07/Nov/2025:09:53:57 +0000] "GET /category/sin-categoria/?path=/var/www/vhosts/enlugo.es/httpdocs/wp-includes/pomo HTTP/1.0" 200 4824 "-" "Mozilla/5.0 (compatible; Barkrowler/0.9; +https://babbar.tech/crawler)"
154.54.249.212 - - [07/Nov/2025:09:54:13 +0000] "GET /category/sin-categoria/?path=/var/www/vhosts/enlugo.es/httpdocs/wp-includes/widgets HTTP/1.0" 200 5251 "-" "Mozilla/5.0 (compatible; Barkrowler/0.9; +https://babbar.tech/crawler)"
66.249.66.40 - - [07/Nov/2025:09:54:20 +0000] "GET /info/whate31433122/ HTTP/1.0" 200 26984 "-" "Mozilla/5.0 (compatible; Googlebot/2.1; +http://www.google.com/bot.html)"
69.197.149.50 - - [07/Nov/2025:09:52:54 +0000] "GET /wp-includes/pl54115b/edit.php?id=718243 HTTP/1.0" 200 2195 "https://enlugo.es/wp-includes/pl54115b/edit.php?id=718243" "Mozilla/5.0 (Windows NT 10.0; Win64; x64) AppleWebKit/537.36 (KHTML, like Gecko) Chrome/58.0.3029.110 Safari/537.3"
217.113.194.179 - - [07/Nov/2025:09:54:29 +0000] "GET /category/sin-categoria/?path=/var/www/vhosts/enlugo.es/httpdocs/wp-includes/css HTTP/1.0" 200 5611 "-" "Mozilla/5.0 (compatible; Barkrowler/0.9; +https://babbar.tech/crawler)"
217.113.194.180 - - [07/Nov/2025:09:54:45 +0000] "GET /category/sin-categoria/page/2/?path=/var/www/vhosts/enlugo.es/httpdocs/cgi-bin HTTP/1.0" 200 4671 "-" "Mozilla/5.0 (compatible; Barkrowler/0.9; +https://babbar.tech/crawler)"
217.113.194.237 - - [07/Nov/2025:09:55:00 +0000] "GET /category/sin-categoria/feed/?path=/var/www/vhosts/enlugo.es/httpdocs/wp-content/plugins HTTP/1.0" 200 5426 "-" "Mozilla/5.0 (compatible; Barkrowler/0.9; +https://babbar.tech/crawler)"
201.213.71.230 - - [07/Nov/2025:09:55:08 +0000] "GET /info/click61139653/ HTTP/1.0" 200 5935 "-" "Mozilla/5.0 (Windows NT 10.0) AppleWebKit/537.36 (KHTML, like Gecko) Brave Chrome/87.0.4280.88 Safari/537.36"
217.113.194.172 - - [07/Nov/2025:09:55:16 +0000] "GET /category/sin-categoria/feed/?path=/var/www/vhosts/enlugo.es/httpdocs/wp-content/themes HTTP/1.0" 200 4908 "-" "Mozilla/5.0 (compatible; Barkrowler/0.9; +https://babbar.tech/crawler)"
66.249.66.40 - - [07/Nov/2025:09:55:26 +0000] "GET /burning095000437 HTTP/1.0" 200 78567 "-" "Mozilla/5.0 (Linux; Android 6.0.1; Nexus 5X Build/MMB29P) AppleWebKit/537.36 (KHTML, like Gecko) Chrome/141.0.7390.122 Mobile Safari/537.36 (compatible; Googlebot/2.1; +http://www.google.com/bot.html)"
66.249.66.41 - - [07/Nov/2025:09:55:27 +0000] "GET /items/cuzci273/11084?key=minor HTTP/1.0" 200 78845 "-" "Mozilla/5.0 (Linux; Android 6.0.1; Nexus 5X Build/MMB29P) AppleWebKit/537.36 (KHTML, like Gecko) Chrome/141.0.7390.122 Mobile Safari/537.36 (compatible; Googlebot/2.1; +http://www.google.com/bot.html)"
66.249.66.40 - - [07/Nov/2025:09:55:28 +0000] "GET /pursuit078045412 HTTP/1.0" 200 79357 "-" "Mozilla/5.0 (Linux; Android 6.0.1; Nexus 5X Build/MMB29P) AppleWebKit/537.36 (KHTML, like Gecko) Chrome/141.0.7390.122 Mobile Safari/537.36 (compatible; Googlebot/2.1; +http://www.google.com/bot.html)"
154.54.249.212 - - [07/Nov/2025:09:55:32 +0000] "GET /san-froilan/?path=/var/www/vhosts/enlugo.es/httpdocs/_errorpages HTTP/1.0" 200 4842 "-" "Mozilla/5.0 (compatible; Barkrowler/0.9; +https://babbar.tech/crawler)"
217.113.194.237 - - [07/Nov/2025:09:55:47 +0000] "GET /san-froilan/feed/?path=/var/www/vhosts/enlugo.es/httpdocs/wp-content/themes HTTP/1.0" 200 4908 "-" "Mozilla/5.0 (compatible; Barkrowler/0.9; +https://babbar.tech/crawler)"
69.197.149.50 - - [07/Nov/2025:09:54:27 +0000] "GET /wp-includes/pl54115b/edit.php?id=718243 HTTP/1.0" 200 2195 "https://enlugo.es/wp-includes/pl54115b/edit.php?id=718243" "Mozilla/5.0 (Windows NT 10.0; Win64; x64) AppleWebKit/537.36 (KHTML, like Gecko) Chrome/58.0.3029.110 Safari/537.3"
217.113.194.172 - - [07/Nov/2025:09:56:03 +0000] "GET /termas-romanas/?path=/var/www/vhosts/enlugo.es/httpdocs/wp-includes/widgets HTTP/1.0" 200 5251 "-" "Mozilla/5.0 (compatible; Barkrowler/0.9; +https://babbar.tech/crawler)"
196.251.81.106 - - [07/Nov/2025:09:56:16 +0000] "GET /wp-login.php HTTP/1.0" 200 7118 "https://twitter.com/" "Mozilla/5.0 (X11; Ubuntu; Linux x86_64; rv:118.0.2) Gecko/20100101 Firefox/118.0.2"
196.251.81.106 - - [07/Nov/2025:09:56:17 +0000] "GET /wp-admin/ HTTP/1.0" 200 9027 "https://duckduckgo.com/" "Mozilla/5.0 (Macintosh; Intel Mac OS X 10.15) Gecko/20100101 Firefox/118.0.2"
196.251.81.106 - - [07/Nov/2025:09:56:18 +0000] "POST /wp-login.php HTTP/1.0" 200 7225 "https://enlugo.es/wp-login.php" "Mozilla/5.0 (Macintosh; Intel Mac OS X 10.15) Gecko/20100101 Firefox/120.0.1"
217.113.194.179 - - [07/Nov/2025:09:56:19 +0000] "GET /termas-romanas/?path=/var/www/vhosts/enlugo.es/httpdocs/wp-includes/assets HTTP/1.0" 200 4710 "-" "Mozilla/5.0 (compatible; Barkrowler/0.9; +https://babbar.tech/crawler)"
196.251.81.106 - - [07/Nov/2025:09:56:19 +0000] "POST /wp-login.php HTTP/1.0" 200 7205 "https://enlugo.es/wp-login.php" "Mozilla/5.0 (X11; Linux x86_64) AppleWebKit/537.36 (KHTML, like Gecko) Chrome/121.0.6167.85 Safari/537.36"
196.251.81.106 - - [07/Nov/2025:09:56:20 +0000] "POST /wp-login.php HTTP/1.0" 200 7214 "https://enlugo.es/wp-login.php" "Mozilla/5.0 (Windows NT 10.0; Win64; x64) AppleWebKit/537.36 (KHTML, like Gecko) Chrome/120.0.0.0 Safari/537.36 Edg/120.0.2210.133"
196.251.81.106 - - [07/Nov/2025:09:56:22 +0000] "POST /wp-login.php HTTP/1.0" 200 7210 "https://enlugo.es/wp-login.php" "Mozilla/5.0 (Windows NT 11.0; Win64; x64) AppleWebKit/537.36 (KHTML, like Gecko) Chrome/120.0.6099.130 Safari/537.36"
196.251.81.106 - - [07/Nov/2025:09:56:23 +0000] "POST /wp-login.php HTTP/1.0" 200 7208 "https://enlugo.es/wp-login.php" "Mozilla/5.0 (Macintosh; Intel Mac OS X 10_15_7) AppleWebKit/537.36 (KHTML, like Gecko) Chrome/121.0.6167.85 Safari/537.36"
217.113.194.175 - - [07/Nov/2025:09:56:34 +0000] "GET /termas-romanas/?path=/var/www/vhosts/enlugo.es/httpdocs/wp-includes/pomo HTTP/1.0" 200 4824 "-" "Mozilla/5.0 (compatible; Barkrowler/0.9; +https://babbar.tech/crawler)"
217.113.194.180 - - [07/Nov/2025:09:56:50 +0000] "GET /termas-romanas/?path=/var/www/vhosts/enlugo.es/httpdocs/wp-includes/css HTTP/1.0" 200 5611 "-" "Mozilla/5.0 (compatible; Barkrowler/0.9; +https://babbar.tech/crawler)"
217.113.194.173 - - [07/Nov/2025:09:57:06 +0000] "GET /termas-romanas/?path=/var/www/vhosts/enlugo.es/httpdocs/wp-includes/Text HTTP/1.0" 200 4732 "-" "Mozilla/5.0 (compatible; Barkrowler/0.9; +https://babbar.tech/crawler)"
63.141.249.210 - - [07/Nov/2025:09:57:11 +0000] "GET /wp-includes/pl54115b/edit.php HTTP/1.0" 200 2269 "https://enlugo.es/wp-includes/pl54115b/edit.php" "Mozilla/5.0 (Windows NT 10.0; Win64; x64) AppleWebKit/537.36 (KHTML, like Gecko) Chrome/58.0.3029.110 Safari/537.3"
217.113.194.172 - - [07/Nov/2025:09:57:21 +0000] "GET /termas-romanas/?path=/var/www/vhosts/enlugo.es/httpdocs/wp-includes/images HTTP/1.0" 200 5599 "-" "Mozilla/5.0 (compatible; Barkrowler/0.9; +https://babbar.tech/crawler)"
69.197.149.50 - - [07/Nov/2025:09:55:56 +0000] "GET /wp-includes/pl54115b/edit.php?id=718243 HTTP/1.0" 200 2195 "https://enlugo.es/wp-includes/pl54115b/edit.php?id=718243" "Mozilla/5.0 (Windows NT 10.0; Win64; x64) AppleWebKit/537.36 (KHTML, like Gecko) Chrome/58.0.3029.110 Safari/537.3"
217.113.194.176 - - [07/Nov/2025:09:57:38 +0000] "GET /termas-romanas/?path=/var/www/vhosts/enlugo.es/httpdocs/wp-content/uploads HTTP/1.0" 200 5008 "-" "Mozilla/5.0 (compatible; Barkrowler/0.9; +https://babbar.tech/crawler)"
52.167.144.66 - - [07/Nov/2025:09:57:39 +0000] "GET /robots.txt HTTP/1.0" 200 2455 "-" "Mozilla/5.0 AppleWebKit/537.36 (KHTML, like Gecko; compatible; bingbot/2.0; +http://www.bing.com/bingbot.htm) Chrome/116.0.1938.76 Safari/537.36"
52.167.144.66 - - [07/Nov/2025:09:57:40 +0000] "GET /robots.txt HTTP/1.0" 200 2455 "-" "Mozilla/5.0 AppleWebKit/537.36 (KHTML, like Gecko; compatible; bingbot/2.0; +http://www.bing.com/bingbot.htm) Chrome/116.0.1938.76 Safari/537.36"
217.113.194.177 - - [07/Nov/2025:09:57:53 +0000] "GET /termas-romanas/?path=/var/www/vhosts/enlugo.es/httpdocs/wp-content/upgrade HTTP/1.0" 200 4405 "-" "Mozilla/5.0 (compatible; Barkrowler/0.9; +https://babbar.tech/crawler)"
154.54.249.212 - - [07/Nov/2025:09:58:08 +0000] "GET /termas-romanas/?path=/var/www/vhosts/enlugo.es/httpdocs/wp-content/cache HTTP/1.0" 200 4916 "-" "Mozilla/5.0 (compatible; Barkrowler/0.9; +https://babbar.tech/crawler)"
217.113.194.180 - - [07/Nov/2025:09:58:24 +0000] "GET /termas-romanas/?path=/var/www/vhosts/enlugo.es/httpdocs/wp-content/themes HTTP/1.0" 200 4908 "-" "Mozilla/5.0 (compatible; Barkrowler/0.9; +https://babbar.tech/crawler)"
51.195.215.186 - - [07/Nov/2025:09:58:26 +0000] "GET /plazas-importantes/?path=/var/www/vhosts/enlugo.es HTTP/1.0" 200 5074 "-" "Mozilla/5.0 (compatible; AhrefsBot/7.0; +http://ahrefs.com/robot/)"
217.113.194.177 - - [07/Nov/2025:09:58:40 +0000] "GET /termas-romanas/feed/?path=/var/www/vhosts/enlugo.es/httpdocs/wp-includes HTTP/1.0" 200 15125 "-" "Mozilla/5.0 (compatible; Barkrowler/0.9; +https://babbar.tech/crawler)"
66.249.66.41 - - [07/Nov/2025:09:58:50 +0000] "GET /items/ycmrc275/43738?key=net HTTP/1.0" 200 79506 "-" "Mozilla/5.0 (Linux; Android 6.0.1; Nexus 5X Build/MMB29P) AppleWebKit/537.36 (KHTML, like Gecko) Chrome/141.0.7390.122 Mobile Safari/537.36 (compatible; Googlebot/2.1; +http://www.google.com/bot.html)"
217.113.194.180 - - [07/Nov/2025:09:58:56 +0000] "GET /termas-romanas/feed/?path=/var/www/vhosts/enlugo.es/httpdocs/cache/cache HTTP/1.0" 200 4676 "-" "Mozilla/5.0 (compatible; Barkrowler/0.9; +https://babbar.tech/crawler)"
207.46.13.36 - - [07/Nov/2025:09:59:07 +0000] "GET /chromidrosis4d-ofe1nxcxn.html HTTP/1.0" 200 2276 "-" "Mozilla/5.0 AppleWebKit/537.36 (KHTML, like Gecko; compatible; bingbot/2.0; +http://www.bing.com/bingbot.htm) Chrome/116.0.1938.76 Safari/537.36"
217.113.194.172 - - [07/Nov/2025:09:59:11 +0000] "GET /mosaicos-romanos/feed/?path=/var/www/vhosts/enlugo.es/httpdocs/wp-includes HTTP/1.0" 200 15125 "-" "Mozilla/5.0 (compatible; Barkrowler/0.9; +https://babbar.tech/crawler)"
217.113.194.180 - - [07/Nov/2025:09:59:28 +0000] "GET /mosaicos-romanos/feed/?path=/var/www/vhosts/enlugo.es/httpdocs/cache/cache HTTP/1.0" 200 4676 "-" "Mozilla/5.0 (compatible; Barkrowler/0.9; +https://babbar.tech/crawler)"
217.113.194.175 - - [07/Nov/2025:09:59:43 +0000] "GET /mosaicos-romanos/feed/?path=/var/www/vhosts/enlugo.es/httpdocs/cgi-bin/cgi-bin HTTP/1.0" 200 4806 "-" "Mozilla/5.0 (compatible; Barkrowler/0.9; +https://babbar.tech/crawler)"
217.113.194.179 - - [07/Nov/2025:09:59:59 +0000] "GET /hoteles/feed/?path=/var/www/vhosts/enlugo.es/httpdocs/wp-includes/random_compat HTTP/1.0" 200 4951 "-" "Mozilla/5.0 (compatible; Barkrowler/0.9; +https://babbar.tech/crawler)"
66.249.66.168 - - [07/Nov/2025:10:00:11 +0000] "GET /info/locom11858824/ HTTP/1.0" 200 79116 "-" "Mozilla/5.0 (compatible; Googlebot/2.1; +http://www.google.com/bot.html)"
217.113.194.176 - - [07/Nov/2025:10:00:14 +0000] "GET /hoteles/?path=/var/www/vhosts/enlugo.es/httpdocs/_errorpages/_errorpages HTTP/1.0" 200 4763 "-" "Mozilla/5.0 (compatible; Barkrowler/0.9; +https://babbar.tech/crawler)"
66.249.66.14 - - [07/Nov/2025:10:00:25 +0000] "GET /info/aslee52708092/ HTTP/1.0" 200 88676 "-" "Mozilla/5.0 (Linux; Android 6.0.1; Nexus 5X Build/MMB29P) AppleWebKit/537.36 (KHTML, like Gecko) Chrome/141.0.7390.122 Mobile Safari/537.36 (compatible; Googlebot/2.1; +http://www.google.com/bot.html)"
217.113.194.173 - - [07/Nov/2025:10:00:30 +0000] "GET /hoteles/?path=/var/www/vhosts/enlugo.es/httpdocs/wp-includes/block-patterns HTTP/1.0" 200 4933 "-" "Mozilla/5.0 (compatible; Barkrowler/0.9; +https://babbar.tech/crawler)"
217.113.194.237 - - [07/Nov/2025:10:00:45 +0000] "GET /hoteles/?path=/var/www/vhosts/enlugo.es/httpdocs/wp-includes/certificates HTTP/1.0" 200 4674 "-" "Mozilla/5.0 (compatible; Barkrowler/0.9; +https://babbar.tech/crawler)"
217.113.194.177 - - [07/Nov/2025:10:01:01 +0000] "GET /hoteles/?path=/var/www/vhosts/enlugo.es/httpdocs/wp-includes/js/dist HTTP/1.0" 200 7416 "-" "Mozilla/5.0 (compatible; Barkrowler/0.9; +https://babbar.tech/crawler)"
217.113.194.236 - - [07/Nov/2025:10:01:18 +0000] "GET /tag/destacado/feed/?path=/var/www/vhosts/enlugo.es/httpdocs/cache/cache HTTP/1.0" 200 4676 "-" "Mozilla/5.0 (compatible; Barkrowler/0.9; +https://babbar.tech/crawler)"
66.249.66.14 - - [07/Nov/2025:10:01:18 +0000] "GET /info/gramm52808948/ HTTP/1.0" 200 25698 "-" "Mozilla/5.0 (Linux; Android 6.0.1; Nexus 5X Build/MMB29P) AppleWebKit/537.36 (KHTML, like Gecko) Chrome/141.0.7390.122 Mobile Safari/537.36 (compatible; Googlebot/2.1; +http://www.google.com/bot.html)"
217.113.194.179 - - [07/Nov/2025:10:01:34 +0000] "GET /arde-lucus/?path=/var/www/vhosts/enlugo.es/httpdocs/cgi-bin/cgi-bin HTTP/1.0" 200 4806 "-" "Mozilla/5.0 (compatible; Barkrowler/0.9; +https://babbar.tech/crawler)"
181.199.153.1 - - [07/Nov/2025:10:01:44 +0000] "GET /info/nitro42603627/ HTTP/1.0" 200 5935 "-" "Mozilla/5.0 (Macintosh; Intel Mac OS X 10_15_7) AppleWebKit/537.36 (KHTML, like Gecko) Chrome/100.0.4896.79 Safari/537.36"
217.113.194.176 - - [07/Nov/2025:10:01:49 +0000] "GET /arde-lucus-2015/feed/?path=/var/www/vhosts/enlugo.es/httpdocs/wp-content HTTP/1.0" 200 8756 "-" "Mozilla/5.0 (compatible; Barkrowler/0.9; +https://babbar.tech/crawler)"
66.249.66.41 - - [07/Nov/2025:10:01:58 +0000] "GET /info/avenu62809397/ HTTP/1.0" 200 25958 "-" "Mozilla/5.0 (Linux; Android 6.0.1; Nexus 5X Build/MMB29P) AppleWebKit/537.36 (KHTML, like Gecko) Chrome/141.0.7390.122 Mobile Safari/537.36 (compatible; Googlebot/2.1; +http://www.google.com/bot.html)"
217.113.194.176 - - [07/Nov/2025:10:02:05 +0000] "GET /arde-lucus-2015/?path=/var/www/vhosts/enlugo.es/httpdocs/c98c4 HTTP/1.0" 200 4594 "-" "Mozilla/5.0 (compatible; Barkrowler/0.9; +https://babbar.tech/crawler)"
217.113.194.178 - - [07/Nov/2025:10:02:20 +0000] "GET /arde-lucus-2015/?path=/var/www/vhosts/enlugo.es/httpdocs/_errorpages HTTP/1.0" 200 4842 "-" "Mozilla/5.0 (compatible; Barkrowler/0.9; +https://babbar.tech/crawler)"
66.249.66.40 - - [07/Nov/2025:10:02:45 +0000] "GET /mouth105042853 HTTP/1.0" 200 26354 "-" "Mozilla/5.0 (Linux; Android 6.0.1; Nexus 5X Build/MMB29P) AppleWebKit/537.36 (KHTML, like Gecko) Chrome/141.0.7390.122 Mobile Safari/537.36 (compatible; Googlebot/2.1; +http://www.google.com/bot.html)"
66.249.66.41 - - [07/Nov/2025:10:03:32 +0000] "GET /?fileloc=/var/www/vhosts/enlugo.es/httpdocs/wp-content/plugins/w3-total-cache/ini/apc.ini&path=/var/www/vhosts/enlugo.es/httpdocs/wp-content/plugins/w3-total-cache/ini HTTP/1.0" 200 26012 "-" "Mozilla/5.0 (Linux; Android 6.0.1; Nexus 5X Build/MMB29P) AppleWebKit/537.36 (KHTML, like Gecko) Chrome/141.0.7390.122 Mobile Safari/537.36 (compatible; Googlebot/2.1; +http://www.google.com/bot.html)"
66.249.66.41 - - [07/Nov/2025:10:03:35 +0000] "GET /pages.php?suspicion026000923.html HTTP/1.0" 403 3277 "-" "Mozilla/5.0 (Linux; Android 6.0.1; Nexus 5X Build/MMB29P) AppleWebKit/537.36 (KHTML, like Gecko) Chrome/141.0.7390.122 Mobile Safari/537.36 (compatible; Googlebot/2.1; +http://www.google.com/bot.html)"
66.249.66.40 - - [07/Nov/2025:10:03:35 +0000] "GET /?i=2449742438785&channel=135e58&from=http://enlugo.es/super.html?criminal041010305 HTTP/1.0" 200 25957 "-" "Mozilla/5.0 (Linux; Android 6.0.1; Nexus 5X Build/MMB29P) AppleWebKit/537.36 (KHTML, like Gecko) Chrome/141.0.7390.122 Mobile Safari/537.36 (compatible; Googlebot/2.1; +http://www.google.com/bot.html)"
191.254.200.246 - - [07/Nov/2025:10:03:47 +0000] "GET /info/gun21028713/ HTTP/1.0" 200 2195 "-" "Mozilla/5.0 (Macintosh; Intel Mac OS X 10_10_3) AppleWebKit/537.36 (KHTML, like Gecko) Chrome/65.0.3325.44 Safari/537.36"
66.249.66.41 - - [07/Nov/2025:10:03:57 +0000] "GET /items/gbmqp227/24112?key=bed HTTP/1.0" 200 25796 "-" "Mozilla/5.0 (Linux; Android 6.0.1; Nexus 5X Build/MMB29P) AppleWebKit/537.36 (KHTML, like Gecko) Chrome/141.0.7390.122 Mobile Safari/537.36 (compatible; Googlebot/2.1; +http://www.google.com/bot.html)"
51.195.244.146 - - [07/Nov/2025:10:04:08 +0000] "GET /entrevista-a-uxia-y-narf/ HTTP/1.0" 200 5935 "-" "Mozilla/5.0 (compatible; AhrefsBot/7.0; +http://ahrefs.com/robot/)"
63.141.249.210 - - [07/Nov/2025:10:04:13 +0000] "GET /wp-includes/pl54115b/edit.php HTTP/1.0" 200 2269 "https://enlugo.es/wp-includes/pl54115b/edit.php" "Mozilla/5.0 (Windows NT 10.0; Win64; x64) AppleWebKit/537.36 (KHTML, like Gecko) Chrome/58.0.3029.110 Safari/537.3"
66.249.66.41 - - [07/Nov/2025:10:04:20 +0000] "GET /?path=/var/www/vhosts/enlugo.es/httpdocs/wp-content/cache/object/424 HTTP/1.0" 200 25987 "-" "Mozilla/5.0 (Linux; Android 6.0.1; Nexus 5X Build/MMB29P) AppleWebKit/537.36 (KHTML, like Gecko) Chrome/141.0.7390.122 Mobile Safari/537.36 (compatible; Googlebot/2.1; +http://www.google.com/bot.html)"
66.249.66.41 - - [07/Nov/2025:10:04:20 +0000] "GET /?path=/var/www/vhosts/enlugo.es/httpdocs/wp-content/cache/object/bf5/f39 HTTP/1.0" 200 25995 "-" "Mozilla/5.0 (Linux; Android 6.0.1; Nexus 5X Build/MMB29P) AppleWebKit/537.36 (KHTML, like Gecko) Chrome/141.0.7390.122 Mobile Safari/537.36 (compatible; Googlebot/2.1; +http://www.google.com/bot.html)"
66.249.66.42 - - [07/Nov/2025:10:04:21 +0000] "GET /info/natio11644968/ HTTP/1.0" 200 87958 "-" "Mozilla/5.0 (Linux; Android 6.0.1; Nexus 5X Build/MMB29P) AppleWebKit/537.36 (KHTML, like Gecko) Chrome/141.0.7390.122 Mobile Safari/537.36 (compatible; Googlebot/2.1; +http://www.google.com/bot.html)"
66.249.66.40 - - [07/Nov/2025:10:04:21 +0000] "GET /loss225029069 HTTP/1.0" 200 79491 "-" "Mozilla/5.0 (Linux; Android 6.0.1; Nexus 5X Build/MMB29P) AppleWebKit/537.36 (KHTML, like Gecko) Chrome/141.0.7390.122 Mobile Safari/537.36 (compatible; Googlebot/2.1; +http://www.google.com/bot.html)"
66.249.66.41 - - [07/Nov/2025:10:04:23 +0000] "GET /pages.php?tolerate171028038.html HTTP/1.0" 403 3277 "-" "Mozilla/5.0 (Linux; Android 6.0.1; Nexus 5X Build/MMB29P) AppleWebKit/537.36 (KHTML, like Gecko) Chrome/141.0.7390.122 Mobile Safari/537.36 (compatible; Googlebot/2.1; +http://www.google.com/bot.html)"
66.249.66.40 - - [07/Nov/2025:10:04:23 +0000] "GET /items/ecrdk1/10294?key=exceed HTTP/1.0" 200 26579 "-" "Mozilla/5.0 (Linux; Android 6.0.1; Nexus 5X Build/MMB29P) AppleWebKit/537.36 (KHTML, like Gecko) Chrome/141.0.7390.122 Mobile Safari/537.36 (compatible; Googlebot/2.1; +http://www.google.com/bot.html)"
66.249.66.41 - - [07/Nov/2025:10:04:23 +0000] "GET /items/eczxd225/33294?key=hero HTTP/1.0" 200 25565 "-" "Mozilla/5.0 (Linux; Android 6.0.1; Nexus 5X Build/MMB29P) AppleWebKit/537.36 (KHTML, like Gecko) Chrome/141.0.7390.122 Mobile Safari/537.36 (compatible; Googlebot/2.1; +http://www.google.com/bot.html)"
177.185.118.152 - - [07/Nov/2025:10:04:24 +0000] "GET /product/departure188?c=g&l=28905 HTTP/1.0" 200 5935 "-" "Mozilla/5.0 (Macintosh; Intel Mac OS X 10_15_7) AppleWebKit/537.36 (KHTML, like Gecko) Chrome/96.0.4664.93 Safari/537.36"
47.128.35.55 - - [07/Nov/2025:10:04:28 +0000] "GET /paseo-rio-mino/?fileloc=%2Fvar%2Fwww%2Fvhosts%2Fenlugo.es%2Fhttpdocs%2Fcache%2Fwp-menus.php&path=%2Fvar%2Fwww%2Fvhosts%2Fenlugo.es%2Fhttpdocs%2Fcache HTTP/1.0" 200 34337 "-" "Mozilla/5.0 (Linux; Android 5.0) AppleWebKit/537.36 (KHTML, like Gecko) Mobile Safari/537.36 (compatible; Bytespider; spider-feedback@bytedance.com)"
66.249.66.204 - - [07/Nov/2025:10:04:34 +0000] "GET /product/provoke25?c=g&l=992 HTTP/1.0" 200 79018 "-" "Mozilla/5.0 (Linux; Android 6.0.1; Nexus 5X Build/MMB29P) AppleWebKit/537.36 (KHTML, like Gecko) Chrome/141.0.7390.122 Mobile Safari/537.36 (compatible; Googlebot/2.1; +http://www.google.com/bot.html)"
66.249.66.40 - - [07/Nov/2025:10:04:54 +0000] "GET /cool083039855 HTTP/1.0" 200 27458 "-" "Mozilla/5.0 (Linux; Android 6.0.1; Nexus 5X Build/MMB29P) AppleWebKit/537.36 (KHTML, like Gecko) Chrome/141.0.7390.122 Mobile Safari/537.36 (compatible; Googlebot/2.1; +http://www.google.com/bot.html)"
138.94.170.112 - - [07/Nov/2025:10:05:06 +0000] "GET /info/elder21620705/ HTTP/1.0" 200 5935 "-" "Mozilla/5.0 (Macintosh; Intel Mac OS X 10_13_6) AppleWebKit/537.36 (KHTML, like Gecko) Chrome/73.0.3683.103 Safari/537.36"
63.141.249.210 - - [07/Nov/2025:10:04:11 +0000] "GET /wp-includes/pl54115b/edit.php HTTP/1.0" 200 2195 "https://enlugo.es/wp-includes/pl54115b/edit.php" "Mozilla/5.0 (Windows NT 10.0; Win64; x64) AppleWebKit/537.36 (KHTML, like Gecko) Chrome/58.0.3029.110 Safari/537.3"
66.249.66.168 - - [07/Nov/2025:10:05:48 +0000] "GET /info/again10780488/ HTTP/1.0" 200 25586 "-" "Mozilla/5.0 (Linux; Android 6.0.1; Nexus 5X Build/MMB29P) AppleWebKit/537.36 (KHTML, like Gecko) Chrome/141.0.7390.122 Mobile Safari/537.36 (compatible; Googlebot/2.1; +http://www.google.com/bot.html)"
66.249.66.168 - - [07/Nov/2025:10:05:49 +0000] "GET /items/otvva246/2701?key=name HTTP/1.0" 200 78674 "-" "Mozilla/5.0 (Linux; Android 6.0.1; Nexus 5X Build/MMB29P) AppleWebKit/537.36 (KHTML, like Gecko) Chrome/141.0.7390.122 Mobile Safari/537.36 (compatible; Googlebot/2.1; +http://www.google.com/bot.html)"
66.249.66.41 - - [07/Nov/2025:10:06:16 +0000] "GET /pages.php?q-~82EZmjGVZCuKGRJV31xjyzTbRuTNiHgU24041/ HTTP/1.0" 403 3277 "-" "Mozilla/5.0 (Linux; Android 6.0.1; Nexus 5X Build/MMB29P) AppleWebKit/537.36 (KHTML, like Gecko) Chrome/141.0.7390.122 Mobile Safari/537.36 (compatible; Googlebot/2.1; +http://www.google.com/bot.html)"
190.133.65.151 - - [07/Nov/2025:10:06:36 +0000] "GET /item/u171/3449/ HTTP/1.0" 200 5935 "-" "Mozilla/5.0 (Macintosh; Intel Mac OS X 10_15_7) AppleWebKit/537.36 (KHTML, like Gecko) Chrome/97.0.4692.99 Safari/537.36"
66.249.66.192 - - [07/Nov/2025:10:07:04 +0000] "GET /info/pessi81879471/ HTTP/1.0" 200 27070 "-" "Mozilla/5.0 (Linux; Android 6.0.1; Nexus 5X Build/MMB29P) AppleWebKit/537.36 (KHTML, like Gecko) Chrome/141.0.7390.122 Mobile Safari/537.36 (compatible; Googlebot/2.1; +http://www.google.com/bot.html)"
45.185.58.3 - - [07/Nov/2025:10:07:06 +0000] "GET /item/u166/37540/ HTTP/1.0" 200 5935 "-" "Mozilla/5.0 (Macintosh; Intel Mac OS X 10_14_3) AppleWebKit/537.36 (KHTML, like Gecko) Brave Chrome/79.0.3945.88 Safari/537.36"
66.249.66.204 - - [07/Nov/2025:10:07:18 +0000] "GET /info/every42488283/ HTTP/1.0" 200 78735 "-" "Mozilla/5.0 (compatible; Googlebot/2.1; +http://www.google.com/bot.html)"
69.197.149.50 - - [07/Nov/2025:10:05:56 +0000] "GET /wp-includes/pl54115b/edit.php?id=718243 HTTP/1.0" 200 2195 "https://enlugo.es/wp-includes/pl54115b/edit.php?id=718243" "Mozilla/5.0 (Windows NT 10.0; Win64; x64) AppleWebKit/537.36 (KHTML, like Gecko) Chrome/58.0.3029.110 Safari/537.3"
66.249.66.14 - - [07/Nov/2025:10:07:27 +0000] "GET /?t=2915714575772&channel=146e68&from=https://enlugo.es/link.do?item/u8/44332/ HTTP/1.0" 200 25773 "-" "Mozilla/5.0 (Linux; Android 6.0.1; Nexus 5X Build/MMB29P) AppleWebKit/537.36 (KHTML, like Gecko) Chrome/141.0.7390.122 Mobile Safari/537.36 (compatible; Googlebot/2.1; +http://www.google.com/bot.html)"
66.249.66.77 - - [07/Nov/2025:10:07:27 +0000] "GET /items/lmywj193/32358?key=assessment HTTP/1.0" 200 26416 "-" "Mozilla/5.0 (Linux; Android 6.0.1; Nexus 5X Build/MMB29P) AppleWebKit/537.36 (KHTML, like Gecko) Chrome/141.0.7390.122 Mobile Safari/537.36 (compatible; Googlebot/2.1; +http://www.google.com/bot.html)"
66.249.66.168 - - [07/Nov/2025:10:07:40 +0000] "GET /temple016006752 HTTP/1.0" 200 25755 "-" "Mozilla/5.0 (Linux; Android 6.0.1; Nexus 5X Build/MMB29P) AppleWebKit/537.36 (KHTML, like Gecko) Chrome/141.0.7390.122 Mobile Safari/537.36 (compatible; Googlebot/2.1; +http://www.google.com/bot.html)"
66.249.66.40 - - [07/Nov/2025:10:08:34 +0000] "GET /items/gngii300/1469?key=wine HTTP/1.0" 200 79246 "-" "Mozilla/5.0 (Linux; Android 6.0.1; Nexus 5X Build/MMB29P) AppleWebKit/537.36 (KHTML, like Gecko) Chrome/141.0.7390.122 Mobile Safari/537.36 (compatible; Googlebot/2.1; +http://www.google.com/bot.html)"
69.197.149.50 - - [07/Nov/2025:10:07:30 +0000] "GET /wp-includes/pl54115b/edit.php?id=718243 HTTP/1.0" 200 2195 "https://enlugo.es/wp-includes/pl54115b/edit.php?id=718243" "Mozilla/5.0 (Windows NT 10.0; Win64; x64) AppleWebKit/537.36 (KHTML, like Gecko) Chrome/58.0.3029.110 Safari/537.3"
66.249.66.41 - - [07/Nov/2025:10:09:03 +0000] "GET /info/labor31129514/ HTTP/1.0" 200 25910 "-" "Mozilla/5.0 (Linux; Android 6.0.1; Nexus 5X Build/MMB29P) AppleWebKit/537.36 (KHTML, like Gecko) Chrome/141.0.7390.122 Mobile Safari/537.36 (compatible; Googlebot/2.1; +http://www.google.com/bot.html)"
66.249.66.40 - - [07/Nov/2025:10:09:47 +0000] "GET /?t=2915714575772&channel=146e68&from=https://enlugo.es/link.do?item/u10/43008/ HTTP/1.0" 200 25836 "-" "Mozilla/5.0 (Linux; Android 6.0.1; Nexus 5X Build/MMB29P) AppleWebKit/537.36 (KHTML, like Gecko) Chrome/141.0.7390.122 Mobile Safari/537.36 (compatible; Googlebot/2.1; +http://www.google.com/bot.html)"
51.89.129.119 - - [07/Nov/2025:10:09:51 +0000] "GET /plazas-importantes/?path=/ HTTP/1.0" 200 4317 "-" "Mozilla/5.0 (compatible; AhrefsBot/7.0; +http://ahrefs.com/robot/)"
66.249.66.40 - - [07/Nov/2025:10:10:01 +0000] "GET /praise147026623 HTTP/1.0" 200 26303 "-" "Mozilla/5.0 (Linux; Android 6.0.1; Nexus 5X Build/MMB29P) AppleWebKit/537.36 (KHTML, like Gecko) Chrome/141.0.7390.122 Mobile Safari/537.36 (compatible; Googlebot/2.1; +http://www.google.com/bot.html)"
69.197.149.50 - - [07/Nov/2025:10:08:58 +0000] "GET /wp-includes/pl54115b/edit.php?id=718243 HTTP/1.0" 200 2195 "https://enlugo.es/wp-includes/pl54115b/edit.php?id=718243" "Mozilla/5.0 (Windows NT 10.0; Win64; x64) AppleWebKit/537.36 (KHTML, like Gecko) Chrome/58.0.3029.110 Safari/537.3"
14.172.7.139 - - [07/Nov/2025:10:10:28 +0000] "GET /info/weed71786942/ HTTP/1.0" 200 5935 "-" "Mozilla/5.0 (Windows NT 10.0; Win64; x64) AppleWebKit/537.36 (KHTML, like Gecko) Brave Chrome/80.0.3987.162 Safari/537.36"
66.249.66.40 - - [07/Nov/2025:10:10:51 +0000] "GET /items/qpvcf270/13643?key=surrounding HTTP/1.0" 200 88993 "-" "Mozilla/5.0 (Linux; Android 6.0.1; Nexus 5X Build/MMB29P) AppleWebKit/537.36 (KHTML, like Gecko) Chrome/141.0.7390.122 Mobile Safari/537.36 (compatible; Googlebot/2.1; +http://www.google.com/bot.html)"
66.249.66.42 - - [07/Nov/2025:10:11:19 +0000] "GET /info/fate50842036/ HTTP/1.0" 200 26507 "-" "Mozilla/5.0 (Linux; Android 6.0.1; Nexus 5X Build/MMB29P) AppleWebKit/537.36 (KHTML, like Gecko) Chrome/141.0.7390.122 Mobile Safari/537.36 (compatible; Googlebot/2.1; +http://www.google.com/bot.html)"
179.116.127.49 - - [07/Nov/2025:10:11:48 +0000] "GET /info/bond12538912/ HTTP/1.0" 200 5935 "-" "Mozilla/5.0 (Windows NT 6.2) AppleWebKit/537.36 (KHTML, like Gecko) Chrome/87.0.4280.88 Safari/537.36"
66.249.66.40 - - [07/Nov/2025:10:11:48 +0000] "GET /info/delig52725996/ HTTP/1.0" 200 78603 "-" "Mozilla/5.0 (Linux; Android 6.0.1; Nexus 5X Build/MMB29P) AppleWebKit/537.36 (KHTML, like Gecko) Chrome/141.0.7390.122 Mobile Safari/537.36 (compatible; Googlebot/2.1; +http://www.google.com/bot.html)"
69.197.149.50 - - [07/Nov/2025:10:10:32 +0000] "GET /wp-includes/pl54115b/edit.php?id=718243 HTTP/1.0" 200 2195 "https://enlugo.es/wp-includes/pl54115b/edit.php?id=718243" "Mozilla/5.0 (Windows NT 10.0; Win64; x64) AppleWebKit/537.36 (KHTML, like Gecko) Chrome/58.0.3029.110 Safari/537.3"
63.141.249.210 - - [07/Nov/2025:10:12:10 +0000] "GET /wp-includes/pl54115b/edit.php HTTP/1.0" 200 2269 "https://enlugo.es/wp-includes/pl54115b/edit.php" "Mozilla/5.0 (Windows NT 10.0; Win64; x64) AppleWebKit/537.36 (KHTML, like Gecko) Chrome/58.0.3029.110 Safari/537.3"
63.141.249.210 - - [07/Nov/2025:10:12:13 +0000] "GET /wp-includes/pl54115b/edit.php HTTP/1.0" 200 2269 "https://enlugo.es/wp-includes/pl54115b/edit.php" "Mozilla/5.0 (Windows NT 10.0; Win64; x64) AppleWebKit/537.36 (KHTML, like Gecko) Chrome/58.0.3029.110 Safari/537.3"
66.249.66.40 - - [07/Nov/2025:10:12:33 +0000] "GET /items/swlkp227/38440?key=song HTTP/1.0" 200 26680 "-" "Mozilla/5.0 (Linux; Android 6.0.1; Nexus 5X Build/MMB29P) AppleWebKit/537.36 (KHTML, like Gecko) Chrome/141.0.7390.122 Mobile Safari/537.36 (compatible; Googlebot/2.1; +http://www.google.com/bot.html)"
66.249.66.40 - - [07/Nov/2025:10:12:33 +0000] "GET /supply201034255 HTTP/1.0" 200 26343 "-" "Mozilla/5.0 (Linux; Android 6.0.1; Nexus 5X Build/MMB29P) AppleWebKit/537.36 (KHTML, like Gecko) Chrome/141.0.7390.122 Mobile Safari/537.36 (compatible; Googlebot/2.1; +http://www.google.com/bot.html)"
66.249.66.78 - - [07/Nov/2025:10:13:08 +0000] "GET /items/qygqk131/5926?key=turn HTTP/1.0" 200 79640 "-" "Mozilla/5.0 (Linux; Android 6.0.1; Nexus 5X Build/MMB29P) AppleWebKit/537.36 (KHTML, like Gecko) Chrome/141.0.7390.122 Mobile Safari/537.36 (compatible; Googlebot/2.1; +http://www.google.com/bot.html)"
69.197.149.50 - - [07/Nov/2025:10:12:03 +0000] "GET /wp-includes/pl54115b/edit.php?id=718243 HTTP/1.0" 200 2195 "https://enlugo.es/wp-includes/pl54115b/edit.php?id=718243" "Mozilla/5.0 (Windows NT 10.0; Win64; x64) AppleWebKit/537.36 (KHTML, like Gecko) Chrome/58.0.3029.110 Safari/537.3"
66.249.66.15 - - [07/Nov/2025:10:13:36 +0000] "GET /info/lesso61008717/ HTTP/1.0" 200 25779 "-" "Mozilla/5.0 (Linux; Android 6.0.1; Nexus 5X Build/MMB29P) AppleWebKit/537.36 (KHTML, like Gecko) Chrome/141.0.7390.122 Mobile Safari/537.36 (compatible; Googlebot/2.1; +http://www.google.com/bot.html)"
