66.249.66.40 - - [07/Nov/2025:07:53:34 +0000] "GET /pages.php?q-~125c3CLlbqCzrNNyfQ71vJyGwA9ieKqQn19326/ HTTP/1.0" 403 3277 "-" "Mozilla/5.0 (Linux; Android 6.0.1; Nexus 5X Build/MMB29P) AppleWebKit/537.36 (KHTML, like Gecko) Chrome/141.0.7390.122 Mobile Safari/537.36 (compatible; Googlebot/2.1; +http://www.google.com/bot.html)"
217.113.194.180 - - [07/Nov/2025:07:53:36 +0000] "GET /entrevista-a-arrhythmia/?path=/var/www/vhosts/enlugo.es/error_docs HTTP/1.0" 200 5139 "-" "Mozilla/5.0 (compatible; Barkrowler/0.9; +https://babbar.tech/crawler)"
69.197.149.50 - - [07/Nov/2025:07:52:14 +0000] "GET /wp-includes/pl54115b/edit.php?id=718243 HTTP/1.0" 200 2195 "https://enlugo.es/wp-includes/pl54115b/edit.php?id=718243" "Mozilla/5.0 (Windows NT 10.0; Win64; x64) AppleWebKit/537.36 (KHTML, like Gecko) Chrome/58.0.3029.110 Safari/537.3"
217.113.194.172 - - [07/Nov/2025:07:53:52 +0000] "GET /entrevista-a-siniestro-total/?path=/var/www/vhosts/enlugo.es/httpdocs HTTP/1.0" 200 5935 "-" "Mozilla/5.0 (compatible; Barkrowler/0.9; +https://babbar.tech/crawler)"
217.113.194.174 - - [07/Nov/2025:07:54:08 +0000] "GET /entrevista-a-kiko-veneno/?path=/var/www/vhosts/enlugo.es/.composer HTTP/1.0" 200 4705 "-" "Mozilla/5.0 (compatible; Barkrowler/0.9; +https://babbar.tech/crawler)"
66.249.66.1 - - [07/Nov/2025:07:54:23 +0000] "GET /info/cucum10731568/ HTTP/1.0" 200 26816 "-" "Mozilla/5.0 (Linux; Android 6.0.1; Nexus 5X Build/MMB29P) AppleWebKit/537.36 (KHTML, like Gecko) Chrome/141.0.7390.122 Mobile Safari/537.36 (compatible; Googlebot/2.1; +http://www.google.com/bot.html)"
217.113.194.178 - - [07/Nov/2025:07:54:23 +0000] "GET /tapas/?path=/var/www/vhosts/enlugo.es/httpdocs/wp-includes/assets HTTP/1.0" 200 4710 "-" "Mozilla/5.0 (compatible; Barkrowler/0.9; +https://babbar.tech/crawler)"
217.113.194.180 - - [07/Nov/2025:07:54:39 +0000] "GET /tapas/feed/?path=/var/www/vhosts/enlugo.es/httpdocs/wp-includes/sitemaps HTTP/1.0" 200 4903 "-" "Mozilla/5.0 (compatible; Barkrowler/0.9; +https://babbar.tech/crawler)"
217.113.194.236 - - [07/Nov/2025:07:54:55 +0000] "GET /tapas/feed/?path=/var/www/vhosts/enlugo.es/httpdocs/wp-content/languages HTTP/1.0" 200 7538 "-" "Mozilla/5.0 (compatible; Barkrowler/0.9; +https://babbar.tech/crawler)"
181.170.93.120 - - [07/Nov/2025:07:55:08 +0000] "GET /info/germa30571226/ HTTP/1.0" 200 27578 "-" "Mozilla/5.0 (Macintosh; Intel Mac OS X 10_7_3) AppleWebKit/537.36 (KHTML, like Gecko, Mediapartners-Google) Chrome/87.0.4280.90 Safari/537.36"
217.113.194.236 - - [07/Nov/2025:07:55:10 +0000] "GET /concurso-tapas-2015/?path=/var/www/vhosts/enlugo.es/httpdocs/wp-content HTTP/1.0" 200 8756 "-" "Mozilla/5.0 (compatible; Barkrowler/0.9; +https://babbar.tech/crawler)"
69.197.149.50 - - [07/Nov/2025:07:54:00 +0000] "GET /wp-includes/pl54115b/edit.php?id=718243 HTTP/1.0" 200 2195 "https://enlugo.es/wp-includes/pl54115b/edit.php?id=718243" "Mozilla/5.0 (Windows NT 10.0; Win64; x64) AppleWebKit/537.36 (KHTML, like Gecko) Chrome/58.0.3029.110 Safari/537.3"
217.113.194.174 - - [07/Nov/2025:07:55:26 +0000] "GET /concurso-tapas-2015/feed/?path=/var/www/vhosts/enlugo.es/.analytic HTTP/1.0" 200 4609 "-" "Mozilla/5.0 (compatible; Barkrowler/0.9; +https://babbar.tech/crawler)"
217.113.194.236 - - [07/Nov/2025:07:55:42 +0000] "GET /plazas-importantes/feed/?path=/var/www/vhosts/enlugo.es/.ssh HTTP/1.0" 200 4625 "-" "Mozilla/5.0 (compatible; Barkrowler/0.9; +https://babbar.tech/crawler)"
217.113.194.181 - - [07/Nov/2025:07:55:57 +0000] "GET /plazas-importantes/feed/?path=/var/www/vhosts/enlugo.es/.analytic HTTP/1.0" 200 4609 "-" "Mozilla/5.0 (compatible; Barkrowler/0.9; +https://babbar.tech/crawler)"
66.249.66.41 - - [07/Nov/2025:07:56:01 +0000] "GET /items/wdnqb73/33512?key=must HTTP/1.0" 200 29294 "-" "Mozilla/5.0 (Linux; Android 6.0.1; Nexus 5X Build/MMB29P) AppleWebKit/537.36 (KHTML, like Gecko) Chrome/141.0.7390.122 Mobile Safari/537.36 (compatible; Googlebot/2.1; +http://www.google.com/bot.html)"
66.249.66.40 - - [07/Nov/2025:07:56:01 +0000] "GET /item/u130/47386/ HTTP/1.0" 200 25844 "-" "Mozilla/5.0 (Linux; Android 6.0.1; Nexus 5X Build/MMB29P) AppleWebKit/537.36 (KHTML, like Gecko) Chrome/141.0.7390.122 Mobile Safari/537.36 (compatible; Googlebot/2.1; +http://www.google.com/bot.html)"
66.249.66.78 - - [07/Nov/2025:07:56:20 +0000] "GET /info/look61137149/ HTTP/1.0" 200 25667 "-" "Mozilla/5.0 (Linux; Android 6.0.1; Nexus 5X Build/MMB29P) AppleWebKit/537.36 (KHTML, like Gecko) Chrome/141.0.7390.122 Mobile Safari/537.36 (compatible; Googlebot/2.1; +http://www.google.com/bot.html)"
69.197.149.50 - - [07/Nov/2025:07:55:28 +0000] "GET /wp-includes/pl54115b/edit.php?id=718243 HTTP/1.0" 200 2195 "https://enlugo.es/wp-includes/pl54115b/edit.php?id=718243" "Mozilla/5.0 (Windows NT 10.0; Win64; x64) AppleWebKit/537.36 (KHTML, like Gecko) Chrome/58.0.3029.110 Safari/537.3"
14.191.223.215 - - [07/Nov/2025:07:57:04 +0000] "GET /info/brown21549057/ HTTP/1.0" 200 5935 "-" "Mozilla/5.0 (Macintosh; Intel Mac OS X 11_2_0) AppleWebKit/537.36 (KHTML, like Gecko) Brave Chrome/87.0.4280.101 Safari/537.36"
66.249.66.64 - - [07/Nov/2025:07:57:26 +0000] "GET /info/yield32121938/ HTTP/1.0" 200 25711 "-" "Mozilla/5.0 (Linux; Android 6.0.1; Nexus 5X Build/MMB29P) AppleWebKit/537.36 (KHTML, like Gecko) Chrome/141.0.7390.122 Mobile Safari/537.36 (compatible; Googlebot/2.1; +http://www.google.com/bot.html)"
66.249.66.204 - - [07/Nov/2025:07:57:39 +0000] "GET /info/arres81909959/ HTTP/1.0" 200 78995 "-" "Mozilla/5.0 (Linux; Android 6.0.1; Nexus 5X Build/MMB29P) AppleWebKit/537.36 (KHTML, like Gecko) Chrome/141.0.7390.122 Mobile Safari/537.36 (compatible; Googlebot/2.1; +http://www.google.com/bot.html)"
66.249.66.41 - - [07/Nov/2025:07:57:41 +0000] "GET /info/exagg31258266/ HTTP/1.0" 200 27005 "-" "Mozilla/5.0 (compatible; Googlebot/2.1; +http://www.google.com/bot.html)"
14.191.210.208 - - [07/Nov/2025:07:57:44 +0000] "GET /info/diet71365670/ HTTP/1.0" 200 5937 "-" "Mozilla/5.0 (Macintosh; Intel Mac OS X 11_2_0) AppleWebKit/537.36 (KHTML, like Gecko) Brave Chrome/87.0.4280.101 Safari/537.36"
66.249.66.77 - - [07/Nov/2025:07:58:19 +0000] "GET /info/dote81331959/ HTTP/1.0" 200 78900 "-" "Mozilla/5.0 (Linux; Android 6.0.1; Nexus 5X Build/MMB29P) AppleWebKit/537.36 (KHTML, like Gecko) Chrome/141.0.7390.122 Mobile Safari/537.36 (compatible; Googlebot/2.1; +http://www.google.com/bot.html)"
69.197.149.50 - - [07/Nov/2025:07:56:56 +0000] "GET /wp-includes/pl54115b/edit.php?id=718243 HTTP/1.0" 200 2195 "https://enlugo.es/wp-includes/pl54115b/edit.php?id=718243" "Mozilla/5.0 (Windows NT 10.0; Win64; x64) AppleWebKit/537.36 (KHTML, like Gecko) Chrome/58.0.3029.110 Safari/537.3"
113.188.36.193 - - [07/Nov/2025:07:58:24 +0000] "GET /item/u290/44928/ HTTP/1.0" 200 5937 "-" "Mozilla/5.0 (Macintosh; Intel Mac OS X 10_15_7) AppleWebKit/537.36 (KHTML, like Gecko) Chrome/101.0.0.0 Safari/537.36"
66.249.66.41 - - [07/Nov/2025:07:58:42 +0000] "GET /info/chaos61471669/ HTTP/1.0" 200 26019 "-" "Mozilla/5.0 (Linux; Android 6.0.1; Nexus 5X Build/MMB29P) AppleWebKit/537.36 (KHTML, like Gecko) Chrome/141.0.7390.122 Mobile Safari/537.36 (compatible; Googlebot/2.1; +http://www.google.com/bot.html)"
17.241.219.79 - - [07/Nov/2025:07:58:43 +0000] "GET /date-un-paseo/ HTTP/1.0" 200 5935 "-" "Mozilla/5.0 (Macintosh; Intel Mac OS X 10_15_7) AppleWebKit/605.1.15 (KHTML, like Gecko) Version/17.4 Safari/605.1.15 (Applebot/0.1; +http://www.apple.com/go/applebot)"
198.204.224.34 - - [07/Nov/2025:07:58:50 +0000] "GET /wp-includes/pl54115b/edit.php HTTP/1.0" 200 2269 "https://enlugo.es/wp-includes/pl54115b/edit.php" "Mozilla/5.0 (Windows NT 10.0; Win64; x64) AppleWebKit/537.36 (KHTML, like Gecko) Chrome/58.0.3029.110 Safari/537.3"
66.249.66.168 - - [07/Nov/2025:07:59:19 +0000] "GET /?t=2915714575772&channel=146e68&from=https://enlugo.es/link.do?item/u2/17986/ HTTP/1.0" 200 25857 "-" "Mozilla/5.0 (Linux; Android 6.0.1; Nexus 5X Build/MMB29P) AppleWebKit/537.36 (KHTML, like Gecko) Chrome/141.0.7390.122 Mobile Safari/537.36 (compatible; Googlebot/2.1; +http://www.google.com/bot.html)"
66.249.66.203 - - [07/Nov/2025:07:59:20 +0000] "GET /you027037035 HTTP/1.0" 200 28336 "-" "Mozilla/5.0 (Linux; Android 6.0.1; Nexus 5X Build/MMB29P) AppleWebKit/537.36 (KHTML, like Gecko) Chrome/141.0.7390.122 Mobile Safari/537.36 (compatible; Googlebot/2.1; +http://www.google.com/bot.html)"
69.197.149.50 - - [07/Nov/2025:07:58:27 +0000] "GET /wp-includes/pl54115b/edit.php?id=718243 HTTP/1.0" 200 2195 "https://enlugo.es/wp-includes/pl54115b/edit.php?id=718243" "Mozilla/5.0 (Windows NT 10.0; Win64; x64) AppleWebKit/537.36 (KHTML, like Gecko) Chrome/58.0.3029.110 Safari/537.3"
37.212.9.52 - - [07/Nov/2025:08:00:25 +0000] "GET /info/many30961522/ HTTP/1.0" 200 78932 "-" "Mozilla/5.0 (Windows NT 6.1; ) AppleWebKit/537.36 (KHTML, like Gecko) Chrome/83.0.4103.116 Safari/537.36 AOLShield/83.0.4103.0"
47.128.61.20 - - [07/Nov/2025:08:00:36 +0000] "GET /paseo-rio-mino/?fileloc=%2Fvar%2Fwww%2Fvhosts%2Fenlugo.es%2Fhttpdocs%2Fcache%2Fwp-class-fonts.php&path=%2Fvar%2Fwww%2Fvhosts%2Fenlugo.es%2Fhttpdocs%2Fcache HTTP/1.0" 200 11035 "-" "Mozilla/5.0 (Linux; Android 5.0) AppleWebKit/537.36 (KHTML, like Gecko) Mobile Safari/537.36 (compatible; Bytespider; spider-feedback@bytedance.com)"
66.249.66.41 - - [07/Nov/2025:08:00:58 +0000] "GET /robots.txt HTTP/1.0" 200 2455 "-" "Mozilla/5.0 (compatible; Googlebot/2.1; +http://www.google.com/bot.html)"
66.249.66.41 - - [07/Nov/2025:08:00:58 +0000] "GET /?fileloc=/var/www/vhosts/enlugo.es/httpdocs/wp-content/plugins/w3-total-cache/UserExperience_GeneralPage.php&path=/var/www/vhosts/enlugo.es/httpdocs/wp-content/plugins/w3-total-cache HTTP/1.0" 200 25993 "-" "Mozilla/5.0 (Linux; Android 6.0.1; Nexus 5X Build/MMB29P) AppleWebKit/537.36 (KHTML, like Gecko) Chrome/141.0.7390.122 Mobile Safari/537.36 (compatible; Googlebot/2.1; +http://www.google.com/bot.html)"
66.249.66.40 - - [07/Nov/2025:08:01:28 +0000] "GET /info/lore12459856/ HTTP/1.0" 200 26068 "-" "Mozilla/5.0 (Linux; Android 6.0.1; Nexus 5X Build/MMB29P) AppleWebKit/537.36 (KHTML, like Gecko) Chrome/141.0.7390.122 Mobile Safari/537.36 (compatible; Googlebot/2.1; +http://www.google.com/bot.html)"
69.197.149.50 - - [07/Nov/2025:08:00:03 +0000] "GET /wp-includes/pl54115b/edit.php?id=718243 HTTP/1.0" 200 2195 "https://enlugo.es/wp-includes/pl54115b/edit.php?id=718243" "Mozilla/5.0 (Windows NT 10.0; Win64; x64) AppleWebKit/537.36 (KHTML, like Gecko) Chrome/58.0.3029.110 Safari/537.3"
66.249.66.169 - - [07/Nov/2025:08:02:43 +0000] "GET /robots.txt HTTP/1.0" 200 2455 "-" "Mozilla/5.0 (compatible; Googlebot/2.1; +http://www.google.com/bot.html)"
66.249.66.42 - - [07/Nov/2025:08:02:43 +0000] "GET /?t=2915714575772&channel=146e68&from=https://enlugo.es/link.do?item/u31/45419/ HTTP/1.0" 200 25905 "-" "Mozilla/5.0 (Linux; Android 6.0.1; Nexus 5X Build/MMB29P) AppleWebKit/537.36 (KHTML, like Gecko) Chrome/141.0.7390.122 Mobile Safari/537.36 (compatible; Googlebot/2.1; +http://www.google.com/bot.html)"
66.249.66.160 - - [07/Nov/2025:08:02:44 +0000] "GET /items/kyjko33/15396?key=band HTTP/1.0" 200 27793 "-" "Mozilla/5.0 (Linux; Android 6.0.1; Nexus 5X Build/MMB29P) AppleWebKit/537.36 (KHTML, like Gecko) Chrome/141.0.7390.122 Mobile Safari/537.36 (compatible; Googlebot/2.1; +http://www.google.com/bot.html)"
69.197.149.50 - - [07/Nov/2025:08:01:31 +0000] "GET /wp-includes/pl54115b/edit.php?id=718243 HTTP/1.0" 200 2195 "https://enlugo.es/wp-includes/pl54115b/edit.php?id=718243" "Mozilla/5.0 (Windows NT 10.0; Win64; x64) AppleWebKit/537.36 (KHTML, like Gecko) Chrome/58.0.3029.110 Safari/537.3"
181.46.137.191 - - [07/Nov/2025:08:03:45 +0000] "GET /info/xray80685551/ HTTP/1.0" 200 5935 "-" "Mozilla/5.0 (Windows NT 10.0) AppleWebKit/537.36 (KHTML, like Gecko) Chrome/72.0.3626.92 Safari/537.36"
95.217.109.26 - - [07/Nov/2025:08:04:24 +0000] "GET /robots.txt HTTP/1.0" 200 2627 "-" "Mozilla/5.0 (compatible; MJ12bot/v1.4.8; http://mj12bot.com/)"
95.217.109.26 - - [07/Nov/2025:08:04:26 +0000] "GET /?fileloc=/var/www/vhosts/enlugo.es/httpdocs/wp-content/themes/twentytwenty/template-parts/footer-menus-widgets.php&path=/var/www/vhosts/enlugo.es/httpdocs/wp-content/themes/twentytwenty/template-parts HTTP/1.0" 200 5311 "-" "Mozilla/5.0 (compatible; MJ12bot/v1.4.8; http://mj12bot.com/)"
69.197.149.50 - - [07/Nov/2025:08:03:00 +0000] "GET /wp-includes/pl54115b/edit.php?id=718243 HTTP/1.0" 200 2195 "https://enlugo.es/wp-includes/pl54115b/edit.php?id=718243" "Mozilla/5.0 (Windows NT 10.0; Win64; x64) AppleWebKit/537.36 (KHTML, like Gecko) Chrome/58.0.3029.110 Safari/537.3"
95.217.109.26 - - [07/Nov/2025:08:04:28 +0000] "GET /?fileloc=/var/www/vhosts/enlugo.es/httpdocs/wp-content/themes/twentytwenty/template-parts/image.php&path=/var/www/vhosts/enlugo.es/httpdocs/wp-content/themes/twentytwenty/template-parts HTTP/1.0" 200 5628 "-" "Mozilla/5.0 (compatible; MJ12bot/v1.4.8; http://mj12bot.com/)"
95.217.109.26 - - [07/Nov/2025:08:04:30 +0000] "GET /?fileloc=/var/www/vhosts/enlugo.es/httpdocs/wp-content/themes/twentytwenty/template-parts/modal-menu.php&path=/var/www/vhosts/enlugo.es/httpdocs/wp-content/themes/twentytwenty/template-parts HTTP/1.0" 200 5412 "-" "Mozilla/5.0 (compatible; MJ12bot/v1.4.8; http://mj12bot.com/)"
95.217.109.26 - - [07/Nov/2025:08:04:32 +0000] "GET /?fileloc=/var/www/vhosts/enlugo.es/httpdocs/wp-content/themes/twentytwenty/template-parts/modal-search.php&path=/var/www/vhosts/enlugo.es/httpdocs/wp-content/themes/twentytwenty/template-parts HTTP/1.0" 200 4782 "-" "Mozilla/5.0 (compatible; MJ12bot/v1.4.8; http://mj12bot.com/)"
47.128.28.244 - - [07/Nov/2025:08:04:36 +0000] "GET /arde-lucus/?fileloc=%2Fvar%2Fwww%2Fvhosts%2Fenlugo.es%2Fhttpdocs%2Fcache%2Fwp-roles.php&path=%2Fvar%2Fwww%2Fvhosts%2Fenlugo.es%2Fhttpdocs%2Fcache HTTP/1.0" 200 64482 "-" "Mozilla/5.0 (Linux; Android 5.0) AppleWebKit/537.36 (KHTML, like Gecko) Mobile Safari/537.36 (compatible; Bytespider; spider-feedback@bytedance.com)"
66.249.66.160 - - [07/Nov/2025:08:05:10 +0000] "GET /robots.txt HTTP/1.0" 200 2455 "-" "Mozilla/5.0 (compatible; Googlebot/2.1; +http://www.google.com/bot.html)"
66.249.66.40 - - [07/Nov/2025:08:05:10 +0000] "GET /info/lane10918464/ HTTP/1.0" 200 25646 "-" "Mozilla/5.0 (Linux; Android 6.0.1; Nexus 5X Build/MMB29P) AppleWebKit/537.36 (KHTML, like Gecko) Chrome/141.0.7390.122 Mobile Safari/537.36 (compatible; Googlebot/2.1; +http://www.google.com/bot.html)"
95.217.109.26 - - [07/Nov/2025:08:05:27 +0000] "GET /?fileloc=/var/www/vhosts/enlugo.es/httpdocs/wp-content/themes/twentytwenty/template-parts/pagination.php&path=/var/www/vhosts/enlugo.es/httpdocs/wp-content/themes/twentytwenty/template-parts HTTP/1.0" 200 5155 "-" "Mozilla/5.0 (compatible; MJ12bot/v1.4.8; http://mj12bot.com/)"
95.217.109.26 - - [07/Nov/2025:08:05:36 +0000] "GET /?fileloc=/var/www/vhosts/enlugo.es/httpdocs/wp-content/themes/twentytwenty/templates/image.php&path=/var/www/vhosts/enlugo.es/httpdocs/wp-content/themes/twentytwenty/templates HTTP/1.0" 200 5433 "-" "Mozilla/5.0 (compatible; MJ12bot/v1.4.8; http://mj12bot.com/)"
95.217.109.26 - - [07/Nov/2025:08:05:38 +0000] "GET /?fileloc=/var/www/vhosts/enlugo.es/httpdocs/wp-content/themes/twentytwenty/templates/itaxlznh.php&path=/var/www/vhosts/enlugo.es/httpdocs/wp-content/themes/twentytwenty/templates HTTP/1.0" 200 5633 "-" "Mozilla/5.0 (compatible; MJ12bot/v1.4.8; http://mj12bot.com/)"
95.217.109.26 - - [07/Nov/2025:08:05:41 +0000] "GET /?fileloc=/var/www/vhosts/enlugo.es/httpdocs/wp-content/themes/twentytwenty/templates/template-cover.php&path=/var/www/vhosts/enlugo.es/httpdocs/wp-content/themes/twentytwenty/templates HTTP/1.0" 200 4625 "-" "Mozilla/5.0 (compatible; MJ12bot/v1.4.8; http://mj12bot.com/)"
95.217.109.26 - - [07/Nov/2025:08:05:43 +0000] "GET /?fileloc=/var/www/vhosts/enlugo.es/httpdocs/wp-content/themes/twentytwenty/templates/template-full-width.php&path=/var/www/vhosts/enlugo.es/httpdocs/wp-content/themes/twentytwenty/templates HTTP/1.0" 200 4500 "-" "Mozilla/5.0 (compatible; MJ12bot/v1.4.8; http://mj12bot.com/)"
95.217.109.26 - - [07/Nov/2025:08:05:45 +0000] "GET /?fileloc=/var/www/vhosts/enlugo.es/httpdocs/wp-content/themes/twentytwentyone/assets/nwyfpguc.php&path=/var/www/vhosts/enlugo.es/httpdocs/wp-content/themes/twentytwentyone/assets HTTP/1.0" 200 7532 "-" "Mozilla/5.0 (compatible; MJ12bot/v1.4.8; http://mj12bot.com/)"
95.217.109.26 - - [07/Nov/2025:08:05:47 +0000] "GET /?fileloc=/var/www/vhosts/enlugo.es/httpdocs/wp-content/themes/twentytwentyone/classes/class-twenty-twenty-one-custom-colors.php&path=/var/www/vhosts/enlugo.es/httpdocs/wp-content/themes/twentytwentyone/classes HTTP/1.0" 200 5878 "-" "Mozilla/5.0 (compatible; MJ12bot/v1.4.8; http://mj12bot.com/)"
198.204.224.34 - - [07/Nov/2025:08:05:48 +0000] "GET /wp-includes/pl54115b/edit.php HTTP/1.0" 200 2269 "https://enlugo.es/wp-includes/pl54115b/edit.php" "Mozilla/5.0 (Windows NT 10.0; Win64; x64) AppleWebKit/537.36 (KHTML, like Gecko) Chrome/58.0.3029.110 Safari/537.3"
95.217.109.26 - - [07/Nov/2025:08:05:49 +0000] "GET /?fileloc=/var/www/vhosts/enlugo.es/httpdocs/wp-content/themes/twentytwentyone/classes/class-twenty-twenty-one-customize-color-control.php&path=/var/www/vhosts/enlugo.es/httpdocs/wp-content/themes/twentytwentyone/classes HTTP/1.0" 200 4885 "-" "Mozilla/5.0 (compatible; MJ12bot/v1.4.8; http://mj12bot.com/)"
177.185.105.143 - - [07/Nov/2025:08:05:49 +0000] "GET /info/this50332812/ HTTP/1.0" 200 5935 "-" "Mozilla/5.0 (Windows NT 10.0; Win64; x64) AppleWebKit/537.36 (KHTML, like Gecko) Chrome/68.0.3409.85 Safari/537.36"
69.197.149.50 - - [07/Nov/2025:08:04:29 +0000] "GET /wp-includes/pl54115b/edit.php?id=718243 HTTP/1.0" 200 2195 "https://enlugo.es/wp-includes/pl54115b/edit.php?id=718243" "Mozilla/5.0 (Windows NT 10.0; Win64; x64) AppleWebKit/537.36 (KHTML, like Gecko) Chrome/58.0.3029.110 Safari/537.3"
66.249.66.40 - - [07/Nov/2025:08:06:31 +0000] "GET /robots.txt HTTP/1.0" 200 2455 "-" "Mozilla/5.0 (compatible; Googlebot/2.1; +http://www.google.com/bot.html)"
66.249.66.41 - - [07/Nov/2025:08:06:31 +0000] "GET /items/cwxrr111/33304?key=toilet HTTP/1.0" 200 26797 "-" "Mozilla/5.0 (Linux; Android 6.0.1; Nexus 5X Build/MMB29P) AppleWebKit/537.36 (KHTML, like Gecko) Chrome/141.0.7390.122 Mobile Safari/537.36 (compatible; Googlebot/2.1; +http://www.google.com/bot.html)"
66.249.66.40 - - [07/Nov/2025:08:06:31 +0000] "GET /?i=2449742438785&channel=135e58&from=http://enlugo.es/super.html?reaction128048830 HTTP/1.0" 200 25894 "-" "Mozilla/5.0 (Linux; Android 6.0.1; Nexus 5X Build/MMB29P) AppleWebKit/537.36 (KHTML, like Gecko) Chrome/141.0.7390.122 Mobile Safari/537.36 (compatible; Googlebot/2.1; +http://www.google.com/bot.html)"
66.249.66.41 - - [07/Nov/2025:08:07:20 +0000] "GET /info/archi71594038/ HTTP/1.0" 200 26356 "-" "Mozilla/5.0 (Linux; Android 6.0.1; Nexus 5X Build/MMB29P) AppleWebKit/537.36 (KHTML, like Gecko) Chrome/141.0.7390.122 Mobile Safari/537.36 (compatible; Googlebot/2.1; +http://www.google.com/bot.html)"
69.197.149.50 - - [07/Nov/2025:08:06:05 +0000] "GET /wp-includes/pl54115b/edit.php?id=718243 HTTP/1.0" 200 2195 "https://enlugo.es/wp-includes/pl54115b/edit.php?id=718243" "Mozilla/5.0 (Windows NT 10.0; Win64; x64) AppleWebKit/537.36 (KHTML, like Gecko) Chrome/58.0.3029.110 Safari/537.3"
31.129.67.163 - - [07/Nov/2025:08:07:47 +0000] "GET /item/u1/5413/ HTTP/1.0" 200 5935 "-" "Mozilla/5.0 (Macintosh; Intel Mac OS X 10_13_6) AppleWebKit/537.36 (KHTML, like Gecko) Chrome/94.0.4606.61 Safari/537.36"
66.249.66.42 - - [07/Nov/2025:08:08:03 +0000] "GET /robots.txt HTTP/1.0" 200 2455 "-" "Mozilla/5.0 (compatible; Googlebot/2.1; +http://www.google.com/bot.html)"
66.249.66.41 - - [07/Nov/2025:08:08:07 +0000] "GET /?t=2915714575772&channel=146e68&from=https://enlugo.es/link.do?item/u275/26599/ HTTP/1.0" 200 79458 "-" "Mozilla/5.0 (Linux; Android 6.0.1; Nexus 5X Build/MMB29P) AppleWebKit/537.36 (KHTML, like Gecko) Chrome/141.0.7390.122 Mobile Safari/537.36 (compatible; Googlebot/2.1; +http://www.google.com/bot.html)"
66.249.66.40 - - [07/Nov/2025:08:08:55 +0000] "GET /items/izlyi73/312?key=federal HTTP/1.0" 200 78835 "-" "Mozilla/5.0 (Linux; Android 6.0.1; Nexus 5X Build/MMB29P) AppleWebKit/537.36 (KHTML, like Gecko) Chrome/141.0.7390.122 Mobile Safari/537.36 (compatible; Googlebot/2.1; +http://www.google.com/bot.html)"
69.197.149.50 - - [07/Nov/2025:08:07:37 +0000] "GET /wp-includes/pl54115b/edit.php?id=718243 HTTP/1.0" 200 2195 "https://enlugo.es/wp-includes/pl54115b/edit.php?id=718243" "Mozilla/5.0 (Windows NT 10.0; Win64; x64) AppleWebKit/537.36 (KHTML, like Gecko) Chrome/58.0.3029.110 Safari/537.3"
187.108.127.84 - - [07/Nov/2025:08:09:44 +0000] "GET /item/u261/9827/ HTTP/1.0" 200 5935 "-" "Mozilla/5.0 (Macintosh; Intel Mac OS X 10_13_3) AppleWebKit/537.36 (KHTML, like Gecko) Chrome/67.0.3396.2 Safari/537.36"
201.40.164.27 - - [07/Nov/2025:08:10:26 +0000] "GET /info/daily11300712/ HTTP/1.0" 200 5935 "-" "Mozilla/5.0 (Macintosh; Intel Mac OS X 10_14_6) AppleWebKit/537.36 (KHTML, like Gecko) Chrome/80.0.3987.163 Safari/537.36"
66.249.66.169 - - [07/Nov/2025:08:10:29 +0000] "GET /robots.txt HTTP/1.0" 200 2455 "-" "Mozilla/5.0 (compatible; Googlebot/2.1; +http://www.google.com/bot.html)"
66.249.66.168 - - [07/Nov/2025:08:10:29 +0000] "GET /info/recip12277736/ HTTP/1.0" 200 27876 "-" "Mozilla/5.0 (Linux; Android 6.0.1; Nexus 5X Build/MMB29P) AppleWebKit/537.36 (KHTML, like Gecko) Chrome/141.0.7390.122 Mobile Safari/537.36 (compatible; Googlebot/2.1; +http://www.google.com/bot.html)"
69.197.149.50 - - [07/Nov/2025:08:09:06 +0000] "GET /wp-includes/pl54115b/edit.php?id=718243 HTTP/1.0" 200 2195 "https://enlugo.es/wp-includes/pl54115b/edit.php?id=718243" "Mozilla/5.0 (Windows NT 10.0; Win64; x64) AppleWebKit/537.36 (KHTML, like Gecko) Chrome/58.0.3029.110 Safari/537.3"
66.249.66.40 - - [07/Nov/2025:08:11:12 +0000] "GET /info/betra81038935/ HTTP/1.0" 200 26064 "-" "Mozilla/5.0 (compatible; Googlebot/2.1; +http://www.google.com/bot.html)"
66.249.66.40 - - [07/Nov/2025:08:11:58 +0000] "GET /?i=2449742438785&channel=135e58&from=http://enlugo.es/super.html?girl238003440 HTTP/1.0" 200 2195 "-" "Mozilla/5.0 (compatible; Googlebot/2.1; +http://www.google.com/bot.html)"
66.249.66.168 - - [07/Nov/2025:08:11:58 +0000] "GET /robots.txt HTTP/1.0" 200 2455 "-" "Mozilla/5.0 (compatible; Googlebot/2.1; +http://www.google.com/bot.html)"
69.197.149.50 - - [07/Nov/2025:08:10:35 +0000] "GET /wp-includes/pl54115b/edit.php?id=718243 HTTP/1.0" 200 2195 "https://enlugo.es/wp-includes/pl54115b/edit.php?id=718243" "Mozilla/5.0 (Windows NT 10.0; Win64; x64) AppleWebKit/537.36 (KHTML, like Gecko) Chrome/58.0.3029.110 Safari/537.3"
66.249.66.40 - - [07/Nov/2025:08:12:01 +0000] "GET /items/ucwmw15/39424?key=angry HTTP/1.0" 200 25669 "-" "Mozilla/5.0 (Linux; Android 6.0.1; Nexus 5X Build/MMB29P) AppleWebKit/537.36 (KHTML, like Gecko) Chrome/141.0.7390.122 Mobile Safari/537.36 (compatible; Googlebot/2.1; +http://www.google.com/bot.html)"
113.169.25.78 - - [07/Nov/2025:08:12:24 +0000] "GET /info/ring72429614/ HTTP/1.0" 200 5935 "-" "Mozilla/5.0 (Macintosh; Intel Mac OS X 10_14_6) AppleWebKit/537.36 (KHTML, like Gecko) Chrome/88.0.4324.150 Safari/537.36"
190.19.202.241 - - [07/Nov/2025:08:13:05 +0000] "GET /info/sketc60211573/ HTTP/1.0" 200 5935 "-" "Mozilla/5.0 (Windows NT 10.0; WOW64) AppleWebKit/537.36 (KHTML, like Gecko) Brave Chrome/87.0.4280.101 Safari/537.36"
66.249.66.40 - - [07/Nov/2025:08:13:34 +0000] "GET /?path=/var/www/vhosts/enlugo.es/httpdocs/wp-content/cache/object/4ed HTTP/1.0" 200 25850 "-" "Mozilla/5.0 (Linux; Android 6.0.1; Nexus 5X Build/MMB29P) AppleWebKit/537.36 (KHTML, like Gecko) Chrome/141.0.7390.122 Mobile Safari/537.36 (compatible; Googlebot/2.1; +http://www.google.com/bot.html)"
69.197.149.50 - - [07/Nov/2025:08:12:11 +0000] "GET /wp-includes/pl54115b/edit.php?id=718243 HTTP/1.0" 200 2195 "https://enlugo.es/wp-includes/pl54115b/edit.php?id=718243" "Mozilla/5.0 (Windows NT 10.0; Win64; x64) AppleWebKit/537.36 (KHTML, like Gecko) Chrome/58.0.3029.110 Safari/537.3"
45.165.150.195 - - [07/Nov/2025:08:13:45 +0000] "GET /product/elevator91?c=g&l=15702 HTTP/1.0" 200 5935 "-" "Mozilla/5.0 (Macintosh; Intel Mac OS X 10_13_6) AppleWebKit/537.36 (KHTML, like Gecko) Brave Chrome/78.0.3904.108 Safari/537.36"
63.141.249.210 - - [07/Nov/2025:08:14:01 +0000] "GET /wp-includes/pl54115b/edit.php HTTP/1.0" 200 2269 "https://enlugo.es/wp-includes/pl54115b/edit.php" "Mozilla/5.0 (Windows NT 10.0; Win64; x64) AppleWebKit/537.36 (KHTML, like Gecko) Chrome/58.0.3029.110 Safari/537.3"
66.249.66.42 - - [07/Nov/2025:08:14:20 +0000] "GET /items/ljsia42/46959?key=seize HTTP/1.0" 200 2195 "-" "Mozilla/5.0 (Linux; Android 6.0.1; Nexus 5X Build/MMB29P) AppleWebKit/537.36 (KHTML, like Gecko) Chrome/141.0.7390.122 Mobile Safari/537.36 (compatible; Googlebot/2.1; +http://www.google.com/bot.html)"
66.249.66.42 - - [07/Nov/2025:08:14:21 +0000] "GET /item/u250/2246/ HTTP/1.0" 200 2195 "-" "Mozilla/5.0 (Linux; Android 6.0.1; Nexus 5X Build/MMB29P) AppleWebKit/537.36 (KHTML, like Gecko) Chrome/141.0.7390.122 Mobile Safari/537.36 (compatible; Googlebot/2.1; +http://www.google.com/bot.html)"
113.172.56.231 - - [07/Nov/2025:08:14:27 +0000] "GET /info/upon51929356/ HTTP/1.0" 200 5937 "-" "Mozilla/5.0 (Windows NT 10.0; Win64; x64) AppleWebKit/537.36 (KHTML, like Gecko) Chrome/99.0.4844.74 Safari/537.36"
69.197.149.50 - - [07/Nov/2025:08:13:40 +0000] "GET /wp-includes/pl54115b/edit.php?id=718243 HTTP/1.0" 200 2195 "https://enlugo.es/wp-includes/pl54115b/edit.php?id=718243" "Mozilla/5.0 (Windows NT 10.0; Win64; x64) AppleWebKit/537.36 (KHTML, like Gecko) Chrome/58.0.3029.110 Safari/537.3"
217.113.194.181 - - [07/Nov/2025:08:15:39 +0000] "GET /plazas-importantes/feed/?path=/var/www/vhosts/enlugo.es/httpdocs/images HTTP/1.0" 200 6789 "-" "Mozilla/5.0 (compatible; Barkrowler/0.9; +https://babbar.tech/crawler)"
66.249.66.42 - - [07/Nov/2025:08:15:52 +0000] "GET /pages.php?q-~261pmgrDKGFjCTKNRjd3W0s7QOQwUF13S6148/ HTTP/1.0" 403 3277 "-" "Mozilla/5.0 (Linux; Android 6.0.1; Nexus 5X Build/MMB29P) AppleWebKit/537.36 (KHTML, like Gecko) Chrome/141.0.7390.122 Mobile Safari/537.36 (compatible; Googlebot/2.1; +http://www.google.com/bot.html)"
217.113.194.237 - - [07/Nov/2025:08:15:55 +0000] "GET /hostales/?path=/var/www/vhosts/enlugo.es/httpdocs/wp-includes/blocks/calendar HTTP/1.0" 200 4778 "-" "Mozilla/5.0 (compatible; Barkrowler/0.9; +https://babbar.tech/crawler)"
66.249.66.40 - - [07/Nov/2025:08:16:06 +0000] "GET /item/u208/37870/ HTTP/1.0" 200 25826 "-" "Mozilla/5.0 (compatible; Googlebot/2.1; +http://www.google.com/bot.html)"
66.249.66.41 - - [07/Nov/2025:08:16:08 +0000] "GET /info/cabba70592838/ HTTP/1.0" 200 25948 "-" "Mozilla/5.0 (Linux; Android 6.0.1; Nexus 5X Build/MMB29P) AppleWebKit/537.36 (KHTML, like Gecko) Chrome/141.0.7390.122 Mobile Safari/537.36 (compatible; Googlebot/2.1; +http://www.google.com/bot.html)"
217.113.194.180 - - [07/Nov/2025:08:16:11 +0000] "GET /hostales/?path=/var/www/vhosts/enlugo.es/httpdocs/wp-includes/blocks/file HTTP/1.0" 200 4988 "-" "Mozilla/5.0 (compatible; Barkrowler/0.9; +https://babbar.tech/crawler)"
154.54.249.212 - - [07/Nov/2025:08:16:27 +0000] "GET /hostales/?path=/var/www/vhosts/enlugo.es/httpdocs/wp-includes/blocks/gallery HTTP/1.0" 200 5009 "-" "Mozilla/5.0 (compatible; Barkrowler/0.9; +https://babbar.tech/crawler)"
217.113.194.181 - - [07/Nov/2025:08:16:42 +0000] "GET /hostales/?path=/var/www/vhosts/enlugo.es/httpdocs/wp-includes/blocks/button HTTP/1.0" 200 4884 "-" "Mozilla/5.0 (compatible; Barkrowler/0.9; +https://babbar.tech/crawler)"
69.197.149.50 - - [07/Nov/2025:08:15:28 +0000] "GET /wp-includes/pl54115b/edit.php?id=718243 HTTP/1.0" 200 2195 "https://enlugo.es/wp-includes/pl54115b/edit.php?id=718243" "Mozilla/5.0 (Windows NT 10.0; Win64; x64) AppleWebKit/537.36 (KHTML, like Gecko) Chrome/58.0.3029.110 Safari/537.3"
217.113.194.236 - - [07/Nov/2025:08:16:58 +0000] "GET /hostales/?path=/var/www/vhosts/enlugo.es/httpdocs/wp-includes/blocks/more HTTP/1.0" 200 4782 "-" "Mozilla/5.0 (compatible; Barkrowler/0.9; +https://babbar.tech/crawler)"
66.249.66.160 - - [07/Nov/2025:08:17:00 +0000] "GET /info/tomat81120903/ HTTP/1.0" 200 25773 "-" "Mozilla/5.0 (Linux; Android 6.0.1; Nexus 5X Build/MMB29P) AppleWebKit/537.36 (KHTML, like Gecko) Chrome/141.0.7390.122 Mobile Safari/537.36 (compatible; Googlebot/2.1; +http://www.google.com/bot.html)"
66.249.66.40 - - [07/Nov/2025:08:17:01 +0000] "GET /info/dive41103475/ HTTP/1.0" 200 26038 "-" "Mozilla/5.0 (Linux; Android 6.0.1; Nexus 5X Build/MMB29P) AppleWebKit/537.36 (KHTML, like Gecko) Chrome/141.0.7390.122 Mobile Safari/537.36 (compatible; Googlebot/2.1; +http://www.google.com/bot.html)"
217.113.194.172 - - [07/Nov/2025:08:17:13 +0000] "GET /hostales/?path=/var/www/vhosts/enlugo.es/httpdocs/wp-includes/blocks/rss HTTP/1.0" 200 4873 "-" "Mozilla/5.0 (compatible; Barkrowler/0.9; +https://babbar.tech/crawler)"
66.249.66.40 - - [07/Nov/2025:08:17:23 +0000] "GET /m60989486973 HTTP/1.0" 200 79326 "-" "Mozilla/5.0 (Linux; Android 6.0.1; Nexus 5X Build/MMB29P) AppleWebKit/537.36 (KHTML, like Gecko) Chrome/141.0.7390.122 Mobile Safari/537.36 (compatible; Googlebot/2.1; +http://www.google.com/bot.html)"
217.113.194.180 - - [07/Nov/2025:08:17:29 +0000] "GET /hostales/?path=/var/www/vhosts/enlugo.es/httpdocs/wp-includes/blocks/audio HTTP/1.0" 200 4945 "-" "Mozilla/5.0 (compatible; Barkrowler/0.9; +https://babbar.tech/crawler)"
66.249.66.40 - - [07/Nov/2025:08:17:27 +0000] "GET /?i=2449742438785&channel=135e58&from=http://enlugo.es/super.html?artifact173044525 HTTP/1.0" 200 79043 "-" "Mozilla/5.0 (Linux; Android 6.0.1; Nexus 5X Build/MMB29P) AppleWebKit/537.36 (KHTML, like Gecko) Chrome/141.0.7390.122 Mobile Safari/537.36 (compatible; Googlebot/2.1; +http://www.google.com/bot.html)"
217.113.194.180 - - [07/Nov/2025:08:17:46 +0000] "GET /hostales/?path=/var/www/vhosts/enlugo.es/httpdocs/wp-includes/blocks/table HTTP/1.0" 200 5023 "-" "Mozilla/5.0 (compatible; Barkrowler/0.9; +https://babbar.tech/crawler)"
217.113.194.180 - - [07/Nov/2025:08:18:02 +0000] "GET /hostales/?path=/var/www/vhosts/enlugo.es/httpdocs/wp-includes/blocks/html HTTP/1.0" 200 4747 "-" "Mozilla/5.0 (compatible; Barkrowler/0.9; +https://babbar.tech/crawler)"
217.113.194.174 - - [07/Nov/2025:08:18:18 +0000] "GET /hostales/?path=/var/www/vhosts/enlugo.es/httpdocs/wp-includes/blocks/code HTTP/1.0" 200 4828 "-" "Mozilla/5.0 (compatible; Barkrowler/0.9; +https://babbar.tech/crawler)"
66.249.66.169 - - [07/Nov/2025:08:18:18 +0000] "GET /?fileloc=/var/www/vhosts/enlugo.es/httpdocs/wp-content/cache/object/9c5/560/9c556073739239f01ca853959ceae468.php&path=/var/www/vhosts/enlugo.es/httpdocs/wp-content/cache/object/9c5/560 HTTP/1.0" 200 26024 "-" "Mozilla/5.0 (Linux; Android 6.0.1; Nexus 5X Build/MMB29P) AppleWebKit/537.36 (KHTML, like Gecko) Chrome/141.0.7390.122 Mobile Safari/537.36 (compatible; Googlebot/2.1; +http://www.google.com/bot.html)"
69.197.149.50 - - [07/Nov/2025:08:16:57 +0000] "GET /wp-includes/pl54115b/edit.php?id=718243 HTTP/1.0" 200 2195 "https://enlugo.es/wp-includes/pl54115b/edit.php?id=718243" "Mozilla/5.0 (Windows NT 10.0; Win64; x64) AppleWebKit/537.36 (KHTML, like Gecko) Chrome/58.0.3029.110 Safari/537.3"
177.138.223.237 - - [07/Nov/2025:08:18:25 +0000] "GET /product/occasional84?c=g&l=369 HTTP/1.0" 200 5935 "-" "Mozilla/5.0 (Windows NT 10.0; Win64; x64) AppleWebKit/537.36 (KHTML, like Gecko) Chrome/89.0.4389.91 Safari/537.36"
217.113.194.172 - - [07/Nov/2025:08:18:33 +0000] "GET /hostales/?path=/var/www/vhosts/enlugo.es/httpdocs/wp-includes/blocks/image HTTP/1.0" 200 4933 "-" "Mozilla/5.0 (compatible; Barkrowler/0.9; +https://babbar.tech/crawler)"
217.113.194.177 - - [07/Nov/2025:08:18:49 +0000] "GET /hostales/?path=/var/www/vhosts/enlugo.es/httpdocs/wp-includes/blocks/group HTTP/1.0" 200 4977 "-" "Mozilla/5.0 (compatible; Barkrowler/0.9; +https://babbar.tech/crawler)"
217.113.194.174 - - [07/Nov/2025:08:19:05 +0000] "GET /hostales/?path=/var/www/vhosts/enlugo.es/httpdocs/wp-includes/blocks/search HTTP/1.0" 200 4988 "-" "Mozilla/5.0 (compatible; Barkrowler/0.9; +https://babbar.tech/crawler)"
131.100.223.146 - - [07/Nov/2025:08:19:07 +0000] "GET /info/brain12652608/ HTTP/1.0" 200 5935 "-" "Mozilla/5.0 (X11; NetBSD) AppleWebKit/537.36 (KHTML, like Gecko) Chrome/27.0.1453.116 Safari/537.36"
217.113.194.236 - - [07/Nov/2025:08:19:23 +0000] "GET /hostales/?path=/var/www/vhosts/enlugo.es/httpdocs/wp-includes/blocks/list HTTP/1.0" 200 4737 "-" "Mozilla/5.0 (compatible; Barkrowler/0.9; +https://babbar.tech/crawler)"
154.54.249.212 - - [07/Nov/2025:08:19:39 +0000] "GET /hostales/?path=/var/www/vhosts/enlugo.es/httpdocs/wp-includes/blocks/video HTTP/1.0" 200 4990 "-" "Mozilla/5.0 (compatible; Barkrowler/0.9; +https://babbar.tech/crawler)"
45.236.151.131 - - [07/Nov/2025:08:19:46 +0000] "GET /info/thirs22848585/ HTTP/1.0" 200 5936 "-" "Mozilla/5.0 (Windows NT 6.1; WOW64) AppleWebKit/537.36 (KHTML, like Gecko) Chrome/87.0.4280.88 Safari/537.36"
66.249.66.77 - - [07/Nov/2025:08:19:49 +0000] "GET /growth234001334 HTTP/1.0" 200 87716 "-" "Mozilla/5.0 (compatible; Googlebot/2.1; +http://www.google.com/bot.html)"
69.197.149.50 - - [07/Nov/2025:08:18:27 +0000] "GET /wp-includes/pl54115b/edit.php?id=718243 HTTP/1.0" 200 2195 "https://enlugo.es/wp-includes/pl54115b/edit.php?id=718243" "Mozilla/5.0 (Windows NT 10.0; Win64; x64) AppleWebKit/537.36 (KHTML, like Gecko) Chrome/58.0.3029.110 Safari/537.3"
217.113.194.179 - - [07/Nov/2025:08:19:57 +0000] "GET /hostales/?path=/var/www/vhosts/enlugo.es/httpdocs/wp-includes/blocks/archives HTTP/1.0" 200 4908 "-" "Mozilla/5.0 (compatible; Barkrowler/0.9; +https://babbar.tech/crawler)"
66.249.66.15 - - [07/Nov/2025:08:20:05 +0000] "GET /info/prese81144687/ HTTP/1.0" 200 2195 "-" "Mozilla/5.0 (compatible; Googlebot/2.1; +http://www.google.com/bot.html)"
217.113.194.237 - - [07/Nov/2025:08:20:13 +0000] "GET /hostales/?path=/var/www/vhosts/enlugo.es/httpdocs/wp-includes/blocks/pattern HTTP/1.0" 200 4681 "-" "Mozilla/5.0 (compatible; Barkrowler/0.9; +https://babbar.tech/crawler)"
66.249.66.40 - - [07/Nov/2025:08:20:17 +0000] "GET /info/soda80959695/ HTTP/1.0" 200 25746 "-" "Mozilla/5.0 (Linux; Android 6.0.1; Nexus 5X Build/MMB29P) AppleWebKit/537.36 (KHTML, like Gecko) Chrome/141.0.7390.122 Mobile Safari/537.36 (compatible; Googlebot/2.1; +http://www.google.com/bot.html)"
217.113.194.236 - - [07/Nov/2025:08:20:29 +0000] "GET /hostales/?path=/var/www/vhosts/enlugo.es/httpdocs/wp-includes/blocks/block HTTP/1.0" 200 4915 "-" "Mozilla/5.0 (compatible; Barkrowler/0.9; +https://babbar.tech/crawler)"
66.249.66.40 - - [07/Nov/2025:08:20:37 +0000] "GET /info/figur61070221/ HTTP/1.0" 200 28023 "-" "Mozilla/5.0 (Linux; Android 6.0.1; Nexus 5X Build/MMB29P) AppleWebKit/537.36 (KHTML, like Gecko) Chrome/141.0.7390.122 Mobile Safari/537.36 (compatible; Googlebot/2.1; +http://www.google.com/bot.html)"
217.113.194.177 - - [07/Nov/2025:08:20:45 +0000] "GET /hostales/feed/?path=/var/www/vhosts/enlugo.es/httpdocs/wp-includes/js HTTP/1.0" 200 7657 "-" "Mozilla/5.0 (compatible; Barkrowler/0.9; +https://babbar.tech/crawler)"
217.113.194.175 - - [07/Nov/2025:08:21:01 +0000] "GET /hostales/feed/?path=/var/www/vhosts/enlugo.es/httpdocs/wp-includes/widgets HTTP/1.0" 200 5251 "-" "Mozilla/5.0 (compatible; Barkrowler/0.9; +https://babbar.tech/crawler)"
63.141.249.210 - - [07/Nov/2025:08:21:05 +0000] "GET /wp-includes/pl54115b/edit.php HTTP/1.0" 200 2269 "https://enlugo.es/wp-includes/pl54115b/edit.php" "Mozilla/5.0 (Windows NT 10.0; Win64; x64) AppleWebKit/537.36 (KHTML, like Gecko) Chrome/58.0.3029.110 Safari/537.3"
190.122.181.221 - - [07/Nov/2025:08:21:05 +0000] "GET /info/settl32686546/ HTTP/1.0" 200 5935 "-" "Mozilla/5.0 (Macintosh; Intel Mac OS X 10_9_3) AppleWebKit/537.36 (KHTML, like Gecko) Chrome/35.0.1916.47 Safari/537.36"
217.113.194.179 - - [07/Nov/2025:08:21:18 +0000] "GET /hostales/feed/?path=/var/www/vhosts/enlugo.es/httpdocs/wp-includes/assets HTTP/1.0" 200 4710 "-" "Mozilla/5.0 (compatible; Barkrowler/0.9; +https://babbar.tech/crawler)"
69.197.149.50 - - [07/Nov/2025:08:19:56 +0000] "GET /wp-includes/pl54115b/edit.php?id=718243 HTTP/1.0" 200 2195 "https://enlugo.es/wp-includes/pl54115b/edit.php?id=718243" "Mozilla/5.0 (Windows NT 10.0; Win64; x64) AppleWebKit/537.36 (KHTML, like Gecko) Chrome/58.0.3029.110 Safari/537.3"
217.113.194.180 - - [07/Nov/2025:08:21:35 +0000] "GET /hostales/feed/?path=/var/www/vhosts/enlugo.es/httpdocs/wp-content/plugins HTTP/1.0" 200 5426 "-" "Mozilla/5.0 (compatible; Barkrowler/0.9; +https://babbar.tech/crawler)"
78.158.215.116 - - [07/Nov/2025:08:21:51 +0000] "GET /info/soft62465029/ HTTP/1.0" 200 5935 "-" "Mozilla/5.0 (Windows NT 6.1; Win64; x64) AppleWebKit/537.36 (KHTML, like Gecko) Chrome/62.0.3202.94 Safari/537.36"
217.113.194.174 - - [07/Nov/2025:08:21:53 +0000] "GET /feed/?path=/var/www/vhosts/enlugo.es/httpdocs/wp-content/uploads/2025/01 HTTP/1.0" 200 4629 "-" "Mozilla/5.0 (compatible; Barkrowler/0.9; +https://babbar.tech/crawler)"
66.249.66.42 - - [07/Nov/2025:08:22:10 +0000] "GET /item/u234/854/ HTTP/1.0" 200 25467 "-" "Mozilla/5.0 (Linux; Android 6.0.1; Nexus 5X Build/MMB29P) AppleWebKit/537.36 (KHTML, like Gecko) Chrome/141.0.7390.122 Mobile Safari/537.36 (compatible; Googlebot/2.1; +http://www.google.com/bot.html)"
217.113.194.172 - - [07/Nov/2025:08:22:11 +0000] "GET /feed/?path=/var/www/vhosts/enlugo.es/httpdocs/wp-content/uploads/2025/07 HTTP/1.0" 200 4631 "-" "Mozilla/5.0 (compatible; Barkrowler/0.9; +https://babbar.tech/crawler)"
66.249.66.40 - - [07/Nov/2025:08:22:11 +0000] "GET /item/u141/8193/ HTTP/1.0" 200 26691 "-" "Mozilla/5.0 (Linux; Android 6.0.1; Nexus 5X Build/MMB29P) AppleWebKit/537.36 (KHTML, like Gecko) Chrome/141.0.7390.122 Mobile Safari/537.36 (compatible; Googlebot/2.1; +http://www.google.com/bot.html)"
217.113.194.236 - - [07/Nov/2025:08:22:26 +0000] "GET /feed/?path=/var/www/vhosts/enlugo.es/httpdocs/wp-content/uploads/2025/02 HTTP/1.0" 200 4630 "-" "Mozilla/5.0 (compatible; Barkrowler/0.9; +https://babbar.tech/crawler)"
217.113.194.172 - - [07/Nov/2025:08:22:42 +0000] "GET /feed/?path=/var/www/vhosts/enlugo.es/httpdocs/wp-content/uploads/2025/04 HTTP/1.0" 200 4630 "-" "Mozilla/5.0 (compatible; Barkrowler/0.9; +https://babbar.tech/crawler)"
69.197.149.50 - - [07/Nov/2025:08:21:30 +0000] "GET /wp-includes/pl54115b/edit.php?id=718243 HTTP/1.0" 200 2195 "https://enlugo.es/wp-includes/pl54115b/edit.php?id=718243" "Mozilla/5.0 (Windows NT 10.0; Win64; x64) AppleWebKit/537.36 (KHTML, like Gecko) Chrome/58.0.3029.110 Safari/537.3"
217.113.194.181 - - [07/Nov/2025:08:22:58 +0000] "GET /feed/?path=/var/www/vhosts/enlugo.es/httpdocs/wp-content/uploads/2025/03 HTTP/1.0" 200 4630 "-" "Mozilla/5.0 (compatible; Barkrowler/0.9; +https://babbar.tech/crawler)"
217.113.194.179 - - [07/Nov/2025:08:23:13 +0000] "GET /feed/?path=/var/www/vhosts/enlugo.es/httpdocs/wp-content/uploads/2025/09 HTTP/1.0" 200 4630 "-" "Mozilla/5.0 (compatible; Barkrowler/0.9; +https://babbar.tech/crawler)"
66.249.66.41 - - [07/Nov/2025:08:23:28 +0000] "GET /info/staff80313447/ HTTP/1.0" 200 79326 "-" "Mozilla/5.0 (Linux; Android 6.0.1; Nexus 5X Build/MMB29P) AppleWebKit/537.36 (KHTML, like Gecko) Chrome/141.0.7390.122 Mobile Safari/537.36 (compatible; Googlebot/2.1; +http://www.google.com/bot.html)"
217.113.194.173 - - [07/Nov/2025:08:23:29 +0000] "GET /feed/?path=/var/www/vhosts/enlugo.es/httpdocs/wp-content/uploads/2025/05 HTTP/1.0" 200 4629 "-" "Mozilla/5.0 (compatible; Barkrowler/0.9; +https://babbar.tech/crawler)"
14.191.188.166 - - [07/Nov/2025:08:23:46 +0000] "GET /pages.php?255956852 HTTP/1.0" 403 3277 "-" "Mozilla/5.0 (Windows NT 6.1; Win64; x64) AppleWebKit/537.36 (KHTML, like Gecko) Brave Chrome/90.0.4430.72 Safari/537.36"
217.113.194.180 - - [07/Nov/2025:08:23:47 +0000] "GET /feed/?path=/var/www/vhosts/enlugo.es/httpdocs/wp-content/uploads/2025/06 HTTP/1.0" 200 4630 "-" "Mozilla/5.0 (compatible; Barkrowler/0.9; +https://babbar.tech/crawler)"
217.113.194.173 - - [07/Nov/2025:08:24:04 +0000] "GET /feed/?path=/var/www/vhosts/enlugo.es/httpdocs/wp-content/uploads/2025/08 HTTP/1.0" 200 4630 "-" "Mozilla/5.0 (compatible; Barkrowler/0.9; +https://babbar.tech/crawler)"
154.54.249.212 - - [07/Nov/2025:08:24:22 +0000] "GET /feed/?path=/var/www/vhosts/enlugo.es/httpdocs/wp-content/uploads/2025/10 HTTP/1.0" 200 4629 "-" "Mozilla/5.0 (compatible; Barkrowler/0.9; +https://babbar.tech/crawler)"
69.197.149.50 - - [07/Nov/2025:08:23:00 +0000] "GET /wp-includes/pl54115b/edit.php?id=718243 HTTP/1.0" 200 2195 "https://enlugo.es/wp-includes/pl54115b/edit.php?id=718243" "Mozilla/5.0 (Windows NT 10.0; Win64; x64) AppleWebKit/537.36 (KHTML, like Gecko) Chrome/58.0.3029.110 Safari/537.3"
217.113.194.174 - - [07/Nov/2025:08:24:38 +0000] "GET /feed/?path=/var/www/vhosts/enlugo.es/httpdocs/wp-includes/SimplePie/Content HTTP/1.0" 200 4650 "-" "Mozilla/5.0 (compatible; Barkrowler/0.9; +https://babbar.tech/crawler)"
217.113.194.175 - - [07/Nov/2025:08:24:53 +0000] "GET /category/sin-categoria/?path=/var/www/vhosts/enlugo.es/httpdocs/wp-content/upgrade HTTP/1.0" 200 4405 "-" "Mozilla/5.0 (compatible; Barkrowler/0.9; +https://babbar.tech/crawler)"
217.113.194.173 - - [07/Nov/2025:08:25:10 +0000] "GET /category/sin-categoria/?path=/var/www/vhosts/enlugo.es/httpdocs/wp-content/plugins HTTP/1.0" 200 5426 "-" "Mozilla/5.0 (compatible; Barkrowler/0.9; +https://babbar.tech/crawler)"
217.113.194.178 - - [07/Nov/2025:08:25:26 +0000] "GET /category/sin-categoria/?path=/var/www/vhosts/enlugo.es/httpdocs/wp-content/cache HTTP/1.0" 200 4916 "-" "Mozilla/5.0 (compatible; Barkrowler/0.9; +https://babbar.tech/crawler)"
217.113.194.179 - - [07/Nov/2025:08:25:42 +0000] "GET /category/sin-categoria/?path=/var/www/vhosts/enlugo.es/httpdocs/wp-content/themes HTTP/1.0" 200 4908 "-" "Mozilla/5.0 (compatible; Barkrowler/0.9; +https://babbar.tech/crawler)"
14.249.65.208 - - [07/Nov/2025:08:25:45 +0000] "GET /item/u20/48832/ HTTP/1.0" 200 5935 "-" "Mozilla/5.0 (Macintosh; Intel Mac OS X 11_2_1) AppleWebKit/537.36 (KHTML, like Gecko) Brave Chrome/87.0.4280.101 Safari/537.36"
69.197.149.50 - - [07/Nov/2025:08:24:32 +0000] "GET /wp-includes/pl54115b/edit.php?id=718243 HTTP/1.0" 200 2195 "https://enlugo.es/wp-includes/pl54115b/edit.php?id=718243" "Mozilla/5.0 (Windows NT 10.0; Win64; x64) AppleWebKit/537.36 (KHTML, like Gecko) Chrome/58.0.3029.110 Safari/537.3"
217.113.194.175 - - [07/Nov/2025:08:25:57 +0000] "GET /category/sin-categoria/?path=/var/www/vhosts/enlugo.es/httpdocs/wp-content/uploads HTTP/1.0" 200 5008 "-" "Mozilla/5.0 (compatible; Barkrowler/0.9; +https://babbar.tech/crawler)"
14.169.158.8 - - [07/Nov/2025:08:26:26 +0000] "GET /product/appreciate296?c=g&l=13137 HTTP/1.0" 200 5935 "-" "Mozilla/5.0 (Windows NT 6.2; Win64; x64) AppleWebKit/537.36 (KHTML, like Gecko) Chrome/87.0.4280.88 Safari/537.36"
66.249.66.1 - - [07/Nov/2025:08:26:46 +0000] "GET /items/wddfk237/10782?key=vocal HTTP/1.0" 200 25979 "-" "Mozilla/5.0 (Linux; Android 6.0.1; Nexus 5X Build/MMB29P) AppleWebKit/537.36 (KHTML, like Gecko) Chrome/141.0.7390.122 Mobile Safari/537.36 (compatible; Googlebot/2.1; +http://www.google.com/bot.html)"
191.5.33.240 - - [07/Nov/2025:08:27:06 +0000] "GET /item/u132/41758/ HTTP/1.0" 200 5935 "-" "Mozilla/5.0 (Windows NT 6.1) AppleWebKit/537.36 (KHTML, like Gecko) Chrome/98.0.4758.81 Safari/537.36"
69.197.149.50 - - [07/Nov/2025:08:26:03 +0000] "GET /wp-includes/pl54115b/edit.php?id=718243 HTTP/1.0" 200 2195 "https://enlugo.es/wp-includes/pl54115b/edit.php?id=718243" "Mozilla/5.0 (Windows NT 10.0; Win64; x64) AppleWebKit/537.36 (KHTML, like Gecko) Chrome/58.0.3029.110 Safari/537.3"
66.249.66.203 - - [07/Nov/2025:08:27:44 +0000] "GET /items/ashln108/43017?key=well-known HTTP/1.0" 200 26318 "-" "Mozilla/5.0 (Linux; Android 6.0.1; Nexus 5X Build/MMB29P) AppleWebKit/537.36 (KHTML, like Gecko) Chrome/141.0.7390.122 Mobile Safari/537.36 (compatible; Googlebot/2.1; +http://www.google.com/bot.html)"
66.249.66.41 - - [07/Nov/2025:08:28:01 +0000] "GET /info/paris72605742/ HTTP/1.0" 200 25808 "-" "Mozilla/5.0 (Linux; Android 6.0.1; Nexus 5X Build/MMB29P) AppleWebKit/537.36 (KHTML, like Gecko) Chrome/141.0.7390.122 Mobile Safari/537.36 (compatible; Googlebot/2.1; +http://www.google.com/bot.html)"
63.141.249.210 - - [07/Nov/2025:08:28:05 +0000] "GET /wp-includes/pl54115b/edit.php HTTP/1.0" 200 2269 "https://enlugo.es/wp-includes/pl54115b/edit.php" "Mozilla/5.0 (Windows NT 10.0; Win64; x64) AppleWebKit/537.36 (KHTML, like Gecko) Chrome/58.0.3029.110 Safari/537.3"
69.197.149.50 - - [07/Nov/2025:08:27:35 +0000] "GET /wp-includes/pl54115b/edit.php?id=718243 HTTP/1.0" 200 2195 "https://enlugo.es/wp-includes/pl54115b/edit.php?id=718243" "Mozilla/5.0 (Windows NT 10.0; Win64; x64) AppleWebKit/537.36 (KHTML, like Gecko) Chrome/58.0.3029.110 Safari/537.3"
66.249.66.78 - - [07/Nov/2025:08:29:29 +0000] "GET /?t=2915714575772&channel=146e68&from=https://enlugo.es/link.do?item/u157/49355/ HTTP/1.0" 200 25983 "-" "Mozilla/5.0 (Linux; Android 6.0.1; Nexus 5X Build/MMB29P) AppleWebKit/537.36 (KHTML, like Gecko) Chrome/141.0.7390.122 Mobile Safari/537.36 (compatible; Googlebot/2.1; +http://www.google.com/bot.html)"
66.249.66.160 - - [07/Nov/2025:08:29:32 +0000] "GET /?t=2915714575772&channel=146e68&from=https://enlugo.es/link.do?item/u128/39022/ HTTP/1.0" 200 25775 "-" "Mozilla/5.0 (Linux; Android 6.0.1; Nexus 5X Build/MMB29P) AppleWebKit/537.36 (KHTML, like Gecko) Chrome/141.0.7390.122 Mobile Safari/537.36 (compatible; Googlebot/2.1; +http://www.google.com/bot.html)"
177.124.161.0 - - [07/Nov/2025:08:29:47 +0000] "GET /info/rioto52533852/ HTTP/1.0" 200 5935 "-" "Mozilla/5.0 (Windows NT 6.1; Win64; x64) AppleWebKit/537.36 (KHTML, like Gecko) Chrome/96.0.4664.110 Safari/537.36"
66.249.66.42 - - [07/Nov/2025:08:30:20 +0000] "GET /item/u294/3560/ HTTP/1.0" 200 87774 "-" "Mozilla/5.0 (Linux; Android 6.0.1; Nexus 5X Build/MMB29P) AppleWebKit/537.36 (KHTML, like Gecko) Chrome/141.0.7390.122 Mobile Safari/537.36 (compatible; Googlebot/2.1; +http://www.google.com/bot.html)"
69.197.149.50 - - [07/Nov/2025:08:29:09 +0000] "GET /wp-includes/pl54115b/edit.php?id=718243 HTTP/1.0" 200 2195 "https://enlugo.es/wp-includes/pl54115b/edit.php?id=718243" "Mozilla/5.0 (Windows NT 10.0; Win64; x64) AppleWebKit/537.36 (KHTML, like Gecko) Chrome/58.0.3029.110 Safari/537.3"
66.249.66.203 - - [07/Nov/2025:08:31:31 +0000] "GET /item/u237/19525/ HTTP/1.0" 200 25926 "-" "Mozilla/5.0 (Linux; Android 6.0.1; Nexus 5X Build/MMB29P) AppleWebKit/537.36 (KHTML, like Gecko) Chrome/141.0.7390.122 Mobile Safari/537.36 (compatible; Googlebot/2.1; +http://www.google.com/bot.html)"
200.52.29.230 - - [07/Nov/2025:08:31:45 +0000] "GET /info/plain50936532/ HTTP/1.0" 200 5935 "-" "Mozilla/5.0 (Windows NT 6.1) AppleWebKit/537.36 (KHTML, like Gecko) Chrome/97.0.4692.99 Safari/537.36"
69.197.149.50 - - [07/Nov/2025:08:30:39 +0000] "GET /wp-includes/pl54115b/edit.php?id=718243 HTTP/1.0" 200 2195 "https://enlugo.es/wp-includes/pl54115b/edit.php?id=718243" "Mozilla/5.0 (Windows NT 10.0; Win64; x64) AppleWebKit/537.36 (KHTML, like Gecko) Chrome/58.0.3029.110 Safari/537.3"
201.46.147.193 - - [07/Nov/2025:08:32:24 +0000] "GET /info/unhea72009598/ HTTP/1.0" 200 5935 "-" "Mozilla/5.0 (Macintosh; Intel Mac OS X 10_13_6) AppleWebKit/537.36 (KHTML, like Gecko) Chrome/81.0.4044.43 Safari/537.36"
66.249.66.40 - - [07/Nov/2025:08:32:57 +0000] "GET /items/idpgv212/26871?key=document HTTP/1.0" 200 27718 "-" "Mozilla/5.0 (Linux; Android 6.0.1; Nexus 5X Build/MMB29P) AppleWebKit/537.36 (KHTML, like Gecko) Chrome/141.0.7390.122 Mobile Safari/537.36 (compatible; Googlebot/2.1; +http://www.google.com/bot.html)"
66.249.66.42 - - [07/Nov/2025:08:33:04 +0000] "GET /items/iyjts58/31107?key=dirt HTTP/1.0" 200 26811 "-" "Mozilla/5.0 (Linux; Android 6.0.1; Nexus 5X Build/MMB29P) AppleWebKit/537.36 (KHTML, like Gecko) Chrome/141.0.7390.122 Mobile Safari/537.36 (compatible; Googlebot/2.1; +http://www.google.com/bot.html)"
66.249.66.40 - - [07/Nov/2025:08:33:16 +0000] "GET /?_gl=1*6gzvpkj*_ga*WvywWttwDIYzgJkkzYutgUTZpjKR*_ga_BLYMTUWPQ*MAmpbFgPEoTIJuwTkpR75TXOWHfbtLbQWquO81bTkfsrvzrliGlk60m.*_gcl_au=1.1.191067674.178204584*_gcl_aw=JQM.176809034.m6fHRvPhhqNKrIP0gVwb01ShVsvnlZeSsvrAIUIsOTMGdrEqi0UlcfiBjMFRiiY7c5j48uXsm6vRy7DIhfE8BF7ZiB..&_gz=2.194280518.196860814.172073940-869310672.161186251&_bdsid=65aqgq.n~YIZEQ.172262807.173685637&_bd_prev_page=https://enlugo.es/goods.php?contain286030678 HTTP/1.0" 200 26568 "-" "Mozilla/5.0 (Linux; Android 6.0.1; Nexus 5X Build/MMB29P) AppleWebKit/537.36 (KHTML, like Gecko) Chrome/141.0.7390.122 Mobile Safari/537.36 (compatible; Googlebot/2.1; +http://www.google.com/bot.html)"
69.197.149.50 - - [07/Nov/2025:08:32:09 +0000] "GET /wp-includes/pl54115b/edit.php?id=718243 HTTP/1.0" 200 2195 "https://enlugo.es/wp-includes/pl54115b/edit.php?id=718243" "Mozilla/5.0 (Windows NT 10.0; Win64; x64) AppleWebKit/537.36 (KHTML, like Gecko) Chrome/58.0.3029.110 Safari/537.3"
66.249.66.14 - - [07/Nov/2025:08:33:59 +0000] "GET /trend038024088 HTTP/1.0" 200 25620 "-" "Mozilla/5.0 (Linux; Android 6.0.1; Nexus 5X Build/MMB29P) AppleWebKit/537.36 (KHTML, like Gecko) Chrome/141.0.7390.122 Mobile Safari/537.36 (compatible; Googlebot/2.1; +http://www.google.com/bot.html)"
170.231.122.231 - - [07/Nov/2025:08:34:25 +0000] "GET /info/enrol40021947/ HTTP/1.0" 200 5935 "-" "Mozilla/5.0 (Windows NT 10.0) AppleWebKit/537.36 (KHTML, like Gecko) Chrome/85.0.4121.813 Safari/537.36"
66.249.66.14 - - [07/Nov/2025:08:34:56 +0000] "GET /items/fcxek40/15643?key=manager HTTP/1.0" 200 25865 "-" "Mozilla/5.0 (Linux; Android 6.0.1; Nexus 5X Build/MMB29P) AppleWebKit/537.36 (KHTML, like Gecko) Chrome/141.0.7390.122 Mobile Safari/537.36 (compatible; Googlebot/2.1; +http://www.google.com/bot.html)"
63.141.249.210 - - [07/Nov/2025:08:35:08 +0000] "GET /wp-includes/pl54115b/edit.php HTTP/1.0" 200 2269 "https://enlugo.es/wp-includes/pl54115b/edit.php" "Mozilla/5.0 (Windows NT 10.0; Win64; x64) AppleWebKit/537.36 (KHTML, like Gecko) Chrome/58.0.3029.110 Safari/537.3"
