HEX
Server:Apache
System:Linux localhost 5.10.0-14-amd64 #1 SMP Debian 5.10.113-1 (2022-04-29) x86_64
User:enlugo-es (10006)
PHP:7.4.33
Disabled:opcache_get_status
Upload Files
File: /var/www/vhosts/enlugo.es/logs/access_ssl_log
69.197.149.50 - - [07/Nov/2025:07:03:12 +0000] "GET /wp-includes/pl54115b/edit.php?id=718243 HTTP/1.0" 200 2195 "https://enlugo.es/wp-includes/pl54115b/edit.php?id=718243" "Mozilla/5.0 (Windows NT 10.0; Win64; x64) AppleWebKit/537.36 (KHTML, like Gecko) Chrome/58.0.3029.110 Safari/537.3"
66.249.66.41 - - [07/Nov/2025:07:05:13 +0000] "GET /?path=/var/www/vhosts/enlugo.es/httpdocs/wp-content/cache/object/8d5/742 HTTP/1.0" 200 87508 "-" "Mozilla/5.0 (Linux; Android 6.0.1; Nexus 5X Build/MMB29P) AppleWebKit/537.36 (KHTML, like Gecko) Chrome/141.0.7390.122 Mobile Safari/537.36 (compatible; Googlebot/2.1; +http://www.google.com/bot.html)"
66.249.66.42 - - [07/Nov/2025:07:06:04 +0000] "GET /projection084014250 HTTP/1.0" 200 26024 "-" "Mozilla/5.0 (Linux; Android 6.0.1; Nexus 5X Build/MMB29P) AppleWebKit/537.36 (KHTML, like Gecko) Chrome/141.0.7390.122 Mobile Safari/537.36 (compatible; Googlebot/2.1; +http://www.google.com/bot.html)"
66.249.66.42 - - [07/Nov/2025:07:06:05 +0000] "GET /items/trvdl128/953?key=freshman HTTP/1.0" 200 25931 "-" "Mozilla/5.0 (Linux; Android 6.0.1; Nexus 5X Build/MMB29P) AppleWebKit/537.36 (KHTML, like Gecko) Chrome/141.0.7390.122 Mobile Safari/537.36 (compatible; Googlebot/2.1; +http://www.google.com/bot.html)"
66.249.66.41 - - [07/Nov/2025:07:06:05 +0000] "GET /info/restl41239275/ HTTP/1.0" 200 26272 "-" "Mozilla/5.0 (Linux; Android 6.0.1; Nexus 5X Build/MMB29P) AppleWebKit/537.36 (KHTML, like Gecko) Chrome/141.0.7390.122 Mobile Safari/537.36 (compatible; Googlebot/2.1; +http://www.google.com/bot.html)"
69.197.149.50 - - [07/Nov/2025:07:04:48 +0000] "GET /wp-includes/pl54115b/edit.php?id=718243 HTTP/1.0" 200 2195 "https://enlugo.es/wp-includes/pl54115b/edit.php?id=718243" "Mozilla/5.0 (Windows NT 10.0; Win64; x64) AppleWebKit/537.36 (KHTML, like Gecko) Chrome/58.0.3029.110 Safari/537.3"
47.128.30.35 - - [07/Nov/2025:07:06:18 +0000] "GET /arde-lucus/?fileloc=%2Fvar%2Fwww%2Fvhosts%2Fenlugo.es%2Fhttpdocs%2Fcache%2Fwp-class-controller.php&path=%2Fvar%2Fwww%2Fvhosts%2Fenlugo.es%2Fhttpdocs%2Fcache HTTP/1.0" 200 8356 "-" "Mozilla/5.0 (Linux; Android 5.0) AppleWebKit/537.36 (KHTML, like Gecko) Mobile Safari/537.36 (compatible; Bytespider; spider-feedback@bytedance.com)"
66.249.66.41 - - [07/Nov/2025:07:06:18 +0000] "GET /product/jury23?c=g&l=572 HTTP/1.0" 200 25765 "-" "Mozilla/5.0 (Linux; Android 6.0.1; Nexus 5X Build/MMB29P) AppleWebKit/537.36 (KHTML, like Gecko) Chrome/141.0.7390.122 Mobile Safari/537.36 (compatible; Googlebot/2.1; +http://www.google.com/bot.html)"
181.46.66.161 - - [07/Nov/2025:07:06:24 +0000] "GET /item/u276/32526/ HTTP/1.0" 200 5935 "-" "Mozilla/5.0 (Windows NT 10.0; Win64; x64) AppleWebKit/537.36 (KHTML, like Gecko) Chrome/95.0.4638.69 Safari/537.36"
198.204.224.34 - - [07/Nov/2025:07:06:44 +0000] "GET /wp-includes/pl54115b/edit.php HTTP/1.0" 200 2269 "https://enlugo.es/wp-includes/pl54115b/edit.php" "Mozilla/5.0 (Windows NT 10.0; Win64; x64) AppleWebKit/537.36 (KHTML, like Gecko) Chrome/58.0.3029.110 Safari/537.3"
197.53.29.133 - - [07/Nov/2025:07:07:11 +0000] "GET /info/hatch60890485/ HTTP/1.0" 200 5935 "-" "Mozilla/5.0 (Windows NT 6.1; WOW64) AppleWebKit/537.36 (KHTML, like Gecko) Chrome/27.0.1453.93 Safari/537.36"
66.249.66.40 - - [07/Nov/2025:07:07:28 +0000] "GET /?i=2449742438785&channel=135e58&from=http://enlugo.es/super.html?resistance017016951 HTTP/1.0" 200 26018 "-" "Mozilla/5.0 (Linux; Android 6.0.1; Nexus 5X Build/MMB29P) AppleWebKit/537.36 (KHTML, like Gecko) Chrome/141.0.7390.122 Mobile Safari/537.36 (compatible; Googlebot/2.1; +http://www.google.com/bot.html)"
69.197.149.50 - - [07/Nov/2025:07:06:17 +0000] "GET /wp-includes/pl54115b/edit.php?id=718243 HTTP/1.0" 200 2195 "https://enlugo.es/wp-includes/pl54115b/edit.php?id=718243" "Mozilla/5.0 (Windows NT 10.0; Win64; x64) AppleWebKit/537.36 (KHTML, like Gecko) Chrome/58.0.3029.110 Safari/537.3"
66.249.66.40 - - [07/Nov/2025:07:08:32 +0000] "GET /?fileloc=/var/www/vhosts/enlugo.es/httpdocs/wp-includes/block-i18n.json&path=/var/www/vhosts/enlugo.es/httpdocs/wp-includes HTTP/1.0" 200 26005 "-" "Mozilla/5.0 (Linux; Android 6.0.1; Nexus 5X Build/MMB29P) AppleWebKit/537.36 (KHTML, like Gecko) Chrome/141.0.7390.122 Mobile Safari/537.36 (compatible; Googlebot/2.1; +http://www.google.com/bot.html)"
69.197.149.50 - - [07/Nov/2025:07:07:53 +0000] "GET /wp-includes/pl54115b/edit.php?id=718243 HTTP/1.0" 200 2195 "https://enlugo.es/wp-includes/pl54115b/edit.php?id=718243" "Mozilla/5.0 (Windows NT 10.0; Win64; x64) AppleWebKit/537.36 (KHTML, like Gecko) Chrome/58.0.3029.110 Safari/537.3"
69.197.149.50 - - [07/Nov/2025:07:09:23 +0000] "GET /wp-includes/pl54115b/edit.php?id=718243 HTTP/1.0" 200 2195 "https://enlugo.es/wp-includes/pl54115b/edit.php?id=718243" "Mozilla/5.0 (Windows NT 10.0; Win64; x64) AppleWebKit/537.36 (KHTML, like Gecko) Chrome/58.0.3029.110 Safari/537.3"
66.249.66.78 - - [07/Nov/2025:07:10:59 +0000] "GET /pages.php?items/hiidx202/25512?key=pipe HTTP/1.0" 403 3277 "-" "Mozilla/5.0 (Linux; Android 6.0.1; Nexus 5X Build/MMB29P) AppleWebKit/537.36 (KHTML, like Gecko) Chrome/141.0.7390.122 Mobile Safari/537.36 (compatible; Googlebot/2.1; +http://www.google.com/bot.html)"
66.249.66.41 - - [07/Nov/2025:07:10:58 +0000] "GET /info/grey80030831/ HTTP/1.0" 200 26264 "-" "Mozilla/5.0 (Linux; Android 6.0.1; Nexus 5X Build/MMB29P) AppleWebKit/537.36 (KHTML, like Gecko) Chrome/141.0.7390.122 Mobile Safari/537.36 (compatible; Googlebot/2.1; +http://www.google.com/bot.html)"
66.249.66.41 - - [07/Nov/2025:07:11:33 +0000] "GET /items/vkmrl186/22603?key=tree HTTP/1.0" 200 25917 "-" "Mozilla/5.0 (Linux; Android 6.0.1; Nexus 5X Build/MMB29P) AppleWebKit/537.36 (KHTML, like Gecko) Chrome/141.0.7390.122 Mobile Safari/537.36 (compatible; Googlebot/2.1; +http://www.google.com/bot.html)"
69.197.149.50 - - [07/Nov/2025:07:10:52 +0000] "GET /wp-includes/pl54115b/edit.php?id=718243 HTTP/1.0" 200 2195 "https://enlugo.es/wp-includes/pl54115b/edit.php?id=718243" "Mozilla/5.0 (Windows NT 10.0; Win64; x64) AppleWebKit/537.36 (KHTML, like Gecko) Chrome/58.0.3029.110 Safari/537.3"
63.141.249.210 - - [07/Nov/2025:07:12:46 +0000] "GET /wp-includes/pl54115b/edit.php HTTP/1.0" 200 2269 "https://enlugo.es/wp-includes/pl54115b/edit.php" "Mozilla/5.0 (Windows NT 10.0; Win64; x64) AppleWebKit/537.36 (KHTML, like Gecko) Chrome/58.0.3029.110 Safari/537.3"
66.249.66.41 - - [07/Nov/2025:07:13:32 +0000] "GET /m90421936053 HTTP/1.0" 200 25665 "-" "Mozilla/5.0 (compatible; Googlebot/2.1; +http://www.google.com/bot.html)"
69.197.149.50 - - [07/Nov/2025:07:12:23 +0000] "GET /wp-includes/pl54115b/edit.php?id=718243 HTTP/1.0" 200 2195 "https://enlugo.es/wp-includes/pl54115b/edit.php?id=718243" "Mozilla/5.0 (Windows NT 10.0; Win64; x64) AppleWebKit/537.36 (KHTML, like Gecko) Chrome/58.0.3029.110 Safari/537.3"
123.20.215.139 - - [07/Nov/2025:07:13:49 +0000] "GET /info/fall31569538/ HTTP/1.0" 200 5935 "-" "Mozilla/5.0 (Macintosh; Intel Mac OS X 11_3_0) AppleWebKit/537.36 (KHTML, like Gecko) Chrome/89.0.4389.128 Safari/537.36"
66.249.66.42 - - [07/Nov/2025:07:14:11 +0000] "GET /items/bnlki191/20280?key=write HTTP/1.0" 200 25952 "-" "Mozilla/5.0 (Linux; Android 6.0.1; Nexus 5X Build/MMB29P) AppleWebKit/537.36 (KHTML, like Gecko) Chrome/141.0.7390.122 Mobile Safari/537.36 (compatible; Googlebot/2.1; +http://www.google.com/bot.html)"
69.197.149.50 - - [07/Nov/2025:07:13:54 +0000] "GET /wp-includes/pl54115b/edit.php?id=718243 HTTP/1.0" 200 2195 "https://enlugo.es/wp-includes/pl54115b/edit.php?id=718243" "Mozilla/5.0 (Windows NT 10.0; Win64; x64) AppleWebKit/537.36 (KHTML, like Gecko) Chrome/58.0.3029.110 Safari/537.3"
45.230.9.35 - - [07/Nov/2025:07:15:46 +0000] "GET /m94290359721 HTTP/1.0" 200 5935 "-" "Mozilla/5.0 (Macintosh; Intel Mac OS X 10_14_4) AppleWebKit/537.36 (KHTML, like Gecko) Chrome/101.0.4951.54 Safari/537.36"
66.249.66.42 - - [07/Nov/2025:07:15:49 +0000] "GET /m61921939431 HTTP/1.0" 200 89962 "-" "Mozilla/5.0 (Linux; Android 6.0.1; Nexus 5X Build/MMB29P) AppleWebKit/537.36 (KHTML, like Gecko) Chrome/141.0.7390.122 Mobile Safari/537.36 (compatible; Googlebot/2.1; +http://www.google.com/bot.html)"
66.249.66.41 - - [07/Nov/2025:07:15:50 +0000] "GET /items/nfprm178/24007?key=generous HTTP/1.0" 200 78880 "-" "Mozilla/5.0 (Linux; Android 6.0.1; Nexus 5X Build/MMB29P) AppleWebKit/537.36 (KHTML, like Gecko) Chrome/141.0.7390.122 Mobile Safari/537.36 (compatible; Googlebot/2.1; +http://www.google.com/bot.html)"
45.231.91.125 - - [07/Nov/2025:07:16:28 +0000] "GET /info/bough52799100/ HTTP/1.0" 200 5935 "-" "Mozilla/5.0 (Windows NT 6.1) AppleWebKit/537.36 (KHTML, like Gecko) Brave Chrome/88.0.4324.152 Safari/537.36"
69.197.149.50 - - [07/Nov/2025:07:15:27 +0000] "GET /wp-includes/pl54115b/edit.php?id=718243 HTTP/1.0" 200 2195 "https://enlugo.es/wp-includes/pl54115b/edit.php?id=718243" "Mozilla/5.0 (Windows NT 10.0; Win64; x64) AppleWebKit/537.36 (KHTML, like Gecko) Chrome/58.0.3029.110 Safari/537.3"
66.249.66.14 - - [07/Nov/2025:07:17:28 +0000] "GET /info/livel30628794/ HTTP/1.0" 200 87279 "-" "Mozilla/5.0 (Linux; Android 6.0.1; Nexus 5X Build/MMB29P) AppleWebKit/537.36 (KHTML, like Gecko) Chrome/141.0.7390.122 Mobile Safari/537.36 (compatible; Googlebot/2.1; +http://www.google.com/bot.html)"
179.1.210.6 - - [07/Nov/2025:07:17:46 +0000] "GET /product/handsome247?c=g&l=30934 HTTP/1.0" 200 5935 "-" "Mozilla/5.0 (Macintosh; Intel Mac OS X 10_13_3) AppleWebKit/537.36 (KHTML, like Gecko) Chrome/67.0.3396.2 Safari/537.36"
66.249.66.64 - - [07/Nov/2025:07:18:02 +0000] "GET /info/bed70265198/ HTTP/1.0" 200 26209 "-" "Mozilla/5.0 (compatible; Googlebot/2.1; +http://www.google.com/bot.html)"
69.197.149.50 - - [07/Nov/2025:07:16:57 +0000] "GET /wp-includes/pl54115b/edit.php?id=718243 HTTP/1.0" 200 2195 "https://enlugo.es/wp-includes/pl54115b/edit.php?id=718243" "Mozilla/5.0 (Windows NT 10.0; Win64; x64) AppleWebKit/537.36 (KHTML, like Gecko) Chrome/58.0.3029.110 Safari/537.3"
217.113.194.172 - - [07/Nov/2025:07:19:08 +0000] "GET /tapas/?path=/var/www/vhosts/enlugo.es/httpdocs/wp-content/plugins HTTP/1.0" 200 5426 "-" "Mozilla/5.0 (compatible; Barkrowler/0.9; +https://babbar.tech/crawler)"
66.249.66.204 - - [07/Nov/2025:07:19:15 +0000] "GET /item/u39/9527/ HTTP/1.0" 200 25607 "-" "Mozilla/5.0 (Linux; Android 6.0.1; Nexus 5X Build/MMB29P) AppleWebKit/537.36 (KHTML, like Gecko) Chrome/141.0.7390.122 Mobile Safari/537.36 (compatible; Googlebot/2.1; +http://www.google.com/bot.html)"
217.113.194.173 - - [07/Nov/2025:07:19:23 +0000] "GET /tapas/?path=/var/www/vhosts/enlugo.es/httpdocs/wp-content/cache HTTP/1.0" 200 4916 "-" "Mozilla/5.0 (compatible; Barkrowler/0.9; +https://babbar.tech/crawler)"
217.113.194.178 - - [07/Nov/2025:07:19:39 +0000] "GET /tapas/feed/?path=/var/www/vhosts/enlugo.es/httpdocs/wp-includes/blocks HTTP/1.0" 200 7587 "-" "Mozilla/5.0 (compatible; Barkrowler/0.9; +https://babbar.tech/crawler)"
14.186.75.218 - - [07/Nov/2025:07:19:44 +0000] "GET /product/reform223?c=g&l=39514 HTTP/1.0" 200 5935 "-" "Mozilla/5.0 (Windows NT 6.1) AppleWebKit/537.36 (KHTML, like Gecko) Chrome/28.0.1468.0 Safari/537.36"
217.113.194.172 - - [07/Nov/2025:07:19:55 +0000] "GET /tapas/feed/?path=/var/www/vhosts/enlugo.es/httpdocs/wp-includes/assets HTTP/1.0" 200 4710 "-" "Mozilla/5.0 (compatible; Barkrowler/0.9; +https://babbar.tech/crawler)"
66.249.66.168 - - [07/Nov/2025:07:19:57 +0000] "GET /item/u218/18938/ HTTP/1.0" 200 25731 "-" "Mozilla/5.0 (Linux; Android 6.0.1; Nexus 5X Build/MMB29P) AppleWebKit/537.36 (KHTML, like Gecko) Chrome/141.0.7390.122 Mobile Safari/537.36 (compatible; Googlebot/2.1; +http://www.google.com/bot.html)"
66.249.66.77 - - [07/Nov/2025:07:19:57 +0000] "GET /items/jmiqc104/23697?key=likewise HTTP/1.0" 200 27329 "-" "Mozilla/5.0 (Linux; Android 6.0.1; Nexus 5X Build/MMB29P) AppleWebKit/537.36 (KHTML, like Gecko) Chrome/141.0.7390.122 Mobile Safari/537.36 (compatible; Googlebot/2.1; +http://www.google.com/bot.html)"
69.197.149.50 - - [07/Nov/2025:07:18:33 +0000] "GET /wp-includes/pl54115b/edit.php?id=718243 HTTP/1.0" 200 2195 "https://enlugo.es/wp-includes/pl54115b/edit.php?id=718243" "Mozilla/5.0 (Windows NT 10.0; Win64; x64) AppleWebKit/537.36 (KHTML, like Gecko) Chrome/58.0.3029.110 Safari/537.3"
69.197.149.50 - - [07/Nov/2025:07:20:02 +0000] "GET /wp-includes/pl54115b/edit.php?id=718243 HTTP/1.0" 200 2269 "https://enlugo.es/wp-includes/pl54115b/edit.php?id=718243" "Mozilla/5.0 (Windows NT 10.0; Win64; x64) AppleWebKit/537.36 (KHTML, like Gecko) Chrome/58.0.3029.110 Safari/537.3"
63.141.249.210 - - [07/Nov/2025:07:20:03 +0000] "GET /wp-includes/pl54115b/edit.php HTTP/1.0" 200 2269 "https://enlugo.es/wp-includes/pl54115b/edit.php" "Mozilla/5.0 (Windows NT 10.0; Win64; x64) AppleWebKit/537.36 (KHTML, like Gecko) Chrome/58.0.3029.110 Safari/537.3"
217.113.194.178 - - [07/Nov/2025:07:20:10 +0000] "GET /tapas/feed/?path=/var/www/vhosts/enlugo.es/httpdocs/wp-includes/pomo HTTP/1.0" 200 4824 "-" "Mozilla/5.0 (compatible; Barkrowler/0.9; +https://babbar.tech/crawler)"
217.113.194.175 - - [07/Nov/2025:07:20:26 +0000] "GET /tapas/feed/?path=/var/www/vhosts/enlugo.es/httpdocs/wp-includes/widgets HTTP/1.0" 200 5251 "-" "Mozilla/5.0 (compatible; Barkrowler/0.9; +https://babbar.tech/crawler)"
217.113.194.172 - - [07/Nov/2025:07:20:42 +0000] "GET /tapas/feed/?path=/var/www/vhosts/enlugo.es/httpdocs/wp-includes/Text HTTP/1.0" 200 4732 "-" "Mozilla/5.0 (compatible; Barkrowler/0.9; +https://babbar.tech/crawler)"
66.249.66.204 - - [07/Nov/2025:07:20:48 +0000] "GET /items/wsnzl40/17451?key=development HTTP/1.0" 200 29205 "-" "Mozilla/5.0 (Linux; Android 6.0.1; Nexus 5X Build/MMB29P) AppleWebKit/537.36 (KHTML, like Gecko) Chrome/141.0.7390.122 Mobile Safari/537.36 (compatible; Googlebot/2.1; +http://www.google.com/bot.html)"
217.113.194.177 - - [07/Nov/2025:07:20:58 +0000] "GET /concurso-tapas-2015/?path=/var/www/vhosts/enlugo.es/httpdocs/wp-admin HTTP/1.0" 200 7301 "-" "Mozilla/5.0 (compatible; Barkrowler/0.9; +https://babbar.tech/crawler)"
217.113.194.176 - - [07/Nov/2025:07:21:14 +0000] "GET /hostales/feed/?path=/var/www/vhosts/enlugo.es/httpdocs/wp-content/upgrade HTTP/1.0" 200 4405 "-" "Mozilla/5.0 (compatible; Barkrowler/0.9; +https://babbar.tech/crawler)"
63.141.249.210 - - [07/Nov/2025:07:20:01 +0000] "GET /wp-includes/pl54115b/edit.php HTTP/1.0" 200 2195 "https://enlugo.es/wp-includes/pl54115b/edit.php" "Mozilla/5.0 (Windows NT 10.0; Win64; x64) AppleWebKit/537.36 (KHTML, like Gecko) Chrome/58.0.3029.110 Safari/537.3"
217.113.194.175 - - [07/Nov/2025:07:21:30 +0000] "GET /feed/?path=/var/www/vhosts/enlugo.es/httpdocs/wp-content/imfdafab HTTP/1.0" 200 4701 "-" "Mozilla/5.0 (compatible; Barkrowler/0.9; +https://babbar.tech/crawler)"
217.113.194.176 - - [07/Nov/2025:07:21:45 +0000] "GET /category/1/feed/?path=/var/www/vhosts/enlugo.es/httpdocs/wp-includes/assets HTTP/1.0" 200 4710 "-" "Mozilla/5.0 (compatible; Barkrowler/0.9; +https://babbar.tech/crawler)"
217.113.194.177 - - [07/Nov/2025:07:22:01 +0000] "GET /category/1/feed/?path=/var/www/vhosts/enlugo.es/httpdocs/wp-includes/js HTTP/1.0" 200 7657 "-" "Mozilla/5.0 (compatible; Barkrowler/0.9; +https://babbar.tech/crawler)"
217.113.194.236 - - [07/Nov/2025:07:22:17 +0000] "GET /category/1/feed/?path=/var/www/vhosts/enlugo.es/httpdocs/wp-includes/Text HTTP/1.0" 200 4732 "-" "Mozilla/5.0 (compatible; Barkrowler/0.9; +https://babbar.tech/crawler)"
66.249.66.15 - - [07/Nov/2025:07:22:26 +0000] "GET /plazas-importantes/?fileloc=/var/www/vhosts/enlugo.es/httpdocs/wp-class-error.php&path=/var/www/vhosts/enlugo.es/httpdocs HTTP/1.0" 200 78733 "-" "Mozilla/5.0 (Linux; Android 6.0.1; Nexus 5X Build/MMB29P) AppleWebKit/537.36 (KHTML, like Gecko) Chrome/141.0.7390.122 Mobile Safari/537.36 (compatible; Googlebot/2.1; +http://www.google.com/bot.html)"
217.113.194.177 - - [07/Nov/2025:07:22:34 +0000] "GET /category/1/feed/?path=/var/www/vhosts/enlugo.es/httpdocs/wp-includes/images HTTP/1.0" 200 5599 "-" "Mozilla/5.0 (compatible; Barkrowler/0.9; +https://babbar.tech/crawler)"
217.113.194.237 - - [07/Nov/2025:07:22:51 +0000] "GET /category/1/feed/?path=/var/www/vhosts/enlugo.es/httpdocs/wp-content/themes HTTP/1.0" 200 4908 "-" "Mozilla/5.0 (compatible; Barkrowler/0.9; +https://babbar.tech/crawler)"
69.197.149.50 - - [07/Nov/2025:07:21:33 +0000] "GET /wp-includes/pl54115b/edit.php?id=718243 HTTP/1.0" 200 2195 "https://enlugo.es/wp-includes/pl54115b/edit.php?id=718243" "Mozilla/5.0 (Windows NT 10.0; Win64; x64) AppleWebKit/537.36 (KHTML, like Gecko) Chrome/58.0.3029.110 Safari/537.3"
217.113.194.173 - - [07/Nov/2025:07:23:06 +0000] "GET /category/sin-categoria/?path=/var/www/vhosts/enlugo.es/httpdocs/cgi-bin/cgi-bin HTTP/1.0" 200 4806 "-" "Mozilla/5.0 (compatible; Barkrowler/0.9; +https://babbar.tech/crawler)"
154.54.249.212 - - [07/Nov/2025:07:23:22 +0000] "GET /category/sin-categoria/?path=/var/www/vhosts/enlugo.es/httpdocs/_errorpages HTTP/1.0" 200 4842 "-" "Mozilla/5.0 (compatible; Barkrowler/0.9; +https://babbar.tech/crawler)"
217.113.194.236 - - [07/Nov/2025:07:23:38 +0000] "GET /category/sin-categoria/feed/?path=/var/www/vhosts/enlugo.es/httpdocs/images/images HTTP/1.0" 200 4764 "-" "Mozilla/5.0 (compatible; Barkrowler/0.9; +https://babbar.tech/crawler)"
217.113.194.172 - - [07/Nov/2025:07:23:53 +0000] "GET /san-froilan/?path=/var/www/vhosts/enlugo.es/httpdocs/cgi-bin HTTP/1.0" 200 4671 "-" "Mozilla/5.0 (compatible; Barkrowler/0.9; +https://babbar.tech/crawler)"
154.54.249.212 - - [07/Nov/2025:07:24:09 +0000] "GET /san-froilan/feed/?path=/var/www/vhosts/enlugo.es/httpdocs/wp-content HTTP/1.0" 200 8756 "-" "Mozilla/5.0 (compatible; Barkrowler/0.9; +https://babbar.tech/crawler)"
217.113.194.175 - - [07/Nov/2025:07:24:26 +0000] "GET /termas-romanas/?path=/var/www/vhosts/enlugo.es/httpdocs/cgi-bin/cgi-bin HTTP/1.0" 200 4806 "-" "Mozilla/5.0 (compatible; Barkrowler/0.9; +https://babbar.tech/crawler)"
69.197.149.50 - - [07/Nov/2025:07:23:03 +0000] "GET /wp-includes/pl54115b/edit.php?id=718243 HTTP/1.0" 200 2195 "https://enlugo.es/wp-includes/pl54115b/edit.php?id=718243" "Mozilla/5.0 (Windows NT 10.0; Win64; x64) AppleWebKit/537.36 (KHTML, like Gecko) Chrome/58.0.3029.110 Safari/537.3"
217.113.194.175 - - [07/Nov/2025:07:24:42 +0000] "GET /mosaicos-romanos/?path=/var/www/vhosts/enlugo.es/httpdocs/.tmb HTTP/1.0" 200 4598 "-" "Mozilla/5.0 (compatible; Barkrowler/0.9; +https://babbar.tech/crawler)"
104.244.73.57 - - [07/Nov/2025:07:24:46 +0000] "GET /wp-login.php HTTP/1.0" 200 7114 "-" "Mozilla/5.0 (Windows NT 10.0; Win64; x64) AppleWebKit/537.36 (KHTML, like Gecko) Chrome/118.0.5993.117 Safari/537.36"
66.249.66.40 - - [07/Nov/2025:07:24:54 +0000] "GET /written219038371 HTTP/1.0" 200 78867 "-" "Mozilla/5.0 (Linux; Android 6.0.1; Nexus 5X Build/MMB29P) AppleWebKit/537.36 (KHTML, like Gecko) Chrome/141.0.7390.122 Mobile Safari/537.36 (compatible; Googlebot/2.1; +http://www.google.com/bot.html)"
217.113.194.237 - - [07/Nov/2025:07:24:57 +0000] "GET /mosaicos-romanos/feed/?path=/var/www/vhosts/enlugo.es/httpdocs/wp-admin HTTP/1.0" 200 7301 "-" "Mozilla/5.0 (compatible; Barkrowler/0.9; +https://babbar.tech/crawler)"
45.151.239.207 - - [07/Nov/2025:07:25:08 +0000] "GET /info/humid11147208/ HTTP/1.0" 200 5936 "-" "Mozilla/5.0 (Windows NT 6.1; Win64; x64) AppleWebKit/537.36 (KHTML, like Gecko) Chrome/86.0.4240.198 Safari/537.36"
217.113.194.172 - - [07/Nov/2025:07:25:13 +0000] "GET /hoteles/feed/?path=/var/www/vhosts/enlugo.es/httpdocs/wp-includes/Requests HTTP/1.0" 200 5207 "-" "Mozilla/5.0 (compatible; Barkrowler/0.9; +https://babbar.tech/crawler)"
154.54.249.212 - - [07/Nov/2025:07:25:28 +0000] "GET /hoteles/feed/?path=/var/www/vhosts/enlugo.es/httpdocs/wp-content/languages HTTP/1.0" 200 7538 "-" "Mozilla/5.0 (compatible; Barkrowler/0.9; +https://babbar.tech/crawler)"
217.113.194.176 - - [07/Nov/2025:07:25:44 +0000] "GET /hoteles/feed/?path=/var/www/vhosts/enlugo.es/httpdocs/images/images/images/images HTTP/1.0" 200 4857 "-" "Mozilla/5.0 (compatible; Barkrowler/0.9; +https://babbar.tech/crawler)"
66.249.66.41 - - [07/Nov/2025:07:25:45 +0000] "GET /items/oyath76/23303?key=available HTTP/1.0" 200 25956 "-" "Mozilla/5.0 (Linux; Android 6.0.1; Nexus 5X Build/MMB29P) AppleWebKit/537.36 (KHTML, like Gecko) Chrome/141.0.7390.122 Mobile Safari/537.36 (compatible; Googlebot/2.1; +http://www.google.com/bot.html)"
66.249.66.42 - - [07/Nov/2025:07:25:45 +0000] "GET /item/u204/2770/ HTTP/1.0" 200 80091 "-" "Mozilla/5.0 (Linux; Android 6.0.1; Nexus 5X Build/MMB29P) AppleWebKit/537.36 (KHTML, like Gecko) Chrome/141.0.7390.122 Mobile Safari/537.36 (compatible; Googlebot/2.1; +http://www.google.com/bot.html)"
66.249.66.41 - - [07/Nov/2025:07:25:46 +0000] "GET /info/solel51233924/ HTTP/1.0" 200 78699 "-" "Mozilla/5.0 (Linux; Android 6.0.1; Nexus 5X Build/MMB29P) AppleWebKit/537.36 (KHTML, like Gecko) Chrome/141.0.7390.122 Mobile Safari/537.36 (compatible; Googlebot/2.1; +http://www.google.com/bot.html)"
217.113.194.174 - - [07/Nov/2025:07:26:00 +0000] "GET /hoteles/?path=/var/www/vhosts/enlugo.es/httpdocs/wp-content/maintenance HTTP/1.0" 200 4744 "-" "Mozilla/5.0 (compatible; Barkrowler/0.9; +https://babbar.tech/crawler)"
217.113.194.177 - - [07/Nov/2025:07:26:15 +0000] "GET /hoteles/?path=/var/www/vhosts/enlugo.es/httpdocs/wp-includes/sitemaps HTTP/1.0" 200 4903 "-" "Mozilla/5.0 (compatible; Barkrowler/0.9; +https://babbar.tech/crawler)"
14.191.97.110 - - [07/Nov/2025:07:26:29 +0000] "GET /info/seal20581737/ HTTP/1.0" 200 5935 "-" "Mozilla/5.0 (Macintosh; Intel Mac OS X 10_15_7) AppleWebKit/537.36 (KHTML, like Gecko) Chrome/94.0.4606.114 Safari/537.36"
217.113.194.178 - - [07/Nov/2025:07:26:30 +0000] "GET /tag/destacado/?path=/var/www/vhosts/enlugo.es/httpdocs/wp-content/upgrade HTTP/1.0" 200 4405 "-" "Mozilla/5.0 (compatible; Barkrowler/0.9; +https://babbar.tech/crawler)"
217.113.194.172 - - [07/Nov/2025:07:26:46 +0000] "GET /tag/destacado/?path=/var/www/vhosts/enlugo.es/httpdocs/wp-content/uploads HTTP/1.0" 200 5008 "-" "Mozilla/5.0 (compatible; Barkrowler/0.9; +https://babbar.tech/crawler)"
154.54.249.212 - - [07/Nov/2025:07:27:01 +0000] "GET /tag/destacado/feed/?path=/var/www/vhosts/enlugo.es/wordpress-backups HTTP/1.0" 200 4386 "-" "Mozilla/5.0 (compatible; Barkrowler/0.9; +https://babbar.tech/crawler)"
14.232.54.84 - - [07/Nov/2025:07:27:04 +0000] "GET /product/deem129?c=g&l=20120 HTTP/1.0" 200 5935 "-" "Mozilla/5.0 (Macintosh; Intel Mac OS X 10_13_6) AppleWebKit/537.36 (KHTML, like Gecko) Chrome/89.0.4389.114 Safari/537.36"
217.113.194.177 - - [07/Nov/2025:07:27:18 +0000] "GET /tag/destacado/feed/?path=/var/www/vhosts/enlugo.es/httpdocs/cgi-bin HTTP/1.0" 200 4671 "-" "Mozilla/5.0 (compatible; Barkrowler/0.9; +https://babbar.tech/crawler)"
63.141.249.210 - - [07/Nov/2025:07:27:19 +0000] "GET /wp-includes/pl54115b/edit.php HTTP/1.0" 200 2269 "https://enlugo.es/wp-includes/pl54115b/edit.php" "Mozilla/5.0 (Windows NT 10.0; Win64; x64) AppleWebKit/537.36 (KHTML, like Gecko) Chrome/58.0.3029.110 Safari/537.3"
154.54.249.212 - - [07/Nov/2025:07:27:33 +0000] "GET /arde-lucus/feed/?path=/var/www/vhosts/enlugo.es/httpdocs/wp-content HTTP/1.0" 200 8756 "-" "Mozilla/5.0 (compatible; Barkrowler/0.9; +https://babbar.tech/crawler)"
191.183.43.112 - - [07/Nov/2025:07:27:48 +0000] "GET /info/spill62755069/ HTTP/1.0" 200 5935 "-" "Mozilla/5.0 (Macintosh; Intel Mac OS X 10_13_4) AppleWebKit/537.36 (KHTML, like Gecko) Chrome/66.0.3359.139 Safari/537.36"
217.113.194.173 - - [07/Nov/2025:07:27:49 +0000] "GET /arde-lucus/feed/?path=/var/www/vhosts/enlugo.es/httpdocs/.tmb HTTP/1.0" 200 4598 "-" "Mozilla/5.0 (compatible; Barkrowler/0.9; +https://babbar.tech/crawler)"
217.113.194.237 - - [07/Nov/2025:07:28:05 +0000] "GET /arde-lucus-2015/feed/?path=/var/www/vhosts/enlugo.es/error_docs HTTP/1.0" 200 5139 "-" "Mozilla/5.0 (compatible; Barkrowler/0.9; +https://babbar.tech/crawler)"
217.113.194.173 - - [07/Nov/2025:07:28:21 +0000] "GET /arde-lucus-2015/feed/?path=/var/www/vhosts/enlugo.es/.ssh HTTP/1.0" 200 4625 "-" "Mozilla/5.0 (compatible; Barkrowler/0.9; +https://babbar.tech/crawler)"
154.54.249.212 - - [07/Nov/2025:07:28:36 +0000] "GET /comments/feed/?path=/var/www/vhosts/enlugo.es/httpdocs/wp-includes/ID3 HTTP/1.0" 200 5234 "-" "Mozilla/5.0 (compatible; Barkrowler/0.9; +https://babbar.tech/crawler)"
63.141.249.210 - - [07/Nov/2025:07:27:17 +0000] "GET /wp-includes/pl54115b/edit.php HTTP/1.0" 200 2195 "https://enlugo.es/wp-includes/pl54115b/edit.php" "Mozilla/5.0 (Windows NT 10.0; Win64; x64) AppleWebKit/537.36 (KHTML, like Gecko) Chrome/58.0.3029.110 Safari/537.3"
217.113.194.236 - - [07/Nov/2025:07:28:52 +0000] "GET /comments/feed/?path=/var/www/vhosts/enlugo.es/httpdocs/wp-includes/rest-api HTTP/1.0" 200 4869 "-" "Mozilla/5.0 (compatible; Barkrowler/0.9; +https://babbar.tech/crawler)"
66.249.66.41 - - [07/Nov/2025:07:29:03 +0000] "GET /pages.php?product/population167?c=g&l=34345 HTTP/1.0" 403 3277 "-" "Mozilla/5.0 (Linux; Android 6.0.1; Nexus 5X Build/MMB29P) AppleWebKit/537.36 (KHTML, like Gecko) Chrome/141.0.7390.122 Mobile Safari/537.36 (compatible; Googlebot/2.1; +http://www.google.com/bot.html)"
217.113.194.172 - - [07/Nov/2025:07:29:08 +0000] "GET /comments/feed/?path=/var/www/vhosts/enlugo.es/httpdocs/wp-content/uploads/2018/10 HTTP/1.0" 200 4630 "-" "Mozilla/5.0 (compatible; Barkrowler/0.9; +https://babbar.tech/crawler)"
66.249.66.40 - - [07/Nov/2025:07:29:42 +0000] "GET /info/zigza60885749/ HTTP/1.0" 200 88337 "-" "Mozilla/5.0 (Linux; Android 6.0.1; Nexus 5X Build/MMB29P) AppleWebKit/537.36 (KHTML, like Gecko) Chrome/141.0.7390.122 Mobile Safari/537.36 (compatible; Googlebot/2.1; +http://www.google.com/bot.html)"
179.49.80.150 - - [07/Nov/2025:07:29:49 +0000] "GET /info/inten61913285/ HTTP/1.0" 200 5935 "-" "Mozilla/5.0 (Windows NT 6.3; Win64; x64) AppleWebKit/537.36 (KHTML, like Gecko) Chrome/100.0.3478.83 Safari/537.36"
69.197.149.50 - - [07/Nov/2025:07:28:52 +0000] "GET /wp-includes/pl54115b/edit.php?id=718243 HTTP/1.0" 200 2195 "https://enlugo.es/wp-includes/pl54115b/edit.php?id=718243" "Mozilla/5.0 (Windows NT 10.0; Win64; x64) AppleWebKit/537.36 (KHTML, like Gecko) Chrome/58.0.3029.110 Safari/537.3"
66.249.66.40 - - [07/Nov/2025:07:30:48 +0000] "GET /m60561249448 HTTP/1.0" 200 25641 "-" "Mozilla/5.0 (Linux; Android 6.0.1; Nexus 5X Build/MMB29P) AppleWebKit/537.36 (KHTML, like Gecko) Chrome/141.0.7390.122 Mobile Safari/537.36 (compatible; Googlebot/2.1; +http://www.google.com/bot.html)"
201.40.25.12 - - [07/Nov/2025:07:31:05 +0000] "GET /info/admin80237887/ HTTP/1.0" 200 79280 "-" "Mozilla/5.0 (Macintosh; Intel Mac OS X 10_7_3) AppleWebKit/537.36 (KHTML, like Gecko, Mediapartners-Google) Chrome/83.0.4103.118 Safari/537.36"
113.173.9.139 - - [07/Nov/2025:07:31:43 +0000] "GET /product/night241?c=g&l=1180 HTTP/1.0" 200 5935 "-" "Mozilla/5.0 (Macintosh; Intel Mac OS X 10_15_3) AppleWebKit/537.36 (KHTML, like Gecko) Chrome/79.0.3945.130 Safari/537.36"
69.197.149.50 - - [07/Nov/2025:07:30:38 +0000] "GET /wp-includes/pl54115b/edit.php?id=718243 HTTP/1.0" 200 2195 "https://enlugo.es/wp-includes/pl54115b/edit.php?id=718243" "Mozilla/5.0 (Windows NT 10.0; Win64; x64) AppleWebKit/537.36 (KHTML, like Gecko) Chrome/58.0.3029.110 Safari/537.3"
66.249.66.40 - - [07/Nov/2025:07:32:29 +0000] "GET /?t=2915714575772&channel=146e68&from=https://enlugo.es/link.do?item/u247/20015/ HTTP/1.0" 200 79756 "-" "Mozilla/5.0 (Linux; Android 6.0.1; Nexus 5X Build/MMB29P) AppleWebKit/537.36 (KHTML, like Gecko) Chrome/141.0.7390.122 Mobile Safari/537.36 (compatible; Googlebot/2.1; +http://www.google.com/bot.html)"
66.249.66.41 - - [07/Nov/2025:07:32:33 +0000] "GET /?i=2449742438785&channel=135e58&from=http://enlugo.es/super.html?dear064045378 HTTP/1.0" 200 25832 "-" "Mozilla/5.0 (Linux; Android 6.0.1; Nexus 5X Build/MMB29P) AppleWebKit/537.36 (KHTML, like Gecko) Chrome/141.0.7390.122 Mobile Safari/537.36 (compatible; Googlebot/2.1; +http://www.google.com/bot.html)"
187.108.51.36 - - [07/Nov/2025:07:33:07 +0000] "GET /info/salt62737301/ HTTP/1.0" 200 5935 "-" "Mozilla/5.0 (Macintosh; Intel Mac OS X 10_14_6) AppleWebKit/537.36 (KHTML, like Gecko) Chrome/107.0.0.0 Safari/537.36"
69.197.149.50 - - [07/Nov/2025:07:32:08 +0000] "GET /wp-includes/pl54115b/edit.php?id=718243 HTTP/1.0" 200 2195 "https://enlugo.es/wp-includes/pl54115b/edit.php?id=718243" "Mozilla/5.0 (Windows NT 10.0; Win64; x64) AppleWebKit/537.36 (KHTML, like Gecko) Chrome/58.0.3029.110 Safari/537.3"
66.249.66.204 - - [07/Nov/2025:07:34:18 +0000] "GET /?path=/var/www/vhosts/enlugo.es/httpdocs/wp-content/cache/object/dad/d10 HTTP/1.0" 200 25748 "-" "Mozilla/5.0 (Linux; Android 6.0.1; Nexus 5X Build/MMB29P) AppleWebKit/537.36 (KHTML, like Gecko) Chrome/141.0.7390.122 Mobile Safari/537.36 (compatible; Googlebot/2.1; +http://www.google.com/bot.html)"
14.186.178.70 - - [07/Nov/2025:07:34:29 +0000] "GET /info/mistr80855439/ HTTP/1.0" 200 78850 "-" "Mozilla/5.0 (Windows NT 6.1) AppleWebKit/537.36 (KHTML, like Gecko) Chrome/75.0.3770.100 ADG/11.0.2510 AOLBUILD/11.0.2510 Safari/537.36"
63.141.249.210 - - [07/Nov/2025:07:34:46 +0000] "GET /wp-includes/pl54115b/edit.php HTTP/1.0" 200 2269 "https://enlugo.es/wp-includes/pl54115b/edit.php" "Mozilla/5.0 (Windows NT 10.0; Win64; x64) AppleWebKit/537.36 (KHTML, like Gecko) Chrome/58.0.3029.110 Safari/537.3"
66.249.66.77 - - [07/Nov/2025:07:34:54 +0000] "GET /item/u220/33270/ HTTP/1.0" 200 27205 "-" "Mozilla/5.0 (Linux; Android 6.0.1; Nexus 5X Build/MMB29P) AppleWebKit/537.36 (KHTML, like Gecko) Chrome/141.0.7390.122 Mobile Safari/537.36 (compatible; Googlebot/2.1; +http://www.google.com/bot.html)"
38.226.207.60 - - [07/Nov/2025:07:35:07 +0000] "GET /info/packe21462721/ HTTP/1.0" 200 5935 "-" "Mozilla/5.0 (Macintosh; Intel Mac OS X 11_1_0) AppleWebKit/537.36 (KHTML, like Gecko) Brave Chrome/89.0.4389.72 Safari/537.36"
69.197.149.50 - - [07/Nov/2025:07:33:50 +0000] "GET /wp-includes/pl54115b/edit.php?id=718243 HTTP/1.0" 200 2195 "https://enlugo.es/wp-includes/pl54115b/edit.php?id=718243" "Mozilla/5.0 (Windows NT 10.0; Win64; x64) AppleWebKit/537.36 (KHTML, like Gecko) Chrome/58.0.3029.110 Safari/537.3"
69.197.149.50 - - [07/Nov/2025:07:35:19 +0000] "GET /wp-includes/pl54115b/edit.php?id=718243 HTTP/1.0" 200 2195 "https://enlugo.es/wp-includes/pl54115b/edit.php?id=718243" "Mozilla/5.0 (Windows NT 10.0; Win64; x64) AppleWebKit/537.36 (KHTML, like Gecko) Chrome/58.0.3029.110 Safari/537.3"
66.249.66.203 - - [07/Nov/2025:07:37:34 +0000] "GET /m74485436645 HTTP/1.0" 200 25430 "-" "Mozilla/5.0 (Linux; Android 6.0.1; Nexus 5X Build/MMB29P) AppleWebKit/537.36 (KHTML, like Gecko) Chrome/141.0.7390.122 Mobile Safari/537.36 (compatible; Googlebot/2.1; +http://www.google.com/bot.html)"
123.28.123.207 - - [07/Nov/2025:07:37:45 +0000] "GET /info/brack62515701/ HTTP/1.0" 200 5937 "-" "Mozilla/5.0 (Windows NT 10.0; Win64; x64) AppleWebKit/537.36 (KHTML, like Gecko) Chrome/86.0.4240.198 Safari/537.36"
66.249.66.42 - - [07/Nov/2025:07:38:10 +0000] "GET /detailed149012515 HTTP/1.0" 200 25576 "-" "Mozilla/5.0 (Linux; Android 6.0.1; Nexus 5X Build/MMB29P) AppleWebKit/537.36 (KHTML, like Gecko) Chrome/141.0.7390.122 Mobile Safari/537.36 (compatible; Googlebot/2.1; +http://www.google.com/bot.html)"
66.249.66.64 - - [07/Nov/2025:07:38:10 +0000] "GET /info/dine72923830/ HTTP/1.0" 200 25811 "-" "Mozilla/5.0 (Linux; Android 6.0.1; Nexus 5X Build/MMB29P) AppleWebKit/537.36 (KHTML, like Gecko) Chrome/141.0.7390.122 Mobile Safari/537.36 (compatible; Googlebot/2.1; +http://www.google.com/bot.html)"
66.249.66.40 - - [07/Nov/2025:07:38:11 +0000] "GET /info/fist81359039/ HTTP/1.0" 200 25774 "-" "Mozilla/5.0 (Linux; Android 6.0.1; Nexus 5X Build/MMB29P) AppleWebKit/537.36 (KHTML, like Gecko) Chrome/141.0.7390.122 Mobile Safari/537.36 (compatible; Googlebot/2.1; +http://www.google.com/bot.html)"
66.249.66.14 - - [07/Nov/2025:07:38:12 +0000] "GET /items/zaird192/27969?key=silly HTTP/1.0" 200 26077 "-" "Mozilla/5.0 (Linux; Android 6.0.1; Nexus 5X Build/MMB29P) AppleWebKit/537.36 (KHTML, like Gecko) Chrome/141.0.7390.122 Mobile Safari/537.36 (compatible; Googlebot/2.1; +http://www.google.com/bot.html)"
69.197.149.50 - - [07/Nov/2025:07:36:55 +0000] "GET /wp-includes/pl54115b/edit.php?id=718243 HTTP/1.0" 200 2195 "https://enlugo.es/wp-includes/pl54115b/edit.php?id=718243" "Mozilla/5.0 (Windows NT 10.0; Win64; x64) AppleWebKit/537.36 (KHTML, like Gecko) Chrome/58.0.3029.110 Safari/537.3"
66.249.66.41 - - [07/Nov/2025:07:39:50 +0000] "GET /info/mass32807122/ HTTP/1.0" 200 26446 "-" "Mozilla/5.0 (Linux; Android 6.0.1; Nexus 5X Build/MMB29P) AppleWebKit/537.36 (KHTML, like Gecko) Chrome/141.0.7390.122 Mobile Safari/537.36 (compatible; Googlebot/2.1; +http://www.google.com/bot.html)"
69.197.149.50 - - [07/Nov/2025:07:38:30 +0000] "GET /wp-includes/pl54115b/edit.php?id=718243 HTTP/1.0" 200 2195 "https://enlugo.es/wp-includes/pl54115b/edit.php?id=718243" "Mozilla/5.0 (Windows NT 10.0; Win64; x64) AppleWebKit/537.36 (KHTML, like Gecko) Chrome/58.0.3029.110 Safari/537.3"
66.249.66.42 - - [07/Nov/2025:07:40:39 +0000] "GET /info/blank52289460/ HTTP/1.0" 200 26425 "-" "Mozilla/5.0 (Linux; Android 6.0.1; Nexus 5X Build/MMB29P) AppleWebKit/537.36 (KHTML, like Gecko) Chrome/141.0.7390.122 Mobile Safari/537.36 (compatible; Googlebot/2.1; +http://www.google.com/bot.html)"
45.175.19.210 - - [07/Nov/2025:07:41:08 +0000] "GET /info/relax30808234/ HTTP/1.0" 200 5935 "-" "Mozilla/5.0 (Macintosh; Intel Mac OS X 10_14_6) AppleWebKit/537.36 (KHTML, like Gecko) Brave Chrome/86.0.4240.183 Safari/537.36"
66.249.66.203 - - [07/Nov/2025:07:41:29 +0000] "GET /hay082001400 HTTP/1.0" 200 26462 "-" "Mozilla/5.0 (Linux; Android 6.0.1; Nexus 5X Build/MMB29P) AppleWebKit/537.36 (KHTML, like Gecko) Chrome/141.0.7390.122 Mobile Safari/537.36 (compatible; Googlebot/2.1; +http://www.google.com/bot.html)"
69.197.149.50 - - [07/Nov/2025:07:40:03 +0000] "GET /wp-includes/pl54115b/edit.php?id=718243 HTTP/1.0" 200 2195 "https://enlugo.es/wp-includes/pl54115b/edit.php?id=718243" "Mozilla/5.0 (Windows NT 10.0; Win64; x64) AppleWebKit/537.36 (KHTML, like Gecko) Chrome/58.0.3029.110 Safari/537.3"
66.249.66.15 - - [07/Nov/2025:07:41:29 +0000] "GET /product/ah1?c=g&l=8082 HTTP/1.0" 200 25575 "-" "Mozilla/5.0 (Linux; Android 6.0.1; Nexus 5X Build/MMB29P) AppleWebKit/537.36 (KHTML, like Gecko) Chrome/141.0.7390.122 Mobile Safari/537.36 (compatible; Googlebot/2.1; +http://www.google.com/bot.html)"
66.249.66.160 - - [07/Nov/2025:07:42:05 +0000] "GET /info/railw71012998/ HTTP/1.0" 200 26278 "-" "Mozilla/5.0 (compatible; Googlebot/2.1; +http://www.google.com/bot.html)"
179.96.237.46 - - [07/Nov/2025:07:42:29 +0000] "GET /item/u221/33515/ HTTP/1.0" 200 5941 "-" "Mozilla/5.0 (Macintosh; Intel Mac OS X 10_15_6) AppleWebKit/537.36 (KHTML, like Gecko) Chrome/88.0.4324.150 Safari/537.36"
66.249.66.40 - - [07/Nov/2025:07:42:36 +0000] "GET /?t=2915714575772&channel=146e68&from=https://enlugo.es/link.do?item/u267/32597/ HTTP/1.0" 200 25856 "-" "Mozilla/5.0 (Linux; Android 6.0.1; Nexus 5X Build/MMB29P) AppleWebKit/537.36 (KHTML, like Gecko) Chrome/141.0.7390.122 Mobile Safari/537.36 (compatible; Googlebot/2.1; +http://www.google.com/bot.html)"
63.141.249.210 - - [07/Nov/2025:07:42:44 +0000] "GET /wp-includes/pl54115b/edit.php HTTP/1.0" 200 2269 "https://enlugo.es/wp-includes/pl54115b/edit.php" "Mozilla/5.0 (Windows NT 10.0; Win64; x64) AppleWebKit/537.36 (KHTML, like Gecko) Chrome/58.0.3029.110 Safari/537.3"
69.197.149.50 - - [07/Nov/2025:07:41:32 +0000] "GET /wp-includes/pl54115b/edit.php?id=718243 HTTP/1.0" 200 2195 "https://enlugo.es/wp-includes/pl54115b/edit.php?id=718243" "Mozilla/5.0 (Windows NT 10.0; Win64; x64) AppleWebKit/537.36 (KHTML, like Gecko) Chrome/58.0.3029.110 Safari/537.3"
123.24.96.49 - - [07/Nov/2025:07:43:08 +0000] "GET /info/anybo51513324/ HTTP/1.0" 200 5935 "-" "Mozilla/5.0 (Macintosh; Intel Mac OS X 10_15_7) AppleWebKit/537.36 (KHTML, like Gecko) Chrome/93.0.4577.63 Safari/537.36"
113.166.37.196 - - [07/Nov/2025:07:44:25 +0000] "GET /knowledge081000497 HTTP/1.0" 200 5940 "-" "Mozilla/5.0 (Macintosh; Intel Mac OS X 10_15_7) AppleWebKit/537.36 (KHTML, like Gecko) Chrome/103.0.9999.0 Safari/537.36"
69.197.149.50 - - [07/Nov/2025:07:43:02 +0000] "GET /wp-includes/pl54115b/edit.php?id=718243 HTTP/1.0" 200 2195 "https://enlugo.es/wp-includes/pl54115b/edit.php?id=718243" "Mozilla/5.0 (Windows NT 10.0; Win64; x64) AppleWebKit/537.36 (KHTML, like Gecko) Chrome/58.0.3029.110 Safari/537.3"
66.249.66.40 - - [07/Nov/2025:07:44:49 +0000] "GET /?t=2915714575772&channel=146e68&from=https://enlugo.es/link.do?item/u146/39136/ HTTP/1.0" 200 26052 "-" "Mozilla/5.0 (Linux; Android 6.0.1; Nexus 5X Build/MMB29P) AppleWebKit/537.36 (KHTML, like Gecko) Chrome/141.0.7390.122 Mobile Safari/537.36 (compatible; Googlebot/2.1; +http://www.google.com/bot.html)"
37.239.50.5 - - [07/Nov/2025:07:45:45 +0000] "GET /info/couns22721945/ HTTP/1.0" 200 78700 "-" "Mozilla/5.0 (Windows NT 10.0; WOW64) AppleWebKit/537.36 (KHTML, like Gecko) Chrome/79.0.3945.130 Safari/537.36 AOLShield/79.0.3945.5"
217.113.194.175 - - [07/Nov/2025:07:45:46 +0000] "GET /comments/feed/?path=/var/www/vhosts/enlugo.es/httpdocs/wp-content/uploads/2018/09 HTTP/1.0" 200 4631 "-" "Mozilla/5.0 (compatible; Barkrowler/0.9; +https://babbar.tech/crawler)"
66.249.66.41 - - [07/Nov/2025:07:45:52 +0000] "GET /?t=2915714575772&channel=146e68&from=https://enlugo.es/link.do?item/u75/15831/ HTTP/1.0" 200 26129 "-" "Mozilla/5.0 (Linux; Android 6.0.1; Nexus 5X Build/MMB29P) AppleWebKit/537.36 (KHTML, like Gecko) Chrome/141.0.7390.122 Mobile Safari/537.36 (compatible; Googlebot/2.1; +http://www.google.com/bot.html)"
69.197.149.50 - - [07/Nov/2025:07:44:31 +0000] "GET /wp-includes/pl54115b/edit.php?id=718243 HTTP/1.0" 200 2195 "https://enlugo.es/wp-includes/pl54115b/edit.php?id=718243" "Mozilla/5.0 (Windows NT 10.0; Win64; x64) AppleWebKit/537.36 (KHTML, like Gecko) Chrome/58.0.3029.110 Safari/537.3"
217.113.194.173 - - [07/Nov/2025:07:46:02 +0000] "GET /comments/feed/?path=/var/www/vhosts/enlugo.es/httpdocs/wp-content/uploads/2018/07 HTTP/1.0" 200 4631 "-" "Mozilla/5.0 (compatible; Barkrowler/0.9; +https://babbar.tech/crawler)"
217.113.194.236 - - [07/Nov/2025:07:46:18 +0000] "GET /comments/feed/?path=/var/www/vhosts/enlugo.es/httpdocs/wp-content/uploads/2018/04 HTTP/1.0" 200 4722 "-" "Mozilla/5.0 (compatible; Barkrowler/0.9; +https://babbar.tech/crawler)"
123.24.196.129 - - [07/Nov/2025:07:46:23 +0000] "GET /info/moral10610008/ HTTP/1.0" 200 5935 "-" "Mozilla/5.0 (Windows NT 10.0; Win64; x64) AppleWebKit/537.36 (KHTML, like Gecko) Chrome/83.0.4103.106 Safari/537.36"
66.249.70.35 - - [07/Nov/2025:07:46:26 +0000] "GET /item/u201/10527/ HTTP/1.0" 200 27717 "-" "Mozilla/5.0 (Linux; Android 6.0.1; Nexus 5X Build/MMB29P) AppleWebKit/537.36 (KHTML, like Gecko) Chrome/141.0.7390.122 Mobile Safari/537.36 (compatible; Googlebot/2.1; +http://www.google.com/bot.html)"
66.249.66.167 - - [07/Nov/2025:07:46:27 +0000] "GET /items/nydka25/1832?key=hence HTTP/1.0" 200 26331 "-" "Mozilla/5.0 (Linux; Android 6.0.1; Nexus 5X Build/MMB29P) AppleWebKit/537.36 (KHTML, like Gecko) Chrome/141.0.7390.122 Mobile Safari/537.36 (compatible; Googlebot/2.1; +http://www.google.com/bot.html)"
66.249.66.204 - - [07/Nov/2025:07:46:33 +0000] "GET /items/pezop199/23562?key=sack HTTP/1.0" 200 26202 "-" "Mozilla/5.0 (Linux; Android 6.0.1; Nexus 5X Build/MMB29P) AppleWebKit/537.36 (KHTML, like Gecko) Chrome/141.0.7390.122 Mobile Safari/537.36 (compatible; Googlebot/2.1; +http://www.google.com/bot.html)"
217.113.194.237 - - [07/Nov/2025:07:46:34 +0000] "GET /comments/feed/?path=/var/www/vhosts/enlugo.es/httpdocs/wp-content/uploads/2018/05 HTTP/1.0" 200 4630 "-" "Mozilla/5.0 (compatible; Barkrowler/0.9; +https://babbar.tech/crawler)"
154.54.249.212 - - [07/Nov/2025:07:46:50 +0000] "GET /comments/feed/?path=/var/www/vhosts/enlugo.es/httpdocs/wp-content/uploads/2018/06 HTTP/1.0" 200 4685 "-" "Mozilla/5.0 (compatible; Barkrowler/0.9; +https://babbar.tech/crawler)"
66.249.66.77 - - [07/Nov/2025:07:46:54 +0000] "GET /info/instr62276493/ HTTP/1.0" 200 25768 "-" "Mozilla/5.0 (Linux; Android 6.0.1; Nexus 5X Build/MMB29P) AppleWebKit/537.36 (KHTML, like Gecko) Chrome/141.0.7390.122 Mobile Safari/537.36 (compatible; Googlebot/2.1; +http://www.google.com/bot.html)"
177.185.20.233 - - [07/Nov/2025:07:47:05 +0000] "GET /info/an20917689/ HTTP/1.0" 200 5935 "-" "Mozilla/5.0 (Macintosh; Intel Mac OS X 10_11_6) AppleWebKit/537.36 (KHTML, like Gecko) Chrome/66.0.3359.170 Safari/537.36"
217.113.194.179 - - [07/Nov/2025:07:47:07 +0000] "GET /comments/feed/?path=/var/www/vhosts/enlugo.es/httpdocs/wp-content/uploads/2018/08 HTTP/1.0" 200 4629 "-" "Mozilla/5.0 (compatible; Barkrowler/0.9; +https://babbar.tech/crawler)"
217.113.194.237 - - [07/Nov/2025:07:47:23 +0000] "GET /comments/feed/?path=/var/www/vhosts/enlugo.es/httpdocs/wp-content/uploads/2018/02 HTTP/1.0" 200 4630 "-" "Mozilla/5.0 (compatible; Barkrowler/0.9; +https://babbar.tech/crawler)"
217.113.194.173 - - [07/Nov/2025:07:47:38 +0000] "GET /comments/feed/?path=/var/www/vhosts/enlugo.es/httpdocs/wp-content/uploads/2018/03 HTTP/1.0" 200 4792 "-" "Mozilla/5.0 (compatible; Barkrowler/0.9; +https://babbar.tech/crawler)"
179.162.36.73 - - [07/Nov/2025:07:47:45 +0000] "GET /info/good60802757/ HTTP/1.0" 200 5935 "-" "Mozilla/5.0 (Macintosh; Intel Mac OS X 10_14_6) AppleWebKit/537.36 (KHTML, like Gecko) Chrome/83.0.4103.116 Safari/537.36"
217.113.194.178 - - [07/Nov/2025:07:47:54 +0000] "GET /comments/feed/?path=/var/www/vhosts/enlugo.es/httpdocs/wp-content/uploads/2018/11 HTTP/1.0" 200 4630 "-" "Mozilla/5.0 (compatible; Barkrowler/0.9; +https://babbar.tech/crawler)"
66.249.66.203 - - [07/Nov/2025:07:48:03 +0000] "GET /?_gl=1*6gzvpkj*_ga*WvywWttwDIYzgJkkzYutgUTZpjKR*_ga_BLYMTUWPQ*MAmpbFgPEoTIJuwTkpR75TXOWHfbtLbQWquO81bTkfsrvzrliGlk60m.*_gcl_au=1.1.191067674.178204584*_gcl_aw=JQM.176809034.m6fHRvPhhqNKrIP0gVwb01ShVsvnlZeSsvrAIUIsOTMGdrEqi0UlcfiBjMFRiiY7c5j48uXsm6vRy7DIhfE8BF7ZiB..&_gz=2.194280518.196860814.172073940-869310672.161186251&_bdsid=65aqgq.n~YIZEQ.172262807.173685637&_bd_prev_page=https://enlugo.es/goods.php?charter025043121 HTTP/1.0" 200 26291 "-" "Mozilla/5.0 (Linux; Android 6.0.1; Nexus 5X Build/MMB29P) AppleWebKit/537.36 (KHTML, like Gecko) Chrome/141.0.7390.122 Mobile Safari/537.36 (compatible; Googlebot/2.1; +http://www.google.com/bot.html)"
217.113.194.181 - - [07/Nov/2025:07:48:10 +0000] "GET /comments/feed/?path=/var/www/vhosts/enlugo.es/httpdocs/wp-content/uploads/2018/12 HTTP/1.0" 200 4687 "-" "Mozilla/5.0 (compatible; Barkrowler/0.9; +https://babbar.tech/crawler)"
217.113.194.181 - - [07/Nov/2025:07:48:25 +0000] "GET /comments/feed/?path=/var/www/vhosts/enlugo.es/httpdocs/wp-content/uploads/2018/01 HTTP/1.0" 200 4630 "-" "Mozilla/5.0 (compatible; Barkrowler/0.9; +https://babbar.tech/crawler)"
113.168.228.85 - - [07/Nov/2025:07:48:27 +0000] "GET /info/landi21735137/ HTTP/1.0" 200 5935 "-" "Mozilla/5.0 (Macintosh; Intel Mac OS X 10_15_7) AppleWebKit/537.36 (KHTML, like Gecko) Chrome/96.0.4664.110 Safari/537.36"
217.113.194.177 - - [07/Nov/2025:07:48:42 +0000] "GET /comments/feed/?path=/var/www/vhosts/enlugo.es/httpdocs/wp-content/uploads/2021 HTTP/1.0" 200 4960 "-" "Mozilla/5.0 (compatible; Barkrowler/0.9; +https://babbar.tech/crawler)"
66.249.66.15 - - [07/Nov/2025:07:48:53 +0000] "GET /?fileloc=/var/www/vhosts/enlugo.es/httpdocs/wp-content/themes/twentythirteen/search.php&path=/var/www/vhosts/enlugo.es/httpdocs/wp-content/themes/twentythirteen HTTP/1.0" 200 25922 "-" "Mozilla/5.0 (Linux; Android 6.0.1; Nexus 5X Build/MMB29P) AppleWebKit/537.36 (KHTML, like Gecko) Chrome/141.0.7390.122 Mobile Safari/537.36 (compatible; Googlebot/2.1; +http://www.google.com/bot.html)"
217.113.194.177 - - [07/Nov/2025:07:48:58 +0000] "GET /iglesias/feed/?path=/var/www/vhosts/enlugo.es/httpdocs/wp-content/upgrade HTTP/1.0" 200 4405 "-" "Mozilla/5.0 (compatible; Barkrowler/0.9; +https://babbar.tech/crawler)"
217.113.194.181 - - [07/Nov/2025:07:49:13 +0000] "GET /iglesias/feed/?path=/var/www/vhosts/enlugo.es/httpdocs/wp-content/uploads HTTP/1.0" 200 5008 "-" "Mozilla/5.0 (compatible; Barkrowler/0.9; +https://babbar.tech/crawler)"
217.113.194.180 - - [07/Nov/2025:07:49:31 +0000] "GET /author/diego-v/?path=/var/www/vhosts/enlugo.es/httpdocs/c98c4 HTTP/1.0" 200 4594 "-" "Mozilla/5.0 (compatible; Barkrowler/0.9; +https://babbar.tech/crawler)"
66.249.66.204 - - [07/Nov/2025:07:49:43 +0000] "GET /m81010425503 HTTP/1.0" 200 26317 "-" "Mozilla/5.0 (Linux; Android 6.0.1; Nexus 5X Build/MMB29P) AppleWebKit/537.36 (KHTML, like Gecko) Chrome/141.0.7390.122 Mobile Safari/537.36 (compatible; Googlebot/2.1; +http://www.google.com/bot.html)"
217.113.194.180 - - [07/Nov/2025:07:49:46 +0000] "GET /author/diego-v/?path=/var/www/vhosts/enlugo.es/httpdocs/_errorpages HTTP/1.0" 200 4842 "-" "Mozilla/5.0 (compatible; Barkrowler/0.9; +https://babbar.tech/crawler)"
217.113.194.237 - - [07/Nov/2025:07:50:02 +0000] "GET /author/diego-v/?path=/var/www/vhosts/enlugo.es/httpdocs/wp-content/upgrade HTTP/1.0" 200 4405 "-" "Mozilla/5.0 (compatible; Barkrowler/0.9; +https://babbar.tech/crawler)"
217.113.194.177 - - [07/Nov/2025:07:50:20 +0000] "GET /author/diego-v/feed/?path=/var/www/vhosts/enlugo.es/httpdocs/wp-admin HTTP/1.0" 200 7301 "-" "Mozilla/5.0 (compatible; Barkrowler/0.9; +https://babbar.tech/crawler)"
201.46.198.12 - - [07/Nov/2025:07:50:29 +0000] "GET /info/wides21925977/ HTTP/1.0" 200 5937 "-" "Mozilla/5.0 (Windows NT 6.3; Win64; x64) AppleWebKit/537.36 (KHTML, like Gecko) Brave Chrome/86.0.4240.198 Safari/537.36"
217.113.194.177 - - [07/Nov/2025:07:50:36 +0000] "GET /author/jorge-m/?path=/var/www/vhosts/enlugo.es/.composer/cache/files HTTP/1.0" 200 4400 "-" "Mozilla/5.0 (compatible; Barkrowler/0.9; +https://babbar.tech/crawler)"
198.204.224.34 - - [07/Nov/2025:07:50:47 +0000] "GET /wp-includes/pl54115b/edit.php HTTP/1.0" 200 2269 "https://enlugo.es/wp-includes/pl54115b/edit.php" "Mozilla/5.0 (Windows NT 10.0; Win64; x64) AppleWebKit/537.36 (KHTML, like Gecko) Chrome/58.0.3029.110 Safari/537.3"
217.113.194.176 - - [07/Nov/2025:07:50:51 +0000] "GET /author/jorge-m/?path=/var/www/vhosts/enlugo.es/httpdocs/c98c4 HTTP/1.0" 200 4594 "-" "Mozilla/5.0 (compatible; Barkrowler/0.9; +https://babbar.tech/crawler)"
217.113.194.237 - - [07/Nov/2025:07:51:07 +0000] "GET /author/jorge-m/feed/?path=/var/www/vhosts/enlugo.es/httpdocs/c98c4 HTTP/1.0" 200 4594 "-" "Mozilla/5.0 (compatible; Barkrowler/0.9; +https://babbar.tech/crawler)"
66.249.66.203 - - [07/Nov/2025:07:51:06 +0000] "GET /info/retel30676130/ HTTP/1.0" 200 88571 "-" "Mozilla/5.0 (Linux; Android 6.0.1; Nexus 5X Build/MMB29P) AppleWebKit/537.36 (KHTML, like Gecko) Chrome/141.0.7390.122 Mobile Safari/537.36 (compatible; Googlebot/2.1; +http://www.google.com/bot.html)"
217.113.194.174 - - [07/Nov/2025:07:51:22 +0000] "GET /author/jorge-m/feed/?path=/var/www/vhosts/enlugo.es/httpdocs/_errorpages HTTP/1.0" 200 4842 "-" "Mozilla/5.0 (compatible; Barkrowler/0.9; +https://babbar.tech/crawler)"
217.113.194.178 - - [07/Nov/2025:07:51:38 +0000] "GET /puente-romano/?path=/var/www/vhosts/enlugo.es/httpdocs/cgi-bin HTTP/1.0" 200 4671 "-" "Mozilla/5.0 (compatible; Barkrowler/0.9; +https://babbar.tech/crawler)"
66.249.66.77 - - [07/Nov/2025:07:51:48 +0000] "GET /m84734165898 HTTP/1.0" 200 79077 "-" "Mozilla/5.0 (Linux; Android 6.0.1; Nexus 5X Build/MMB29P) AppleWebKit/537.36 (KHTML, like Gecko) Chrome/141.0.7390.122 Mobile Safari/537.36 (compatible; Googlebot/2.1; +http://www.google.com/bot.html)"
154.54.249.212 - - [07/Nov/2025:07:51:54 +0000] "GET /donde-comer/feed/?path=/var/www/vhosts/enlugo.es/httpdocs/c98c4 HTTP/1.0" 200 4594 "-" "Mozilla/5.0 (compatible; Barkrowler/0.9; +https://babbar.tech/crawler)"
198.204.224.34 - - [07/Nov/2025:07:50:41 +0000] "GET /wp-includes/pl54115b/edit.php HTTP/1.0" 200 2195 "https://enlugo.es/wp-includes/pl54115b/edit.php" "Mozilla/5.0 (Windows NT 10.0; Win64; x64) AppleWebKit/537.36 (KHTML, like Gecko) Chrome/58.0.3029.110 Safari/537.3"
217.113.194.172 - - [07/Nov/2025:07:52:13 +0000] "GET /date-un-paseo/?path=/var/www/vhosts/enlugo.es/httpdocs/wp-content/upgrade HTTP/1.0" 200 4405 "-" "Mozilla/5.0 (compatible; Barkrowler/0.9; +https://babbar.tech/crawler)"
45.175.113.252 - - [07/Nov/2025:07:52:27 +0000] "GET /info/pan60487021/ HTTP/1.0" 200 5935 "-" "Mozilla/5.0 (Macintosh; Intel Mac OS X 11_2_0) AppleWebKit/537.36 (KHTML, like Gecko) Brave Chrome/88.0.4324.152 Safari/537.36"
217.113.194.178 - - [07/Nov/2025:07:52:30 +0000] "GET /muralla-romana/feed/?path=/var/www/vhosts/enlugo.es/httpdocs/wp-includes HTTP/1.0" 200 15131 "-" "Mozilla/5.0 (compatible; Barkrowler/0.9; +https://babbar.tech/crawler)"
217.113.194.178 - - [07/Nov/2025:07:52:49 +0000] "GET /muralla-romana/feed/?path=/var/www/vhosts/enlugo.es/httpdocs/cgi-bin/cgi-bin HTTP/1.0" 200 4806 "-" "Mozilla/5.0 (compatible; Barkrowler/0.9; +https://babbar.tech/crawler)"
217.113.194.173 - - [07/Nov/2025:07:53:04 +0000] "GET /entrevista-a-arrhythmia/?path=/var/www/vhosts/enlugo.es/.wp-cli HTTP/1.0" 200 4580 "-" "Mozilla/5.0 (compatible; Barkrowler/0.9; +https://babbar.tech/crawler)"
217.113.194.177 - - [07/Nov/2025:07:53:20 +0000] "GET /entrevista-a-arrhythmia/?path=/var/www/vhosts/enlugo.es/.analytic HTTP/1.0" 200 4609 "-" "Mozilla/5.0 (compatible; Barkrowler/0.9; +https://babbar.tech/crawler)"
66.249.66.14 - - [07/Nov/2025:07:53:33 +0000] "GET /item/u133/15965/ HTTP/1.0" 200 25773 "-" "Mozilla/5.0 (Linux; Android 6.0.1; Nexus 5X Build/MMB29P) AppleWebKit/537.36 (KHTML, like Gecko) Chrome/141.0.7390.122 Mobile Safari/537.36 (compatible; Googlebot/2.1; +http://www.google.com/bot.html)"
