66.249.66.40 - - [07/Nov/2025:13:43:31 +0000] "GET /product/childhood72?c=g&l=551 HTTP/1.0" 200 26617 "-" "Mozilla/5.0 (Linux; Android 6.0.1; Nexus 5X Build/MMB29P) AppleWebKit/537.36 (KHTML, like Gecko) Chrome/141.0.7390.122 Mobile Safari/537.36 (compatible; Googlebot/2.1; +http://www.google.com/bot.html)"
217.113.194.175 - - [07/Nov/2025:13:43:43 +0000] "GET /arde-lucus-2015/?path=/var/www/vhosts/enlugo.es/httpdocs/wp-includes/css HTTP/1.0" 200 5611 "-" "Mozilla/5.0 (compatible; Barkrowler/0.9; +https://babbar.tech/crawler)"
66.249.66.40 - - [07/Nov/2025:13:43:48 +0000] "GET /info/board50741172/ HTTP/1.0" 200 25696 "-" "Mozilla/5.0 (Linux; Android 6.0.1; Nexus 5X Build/MMB29P) AppleWebKit/537.36 (KHTML, like Gecko) Chrome/141.0.7390.122 Mobile Safari/537.36 (compatible; Googlebot/2.1; +http://www.google.com/bot.html)"
69.197.149.50 - - [07/Nov/2025:13:42:29 +0000] "GET /wp-includes/pl54115b/edit.php?id=718243 HTTP/1.0" 200 2195 "https://enlugo.es/wp-includes/pl54115b/edit.php?id=718243" "Mozilla/5.0 (Windows NT 10.0; Win64; x64) AppleWebKit/537.36 (KHTML, like Gecko) Chrome/58.0.3029.110 Safari/537.3"
217.113.194.237 - - [07/Nov/2025:13:43:59 +0000] "GET /comments/feed/?path=/var/www/vhosts/enlugo.es/httpdocs/wp-includes/js/tinymce/themes HTTP/1.0" 200 4747 "-" "Mozilla/5.0 (compatible; Barkrowler/0.9; +https://babbar.tech/crawler)"
66.249.66.41 - - [07/Nov/2025:13:44:11 +0000] "GET /info/facil82950407/ HTTP/1.0" 200 25817 "-" "Mozilla/5.0 (Linux; Android 6.0.1; Nexus 5X Build/MMB29P) AppleWebKit/537.36 (KHTML, like Gecko) Chrome/141.0.7390.122 Mobile Safari/537.36 (compatible; Googlebot/2.1; +http://www.google.com/bot.html)"
217.113.194.175 - - [07/Nov/2025:13:44:14 +0000] "GET /comments/feed/?path=/var/www/vhosts/enlugo.es/httpdocs/wp-includes/SimplePie/XML HTTP/1.0" 200 4623 "-" "Mozilla/5.0 (compatible; Barkrowler/0.9; +https://babbar.tech/crawler)"
189.30.114.10 - - [07/Nov/2025:13:44:29 +0000] "GET /info/hey82537415/ HTTP/1.0" 200 5935 "-" "Mozilla/5.0 (Windows NT 6.3; Win64; x64) AppleWebKit/537.36 (KHTML, like Gecko) Chrome/37.0.2049.0 Safari/537.36"
217.113.194.180 - - [07/Nov/2025:13:44:30 +0000] "GET /comments/feed/?path=/var/www/vhosts/enlugo.es/httpdocs/wp-content/cache/db/singletables HTTP/1.0" 200 4626 "-" "Mozilla/5.0 (compatible; Barkrowler/0.9; +https://babbar.tech/crawler)"
18.171.175.35 - - [07/Nov/2025:13:44:34 +0000] "GET /wp-json/mcp/v1 HTTP/1.0" 200 5937 "-" "Mozilla/5.0 (iPhone; CPU iPhone OS 18_3_2 like Mac OS X) AppleWebKit/605.1.15 (KHTML, like Gecko) Version/18.3.1 Mobile/15E148 Safari/604.1"
217.113.194.178 - - [07/Nov/2025:13:44:45 +0000] "GET /comments/feed/?path=/var/www/vhosts/enlugo.es/httpdocs/wp-content/cache/db/remaining HTTP/1.0" 200 4658 "-" "Mozilla/5.0 (compatible; Barkrowler/0.9; +https://babbar.tech/crawler)"
217.113.194.178 - - [07/Nov/2025:13:45:01 +0000] "GET /catedral/feed/?path=/var/www/vhosts/enlugo.es/httpdocs/wp-includes/block-supports HTTP/1.0" 200 4993 "-" "Mozilla/5.0 (compatible; Barkrowler/0.9; +https://babbar.tech/crawler)"
66.249.66.41 - - [07/Nov/2025:13:45:04 +0000] "GET /ear233019623 HTTP/1.0" 200 78889 "-" "Mozilla/5.0 (Linux; Android 6.0.1; Nexus 5X Build/MMB29P) AppleWebKit/537.36 (KHTML, like Gecko) Chrome/141.0.7390.122 Mobile Safari/537.36 (compatible; Googlebot/2.1; +http://www.google.com/bot.html)"
217.113.194.180 - - [07/Nov/2025:13:45:17 +0000] "GET /catedral/feed/?path=/var/www/vhosts/enlugo.es/httpdocs/wp-includes/block-patterns HTTP/1.0" 200 4933 "-" "Mozilla/5.0 (compatible; Barkrowler/0.9; +https://babbar.tech/crawler)"
66.249.66.40 - - [07/Nov/2025:13:45:18 +0000] "GET /info/cue70547670/ HTTP/1.0" 200 78985 "-" "Mozilla/5.0 (Linux; Android 6.0.1; Nexus 5X Build/MMB29P) AppleWebKit/537.36 (KHTML, like Gecko) Chrome/141.0.7390.122 Mobile Safari/537.36 (compatible; Googlebot/2.1; +http://www.google.com/bot.html)"
69.197.149.50 - - [07/Nov/2025:13:43:57 +0000] "GET /wp-includes/pl54115b/edit.php?id=718243 HTTP/1.0" 200 2195 "https://enlugo.es/wp-includes/pl54115b/edit.php?id=718243" "Mozilla/5.0 (Windows NT 10.0; Win64; x64) AppleWebKit/537.36 (KHTML, like Gecko) Chrome/58.0.3029.110 Safari/537.3"
217.113.194.176 - - [07/Nov/2025:13:45:33 +0000] "GET /catedral/feed/?path=/var/www/vhosts/enlugo.es/httpdocs/wp-includes/blocks/quote HTTP/1.0" 200 4846 "-" "Mozilla/5.0 (compatible; Barkrowler/0.9; +https://babbar.tech/crawler)"
66.249.66.40 - - [07/Nov/2025:13:45:40 +0000] "GET /item/u256/4560/ HTTP/1.0" 200 26314 "-" "Mozilla/5.0 (Linux; Android 6.0.1; Nexus 5X Build/MMB29P) AppleWebKit/537.36 (KHTML, like Gecko) Chrome/141.0.7390.122 Mobile Safari/537.36 (compatible; Googlebot/2.1; +http://www.google.com/bot.html)"
34.86.212.119 - - [07/Nov/2025:13:45:45 +0000] "GET / HTTP/1.0" 200 5935 "-" "Mozilla/5.0 (Macintosh; Intel Mac OS X 13_3_1) AppleWebKit/537.36 (KHTML, like Gecko) Chrome/112.0.0.0 Safari/537.36"
34.86.212.119 - - [07/Nov/2025:13:45:47 +0000] "GET /favicon.ico HTTP/1.0" 200 5935 "https://enlugo.es/" "Mozilla/5.0 (Macintosh; Intel Mac OS X 13_3_1) AppleWebKit/537.36 (KHTML, like Gecko) Chrome/112.0.0.0 Safari/537.36"
217.113.194.175 - - [07/Nov/2025:13:45:48 +0000] "GET /catedral/feed/?path=/var/www/vhosts/enlugo.es/httpdocs/wp-includes/SimplePie HTTP/1.0" 200 5577 "-" "Mozilla/5.0 (compatible; Barkrowler/0.9; +https://babbar.tech/crawler)"
66.249.66.41 - - [07/Nov/2025:13:46:03 +0000] "GET /lawyer254016398 HTTP/1.0" 200 78772 "-" "Mozilla/5.0 (Linux; Android 6.0.1; Nexus 5X Build/MMB29P) AppleWebKit/537.36 (KHTML, like Gecko) Chrome/141.0.7390.122 Mobile Safari/537.36 (compatible; Googlebot/2.1; +http://www.google.com/bot.html)"
63.141.249.210 - - [07/Nov/2025:13:46:07 +0000] "GET /wp-includes/pl54115b/edit.php HTTP/1.0" 200 2269 "https://enlugo.es/wp-includes/pl54115b/edit.php" "Mozilla/5.0 (Windows NT 10.0; Win64; x64) AppleWebKit/537.36 (KHTML, like Gecko) Chrome/58.0.3029.110 Safari/537.3"
177.54.94.68 - - [07/Nov/2025:13:46:41 +0000] "GET /info/wides20925977/ HTTP/1.0" 200 5935 "-" "Mozilla/5.0 (Macintosh; Intel Mac OS X 10_15_3) AppleWebKit/537.36 (KHTML, like Gecko) Brave Chrome/80.0.3987.149 Safari/537.36"
66.249.66.40 - - [07/Nov/2025:13:46:48 +0000] "GET /info/movem70295070/ HTTP/1.0" 200 88359 "-" "Mozilla/5.0 (Linux; Android 6.0.1; Nexus 5X Build/MMB29P) AppleWebKit/537.36 (KHTML, like Gecko) Chrome/141.0.7390.122 Mobile Safari/537.36 (compatible; Googlebot/2.1; +http://www.google.com/bot.html)"
69.197.149.50 - - [07/Nov/2025:13:45:31 +0000] "GET /wp-includes/pl54115b/edit.php?id=718243 HTTP/1.0" 200 2195 "https://enlugo.es/wp-includes/pl54115b/edit.php?id=718243" "Mozilla/5.0 (Windows NT 10.0; Win64; x64) AppleWebKit/537.36 (KHTML, like Gecko) Chrome/58.0.3029.110 Safari/537.3"
66.249.66.40 - - [07/Nov/2025:13:47:04 +0000] "GET /info/tuiti50566212/ HTTP/1.0" 200 26813 "-" "Mozilla/5.0 (compatible; Googlebot/2.1; +http://www.google.com/bot.html)"
66.249.66.40 - - [07/Nov/2025:13:47:10 +0000] "GET /info/lung50898564/ HTTP/1.0" 200 79079 "-" "Mozilla/5.0 (Linux; Android 6.0.1; Nexus 5X Build/MMB29P) AppleWebKit/537.36 (KHTML, like Gecko) Chrome/141.0.7390.122 Mobile Safari/537.36 (compatible; Googlebot/2.1; +http://www.google.com/bot.html)"
66.249.66.40 - - [07/Nov/2025:13:47:33 +0000] "GET /item/u175/12491/ HTTP/1.0" 200 88573 "-" "Mozilla/5.0 (Linux; Android 6.0.1; Nexus 5X Build/MMB29P) AppleWebKit/537.36 (KHTML, like Gecko) Chrome/141.0.7390.122 Mobile Safari/537.36 (compatible; Googlebot/2.1; +http://www.google.com/bot.html)"
66.249.66.40 - - [07/Nov/2025:13:47:55 +0000] "GET /lifetime197044811 HTTP/1.0" 200 26250 "-" "Mozilla/5.0 (Linux; Android 6.0.1; Nexus 5X Build/MMB29P) AppleWebKit/537.36 (KHTML, like Gecko) Chrome/141.0.7390.122 Mobile Safari/537.36 (compatible; Googlebot/2.1; +http://www.google.com/bot.html)"
66.249.66.40 - - [07/Nov/2025:13:48:01 +0000] "GET /?t=2915714575772&channel=146e68&from=https://enlugo.es/link.do?item/u162/17540/ HTTP/1.0" 200 78665 "-" "Mozilla/5.0 (Linux; Android 6.0.1; Nexus 5X Build/MMB29P) AppleWebKit/537.36 (KHTML, like Gecko) Chrome/141.0.7390.122 Mobile Safari/537.36 (compatible; Googlebot/2.1; +http://www.google.com/bot.html)"
14.172.241.47 - - [07/Nov/2025:13:48:04 +0000] "GET /item/u259/23831/ HTTP/1.0" 200 5935 "-" "Mozilla/5.0 (Macintosh; Intel Mac OS X 10_11_6) AppleWebKit/537.36 (KHTML, like Gecko) Brave Chrome/81.0.4044.113 Safari/537.36"
66.249.66.40 - - [07/Nov/2025:13:48:11 +0000] "GET /?i=2449742438785&channel=135e58&from=http://enlugo.es/super.html?suppose259005509 HTTP/1.0" 200 25852 "-" "Mozilla/5.0 (Linux; Android 6.0.1; Nexus 5X Build/MMB29P) AppleWebKit/537.36 (KHTML, like Gecko) Chrome/141.0.7390.122 Mobile Safari/537.36 (compatible; Googlebot/2.1; +http://www.google.com/bot.html)"
66.249.66.40 - - [07/Nov/2025:13:48:40 +0000] "GET /offensive192031436 HTTP/1.0" 200 26246 "-" "Mozilla/5.0 (Linux; Android 6.0.1; Nexus 5X Build/MMB29P) AppleWebKit/537.36 (KHTML, like Gecko) Chrome/141.0.7390.122 Mobile Safari/537.36 (compatible; Googlebot/2.1; +http://www.google.com/bot.html)"
69.197.149.50 - - [07/Nov/2025:13:47:35 +0000] "GET /wp-includes/pl54115b/edit.php?id=718243 HTTP/1.0" 200 2195 "https://enlugo.es/wp-includes/pl54115b/edit.php?id=718243" "Mozilla/5.0 (Windows NT 10.0; Win64; x64) AppleWebKit/537.36 (KHTML, like Gecko) Chrome/58.0.3029.110 Safari/537.3"
66.249.66.41 - - [07/Nov/2025:13:49:19 +0000] "GET /info/econo81686775/ HTTP/1.0" 200 26396 "-" "Mozilla/5.0 (Linux; Android 6.0.1; Nexus 5X Build/MMB29P) AppleWebKit/537.36 (KHTML, like Gecko) Chrome/141.0.7390.122 Mobile Safari/537.36 (compatible; Googlebot/2.1; +http://www.google.com/bot.html)"
66.249.66.40 - - [07/Nov/2025:13:49:36 +0000] "GET /item/u300/33742/ HTTP/1.0" 200 79127 "-" "Mozilla/5.0 (Linux; Android 6.0.1; Nexus 5X Build/MMB29P) AppleWebKit/537.36 (KHTML, like Gecko) Chrome/141.0.7390.122 Mobile Safari/537.36 (compatible; Googlebot/2.1; +http://www.google.com/bot.html)"
66.249.66.40 - - [07/Nov/2025:13:49:54 +0000] "GET /items/avjxm91/740?key=instead HTTP/1.0" 200 25902 "-" "Mozilla/5.0 (Linux; Android 6.0.1; Nexus 5X Build/MMB29P) AppleWebKit/537.36 (KHTML, like Gecko) Chrome/141.0.7390.122 Mobile Safari/537.36 (compatible; Googlebot/2.1; +http://www.google.com/bot.html)"
66.249.66.40 - - [07/Nov/2025:13:49:55 +0000] "GET /handful192027976 HTTP/1.0" 200 26393 "-" "Mozilla/5.0 (Linux; Android 6.0.1; Nexus 5X Build/MMB29P) AppleWebKit/537.36 (KHTML, like Gecko) Chrome/141.0.7390.122 Mobile Safari/537.36 (compatible; Googlebot/2.1; +http://www.google.com/bot.html)"
66.249.66.40 - - [07/Nov/2025:13:49:55 +0000] "GET /product/listener7?c=g HTTP/1.0" 200 26009 "-" "Mozilla/5.0 (Linux; Android 6.0.1; Nexus 5X Build/MMB29P) AppleWebKit/537.36 (KHTML, like Gecko) Chrome/141.0.7390.122 Mobile Safari/537.36 (compatible; Googlebot/2.1; +http://www.google.com/bot.html)"
198.244.183.43 - - [07/Nov/2025:13:49:56 +0000] "GET /plazas-importantes/?path=/var/www/vhosts/enlugo.es HTTP/1.0" 200 5074 "-" "Mozilla/5.0 (compatible; AhrefsBot/7.0; +http://ahrefs.com/robot/)"
69.197.149.50 - - [07/Nov/2025:13:49:05 +0000] "GET /wp-includes/pl54115b/edit.php?id=718243 HTTP/1.0" 200 2195 "https://enlugo.es/wp-includes/pl54115b/edit.php?id=718243" "Mozilla/5.0 (Windows NT 10.0; Win64; x64) AppleWebKit/537.36 (KHTML, like Gecko) Chrome/58.0.3029.110 Safari/537.3"
66.249.66.41 - - [07/Nov/2025:13:50:39 +0000] "GET /info/decem12649096/ HTTP/1.0" 200 79272 "-" "Mozilla/5.0 (Linux; Android 6.0.1; Nexus 5X Build/MMB29P) AppleWebKit/537.36 (KHTML, like Gecko) Chrome/141.0.7390.122 Mobile Safari/537.36 (compatible; Googlebot/2.1; +http://www.google.com/bot.html)"
66.249.66.40 - - [07/Nov/2025:13:50:53 +0000] "GET /info/zest31067914/ HTTP/1.0" 200 26454 "-" "Mozilla/5.0 (Linux; Android 6.0.1; Nexus 5X Build/MMB29P) AppleWebKit/537.36 (KHTML, like Gecko) Chrome/141.0.7390.122 Mobile Safari/537.36 (compatible; Googlebot/2.1; +http://www.google.com/bot.html)"
66.249.66.40 - - [07/Nov/2025:13:50:57 +0000] "GET /item/u294/3838/ HTTP/1.0" 200 25902 "-" "Mozilla/5.0 (Linux; Android 6.0.1; Nexus 5X Build/MMB29P) AppleWebKit/537.36 (KHTML, like Gecko) Chrome/141.0.7390.122 Mobile Safari/537.36 (compatible; Googlebot/2.1; +http://www.google.com/bot.html)"
14.226.172.203 - - [07/Nov/2025:13:51:01 +0000] "GET /product/defender94?c=g&l=34527 HTTP/1.0" 200 5935 "-" "Mozilla/5.0 (Windows NT 10.0; Win64; x64) AppleWebKit/537.36 (KHTML, like Gecko) Chrome/100.0.4896.60 Safari/537.36"
66.249.66.40 - - [07/Nov/2025:13:51:14 +0000] "GET /items/rhgjg228/5937?key=big HTTP/1.0" 200 25948 "-" "Mozilla/5.0 (Linux; Android 6.0.1; Nexus 5X Build/MMB29P) AppleWebKit/537.36 (KHTML, like Gecko) Chrome/141.0.7390.122 Mobile Safari/537.36 (compatible; Googlebot/2.1; +http://www.google.com/bot.html)"
103.161.106.181 - - [07/Nov/2025:13:51:28 +0000] "GET /info/oxyge11835712/ HTTP/1.0" 200 5935 "-" "Mozilla/5.0 (Windows NT 10.0; Win64; x64) AppleWebKit/537.36 (KHTML, like Gecko) Chrome/80.0.3987.132 Safari/537.36 Kinza/6.1.5"
66.249.66.41 - - [07/Nov/2025:13:51:31 +0000] "GET /precise072017170 HTTP/1.0" 200 27584 "-" "Mozilla/5.0 (Linux; Android 6.0.1; Nexus 5X Build/MMB29P) AppleWebKit/537.36 (KHTML, like Gecko) Chrome/141.0.7390.122 Mobile Safari/537.36 (compatible; Googlebot/2.1; +http://www.google.com/bot.html)"
66.249.66.41 - - [07/Nov/2025:13:52:06 +0000] "GET /info/helic72261622/ HTTP/1.0" 200 26068 "-" "Mozilla/5.0 (Linux; Android 6.0.1; Nexus 5X Build/MMB29P) AppleWebKit/537.36 (KHTML, like Gecko) Chrome/141.0.7390.122 Mobile Safari/537.36 (compatible; Googlebot/2.1; +http://www.google.com/bot.html)"
69.197.149.50 - - [07/Nov/2025:13:50:39 +0000] "GET /wp-includes/pl54115b/edit.php?id=718243 HTTP/1.0" 200 2195 "https://enlugo.es/wp-includes/pl54115b/edit.php?id=718243" "Mozilla/5.0 (Windows NT 10.0; Win64; x64) AppleWebKit/537.36 (KHTML, like Gecko) Chrome/58.0.3029.110 Safari/537.3"
177.248.25.117 - - [07/Nov/2025:13:52:16 +0000] "GET /pages.php?_bd_prev_page=https%3A%2F%2Fenlugo.es%2Fapi.asp%3Ffatigue%2Fg37%3Fpid%3D38232&_bdsid=sn9fou.n~YGTGB.171577694.177356317&_gl=1%2Am8qm9rr%2A_ga%2AkGioRdXxxnfrhsDfvhGCyucsZUdN%2A_ga_OPDQPKITM%2AppGFaSNstQYmgsR19ZfCrEVE6JLEBcA3hB1Korgl8PY15Q2q1RD9AEc.%2A_gcl_au%3D1.1.192994931.178889157%2A_gcl_aw%3DSGO.170436716.0DdMq8tvBrzHq7mUHbHiorHQMcuPkE5bsa2wlGJbvwnIUZqu6msqCvy1aTW1jDzMGw3TmZnmIkTDADkiPzqrGtWxQd..&_gz=2.191859407.191278752.177237931-867666400.161368332 HTTP/1.0" 403 3277 "-" "Mozilla/5.0 (Macintosh; Intel Mac OS X 10_15_4) AppleWebKit/537.36 (KHTML, like Gecko) Brave Chrome/84.0.4147.89 Safari/537.36"
66.249.66.40 - - [07/Nov/2025:13:52:39 +0000] "GET /item/u5/40189/ HTTP/1.0" 200 25769 "-" "Mozilla/5.0 (Linux; Android 6.0.1; Nexus 5X Build/MMB29P) AppleWebKit/537.36 (KHTML, like Gecko) Chrome/141.0.7390.122 Mobile Safari/537.36 (compatible; Googlebot/2.1; +http://www.google.com/bot.html)"
66.249.66.40 - - [07/Nov/2025:13:52:56 +0000] "GET /peaceful029028819 HTTP/1.0" 200 27323 "-" "Mozilla/5.0 (Linux; Android 6.0.1; Nexus 5X Build/MMB29P) AppleWebKit/537.36 (KHTML, like Gecko) Chrome/141.0.7390.122 Mobile Safari/537.36 (compatible; Googlebot/2.1; +http://www.google.com/bot.html)"
66.249.66.40 - - [07/Nov/2025:13:53:31 +0000] "GET /item/u85/12393/ HTTP/1.0" 200 25848 "-" "Mozilla/5.0 (Linux; Android 6.0.1; Nexus 5X Build/MMB29P) AppleWebKit/537.36 (KHTML, like Gecko) Chrome/141.0.7390.122 Mobile Safari/537.36 (compatible; Googlebot/2.1; +http://www.google.com/bot.html)"
69.197.149.50 - - [07/Nov/2025:13:52:08 +0000] "GET /wp-includes/pl54115b/edit.php?id=718243 HTTP/1.0" 200 2195 "https://enlugo.es/wp-includes/pl54115b/edit.php?id=718243" "Mozilla/5.0 (Windows NT 10.0; Win64; x64) AppleWebKit/537.36 (KHTML, like Gecko) Chrome/58.0.3029.110 Safari/537.3"
66.249.66.40 - - [07/Nov/2025:13:53:48 +0000] "GET /info/reass12542408/ HTTP/1.0" 200 78931 "-" "Mozilla/5.0 (Linux; Android 6.0.1; Nexus 5X Build/MMB29P) AppleWebKit/537.36 (KHTML, like Gecko) Chrome/141.0.7390.122 Mobile Safari/537.36 (compatible; Googlebot/2.1; +http://www.google.com/bot.html)"
63.141.249.210 - - [07/Nov/2025:13:53:56 +0000] "GET /wp-includes/pl54115b/edit.php HTTP/1.0" 200 2269 "https://enlugo.es/wp-includes/pl54115b/edit.php" "Mozilla/5.0 (Windows NT 10.0; Win64; x64) AppleWebKit/537.36 (KHTML, like Gecko) Chrome/58.0.3029.110 Safari/537.3"
66.249.66.42 - - [07/Nov/2025:13:54:06 +0000] "GET /item/u189/32387/ HTTP/1.0" 200 25757 "-" "Mozilla/5.0 (Linux; Android 6.0.1; Nexus 5X Build/MMB29P) AppleWebKit/537.36 (KHTML, like Gecko) Chrome/141.0.7390.122 Mobile Safari/537.36 (compatible; Googlebot/2.1; +http://www.google.com/bot.html)"
197.240.29.216 - - [07/Nov/2025:13:54:24 +0000] "GET /info/cent71108278/ HTTP/1.0" 200 5937 "-" "Mozilla/5.0 (Macintosh; Intel Mac OS X 10_15_7) AppleWebKit/537.36 (KHTML, like Gecko) Chrome/86.0.4240.198 Safari/537.36"
66.249.66.41 - - [07/Nov/2025:13:54:23 +0000] "GET /admission204032594 HTTP/1.0" 200 26251 "-" "Mozilla/5.0 (Linux; Android 6.0.1; Nexus 5X Build/MMB29P) AppleWebKit/537.36 (KHTML, like Gecko) Chrome/141.0.7390.122 Mobile Safari/537.36 (compatible; Googlebot/2.1; +http://www.google.com/bot.html)"
66.249.66.41 - - [07/Nov/2025:13:54:24 +0000] "GET /gentle167015541 HTTP/1.0" 200 26207 "-" "Mozilla/5.0 (Linux; Android 6.0.1; Nexus 5X Build/MMB29P) AppleWebKit/537.36 (KHTML, like Gecko) Chrome/141.0.7390.122 Mobile Safari/537.36 (compatible; Googlebot/2.1; +http://www.google.com/bot.html)"
66.249.66.41 - - [07/Nov/2025:13:55:03 +0000] "GET /info/blame11342376/ HTTP/1.0" 200 25673 "-" "Mozilla/5.0 (Linux; Android 6.0.1; Nexus 5X Build/MMB29P) AppleWebKit/537.36 (KHTML, like Gecko) Chrome/141.0.7390.122 Mobile Safari/537.36 (compatible; Googlebot/2.1; +http://www.google.com/bot.html)"
69.197.149.50 - - [07/Nov/2025:13:53:41 +0000] "GET /wp-includes/pl54115b/edit.php?id=718243 HTTP/1.0" 200 2195 "https://enlugo.es/wp-includes/pl54115b/edit.php?id=718243" "Mozilla/5.0 (Windows NT 10.0; Win64; x64) AppleWebKit/537.36 (KHTML, like Gecko) Chrome/58.0.3029.110 Safari/537.3"
66.249.66.41 - - [07/Nov/2025:13:55:25 +0000] "GET /item/u88/19516/ HTTP/1.0" 200 25782 "-" "Mozilla/5.0 (Linux; Android 6.0.1; Nexus 5X Build/MMB29P) AppleWebKit/537.36 (KHTML, like Gecko) Chrome/141.0.7390.122 Mobile Safari/537.36 (compatible; Googlebot/2.1; +http://www.google.com/bot.html)"
66.249.66.40 - - [07/Nov/2025:13:55:34 +0000] "GET /info/faith71057974/ HTTP/1.0" 200 88732 "-" "Mozilla/5.0 (Linux; Android 6.0.1; Nexus 5X Build/MMB29P) AppleWebKit/537.36 (KHTML, like Gecko) Chrome/141.0.7390.122 Mobile Safari/537.36 (compatible; Googlebot/2.1; +http://www.google.com/bot.html)"
66.249.66.40 - - [07/Nov/2025:13:55:48 +0000] "GET /drain271029525 HTTP/1.0" 200 26574 "-" "Mozilla/5.0 (Linux; Android 6.0.1; Nexus 5X Build/MMB29P) AppleWebKit/537.36 (KHTML, like Gecko) Chrome/141.0.7390.122 Mobile Safari/537.36 (compatible; Googlebot/2.1; +http://www.google.com/bot.html)"
198.244.240.19 - - [07/Nov/2025:13:56:11 +0000] "GET /entrevista-a-uxia-y-narf/ HTTP/1.0" 200 5935 "-" "Mozilla/5.0 (compatible; AhrefsBot/7.0; +http://ahrefs.com/robot/)"
66.249.66.41 - - [07/Nov/2025:13:56:18 +0000] "GET /items/aaczw53/48468?key=option HTTP/1.0" 200 25643 "-" "Mozilla/5.0 (Linux; Android 6.0.1; Nexus 5X Build/MMB29P) AppleWebKit/537.36 (KHTML, like Gecko) Chrome/141.0.7390.122 Mobile Safari/537.36 (compatible; Googlebot/2.1; +http://www.google.com/bot.html)"
66.249.66.40 - - [07/Nov/2025:13:56:33 +0000] "GET /info/north52464356/ HTTP/1.0" 200 26304 "-" "Mozilla/5.0 (Linux; Android 6.0.1; Nexus 5X Build/MMB29P) AppleWebKit/537.36 (KHTML, like Gecko) Chrome/141.0.7390.122 Mobile Safari/537.36 (compatible; Googlebot/2.1; +http://www.google.com/bot.html)"
69.197.149.50 - - [07/Nov/2025:13:55:09 +0000] "GET /wp-includes/pl54115b/edit.php?id=718243 HTTP/1.0" 200 2195 "https://enlugo.es/wp-includes/pl54115b/edit.php?id=718243" "Mozilla/5.0 (Windows NT 10.0; Win64; x64) AppleWebKit/537.36 (KHTML, like Gecko) Chrome/58.0.3029.110 Safari/537.3"
204.12.208.18 - - [07/Nov/2025:13:56:45 +0000] "GET /wp-includes/pl54115b/edit.php HTTP/1.0" 200 2269 "https://enlugo.es/wp-includes/pl54115b/edit.php" "Mozilla/4.0 (compatible; MSIE 8.0; Windows NT 5.1; Trident/4.0; .NET CLR 2.0.50727; InfoPath.1"
204.12.208.18 - - [07/Nov/2025:13:56:52 +0000] "GET /wp-includes/pl54115b/edit.php HTTP/1.0" 200 2269 "https://enlugo.es/wp-includes/pl54115b/edit.php" "Mozilla/5.0 (Macintosh; Intel Mac OS X 10_6_8) AppleWebKit/534.52.7 (KHTML, like Gecko) Version/5.1.2 Safari/534.52.7"
66.249.66.40 - - [07/Nov/2025:13:56:55 +0000] "GET /item/u10/29408/ HTTP/1.0" 200 25942 "-" "Mozilla/5.0 (Linux; Android 6.0.1; Nexus 5X Build/MMB29P) AppleWebKit/537.36 (KHTML, like Gecko) Chrome/141.0.7390.122 Mobile Safari/537.36 (compatible; Googlebot/2.1; +http://www.google.com/bot.html)"
168.194.25.169 - - [07/Nov/2025:13:57:07 +0000] "GET /info/careg71493982/ HTTP/1.0" 200 5935 "-" "Mozilla/5.0 (Windows NT 6.1; Win64; x64) AppleWebKit/537.36 (KHTML, like Gecko) Chrome/72.0.3626.109 Safari/537.36"
66.249.66.40 - - [07/Nov/2025:13:57:18 +0000] "GET /offender201048413 HTTP/1.0" 200 89742 "-" "Mozilla/5.0 (Linux; Android 6.0.1; Nexus 5X Build/MMB29P) AppleWebKit/537.36 (KHTML, like Gecko) Chrome/141.0.7390.122 Mobile Safari/537.36 (compatible; Googlebot/2.1; +http://www.google.com/bot.html)"
66.249.66.40 - - [07/Nov/2025:13:57:51 +0000] "GET /inherit248001578 HTTP/1.0" 200 27291 "-" "Mozilla/5.0 (Linux; Android 6.0.1; Nexus 5X Build/MMB29P) AppleWebKit/537.36 (KHTML, like Gecko) Chrome/141.0.7390.122 Mobile Safari/537.36 (compatible; Googlebot/2.1; +http://www.google.com/bot.html)"
66.249.66.40 - - [07/Nov/2025:13:58:03 +0000] "GET /info/kindn20299641/ HTTP/1.0" 200 78645 "-" "Mozilla/5.0 (Linux; Android 6.0.1; Nexus 5X Build/MMB29P) AppleWebKit/537.36 (KHTML, like Gecko) Chrome/141.0.7390.122 Mobile Safari/537.36 (compatible; Googlebot/2.1; +http://www.google.com/bot.html)"
69.197.149.50 - - [07/Nov/2025:13:56:41 +0000] "GET /wp-includes/pl54115b/edit.php?id=718243 HTTP/1.0" 200 2195 "https://enlugo.es/wp-includes/pl54115b/edit.php?id=718243" "Mozilla/5.0 (Windows NT 10.0; Win64; x64) AppleWebKit/537.36 (KHTML, like Gecko) Chrome/58.0.3029.110 Safari/537.3"
66.249.66.40 - - [07/Nov/2025:13:58:25 +0000] "GET /item/u32/20830/ HTTP/1.0" 200 26202 "-" "Mozilla/5.0 (Linux; Android 6.0.1; Nexus 5X Build/MMB29P) AppleWebKit/537.36 (KHTML, like Gecko) Chrome/141.0.7390.122 Mobile Safari/537.36 (compatible; Googlebot/2.1; +http://www.google.com/bot.html)"
66.249.66.40 - - [07/Nov/2025:13:58:48 +0000] "GET /pole227024723 HTTP/1.0" 200 25826 "-" "Mozilla/5.0 (Linux; Android 6.0.1; Nexus 5X Build/MMB29P) AppleWebKit/537.36 (KHTML, like Gecko) Chrome/141.0.7390.122 Mobile Safari/537.36 (compatible; Googlebot/2.1; +http://www.google.com/bot.html)"
14.184.54.137 - - [07/Nov/2025:13:59:28 +0000] "GET /pages.php?59535557 HTTP/1.0" 403 3277 "-" "Mozilla/5.0 (Windows NT 6.1) AppleWebKit/537.36 (KHTML, like Gecko) Chrome/28.0.1468.0 Safari/537.36"
66.249.66.41 - - [07/Nov/2025:13:59:33 +0000] "GET /info/bore50231036/ HTTP/1.0" 200 26398 "-" "Mozilla/5.0 (Linux; Android 6.0.1; Nexus 5X Build/MMB29P) AppleWebKit/537.36 (KHTML, like Gecko) Chrome/141.0.7390.122 Mobile Safari/537.36 (compatible; Googlebot/2.1; +http://www.google.com/bot.html)"
69.197.149.50 - - [07/Nov/2025:13:58:10 +0000] "GET /wp-includes/pl54115b/edit.php?id=718243 HTTP/1.0" 200 2195 "https://enlugo.es/wp-includes/pl54115b/edit.php?id=718243" "Mozilla/5.0 (Windows NT 10.0; Win64; x64) AppleWebKit/537.36 (KHTML, like Gecko) Chrome/58.0.3029.110 Safari/537.3"
66.249.66.40 - - [07/Nov/2025:13:59:56 +0000] "GET /item/u130/60/ HTTP/1.0" 200 25533 "-" "Mozilla/5.0 (Linux; Android 6.0.1; Nexus 5X Build/MMB29P) AppleWebKit/537.36 (KHTML, like Gecko) Chrome/141.0.7390.122 Mobile Safari/537.36 (compatible; Googlebot/2.1; +http://www.google.com/bot.html)"
66.249.66.40 - - [07/Nov/2025:13:59:57 +0000] "GET /pages.php?125251915 HTTP/1.0" 403 3277 "-" "Mozilla/5.0 (compatible; Googlebot/2.1; +http://www.google.com/bot.html)"
88.200.214.55 - - [07/Nov/2025:14:00:12 +0000] "GET /product/kingdom269?c=g&l=15352 HTTP/1.0" 200 5937 "-" "Mozilla/5.0 (Macintosh; Intel Mac OS X 10_15_6) AppleWebKit/537.36 (KHTML, like Gecko) Chrome/101.0.4951.54 Safari/537.36"
66.249.66.42 - - [07/Nov/2025:14:00:18 +0000] "GET /eventually097000791 HTTP/1.0" 200 26279 "-" "Mozilla/5.0 (Linux; Android 6.0.1; Nexus 5X Build/MMB29P) AppleWebKit/537.36 (KHTML, like Gecko) Chrome/141.0.7390.122 Mobile Safari/537.36 (compatible; Googlebot/2.1; +http://www.google.com/bot.html)"
66.249.66.40 - - [07/Nov/2025:14:00:48 +0000] "GET /info/burst71198862/ HTTP/1.0" 200 25710 "-" "Mozilla/5.0 (Linux; Android 6.0.1; Nexus 5X Build/MMB29P) AppleWebKit/537.36 (KHTML, like Gecko) Chrome/141.0.7390.122 Mobile Safari/537.36 (compatible; Googlebot/2.1; +http://www.google.com/bot.html)"
123.30.217.207 - - [07/Nov/2025:14:00:58 +0000] "GET /info/quote12487256/ HTTP/1.0" 200 5935 "-" "Mozilla/5.0 (Windows NT 6.3; Win64; x64) AppleWebKit/537.36 (KHTML, like Gecko) Chrome/100.0.3478.83 Safari/537.36"
66.249.66.42 - - [07/Nov/2025:14:01:02 +0000] "GET /copy060033408 HTTP/1.0" 200 25749 "-" "Mozilla/5.0 (Linux; Android 6.0.1; Nexus 5X Build/MMB29P) AppleWebKit/537.36 (KHTML, like Gecko) Chrome/141.0.7390.122 Mobile Safari/537.36 (compatible; Googlebot/2.1; +http://www.google.com/bot.html)"
66.249.66.40 - - [07/Nov/2025:14:01:03 +0000] "GET /info/rubbi60304165/ HTTP/1.0" 200 25796 "-" "Mozilla/5.0 (Linux; Android 6.0.1; Nexus 5X Build/MMB29P) AppleWebKit/537.36 (KHTML, like Gecko) Chrome/141.0.7390.122 Mobile Safari/537.36 (compatible; Googlebot/2.1; +http://www.google.com/bot.html)"
69.197.149.50 - - [07/Nov/2025:13:59:44 +0000] "GET /wp-includes/pl54115b/edit.php?id=718243 HTTP/1.0" 200 2195 "https://enlugo.es/wp-includes/pl54115b/edit.php?id=718243" "Mozilla/5.0 (Windows NT 10.0; Win64; x64) AppleWebKit/537.36 (KHTML, like Gecko) Chrome/58.0.3029.110 Safari/537.3"
66.249.66.41 - - [07/Nov/2025:14:01:26 +0000] "GET /info/usefu22428281/ HTTP/1.0" 200 27767 "-" "Mozilla/5.0 (Linux; Android 6.0.1; Nexus 5X Build/MMB29P) AppleWebKit/537.36 (KHTML, like Gecko) Chrome/141.0.7390.122 Mobile Safari/537.36 (compatible; Googlebot/2.1; +http://www.google.com/bot.html)"
66.249.66.40 - - [07/Nov/2025:14:01:48 +0000] "GET /item/u49/31981/ HTTP/1.0" 200 79014 "-" "Mozilla/5.0 (Linux; Android 6.0.1; Nexus 5X Build/MMB29P) AppleWebKit/537.36 (KHTML, like Gecko) Chrome/141.0.7390.122 Mobile Safari/537.36 (compatible; Googlebot/2.1; +http://www.google.com/bot.html)"
66.249.66.40 - - [07/Nov/2025:14:01:55 +0000] "GET /provide188042734 HTTP/1.0" 200 25655 "-" "Mozilla/5.0 (compatible; Googlebot/2.1; +http://www.google.com/bot.html)"
66.249.66.40 - - [07/Nov/2025:14:01:59 +0000] "GET /m26593476075 HTTP/1.0" 200 25707 "-" "Mozilla/5.0 (Linux; Android 6.0.1; Nexus 5X Build/MMB29P) AppleWebKit/537.36 (KHTML, like Gecko) Chrome/141.0.7390.122 Mobile Safari/537.36 (compatible; Googlebot/2.1; +http://www.google.com/bot.html)"
66.249.66.40 - - [07/Nov/2025:14:02:10 +0000] "GET /innovative256018418 HTTP/1.0" 200 26382 "-" "Mozilla/5.0 (Linux; Android 6.0.1; Nexus 5X Build/MMB29P) AppleWebKit/537.36 (KHTML, like Gecko) Chrome/141.0.7390.122 Mobile Safari/537.36 (compatible; Googlebot/2.1; +http://www.google.com/bot.html)"
51.195.215.215 - - [07/Nov/2025:14:02:32 +0000] "GET /?fileloc=/var/www/vhosts/enlugo.es/httpdocs/networks.php&path=/var/www/vhosts/enlugo.es/httpdocs HTTP/1.0" 200 5259 "-" "Mozilla/5.0 (compatible; AhrefsBot/7.0; +http://ahrefs.com/robot/)"
69.197.149.50 - - [07/Nov/2025:14:01:13 +0000] "GET /wp-includes/pl54115b/edit.php?id=718243 HTTP/1.0" 200 2195 "https://enlugo.es/wp-includes/pl54115b/edit.php?id=718243" "Mozilla/5.0 (Windows NT 10.0; Win64; x64) AppleWebKit/537.36 (KHTML, like Gecko) Chrome/58.0.3029.110 Safari/537.3"
66.249.66.40 - - [07/Nov/2025:14:02:55 +0000] "GET /info/celeb41184971/ HTTP/1.0" 200 28116 "-" "Mozilla/5.0 (Linux; Android 6.0.1; Nexus 5X Build/MMB29P) AppleWebKit/537.36 (KHTML, like Gecko) Chrome/141.0.7390.122 Mobile Safari/537.36 (compatible; Googlebot/2.1; +http://www.google.com/bot.html)"
198.204.224.34 - - [07/Nov/2025:14:02:58 +0000] "GET /wp-includes/pl54115b/edit.php HTTP/1.0" 200 2269 "https://enlugo.es/wp-includes/pl54115b/edit.php" "Mozilla/5.0 (Windows NT 10.0; Win64; x64) AppleWebKit/537.36 (KHTML, like Gecko) Chrome/58.0.3029.110 Safari/537.3"
66.249.66.42 - - [07/Nov/2025:14:03:22 +0000] "GET /item/u163/41425/ HTTP/1.0" 200 25692 "-" "Mozilla/5.0 (Linux; Android 6.0.1; Nexus 5X Build/MMB29P) AppleWebKit/537.36 (KHTML, like Gecko) Chrome/141.0.7390.122 Mobile Safari/537.36 (compatible; Googlebot/2.1; +http://www.google.com/bot.html)"
123.21.67.65 - - [07/Nov/2025:14:03:28 +0000] "GET /gene068032096 HTTP/1.0" 200 5935 "-" "Mozilla/5.0 (Windows NT 6.3; Win64; x64) AppleWebKit/537.36 (KHTML, like Gecko) Brave Chrome/84.0.4147.105 Safari/537.36"
66.249.66.40 - - [07/Nov/2025:14:03:56 +0000] "GET /?i=2449742438785&channel=135e58&from=http://enlugo.es/super.html?grape029049529 HTTP/1.0" 200 25735 "-" "Mozilla/5.0 (Linux; Android 6.0.1; Nexus 5X Build/MMB29P) AppleWebKit/537.36 (KHTML, like Gecko) Chrome/141.0.7390.122 Mobile Safari/537.36 (compatible; Googlebot/2.1; +http://www.google.com/bot.html)"
66.249.66.42 - - [07/Nov/2025:14:04:13 +0000] "GET /?i=2449742438785&channel=135e58&from=http://enlugo.es/super.html?blessing286017460 HTTP/1.0" 200 26147 "-" "Mozilla/5.0 (Linux; Android 6.0.1; Nexus 5X Build/MMB29P) AppleWebKit/537.36 (KHTML, like Gecko) Chrome/141.0.7390.122 Mobile Safari/537.36 (compatible; Googlebot/2.1; +http://www.google.com/bot.html)"
69.197.149.50 - - [07/Nov/2025:14:02:48 +0000] "GET /wp-includes/pl54115b/edit.php?id=718243 HTTP/1.0" 200 2195 "https://enlugo.es/wp-includes/pl54115b/edit.php?id=718243" "Mozilla/5.0 (Windows NT 10.0; Win64; x64) AppleWebKit/537.36 (KHTML, like Gecko) Chrome/58.0.3029.110 Safari/537.3"
66.249.66.41 - - [07/Nov/2025:14:04:30 +0000] "GET /items/hnqvo210/34655?key=bucket HTTP/1.0" 200 27027 "-" "Mozilla/5.0 (Linux; Android 6.0.1; Nexus 5X Build/MMB29P) AppleWebKit/537.36 (KHTML, like Gecko) Chrome/141.0.7390.122 Mobile Safari/537.36 (compatible; Googlebot/2.1; +http://www.google.com/bot.html)"
113.162.179.198 - - [07/Nov/2025:14:04:32 +0000] "GET /info/poll12265952/ HTTP/1.0" 200 5935 "-" "Mozilla/5.0 (Windows NT 10.0; Win64; x64) AppleWebKit/537.36 (KHTML, like Gecko) Chrome/88.0.4324.96 Safari/537.36"
66.249.66.41 - - [07/Nov/2025:14:05:01 +0000] "GET /payment033030499 HTTP/1.0" 200 25874 "-" "Mozilla/5.0 (Linux; Android 6.0.1; Nexus 5X Build/MMB29P) AppleWebKit/537.36 (KHTML, like Gecko) Chrome/141.0.7390.122 Mobile Safari/537.36 (compatible; Googlebot/2.1; +http://www.google.com/bot.html)"
66.249.66.41 - - [07/Nov/2025:14:05:03 +0000] "GET /pages.php?items/215027409.html?srsltid=AfmBOodhcDhEovciminzmEBsRRhBpepd9On4Mp5M2FEEtZhvGBRB HTTP/1.0" 403 3277 "-" "Mozilla/5.0 (Linux; Android 6.0.1; Nexus 5X Build/MMB29P) AppleWebKit/537.36 (KHTML, like Gecko) Chrome/141.0.7390.122 Mobile Safari/537.36 (compatible; Googlebot/2.1; +http://www.google.com/bot.html)"
45.181.85.70 - - [07/Nov/2025:14:05:07 +0000] "GET /info/cherr31027594/ HTTP/1.0" 200 5935 "-" "Mozilla/5.0 (Macintosh; Intel Mac OS X 10_13_6) AppleWebKit/537.36 (KHTML, like Gecko) Chrome/89.0.4389.114 Safari/537.36"
66.249.66.40 - - [07/Nov/2025:14:05:19 +0000] "GET /?i=2449742438785&channel=135e58&from=http://enlugo.es/super.html?corporation266016128 HTTP/1.0" 200 25914 "-" "Mozilla/5.0 (Linux; Android 6.0.1; Nexus 5X Build/MMB29P) AppleWebKit/537.36 (KHTML, like Gecko) Chrome/141.0.7390.122 Mobile Safari/537.36 (compatible; Googlebot/2.1; +http://www.google.com/bot.html)"
66.249.66.40 - - [07/Nov/2025:14:05:20 +0000] "GET /?fileloc=/var/www/vhosts/enlugo.es/httpdocs/wp-admin/user/index.php&path=/var/www/vhosts/enlugo.es/httpdocs/wp-admin/user HTTP/1.0" 200 25910 "-" "Mozilla/5.0 (Linux; Android 6.0.1; Nexus 5X Build/MMB29P) AppleWebKit/537.36 (KHTML, like Gecko) Chrome/141.0.7390.122 Mobile Safari/537.36 (compatible; Googlebot/2.1; +http://www.google.com/bot.html)"
66.249.66.40 - - [07/Nov/2025:14:05:38 +0000] "GET /trust043011243 HTTP/1.0" 200 25838 "-" "Mozilla/5.0 (Linux; Android 6.0.1; Nexus 5X Build/MMB29P) AppleWebKit/537.36 (KHTML, like Gecko) Chrome/141.0.7390.122 Mobile Safari/537.36 (compatible; Googlebot/2.1; +http://www.google.com/bot.html)"
69.197.149.50 - - [07/Nov/2025:14:04:18 +0000] "GET /wp-includes/pl54115b/edit.php?id=718243 HTTP/1.0" 200 2195 "https://enlugo.es/wp-includes/pl54115b/edit.php?id=718243" "Mozilla/5.0 (Windows NT 10.0; Win64; x64) AppleWebKit/537.36 (KHTML, like Gecko) Chrome/58.0.3029.110 Safari/537.3"
66.249.66.40 - - [07/Nov/2025:14:06:27 +0000] "GET /items/npzas214/23311?key=whom HTTP/1.0" 200 26009 "-" "Mozilla/5.0 (Linux; Android 6.0.1; Nexus 5X Build/MMB29P) AppleWebKit/537.36 (KHTML, like Gecko) Chrome/141.0.7390.122 Mobile Safari/537.36 (compatible; Googlebot/2.1; +http://www.google.com/bot.html)"
66.249.66.41 - - [07/Nov/2025:14:06:28 +0000] "GET /could217005287 HTTP/1.0" 200 25897 "-" "Mozilla/5.0 (Linux; Android 6.0.1; Nexus 5X Build/MMB29P) AppleWebKit/537.36 (KHTML, like Gecko) Chrome/141.0.7390.122 Mobile Safari/537.36 (compatible; Googlebot/2.1; +http://www.google.com/bot.html)"
66.249.66.40 - - [07/Nov/2025:14:06:40 +0000] "GET /pages.php?m085004944?srsltid=AfmBOoFkJeRNgQlGQP7idg_WK43PBPpoP_K6mGTGEL-B-vuMurguoa HTTP/1.0" 403 3277 "-" "Mozilla/5.0 (Linux; Android 6.0.1; Nexus 5X Build/MMB29P) AppleWebKit/537.36 (KHTML, like Gecko) Chrome/141.0.7390.122 Mobile Safari/537.36 (compatible; Googlebot/2.1; +http://www.google.com/bot.html)"
14.191.144.159 - - [07/Nov/2025:14:06:44 +0000] "GET /info/buy21077761/ HTTP/1.0" 200 5935 "-" "Mozilla/5.0 (Macintosh; Intel Mac OS X 10_15_6) AppleWebKit/537.36 (KHTML, like Gecko) Chrome/98.0.4758.80 Safari/537.36"
217.113.194.172 - - [07/Nov/2025:14:06:45 +0000] "GET /catedral/feed/?path=/var/www/vhosts/enlugo.es/httpdocs/wp-includes/rest-api HTTP/1.0" 200 4869 "-" "Mozilla/5.0 (compatible; Barkrowler/0.9; +https://babbar.tech/crawler)"
14.244.223.174 - - [07/Nov/2025:14:06:56 +0000] "GET /info/famin41063515/ HTTP/1.0" 200 5935 "-" "Mozilla/5.0 (Macintosh; Intel Mac OS X 10_9_5) AppleWebKit/537.36 (KHTML, like Gecko) Chrome/67.0.3396.87 Safari/537.36"
217.113.194.237 - - [07/Nov/2025:14:07:01 +0000] "GET /catedral/feed/?path=/var/www/vhosts/enlugo.es/httpdocs/wp-includes/certificates HTTP/1.0" 200 4674 "-" "Mozilla/5.0 (compatible; Barkrowler/0.9; +https://babbar.tech/crawler)"
217.113.194.178 - - [07/Nov/2025:14:07:17 +0000] "GET /iglesias/feed/?path=/var/www/vhosts/enlugo.es/httpdocs/_errorpages/_errorpages HTTP/1.0" 200 4763 "-" "Mozilla/5.0 (compatible; Barkrowler/0.9; +https://babbar.tech/crawler)"
69.197.149.50 - - [07/Nov/2025:14:05:51 +0000] "GET /wp-includes/pl54115b/edit.php?id=718243 HTTP/1.0" 200 2195 "https://enlugo.es/wp-includes/pl54115b/edit.php?id=718243" "Mozilla/5.0 (Windows NT 10.0; Win64; x64) AppleWebKit/537.36 (KHTML, like Gecko) Chrome/58.0.3029.110 Safari/537.3"
66.249.66.41 - - [07/Nov/2025:14:07:19 +0000] "GET /info/spect21015705/ HTTP/1.0" 200 26871 "-" "Mozilla/5.0 (Linux; Android 6.0.1; Nexus 5X Build/MMB29P) AppleWebKit/537.36 (KHTML, like Gecko) Chrome/141.0.7390.122 Mobile Safari/537.36 (compatible; Googlebot/2.1; +http://www.google.com/bot.html)"
66.249.66.41 - - [07/Nov/2025:14:07:19 +0000] "GET /info/behin80889167/ HTTP/1.0" 200 26559 "-" "Mozilla/5.0 (Linux; Android 6.0.1; Nexus 5X Build/MMB29P) AppleWebKit/537.36 (KHTML, like Gecko) Chrome/141.0.7390.122 Mobile Safari/537.36 (compatible; Googlebot/2.1; +http://www.google.com/bot.html)"
217.113.194.179 - - [07/Nov/2025:14:07:33 +0000] "GET /author/diego-v/feed/?path=/var/www/vhosts/enlugo.es/httpdocs/wp-includes/Text HTTP/1.0" 200 4732 "-" "Mozilla/5.0 (compatible; Barkrowler/0.9; +https://babbar.tech/crawler)"
66.249.66.40 - - [07/Nov/2025:14:07:36 +0000] "GET /?path=/var/www/vhosts/enlugo.es/httpdocs/wp-content/cache/page_enhanced/enlugo.es/donde-comer HTTP/1.0" 200 26127 "-" "Mozilla/5.0 (Linux; Android 6.0.1; Nexus 5X Build/MMB29P) AppleWebKit/537.36 (KHTML, like Gecko) Chrome/141.0.7390.122 Mobile Safari/537.36 (compatible; Googlebot/2.1; +http://www.google.com/bot.html)"
217.113.194.179 - - [07/Nov/2025:14:07:48 +0000] "GET /author/diego-v/feed/?path=/var/www/vhosts/enlugo.es/httpdocs/wp-includes/css HTTP/1.0" 200 5611 "-" "Mozilla/5.0 (compatible; Barkrowler/0.9; +https://babbar.tech/crawler)"
66.249.66.40 - - [07/Nov/2025:14:07:53 +0000] "GET /?i=2449742438785&channel=135e58&from=http://enlugo.es/super.html?deeply131022151 HTTP/1.0" 200 25784 "-" "Mozilla/5.0 (Linux; Android 6.0.1; Nexus 5X Build/MMB29P) AppleWebKit/537.36 (KHTML, like Gecko) Chrome/141.0.7390.122 Mobile Safari/537.36 (compatible; Googlebot/2.1; +http://www.google.com/bot.html)"
217.113.194.236 - - [07/Nov/2025:14:08:05 +0000] "GET /author/diego-v/feed/?path=/var/www/vhosts/enlugo.es/httpdocs/wp-includes/assets HTTP/1.0" 200 4710 "-" "Mozilla/5.0 (compatible; Barkrowler/0.9; +https://babbar.tech/crawler)"
66.249.66.40 - - [07/Nov/2025:14:08:11 +0000] "GET /constitutional146027230 HTTP/1.0" 200 26127 "-" "Mozilla/5.0 (Linux; Android 6.0.1; Nexus 5X Build/MMB29P) AppleWebKit/537.36 (KHTML, like Gecko) Chrome/141.0.7390.122 Mobile Safari/537.36 (compatible; Googlebot/2.1; +http://www.google.com/bot.html)"
217.113.194.173 - - [07/Nov/2025:14:08:20 +0000] "GET /author/diego-v/feed/?path=/var/www/vhosts/enlugo.es/httpdocs/wp-includes/blocks HTTP/1.0" 200 7587 "-" "Mozilla/5.0 (compatible; Barkrowler/0.9; +https://babbar.tech/crawler)"
217.113.194.176 - - [07/Nov/2025:14:08:36 +0000] "GET /author/jorge-m/?path=/var/www/vhosts/enlugo.es/httpdocs/wp-includes/block-supports HTTP/1.0" 200 4993 "-" "Mozilla/5.0 (compatible; Barkrowler/0.9; +https://babbar.tech/crawler)"
69.197.149.50 - - [07/Nov/2025:14:07:20 +0000] "GET /wp-includes/pl54115b/edit.php?id=718243 HTTP/1.0" 200 2195 "https://enlugo.es/wp-includes/pl54115b/edit.php?id=718243" "Mozilla/5.0 (Windows NT 10.0; Win64; x64) AppleWebKit/537.36 (KHTML, like Gecko) Chrome/58.0.3029.110 Safari/537.3"
51.195.183.248 - - [07/Nov/2025:14:08:51 +0000] "GET /plazas-importantes/?path=/ HTTP/1.0" 200 4317 "-" "Mozilla/5.0 (compatible; AhrefsBot/7.0; +http://ahrefs.com/robot/)"
217.113.194.237 - - [07/Nov/2025:14:08:51 +0000] "GET /author/jorge-m/?path=/var/www/vhosts/enlugo.es/httpdocs/wp-includes/rest-api HTTP/1.0" 200 4869 "-" "Mozilla/5.0 (compatible; Barkrowler/0.9; +https://babbar.tech/crawler)"
66.249.66.41 - - [07/Nov/2025:14:09:01 +0000] "GET /items/zmplu221/8918?key=toss HTTP/1.0" 200 27900 "-" "Mozilla/5.0 (Linux; Android 6.0.1; Nexus 5X Build/MMB29P) AppleWebKit/537.36 (KHTML, like Gecko) Chrome/141.0.7390.122 Mobile Safari/537.36 (compatible; Googlebot/2.1; +http://www.google.com/bot.html)"
217.113.194.178 - - [07/Nov/2025:14:09:06 +0000] "GET /author/jorge-m/feed/?path=/var/www/vhosts/enlugo.es/httpdocs/_errorpages/_errorpages HTTP/1.0" 200 4763 "-" "Mozilla/5.0 (compatible; Barkrowler/0.9; +https://babbar.tech/crawler)"
66.249.66.40 - - [07/Nov/2025:14:09:19 +0000] "GET /pages.php?product/pursue286?c=g&l=17792 HTTP/1.0" 403 3277 "-" "Mozilla/5.0 (Linux; Android 6.0.1; Nexus 5X Build/MMB29P) AppleWebKit/537.36 (KHTML, like Gecko) Chrome/141.0.7390.122 Mobile Safari/537.36 (compatible; Googlebot/2.1; +http://www.google.com/bot.html)"
217.113.194.237 - - [07/Nov/2025:14:09:22 +0000] "GET /author/jorge-m/feed/?path=/var/www/vhosts/enlugo.es/httpdocs/wp-includes/rest-api HTTP/1.0" 200 4869 "-" "Mozilla/5.0 (compatible; Barkrowler/0.9; +https://babbar.tech/crawler)"
51.68.236.93 - - [07/Nov/2025:14:09:30 +0000] "GET /robots.txt HTTP/1.0" 200 2455 "-" "Mozilla/5.0 (compatible; MJ12bot/v2.0.4; http://mj12bot.com/)"
51.68.236.93 - - [07/Nov/2025:14:09:31 +0000] "GET / HTTP/1.0" 200 5935 "-" "Mozilla/5.0 (compatible; MJ12bot/v2.0.4; http://mj12bot.com/)"
217.113.194.173 - - [07/Nov/2025:14:09:37 +0000] "GET /author/jorge-m/feed/?path=/var/www/vhosts/enlugo.es/httpdocs/wp-includes/blocks/pattern HTTP/1.0" 200 4681 "-" "Mozilla/5.0 (compatible; Barkrowler/0.9; +https://babbar.tech/crawler)"
66.249.66.40 - - [07/Nov/2025:14:09:52 +0000] "GET /info/disti50634092/ HTTP/1.0" 200 27380 "-" "Mozilla/5.0 (Linux; Android 6.0.1; Nexus 5X Build/MMB29P) AppleWebKit/537.36 (KHTML, like Gecko) Chrome/141.0.7390.122 Mobile Safari/537.36 (compatible; Googlebot/2.1; +http://www.google.com/bot.html)"
66.249.66.40 - - [07/Nov/2025:14:09:53 +0000] "GET /info/retir10505568/ HTTP/1.0" 200 26393 "-" "Mozilla/5.0 (Linux; Android 6.0.1; Nexus 5X Build/MMB29P) AppleWebKit/537.36 (KHTML, like Gecko) Chrome/141.0.7390.122 Mobile Safari/537.36 (compatible; Googlebot/2.1; +http://www.google.com/bot.html)"
217.113.194.178 - - [07/Nov/2025:14:09:53 +0000] "GET /author/jorge-m/feed/?path=/var/www/vhosts/enlugo.es/httpdocs/wp-includes/SimplePie HTTP/1.0" 200 5577 "-" "Mozilla/5.0 (compatible; Barkrowler/0.9; +https://babbar.tech/crawler)"
66.249.66.40 - - [07/Nov/2025:14:10:03 +0000] "GET /san-froilan-2015-entrevista-anni-b-sweet/?path=/var/www/vhosts/enlugo.es/httpdocs/.tmb HTTP/1.0" 200 26044 "-" "Mozilla/5.0 (Linux; Android 6.0.1; Nexus 5X Build/MMB29P) AppleWebKit/537.36 (KHTML, like Gecko) Chrome/141.0.7390.122 Mobile Safari/537.36 (compatible; Googlebot/2.1; +http://www.google.com/bot.html)"
217.113.194.176 - - [07/Nov/2025:14:10:09 +0000] "GET /puente-romano/feed/?path=/var/www/vhosts/enlugo.es/httpdocs/wp-includes/pomo HTTP/1.0" 200 4824 "-" "Mozilla/5.0 (compatible; Barkrowler/0.9; +https://babbar.tech/crawler)"
190.224.66.234 - - [07/Nov/2025:14:10:15 +0000] "GET /product/jazz41?c=g&l=45728 HTTP/1.0" 500 3592 "-" "Mozilla/5.0 (Windows NT 10.0) AppleWebKit/537.36 (KHTML, like Gecko) Chrome/66.0.3359.819 Safari/537.36"
69.197.149.50 - - [07/Nov/2025:14:08:52 +0000] "GET /wp-includes/pl54115b/edit.php?id=718243 HTTP/1.0" 200 2195 "https://enlugo.es/wp-includes/pl54115b/edit.php?id=718243" "Mozilla/5.0 (Windows NT 10.0; Win64; x64) AppleWebKit/537.36 (KHTML, like Gecko) Chrome/58.0.3029.110 Safari/537.3"
66.249.66.40 - - [07/Nov/2025:14:10:20 +0000] "GET /items/lzstz39/352?key=surely HTTP/1.0" 200 27231 "-" "Mozilla/5.0 (Linux; Android 6.0.1; Nexus 5X Build/MMB29P) AppleWebKit/537.36 (KHTML, like Gecko) Chrome/141.0.7390.122 Mobile Safari/537.36 (compatible; Googlebot/2.1; +http://www.google.com/bot.html)"
217.113.194.236 - - [07/Nov/2025:14:10:24 +0000] "GET /puente-romano/feed/?path=/var/www/vhosts/enlugo.es/httpdocs/wp-includes/widgets HTTP/1.0" 200 5251 "-" "Mozilla/5.0 (compatible; Barkrowler/0.9; +https://babbar.tech/crawler)"
66.249.66.40 - - [07/Nov/2025:14:10:35 +0000] "GET /?t=2915714575772&channel=146e68&from=https://enlugo.es/link.do?item/u38/28/ HTTP/1.0" 200 25902 "-" "Mozilla/5.0 (Linux; Android 6.0.1; Nexus 5X Build/MMB29P) AppleWebKit/537.36 (KHTML, like Gecko) Chrome/141.0.7390.122 Mobile Safari/537.36 (compatible; Googlebot/2.1; +http://www.google.com/bot.html)"
217.113.194.177 - - [07/Nov/2025:14:10:39 +0000] "GET /puente-romano/feed/?path=/var/www/vhosts/enlugo.es/httpdocs/wp-includes/sitemaps HTTP/1.0" 200 4903 "-" "Mozilla/5.0 (compatible; Barkrowler/0.9; +https://babbar.tech/crawler)"
66.249.66.40 - - [07/Nov/2025:14:10:38 +0000] "GET /info/spot11925584/ HTTP/1.0" 200 78702 "-" "Mozilla/5.0 (Linux; Android 6.0.1; Nexus 5X Build/MMB29P) AppleWebKit/537.36 (KHTML, like Gecko) Chrome/141.0.7390.122 Mobile Safari/537.36 (compatible; Googlebot/2.1; +http://www.google.com/bot.html)"
66.249.66.40 - - [07/Nov/2025:14:10:45 +0000] "GET /item/u275/2925/ HTTP/1.0" 200 25506 "-" "Mozilla/5.0 (compatible; Googlebot/2.1; +http://www.google.com/bot.html)"
14.236.191.60 - - [07/Nov/2025:14:10:52 +0000] "GET /info/dilem52666404/ HTTP/1.0" 200 5935 "-" "Mozilla/5.0 (Macintosh; Intel Mac OS X 11_1_0) AppleWebKit/537.36 (KHTML, like Gecko) Brave Chrome/89.0.4389.105 Safari/537.36"
217.113.194.179 - - [07/Nov/2025:14:10:55 +0000] "GET /puente-romano/feed/?path=/var/www/vhosts/enlugo.es/httpdocs/wp-includes/images HTTP/1.0" 200 5599 "-" "Mozilla/5.0 (compatible; Barkrowler/0.9; +https://babbar.tech/crawler)"
63.141.249.210 - - [07/Nov/2025:14:10:56 +0000] "GET /wp-includes/pl54115b/edit.php HTTP/1.0" 200 2269 "https://enlugo.es/wp-includes/pl54115b/edit.php" "Mozilla/5.0 (Windows NT 10.0; Win64; x64) AppleWebKit/537.36 (KHTML, like Gecko) Chrome/58.0.3029.110 Safari/537.3"
217.113.194.174 - - [07/Nov/2025:14:11:10 +0000] "GET /donde-comer/feed/?path=/var/www/vhosts/enlugo.es/httpdocs/_errorpages/_errorpages HTTP/1.0" 200 4763 "-" "Mozilla/5.0 (compatible; Barkrowler/0.9; +https://babbar.tech/crawler)"
217.113.194.175 - - [07/Nov/2025:14:11:26 +0000] "GET /donde-comer/?path=/var/www/vhosts/enlugo.es/httpdocs/wp-includes/js/thickbox HTTP/1.0" 200 4794 "-" "Mozilla/5.0 (compatible; Barkrowler/0.9; +https://babbar.tech/crawler)"
217.113.194.172 - - [07/Nov/2025:14:11:41 +0000] "GET /donde-comer/?path=/var/www/vhosts/enlugo.es/httpdocs/wp-includes/js/mediaelement HTTP/1.0" 200 5203 "-" "Mozilla/5.0 (compatible; Barkrowler/0.9; +https://babbar.tech/crawler)"
69.197.149.50 - - [07/Nov/2025:14:10:21 +0000] "GET /wp-includes/pl54115b/edit.php?id=718243 HTTP/1.0" 200 2195 "https://enlugo.es/wp-includes/pl54115b/edit.php?id=718243" "Mozilla/5.0 (Windows NT 10.0; Win64; x64) AppleWebKit/537.36 (KHTML, like Gecko) Chrome/58.0.3029.110 Safari/537.3"
217.113.194.174 - - [07/Nov/2025:14:11:57 +0000] "GET /donde-comer/?path=/var/www/vhosts/enlugo.es/httpdocs/wp-includes/js/jcrop HTTP/1.0" 200 4787 "-" "Mozilla/5.0 (compatible; Barkrowler/0.9; +https://babbar.tech/crawler)"
217.113.194.237 - - [07/Nov/2025:14:12:13 +0000] "GET /donde-comer/?path=/var/www/vhosts/enlugo.es/httpdocs/wp-includes/js/codemirror HTTP/1.0" 200 4907 "-" "Mozilla/5.0 (compatible; Barkrowler/0.9; +https://babbar.tech/crawler)"
66.249.66.41 - - [07/Nov/2025:14:12:15 +0000] "GET /info/vary32934298/ HTTP/1.0" 200 25656 "-" "Mozilla/5.0 (compatible; Googlebot/2.1; +http://www.google.com/bot.html)"
66.249.66.40 - - [07/Nov/2025:14:12:28 +0000] "GET /items/dyzco138/27301?key=tension HTTP/1.0" 200 78643 "-" "Mozilla/5.0 (Linux; Android 6.0.1; Nexus 5X Build/MMB29P) AppleWebKit/537.36 (KHTML, like Gecko) Chrome/141.0.7390.122 Mobile Safari/537.36 (compatible; Googlebot/2.1; +http://www.google.com/bot.html)"
217.113.194.181 - - [07/Nov/2025:14:12:29 +0000] "GET /date-un-paseo/?path=/var/www/vhosts/enlugo.es/httpdocs/wp-includes/theme-compat HTTP/1.0" 200 4927 "-" "Mozilla/5.0 (compatible; Barkrowler/0.9; +https://babbar.tech/crawler)"
217.113.194.181 - - [07/Nov/2025:14:12:45 +0000] "GET /date-un-paseo/?path=/var/www/vhosts/enlugo.es/httpdocs/wp-includes/SimplePie HTTP/1.0" 200 5577 "-" "Mozilla/5.0 (compatible; Barkrowler/0.9; +https://babbar.tech/crawler)"
217.113.194.176 - - [07/Nov/2025:14:13:00 +0000] "GET /muralla-romana/feed/?path=/var/www/vhosts/enlugo.es/httpdocs/wp-includes/Requests HTTP/1.0" 200 5207 "-" "Mozilla/5.0 (compatible; Barkrowler/0.9; +https://babbar.tech/crawler)"
66.249.66.41 - - [07/Nov/2025:14:13:08 +0000] "GET /pages.php?items/089015997.html?srsltid=AfmBOohudcgSdMZsxXqWUk7CSVuPrCzHCmMkNuRllL4w3evkakEI HTTP/1.0" 403 3277 "-" "Mozilla/5.0 (Linux; Android 6.0.1; Nexus 5X Build/MMB29P) AppleWebKit/537.36 (KHTML, like Gecko) Chrome/141.0.7390.122 Mobile Safari/537.36 (compatible; Googlebot/2.1; +http://www.google.com/bot.html)"
217.113.194.179 - - [07/Nov/2025:14:13:16 +0000] "GET /entrevista-a-milesios/?path=/var/www/vhosts/enlugo.es/httpdocs/wp-includes/sitemaps HTTP/1.0" 200 4903 "-" "Mozilla/5.0 (compatible; Barkrowler/0.9; +https://babbar.tech/crawler)"
69.197.149.50 - - [07/Nov/2025:14:11:54 +0000] "GET /wp-includes/pl54115b/edit.php?id=718243 HTTP/1.0" 200 2195 "https://enlugo.es/wp-includes/pl54115b/edit.php?id=718243" "Mozilla/5.0 (Windows NT 10.0; Win64; x64) AppleWebKit/537.36 (KHTML, like Gecko) Chrome/58.0.3029.110 Safari/537.3"
14.187.216.32 - - [07/Nov/2025:14:13:29 +0000] "GET /take132001500 HTTP/1.0" 200 5935 "-" "Mozilla/5.0 (Windows NT 6.1) AppleWebKit/537.36 (KHTML, like Gecko) Chrome/73.0.3683.75 Safari/537.36"
154.54.249.212 - - [07/Nov/2025:14:13:31 +0000] "GET /entrevista-a-milesios/?path=/var/www/vhosts/enlugo.es/httpdocs/wp-includes/assets HTTP/1.0" 200 4710 "-" "Mozilla/5.0 (compatible; Barkrowler/0.9; +https://babbar.tech/crawler)"
217.113.194.237 - - [07/Nov/2025:14:13:47 +0000] "GET /entrevista-a-los-chikos-del-maiz/?path=/var/www/vhosts/enlugo.es/.composer HTTP/1.0" 200 4705 "-" "Mozilla/5.0 (compatible; Barkrowler/0.9; +https://babbar.tech/crawler)"
107.189.5.134 - - [07/Nov/2025:14:13:58 +0000] "GET /wp-login.php HTTP/1.0" 200 7119 "https://www.bing.com/" "Mozilla/5.0 (Macintosh; Intel Mac OS X 10_15_7) AppleWebKit/605.1.15 (KHTML, like Gecko) Version/16.6 Safari/605.1.15"
217.113.194.236 - - [07/Nov/2025:14:14:02 +0000] "GET /entrevista-a-arrhythmia/?path=/var/www/vhosts/enlugo.es/httpdocs/wp-includes/widgets HTTP/1.0" 200 5251 "-" "Mozilla/5.0 (compatible; Barkrowler/0.9; +https://babbar.tech/crawler)"
217.113.194.176 - - [07/Nov/2025:14:14:17 +0000] "GET /entrevista-a-arrhythmia/?path=/var/www/vhosts/enlugo.es/httpdocs/wp-includes/images HTTP/1.0" 200 5599 "-" "Mozilla/5.0 (compatible; Barkrowler/0.9; +https://babbar.tech/crawler)"
66.249.66.42 - - [07/Nov/2025:14:14:26 +0000] "GET /info/wake61141357/ HTTP/1.0" 200 88564 "-" "Mozilla/5.0 (Linux; Android 6.0.1; Nexus 5X Build/MMB29P) AppleWebKit/537.36 (KHTML, like Gecko) Chrome/141.0.7390.122 Mobile Safari/537.36 (compatible; Googlebot/2.1; +http://www.google.com/bot.html)"
66.249.66.42 - - [07/Nov/2025:14:14:26 +0000] "GET /items/fzkks292/20443?key=yellow HTTP/1.0" 200 78779 "-" "Mozilla/5.0 (Linux; Android 6.0.1; Nexus 5X Build/MMB29P) AppleWebKit/537.36 (KHTML, like Gecko) Chrome/141.0.7390.122 Mobile Safari/537.36 (compatible; Googlebot/2.1; +http://www.google.com/bot.html)"
