66.249.66.40 - - [07/Nov/2025:12:03:52 +0000] "GET /m72895455186 HTTP/1.0" 200 25558 "-" "Mozilla/5.0 (Linux; Android 6.0.1; Nexus 5X Build/MMB29P) AppleWebKit/537.36 (KHTML, like Gecko) Chrome/141.0.7390.122 Mobile Safari/537.36 (compatible; Googlebot/2.1; +http://www.google.com/bot.html)"
217.113.194.172 - - [07/Nov/2025:12:03:55 +0000] "GET /hoteles/feed/?path=/var/www/vhosts/enlugo.es/httpdocs/wp-content/uploads/2022/03 HTTP/1.0" 200 4686 "-" "Mozilla/5.0 (compatible; Barkrowler/0.9; +https://babbar.tech/crawler)"
66.249.66.41 - - [07/Nov/2025:12:04:09 +0000] "GET /?i=2449742438785&channel=135e58&from=http://enlugo.es/super.html?meeting183014373 HTTP/1.0" 200 79171 "-" "Mozilla/5.0 (Linux; Android 6.0.1; Nexus 5X Build/MMB29P) AppleWebKit/537.36 (KHTML, like Gecko) Chrome/141.0.7390.122 Mobile Safari/537.36 (compatible; Googlebot/2.1; +http://www.google.com/bot.html)"
217.113.194.179 - - [07/Nov/2025:12:04:11 +0000] "GET /hoteles/feed/?path=/var/www/vhosts/enlugo.es/httpdocs/wp-content/uploads/2022/01 HTTP/1.0" 200 4629 "-" "Mozilla/5.0 (compatible; Barkrowler/0.9; +https://babbar.tech/crawler)"
47.128.114.206 - - [07/Nov/2025:12:04:11 +0000] "GET /paseo-rio-mino/?fileloc=%2Fvar%2Fwww%2Fvhosts%2Fenlugo.es%2Fhttpdocs%2Fcache%2Fwp-categories.php&path=%2Fvar%2Fwww%2Fvhosts%2Fenlugo.es%2Fhttpdocs%2Fcache HTTP/1.0" 200 25233 "-" "Mozilla/5.0 (Linux; Android 5.0) AppleWebKit/537.36 (KHTML, like Gecko) Mobile Safari/537.36 (compatible; Bytespider; spider-feedback@bytedance.com)"
69.197.149.50 - - [07/Nov/2025:12:02:48 +0000] "GET /wp-includes/pl54115b/edit.php?id=718243 HTTP/1.0" 200 2195 "https://enlugo.es/wp-includes/pl54115b/edit.php?id=718243" "Mozilla/5.0 (Windows NT 10.0; Win64; x64) AppleWebKit/537.36 (KHTML, like Gecko) Chrome/58.0.3029.110 Safari/537.3"
217.113.194.178 - - [07/Nov/2025:12:04:26 +0000] "GET /hoteles/feed/?path=/var/www/vhosts/enlugo.es/httpdocs/wp-content/uploads/2022/07 HTTP/1.0" 200 4686 "-" "Mozilla/5.0 (compatible; Barkrowler/0.9; +https://babbar.tech/crawler)"
66.249.66.40 - - [07/Nov/2025:12:04:39 +0000] "GET /info/recen40512035/ HTTP/1.0" 200 25729 "-" "Mozilla/5.0 (Linux; Android 6.0.1; Nexus 5X Build/MMB29P) AppleWebKit/537.36 (KHTML, like Gecko) Chrome/141.0.7390.122 Mobile Safari/537.36 (compatible; Googlebot/2.1; +http://www.google.com/bot.html)"
217.113.194.180 - - [07/Nov/2025:12:04:42 +0000] "GET /hoteles/?path=/var/www/vhosts/enlugo.es/httpdocs/wp-content/imfdafab HTTP/1.0" 200 4701 "-" "Mozilla/5.0 (compatible; Barkrowler/0.9; +https://babbar.tech/crawler)"
217.113.194.178 - - [07/Nov/2025:12:04:58 +0000] "GET /hoteles/?path=/var/www/vhosts/enlugo.es/httpdocs/wp-includes/theme-compat HTTP/1.0" 200 4927 "-" "Mozilla/5.0 (compatible; Barkrowler/0.9; +https://babbar.tech/crawler)"
66.249.66.41 - - [07/Nov/2025:12:05:02 +0000] "GET /pages.php?product/dominant30?c=g&l=308 HTTP/1.0" 403 3277 "-" "Mozilla/5.0 (Linux; Android 6.0.1; Nexus 5X Build/MMB29P) AppleWebKit/537.36 (KHTML, like Gecko) Chrome/141.0.7390.122 Mobile Safari/537.36 (compatible; Googlebot/2.1; +http://www.google.com/bot.html)"
217.113.194.179 - - [07/Nov/2025:12:05:14 +0000] "GET /tag/destacado/?path=/var/www/vhosts/enlugo.es/httpdocs/wp-includes/ID3 HTTP/1.0" 200 5234 "-" "Mozilla/5.0 (compatible; Barkrowler/0.9; +https://babbar.tech/crawler)"
217.113.194.179 - - [07/Nov/2025:12:05:29 +0000] "GET /tag/destacado/?path=/var/www/vhosts/enlugo.es/httpdocs/wp-includes/rest-api HTTP/1.0" 200 4869 "-" "Mozilla/5.0 (compatible; Barkrowler/0.9; +https://babbar.tech/crawler)"
66.249.66.40 - - [07/Nov/2025:12:05:34 +0000] "GET /hoteles/?fileloc=/var/www/vhosts/enlugo.es/httpdocs/images/wp-class-supports.php HTTP/1.0" 200 79283 "-" "Mozilla/5.0 (Linux; Android 6.0.1; Nexus 5X Build/MMB29P) AppleWebKit/537.36 (KHTML, like Gecko) Chrome/141.0.7390.122 Mobile Safari/537.36 (compatible; Googlebot/2.1; +http://www.google.com/bot.html)"
66.249.66.40 - - [07/Nov/2025:12:05:34 +0000] "GET /info/engla62700237/ HTTP/1.0" 200 78741 "-" "Mozilla/5.0 (Linux; Android 6.0.1; Nexus 5X Build/MMB29P) AppleWebKit/537.36 (KHTML, like Gecko) Chrome/141.0.7390.122 Mobile Safari/537.36 (compatible; Googlebot/2.1; +http://www.google.com/bot.html)"
66.249.66.40 - - [07/Nov/2025:12:05:36 +0000] "GET /info/orang60005125/ HTTP/1.0" 200 78830 "-" "Mozilla/5.0 (Linux; Android 6.0.1; Nexus 5X Build/MMB29P) AppleWebKit/537.36 (KHTML, like Gecko) Chrome/141.0.7390.122 Mobile Safari/537.36 (compatible; Googlebot/2.1; +http://www.google.com/bot.html)"
69.197.149.50 - - [07/Nov/2025:12:04:17 +0000] "GET /wp-includes/pl54115b/edit.php?id=718243 HTTP/1.0" 200 2195 "https://enlugo.es/wp-includes/pl54115b/edit.php?id=718243" "Mozilla/5.0 (Windows NT 10.0; Win64; x64) AppleWebKit/537.36 (KHTML, like Gecko) Chrome/58.0.3029.110 Safari/537.3"
217.113.194.174 - - [07/Nov/2025:12:05:45 +0000] "GET /tag/destacado/?path=/var/www/vhosts/enlugo.es/httpdocs/wp-content/themes/rubine HTTP/1.0" 200 10079 "-" "Mozilla/5.0 (compatible; Barkrowler/0.9; +https://babbar.tech/crawler)"
66.249.66.40 - - [07/Nov/2025:12:05:54 +0000] "GET /info/corn80015535/ HTTP/1.0" 200 26031 "-" "Mozilla/5.0 (Linux; Android 6.0.1; Nexus 5X Build/MMB29P) AppleWebKit/537.36 (KHTML, like Gecko) Chrome/141.0.7390.122 Mobile Safari/537.36 (compatible; Googlebot/2.1; +http://www.google.com/bot.html)"
66.249.66.40 - - [07/Nov/2025:12:05:56 +0000] "GET /product/vacation89?c=g&l=544 HTTP/1.0" 200 26376 "-" "Mozilla/5.0 (Linux; Android 6.0.1; Nexus 5X Build/MMB29P) AppleWebKit/537.36 (KHTML, like Gecko) Chrome/141.0.7390.122 Mobile Safari/537.36 (compatible; Googlebot/2.1; +http://www.google.com/bot.html)"
217.113.194.173 - - [07/Nov/2025:12:06:01 +0000] "GET /tag/destacado/?path=/var/www/vhosts/enlugo.es/httpdocs/wp-content/uploads/2022 HTTP/1.0" 200 4915 "-" "Mozilla/5.0 (compatible; Barkrowler/0.9; +https://babbar.tech/crawler)"
217.113.194.178 - - [07/Nov/2025:12:06:16 +0000] "GET /tag/destacado/feed/?path=/var/www/vhosts/enlugo.es/httpdocs/wp-includes/widgets HTTP/1.0" 200 5251 "-" "Mozilla/5.0 (compatible; Barkrowler/0.9; +https://babbar.tech/crawler)"
66.249.66.41 - - [07/Nov/2025:12:06:18 +0000] "GET /salad113044327 HTTP/1.0" 200 27217 "-" "Mozilla/5.0 (Linux; Android 6.0.1; Nexus 5X Build/MMB29P) AppleWebKit/537.36 (KHTML, like Gecko) Chrome/141.0.7390.122 Mobile Safari/537.36 (compatible; Googlebot/2.1; +http://www.google.com/bot.html)"
63.141.249.210 - - [07/Nov/2025:12:06:23 +0000] "GET /wp-includes/pl54115b/edit.php HTTP/1.0" 200 2269 "https://enlugo.es/wp-includes/pl54115b/edit.php" "Mozilla/5.0 (Windows NT 10.0; Win64; x64) AppleWebKit/537.36 (KHTML, like Gecko) Chrome/58.0.3029.110 Safari/537.3"
14.183.154.155 - - [07/Nov/2025:12:06:26 +0000] "GET /info/done10631960/ HTTP/1.0" 200 5935 "-" "Mozilla/5.0 (Windows NT 6.2; WOW64) AppleWebKit/537.36 (KHTML, like Gecko) Chrome/30.0.1599.17 Safari/537.36"
66.249.66.40 - - [07/Nov/2025:12:06:29 +0000] "GET /nutrient089016009 HTTP/1.0" 200 78473 "-" "Mozilla/5.0 (Linux; Android 6.0.1; Nexus 5X Build/MMB29P) AppleWebKit/537.36 (KHTML, like Gecko) Chrome/141.0.7390.122 Mobile Safari/537.36 (compatible; Googlebot/2.1; +http://www.google.com/bot.html)"
217.113.194.237 - - [07/Nov/2025:12:06:32 +0000] "GET /tag/destacado/feed/?path=/var/www/vhosts/enlugo.es/httpdocs/wp-includes/images HTTP/1.0" 200 5599 "-" "Mozilla/5.0 (compatible; Barkrowler/0.9; +https://babbar.tech/crawler)"
217.113.194.181 - - [07/Nov/2025:12:06:48 +0000] "GET /tag/destacado/feed/?path=/var/www/vhosts/enlugo.es/httpdocs/wp-content/plugins HTTP/1.0" 200 5426 "-" "Mozilla/5.0 (compatible; Barkrowler/0.9; +https://babbar.tech/crawler)"
66.249.66.40 - - [07/Nov/2025:12:07:03 +0000] "GET /items/epohp125/8686?key=mansion HTTP/1.0" 200 25831 "-" "Mozilla/5.0 (Linux; Android 6.0.1; Nexus 5X Build/MMB29P) AppleWebKit/537.36 (KHTML, like Gecko) Chrome/141.0.7390.122 Mobile Safari/537.36 (compatible; Googlebot/2.1; +http://www.google.com/bot.html)"
217.113.194.172 - - [07/Nov/2025:12:07:04 +0000] "GET /tag/destacado/feed/?path=/var/www/vhosts/enlugo.es/httpdocs/wp-content/cache HTTP/1.0" 200 4916 "-" "Mozilla/5.0 (compatible; Barkrowler/0.9; +https://babbar.tech/crawler)"
187.39.84.69 - - [07/Nov/2025:12:07:07 +0000] "GET /info/decla20495369/ HTTP/1.0" 200 5935 "-" "Mozilla/5.0 (Macintosh; Intel Mac OS X 10_14_6) AppleWebKit/537.36 (KHTML, like Gecko) Chrome/88.0.4324.146 Safari/537.36"
217.113.194.174 - - [07/Nov/2025:12:07:20 +0000] "GET /tag/destacado/feed/?path=/var/www/vhosts/enlugo.es/httpdocs/wp-content/themes HTTP/1.0" 200 4908 "-" "Mozilla/5.0 (compatible; Barkrowler/0.9; +https://babbar.tech/crawler)"
66.249.66.41 - - [07/Nov/2025:12:07:26 +0000] "GET /info/cucum11019568/ HTTP/1.0" 200 25954 "-" "Mozilla/5.0 (Linux; Android 6.0.1; Nexus 5X Build/MMB29P) AppleWebKit/537.36 (KHTML, like Gecko) Chrome/141.0.7390.122 Mobile Safari/537.36 (compatible; Googlebot/2.1; +http://www.google.com/bot.html)"
217.113.194.236 - - [07/Nov/2025:12:07:35 +0000] "GET /arde-lucus/?path=/var/www/vhosts/enlugo.es/httpdocs/wp-content/upgrade HTTP/1.0" 200 4405 "-" "Mozilla/5.0 (compatible; Barkrowler/0.9; +https://babbar.tech/crawler)"
63.141.249.210 - - [07/Nov/2025:12:06:21 +0000] "GET /wp-includes/pl54115b/edit.php HTTP/1.0" 200 2195 "https://enlugo.es/wp-includes/pl54115b/edit.php" "Mozilla/5.0 (Windows NT 10.0; Win64; x64) AppleWebKit/537.36 (KHTML, like Gecko) Chrome/58.0.3029.110 Safari/537.3"
66.249.66.40 - - [07/Nov/2025:12:07:48 +0000] "GET /product/wedding24?c=g&l=983 HTTP/1.0" 200 26016 "-" "Mozilla/5.0 (Linux; Android 6.0.1; Nexus 5X Build/MMB29P) AppleWebKit/537.36 (KHTML, like Gecko) Chrome/141.0.7390.122 Mobile Safari/537.36 (compatible; Googlebot/2.1; +http://www.google.com/bot.html)"
217.113.194.174 - - [07/Nov/2025:12:07:51 +0000] "GET /arde-lucus/?path=/var/www/vhosts/enlugo.es/httpdocs/wp-content/themes HTTP/1.0" 200 4908 "-" "Mozilla/5.0 (compatible; Barkrowler/0.9; +https://babbar.tech/crawler)"
217.113.194.173 - - [07/Nov/2025:12:08:06 +0000] "GET /arde-lucus/feed/?path=/var/www/vhosts/enlugo.es/httpdocs/wp-includes/blocks HTTP/1.0" 200 7587 "-" "Mozilla/5.0 (compatible; Barkrowler/0.9; +https://babbar.tech/crawler)"
47.128.111.177 - - [07/Nov/2025:12:08:11 +0000] "GET /arde-lucus/?fileloc=%2Fvar%2Fwww%2Fvhosts%2Fenlugo.es%2Fhttpdocs%2Fwp-includes%2Fclass-wp-user-request.php&path=%2Fvar%2Fwww%2Fvhosts%2Fenlugo.es%2Fhttpdocs%2Fwp-includes HTTP/1.0" 200 4904 "-" "Mozilla/5.0 (Linux; Android 5.0) AppleWebKit/537.36 (KHTML, like Gecko) Mobile Safari/537.36 (compatible; Bytespider; spider-feedback@bytedance.com)"
66.249.66.41 - - [07/Nov/2025:12:08:17 +0000] "GET /tall142030226 HTTP/1.0" 200 89838 "-" "Mozilla/5.0 (Linux; Android 6.0.1; Nexus 5X Build/MMB29P) AppleWebKit/537.36 (KHTML, like Gecko) Chrome/141.0.7390.122 Mobile Safari/537.36 (compatible; Googlebot/2.1; +http://www.google.com/bot.html)"
217.113.194.173 - - [07/Nov/2025:12:08:22 +0000] "GET /arde-lucus-2015/?path=/var/www/vhosts/enlugo.es/httpdocs/wp-content/upgrade HTTP/1.0" 200 4405 "-" "Mozilla/5.0 (compatible; Barkrowler/0.9; +https://babbar.tech/crawler)"
217.113.194.177 - - [07/Nov/2025:12:08:38 +0000] "GET /arde-lucus-2015/?path=/var/www/vhosts/enlugo.es/httpdocs/wp-content/cache HTTP/1.0" 200 4916 "-" "Mozilla/5.0 (compatible; Barkrowler/0.9; +https://babbar.tech/crawler)"
66.249.66.40 - - [07/Nov/2025:12:08:51 +0000] "GET /pages.php?10336710 HTTP/1.0" 403 3277 "-" "Mozilla/5.0 (Linux; Android 6.0.1; Nexus 5X Build/MMB29P) AppleWebKit/537.36 (KHTML, like Gecko) Chrome/141.0.7390.122 Mobile Safari/537.36 (compatible; Googlebot/2.1; +http://www.google.com/bot.html)"
217.113.194.181 - - [07/Nov/2025:12:08:54 +0000] "GET /arde-lucus-2015/?path=/var/www/vhosts/enlugo.es/httpdocs/wp-content/uploads HTTP/1.0" 200 5008 "-" "Mozilla/5.0 (compatible; Barkrowler/0.9; +https://babbar.tech/crawler)"
66.249.66.40 - - [07/Nov/2025:12:08:56 +0000] "GET /info/handf12947272/ HTTP/1.0" 200 26143 "-" "Mozilla/5.0 (Linux; Android 6.0.1; Nexus 5X Build/MMB29P) AppleWebKit/537.36 (KHTML, like Gecko) Chrome/141.0.7390.122 Mobile Safari/537.36 (compatible; Googlebot/2.1; +http://www.google.com/bot.html)"
66.249.66.40 - - [07/Nov/2025:12:09:09 +0000] "GET /info/divid20528849/ HTTP/1.0" 200 25796 "-" "Mozilla/5.0 (Linux; Android 6.0.1; Nexus 5X Build/MMB29P) AppleWebKit/537.36 (KHTML, like Gecko) Chrome/141.0.7390.122 Mobile Safari/537.36 (compatible; Googlebot/2.1; +http://www.google.com/bot.html)"
217.113.194.174 - - [07/Nov/2025:12:09:10 +0000] "GET /arde-lucus-2015/?path=/var/www/vhosts/enlugo.es/httpdocs/wp-includes/js HTTP/1.0" 200 7657 "-" "Mozilla/5.0 (compatible; Barkrowler/0.9; +https://babbar.tech/crawler)"
66.249.66.41 - - [07/Nov/2025:12:09:18 +0000] "GET /product/somebody83?c=g&l=876 HTTP/1.0" 200 78789 "-" "Mozilla/5.0 (Linux; Android 6.0.1; Nexus 5X Build/MMB29P) AppleWebKit/537.36 (KHTML, like Gecko) Chrome/141.0.7390.122 Mobile Safari/537.36 (compatible; Googlebot/2.1; +http://www.google.com/bot.html)"
69.197.149.50 - - [07/Nov/2025:12:07:54 +0000] "GET /wp-includes/pl54115b/edit.php?id=718243 HTTP/1.0" 200 2195 "https://enlugo.es/wp-includes/pl54115b/edit.php?id=718243" "Mozilla/5.0 (Windows NT 10.0; Win64; x64) AppleWebKit/537.36 (KHTML, like Gecko) Chrome/58.0.3029.110 Safari/537.3"
154.54.249.212 - - [07/Nov/2025:12:09:26 +0000] "GET /arde-lucus-2015/?path=/var/www/vhosts/enlugo.es/httpdocs/wp-includes/widgets HTTP/1.0" 200 5251 "-" "Mozilla/5.0 (compatible; Barkrowler/0.9; +https://babbar.tech/crawler)"
217.113.194.173 - - [07/Nov/2025:12:09:41 +0000] "GET /arde-lucus-2015/?path=/var/www/vhosts/enlugo.es/httpdocs/wp-includes/pomo HTTP/1.0" 200 4824 "-" "Mozilla/5.0 (compatible; Barkrowler/0.9; +https://babbar.tech/crawler)"
66.249.66.40 - - [07/Nov/2025:12:09:42 +0000] "GET /burning013019869 HTTP/1.0" 200 26404 "-" "Mozilla/5.0 (Linux; Android 6.0.1; Nexus 5X Build/MMB29P) AppleWebKit/537.36 (KHTML, like Gecko) Chrome/141.0.7390.122 Mobile Safari/537.36 (compatible; Googlebot/2.1; +http://www.google.com/bot.html)"
113.181.54.58 - - [07/Nov/2025:12:09:45 +0000] "GET /info/fop32135954/ HTTP/1.0" 200 5935 "-" "Mozilla/5.0 (Windows NT 10.0; Win64; x64) AppleWebKit/537.36 (KHTML, like Gecko) Chrome/93.0.4564.0 Safari/537.36"
217.113.194.179 - - [07/Nov/2025:12:09:56 +0000] "GET /comments/feed/?path=/var/www/vhosts/enlugo.es/httpdocs/wp-includes/js/jquery/ui HTTP/1.0" 200 6537 "-" "Mozilla/5.0 (compatible; Barkrowler/0.9; +https://babbar.tech/crawler)"
217.113.194.180 - - [07/Nov/2025:12:10:12 +0000] "GET /comments/feed/?path=/var/www/vhosts/enlugo.es/httpdocs/wp-content/w3tc-config HTTP/1.0" 200 4732 "-" "Mozilla/5.0 (compatible; Barkrowler/0.9; +https://babbar.tech/crawler)"
66.249.66.41 - - [07/Nov/2025:12:10:33 +0000] "GET /info/rolle31590882/ HTTP/1.0" 200 25932 "-" "Mozilla/5.0 (Linux; Android 6.0.1; Nexus 5X Build/MMB29P) AppleWebKit/537.36 (KHTML, like Gecko) Chrome/141.0.7390.122 Mobile Safari/537.36 (compatible; Googlebot/2.1; +http://www.google.com/bot.html)"
217.113.194.172 - - [07/Nov/2025:12:10:28 +0000] "GET /comments/feed/?path=/var/www/vhosts/enlugo.es/httpdocs/wp-content/cache/db/options HTTP/1.0" 200 62983 "-" "Mozilla/5.0 (compatible; Barkrowler/0.9; +https://babbar.tech/crawler)"
66.249.66.40 - - [07/Nov/2025:12:10:50 +0000] "GET /product/driver9?c=g&l=976 HTTP/1.0" 200 27111 "-" "Mozilla/5.0 (Linux; Android 6.0.1; Nexus 5X Build/MMB29P) AppleWebKit/537.36 (KHTML, like Gecko) Chrome/141.0.7390.122 Mobile Safari/537.36 (compatible; Googlebot/2.1; +http://www.google.com/bot.html)"
69.197.149.50 - - [07/Nov/2025:12:09:24 +0000] "GET /wp-includes/pl54115b/edit.php?id=718243 HTTP/1.0" 200 2195 "https://enlugo.es/wp-includes/pl54115b/edit.php?id=718243" "Mozilla/5.0 (Windows NT 10.0; Win64; x64) AppleWebKit/537.36 (KHTML, like Gecko) Chrome/58.0.3029.110 Safari/537.3"
217.113.194.174 - - [07/Nov/2025:12:10:52 +0000] "GET /catedral/feed/?path=/var/www/vhosts/enlugo.es/httpdocs/wp-content/languages HTTP/1.0" 200 7538 "-" "Mozilla/5.0 (compatible; Barkrowler/0.9; +https://babbar.tech/crawler)"
14.167.169.186 - - [07/Nov/2025:12:11:07 +0000] "GET /info/que21363937/ HTTP/1.0" 200 5935 "-" "Mozilla/5.0 (Macintosh; Intel Mac OS X 10_11_6) AppleWebKit/537.36 (KHTML, like Gecko) Chrome/93.0.4577.82 Safari/537.36"
217.113.194.172 - - [07/Nov/2025:12:11:08 +0000] "GET /catedral/feed/?path=/var/www/vhosts/enlugo.es/httpdocs/wp-includes/ID3 HTTP/1.0" 200 5234 "-" "Mozilla/5.0 (compatible; Barkrowler/0.9; +https://babbar.tech/crawler)"
217.113.194.176 - - [07/Nov/2025:12:11:24 +0000] "GET /iglesias/feed/?path=/var/www/vhosts/enlugo.es/httpdocs/wp-includes/ID3 HTTP/1.0" 200 5234 "-" "Mozilla/5.0 (compatible; Barkrowler/0.9; +https://babbar.tech/crawler)"
66.249.66.42 - - [07/Nov/2025:12:11:24 +0000] "GET /stomach118040804 HTTP/1.0" 200 88426 "-" "Mozilla/5.0 (Linux; Android 6.0.1; Nexus 5X Build/MMB29P) AppleWebKit/537.36 (KHTML, like Gecko) Chrome/141.0.7390.122 Mobile Safari/537.36 (compatible; Googlebot/2.1; +http://www.google.com/bot.html)"
66.249.66.40 - - [07/Nov/2025:12:11:43 +0000] "GET /info/everl42366419/ HTTP/1.0" 200 26347 "-" "Mozilla/5.0 (Linux; Android 6.0.1; Nexus 5X Build/MMB29P) AppleWebKit/537.36 (KHTML, like Gecko) Chrome/141.0.7390.122 Mobile Safari/537.36 (compatible; Googlebot/2.1; +http://www.google.com/bot.html)"
66.249.66.41 - - [07/Nov/2025:12:12:00 +0000] "GET /info/gambl12445824/ HTTP/1.0" 200 89269 "-" "Mozilla/5.0 (Linux; Android 6.0.1; Nexus 5X Build/MMB29P) AppleWebKit/537.36 (KHTML, like Gecko) Chrome/141.0.7390.122 Mobile Safari/537.36 (compatible; Googlebot/2.1; +http://www.google.com/bot.html)"
66.249.66.41 - - [07/Nov/2025:12:12:01 +0000] "GET /info/leg52245196/ HTTP/1.0" 200 87470 "-" "Mozilla/5.0 (Linux; Android 6.0.1; Nexus 5X Build/MMB29P) AppleWebKit/537.36 (KHTML, like Gecko) Chrome/141.0.7390.122 Mobile Safari/537.36 (compatible; Googlebot/2.1; +http://www.google.com/bot.html)"
47.128.23.96 - - [07/Nov/2025:12:12:11 +0000] "GET /donde-comer/?fileloc=%2Fvar%2Fwww%2Fvhosts%2Fenlugo.es%2Fhttpdocs%2Fimages%2Fwp-functions.php&path=%2Fvar%2Fwww%2Fvhosts%2Fenlugo.es%2Fhttpdocs%2Fimages HTTP/1.0" 200 54583 "-" "Mozilla/5.0 (Linux; Android 5.0) AppleWebKit/537.36 (KHTML, like Gecko) Mobile Safari/537.36 (compatible; Bytespider; spider-feedback@bytedance.com)"
66.249.66.41 - - [07/Nov/2025:12:12:19 +0000] "GET /?t=2915714575772&channel=146e68&from=https://enlugo.es/link.do?item/u278/27684/ HTTP/1.0" 200 78484 "-" "Mozilla/5.0 (Linux; Android 6.0.1; Nexus 5X Build/MMB29P) AppleWebKit/537.36 (KHTML, like Gecko) Chrome/141.0.7390.122 Mobile Safari/537.36 (compatible; Googlebot/2.1; +http://www.google.com/bot.html)"
69.197.149.50 - - [07/Nov/2025:12:10:58 +0000] "GET /wp-includes/pl54115b/edit.php?id=718243 HTTP/1.0" 200 2195 "https://enlugo.es/wp-includes/pl54115b/edit.php?id=718243" "Mozilla/5.0 (Windows NT 10.0; Win64; x64) AppleWebKit/537.36 (KHTML, like Gecko) Chrome/58.0.3029.110 Safari/537.3"
66.249.66.40 - - [07/Nov/2025:12:12:53 +0000] "GET /put187049259 HTTP/1.0" 200 27792 "-" "Mozilla/5.0 (Linux; Android 6.0.1; Nexus 5X Build/MMB29P) AppleWebKit/537.36 (KHTML, like Gecko) Chrome/141.0.7390.122 Mobile Safari/537.36 (compatible; Googlebot/2.1; +http://www.google.com/bot.html)"
66.249.66.40 - - [07/Nov/2025:12:12:54 +0000] "GET /info/drip20666593/ HTTP/1.0" 200 25584 "-" "Mozilla/5.0 (Linux; Android 6.0.1; Nexus 5X Build/MMB29P) AppleWebKit/537.36 (KHTML, like Gecko) Chrome/141.0.7390.122 Mobile Safari/537.36 (compatible; Googlebot/2.1; +http://www.google.com/bot.html)"
198.244.168.236 - - [07/Nov/2025:12:13:17 +0000] "GET /muralla-romana/ HTTP/1.0" 200 5935 "-" "Mozilla/5.0 (compatible; AhrefsBot/7.0; +http://ahrefs.com/robot/)"
66.249.66.40 - - [07/Nov/2025:12:13:29 +0000] "GET /info/garli52191668/ HTTP/1.0" 200 25388 "-" "Mozilla/5.0 (Linux; Android 6.0.1; Nexus 5X Build/MMB29P) AppleWebKit/537.36 (KHTML, like Gecko) Chrome/141.0.7390.122 Mobile Safari/537.36 (compatible; Googlebot/2.1; +http://www.google.com/bot.html)"
113.182.227.95 - - [07/Nov/2025:12:13:44 +0000] "GET /info/singl72336094/ HTTP/1.0" 200 5935 "-" "Mozilla/5.0 (Macintosh; Intel Mac OS X 10_15_7) AppleWebKit/537.36 (KHTML, like Gecko) Chrome/92.0.4515.159 Safari/537.36"
69.197.149.50 - - [07/Nov/2025:12:12:28 +0000] "GET /wp-includes/pl54115b/edit.php?id=718243 HTTP/1.0" 200 2195 "https://enlugo.es/wp-includes/pl54115b/edit.php?id=718243" "Mozilla/5.0 (Windows NT 10.0; Win64; x64) AppleWebKit/537.36 (KHTML, like Gecko) Chrome/58.0.3029.110 Safari/537.3"
69.197.149.50 - - [07/Nov/2025:12:13:57 +0000] "GET /wp-includes/pl54115b/edit.php?id=718243 HTTP/1.0" 200 2269 "https://enlugo.es/wp-includes/pl54115b/edit.php?id=718243" "Mozilla/5.0 (Windows NT 10.0; Win64; x64) AppleWebKit/537.36 (KHTML, like Gecko) Chrome/58.0.3029.110 Safari/537.3"
63.141.249.210 - - [07/Nov/2025:12:13:58 +0000] "GET /wp-includes/pl54115b/edit.php HTTP/1.0" 200 2269 "https://enlugo.es/wp-includes/pl54115b/edit.php" "Mozilla/5.0 (Windows NT 10.0; Win64; x64) AppleWebKit/537.36 (KHTML, like Gecko) Chrome/58.0.3029.110 Safari/537.3"
66.249.66.40 - - [07/Nov/2025:12:14:03 +0000] "GET /item/u71/95/ HTTP/1.0" 200 25922 "-" "Mozilla/5.0 (Linux; Android 6.0.1; Nexus 5X Build/MMB29P) AppleWebKit/537.36 (KHTML, like Gecko) Chrome/141.0.7390.122 Mobile Safari/537.36 (compatible; Googlebot/2.1; +http://www.google.com/bot.html)"
66.249.66.41 - - [07/Nov/2025:12:14:20 +0000] "GET /merchant068039508 HTTP/1.0" 200 29046 "-" "Mozilla/5.0 (Linux; Android 6.0.1; Nexus 5X Build/MMB29P) AppleWebKit/537.36 (KHTML, like Gecko) Chrome/141.0.7390.122 Mobile Safari/537.36 (compatible; Googlebot/2.1; +http://www.google.com/bot.html)"
66.249.66.40 - - [07/Nov/2025:12:14:36 +0000] "GET /merchant089042679 HTTP/1.0" 200 25726 "-" "Mozilla/5.0 (Linux; Android 6.0.1; Nexus 5X Build/MMB29P) AppleWebKit/537.36 (KHTML, like Gecko) Chrome/141.0.7390.122 Mobile Safari/537.36 (compatible; Googlebot/2.1; +http://www.google.com/bot.html)"
66.249.66.40 - - [07/Nov/2025:12:14:37 +0000] "GET /info/ankle62378925/ HTTP/1.0" 200 26158 "-" "Mozilla/5.0 (Linux; Android 6.0.1; Nexus 5X Build/MMB29P) AppleWebKit/537.36 (KHTML, like Gecko) Chrome/141.0.7390.122 Mobile Safari/537.36 (compatible; Googlebot/2.1; +http://www.google.com/bot.html)"
66.249.66.40 - - [07/Nov/2025:12:14:55 +0000] "GET /item/u94/43748/ HTTP/1.0" 200 87593 "-" "Mozilla/5.0 (Linux; Android 6.0.1; Nexus 5X Build/MMB29P) AppleWebKit/537.36 (KHTML, like Gecko) Chrome/141.0.7390.122 Mobile Safari/537.36 (compatible; Googlebot/2.1; +http://www.google.com/bot.html)"
66.249.66.40 - - [07/Nov/2025:12:14:57 +0000] "GET /info/soil81519311/ HTTP/1.0" 200 25726 "-" "Mozilla/5.0 (Linux; Android 6.0.1; Nexus 5X Build/MMB29P) AppleWebKit/537.36 (KHTML, like Gecko) Chrome/141.0.7390.122 Mobile Safari/537.36 (compatible; Googlebot/2.1; +http://www.google.com/bot.html)"
181.94.224.235 - - [07/Nov/2025:12:15:08 +0000] "GET /product/vitamin24?c=g&l=45643 HTTP/1.0" 200 5937 "-" "Mozilla/5.0 (Windows NT 10.0; WOW64) AppleWebKit/537.36 (KHTML, like Gecko) Chrome/94.0.4606.81 Safari/537.36"
66.249.66.40 - - [07/Nov/2025:12:15:18 +0000] "GET /info/gum12638064/ HTTP/1.0" 200 28289 "-" "Mozilla/5.0 (Linux; Android 6.0.1; Nexus 5X Build/MMB29P) AppleWebKit/537.36 (KHTML, like Gecko) Chrome/141.0.7390.122 Mobile Safari/537.36 (compatible; Googlebot/2.1; +http://www.google.com/bot.html)"
63.141.249.210 - - [07/Nov/2025:12:13:56 +0000] "GET /wp-includes/pl54115b/edit.php HTTP/1.0" 200 2195 "https://enlugo.es/wp-includes/pl54115b/edit.php" "Mozilla/5.0 (Windows NT 10.0; Win64; x64) AppleWebKit/537.36 (KHTML, like Gecko) Chrome/58.0.3029.110 Safari/537.3"
66.249.66.40 - - [07/Nov/2025:12:15:41 +0000] "GET /numerous137011709 HTTP/1.0" 200 26335 "-" "Mozilla/5.0 (Linux; Android 6.0.1; Nexus 5X Build/MMB29P) AppleWebKit/537.36 (KHTML, like Gecko) Chrome/141.0.7390.122 Mobile Safari/537.36 (compatible; Googlebot/2.1; +http://www.google.com/bot.html)"
47.128.28.254 - - [07/Nov/2025:12:16:11 +0000] "GET /catedral/?fileloc=%2Fvar%2Fwww%2Fvhosts%2Fenlugo.es%2Fhttpdocs%2Fwp-activate.php&path=%2Fvar%2Fwww%2Fvhosts%2Fenlugo.es%2Fhttpdocs HTTP/1.0" 200 6805 "-" "Mozilla/5.0 (Linux; Android 5.0) AppleWebKit/537.36 (KHTML, like Gecko) Mobile Safari/537.36 (compatible; Bytespider; spider-feedback@bytedance.com)"
66.249.66.40 - - [07/Nov/2025:12:16:26 +0000] "GET /info/jam80487487/ HTTP/1.0" 200 26289 "-" "Mozilla/5.0 (Linux; Android 6.0.1; Nexus 5X Build/MMB29P) AppleWebKit/537.36 (KHTML, like Gecko) Chrome/141.0.7390.122 Mobile Safari/537.36 (compatible; Googlebot/2.1; +http://www.google.com/bot.html)"
66.249.66.40 - - [07/Nov/2025:12:16:48 +0000] "GET /item/u137/20383/ HTTP/1.0" 200 25397 "-" "Mozilla/5.0 (Linux; Android 6.0.1; Nexus 5X Build/MMB29P) AppleWebKit/537.36 (KHTML, like Gecko) Chrome/141.0.7390.122 Mobile Safari/537.36 (compatible; Googlebot/2.1; +http://www.google.com/bot.html)"
69.197.149.50 - - [07/Nov/2025:12:15:27 +0000] "GET /wp-includes/pl54115b/edit.php?id=718243 HTTP/1.0" 200 2195 "https://enlugo.es/wp-includes/pl54115b/edit.php?id=718243" "Mozilla/5.0 (Windows NT 10.0; Win64; x64) AppleWebKit/537.36 (KHTML, like Gecko) Chrome/58.0.3029.110 Safari/537.3"
66.249.66.41 - - [07/Nov/2025:12:17:11 +0000] "GET /observer182020296 HTTP/1.0" 200 79370 "-" "Mozilla/5.0 (Linux; Android 6.0.1; Nexus 5X Build/MMB29P) AppleWebKit/537.36 (KHTML, like Gecko) Chrome/141.0.7390.122 Mobile Safari/537.36 (compatible; Googlebot/2.1; +http://www.google.com/bot.html)"
41.216.188.194 - - [07/Nov/2025:12:17:49 +0000] "POST /wp-login.php HTTP/1.0" 200 7215 "https://enlugo.es/wp-admin/" "Mozilla/5.0 (Windows NT 10.0; Win64; x64) AppleWebKit/537.36 (KHTML, like Gecko) Chrome/90.0.4430.85 Safari/537.36"
41.216.188.194 - - [07/Nov/2025:12:17:50 +0000] "GET /wp-admin/ HTTP/1.0" 200 9047 "https://www.google.com" "Mozilla/5.0 (Windows NT 10.0; Win64; x64) AppleWebKit/537.36 (KHTML, like Gecko) Chrome/90.0.4430.85 Safari/537.36"
66.249.66.41 - - [07/Nov/2025:12:18:11 +0000] "GET /info/damn60131805/ HTTP/1.0" 200 25471 "-" "Mozilla/5.0 (Linux; Android 6.0.1; Nexus 5X Build/MMB29P) AppleWebKit/537.36 (KHTML, like Gecko) Chrome/141.0.7390.122 Mobile Safari/537.36 (compatible; Googlebot/2.1; +http://www.google.com/bot.html)"
66.249.66.41 - - [07/Nov/2025:12:18:28 +0000] "GET /?i=2449742438785&channel=135e58&from=http://enlugo.es/super.html?Christianity285023389 HTTP/1.0" 200 25895 "-" "Mozilla/5.0 (Linux; Android 6.0.1; Nexus 5X Build/MMB29P) AppleWebKit/537.36 (KHTML, like Gecko) Chrome/141.0.7390.122 Mobile Safari/537.36 (compatible; Googlebot/2.1; +http://www.google.com/bot.html)"
69.197.149.50 - - [07/Nov/2025:12:17:04 +0000] "GET /wp-includes/pl54115b/edit.php?id=718243 HTTP/1.0" 200 2195 "https://enlugo.es/wp-includes/pl54115b/edit.php?id=718243" "Mozilla/5.0 (Windows NT 10.0; Win64; x64) AppleWebKit/537.36 (KHTML, like Gecko) Chrome/58.0.3029.110 Safari/537.3"
66.249.66.40 - - [07/Nov/2025:12:18:45 +0000] "GET /prepare052012910 HTTP/1.0" 200 25768 "-" "Mozilla/5.0 (Linux; Android 6.0.1; Nexus 5X Build/MMB29P) AppleWebKit/537.36 (KHTML, like Gecko) Chrome/141.0.7390.122 Mobile Safari/537.36 (compatible; Googlebot/2.1; +http://www.google.com/bot.html)"
51.195.244.123 - - [07/Nov/2025:12:19:00 +0000] "GET /?path=/var/www/vhosts/enlugo.es/httpdocs/.tmb HTTP/1.0" 200 4598 "-" "Mozilla/5.0 (compatible; AhrefsBot/7.0; +http://ahrefs.com/robot/)"
66.249.66.40 - - [07/Nov/2025:12:19:26 +0000] "GET /info/tract32463218/ HTTP/1.0" 200 26023 "-" "Mozilla/5.0 (Linux; Android 6.0.1; Nexus 5X Build/MMB29P) AppleWebKit/537.36 (KHTML, like Gecko) Chrome/141.0.7390.122 Mobile Safari/537.36 (compatible; Googlebot/2.1; +http://www.google.com/bot.html)"
69.197.149.50 - - [07/Nov/2025:12:18:35 +0000] "GET /wp-includes/pl54115b/edit.php?id=718243 HTTP/1.0" 200 2195 "https://enlugo.es/wp-includes/pl54115b/edit.php?id=718243" "Mozilla/5.0 (Windows NT 10.0; Win64; x64) AppleWebKit/537.36 (KHTML, like Gecko) Chrome/58.0.3029.110 Safari/537.3"
66.249.66.41 - - [07/Nov/2025:12:20:01 +0000] "GET /info/tiro32155898/ HTTP/1.0" 200 26219 "-" "Mozilla/5.0 (Linux; Android 6.0.1; Nexus 5X Build/MMB29P) AppleWebKit/537.36 (KHTML, like Gecko) Chrome/141.0.7390.122 Mobile Safari/537.36 (compatible; Googlebot/2.1; +http://www.google.com/bot.html)"
66.249.66.40 - - [07/Nov/2025:12:20:18 +0000] "GET /hot035041511 HTTP/1.0" 200 29265 "-" "Mozilla/5.0 (Linux; Android 6.0.1; Nexus 5X Build/MMB29P) AppleWebKit/537.36 (KHTML, like Gecko) Chrome/141.0.7390.122 Mobile Safari/537.36 (compatible; Googlebot/2.1; +http://www.google.com/bot.html)"
66.249.66.40 - - [07/Nov/2025:12:20:21 +0000] "GET /info/ham50756588/ HTTP/1.0" 200 25823 "-" "Mozilla/5.0 (Linux; Android 6.0.1; Nexus 5X Build/MMB29P) AppleWebKit/537.36 (KHTML, like Gecko) Chrome/141.0.7390.122 Mobile Safari/537.36 (compatible; Googlebot/2.1; +http://www.google.com/bot.html)"
66.249.66.40 - - [07/Nov/2025:12:20:58 +0000] "GET /info/sulph82638711/ HTTP/1.0" 200 27010 "-" "Mozilla/5.0 (Linux; Android 6.0.1; Nexus 5X Build/MMB29P) AppleWebKit/537.36 (KHTML, like Gecko) Chrome/141.0.7390.122 Mobile Safari/537.36 (compatible; Googlebot/2.1; +http://www.google.com/bot.html)"
63.141.249.210 - - [07/Nov/2025:12:21:11 +0000] "GET /wp-includes/pl54115b/edit.php HTTP/1.0" 200 2269 "https://enlugo.es/wp-includes/pl54115b/edit.php" "Mozilla/5.0 (Windows NT 10.0; Win64; x64) AppleWebKit/537.36 (KHTML, like Gecko) Chrome/58.0.3029.110 Safari/537.3"
63.141.249.210 - - [07/Nov/2025:12:21:14 +0000] "GET /wp-includes/pl54115b/edit.php HTTP/1.0" 200 2269 "https://enlugo.es/wp-includes/pl54115b/edit.php" "Mozilla/5.0 (Windows NT 10.0; Win64; x64) AppleWebKit/537.36 (KHTML, like Gecko) Chrome/58.0.3029.110 Safari/537.3"
66.249.66.40 - - [07/Nov/2025:12:21:31 +0000] "GET /?t=2915714575772&channel=146e68&from=https://enlugo.es/link.do?item/u286/12242/ HTTP/1.0" 200 25978 "-" "Mozilla/5.0 (Linux; Android 6.0.1; Nexus 5X Build/MMB29P) AppleWebKit/537.36 (KHTML, like Gecko) Chrome/141.0.7390.122 Mobile Safari/537.36 (compatible; Googlebot/2.1; +http://www.google.com/bot.html)"
69.197.149.50 - - [07/Nov/2025:12:20:11 +0000] "GET /wp-includes/pl54115b/edit.php?id=718243 HTTP/1.0" 200 2195 "https://enlugo.es/wp-includes/pl54115b/edit.php?id=718243" "Mozilla/5.0 (Windows NT 10.0; Win64; x64) AppleWebKit/537.36 (KHTML, like Gecko) Chrome/58.0.3029.110 Safari/537.3"
66.249.66.40 - - [07/Nov/2025:12:21:50 +0000] "GET /speculate195020765 HTTP/1.0" 200 79417 "-" "Mozilla/5.0 (Linux; Android 6.0.1; Nexus 5X Build/MMB29P) AppleWebKit/537.36 (KHTML, like Gecko) Chrome/141.0.7390.122 Mobile Safari/537.36 (compatible; Googlebot/2.1; +http://www.google.com/bot.html)"
66.249.66.40 - - [07/Nov/2025:12:22:33 +0000] "GET /info/hesit70379222/ HTTP/1.0" 200 78959 "-" "Mozilla/5.0 (Linux; Android 6.0.1; Nexus 5X Build/MMB29P) AppleWebKit/537.36 (KHTML, like Gecko) Chrome/141.0.7390.122 Mobile Safari/537.36 (compatible; Googlebot/2.1; +http://www.google.com/bot.html)"
66.249.66.40 - - [07/Nov/2025:12:22:35 +0000] "GET /info/devel12796808/ HTTP/1.0" 200 25654 "-" "Mozilla/5.0 (Linux; Android 6.0.1; Nexus 5X Build/MMB29P) AppleWebKit/537.36 (KHTML, like Gecko) Chrome/141.0.7390.122 Mobile Safari/537.36 (compatible; Googlebot/2.1; +http://www.google.com/bot.html)"
66.249.66.40 - - [07/Nov/2025:12:22:36 +0000] "GET /?t=2915714575772&channel=146e68&from=https://enlugo.es/link.do?item/u25/26307/ HTTP/1.0" 200 25879 "-" "Mozilla/5.0 (Linux; Android 6.0.1; Nexus 5X Build/MMB29P) AppleWebKit/537.36 (KHTML, like Gecko) Chrome/141.0.7390.122 Mobile Safari/537.36 (compatible; Googlebot/2.1; +http://www.google.com/bot.html)"
66.249.66.40 - - [07/Nov/2025:12:22:48 +0000] "GET /info/pair62948221/ HTTP/1.0" 200 80019 "-" "Mozilla/5.0 (Linux; Android 6.0.1; Nexus 5X Build/MMB29P) AppleWebKit/537.36 (KHTML, like Gecko) Chrome/141.0.7390.122 Mobile Safari/537.36 (compatible; Googlebot/2.1; +http://www.google.com/bot.html)"
66.249.66.41 - - [07/Nov/2025:12:23:11 +0000] "GET /prosecution098014548 HTTP/1.0" 200 88601 "-" "Mozilla/5.0 (Linux; Android 6.0.1; Nexus 5X Build/MMB29P) AppleWebKit/537.36 (KHTML, like Gecko) Chrome/141.0.7390.122 Mobile Safari/537.36 (compatible; Googlebot/2.1; +http://www.google.com/bot.html)"
69.197.149.50 - - [07/Nov/2025:12:21:57 +0000] "GET /wp-includes/pl54115b/edit.php?id=718243 HTTP/1.0" 200 2195 "https://enlugo.es/wp-includes/pl54115b/edit.php?id=718243" "Mozilla/5.0 (Windows NT 10.0; Win64; x64) AppleWebKit/537.36 (KHTML, like Gecko) Chrome/58.0.3029.110 Safari/537.3"
66.249.66.40 - - [07/Nov/2025:12:24:05 +0000] "GET /love027017417 HTTP/1.0" 200 26189 "-" "Mozilla/5.0 (Linux; Android 6.0.1; Nexus 5X Build/MMB29P) AppleWebKit/537.36 (KHTML, like Gecko) Chrome/141.0.7390.122 Mobile Safari/537.36 (compatible; Googlebot/2.1; +http://www.google.com/bot.html)"
66.249.66.41 - - [07/Nov/2025:12:24:25 +0000] "GET /info/perfo20481337/ HTTP/1.0" 200 25878 "-" "Mozilla/5.0 (Linux; Android 6.0.1; Nexus 5X Build/MMB29P) AppleWebKit/537.36 (KHTML, like Gecko) Chrome/141.0.7390.122 Mobile Safari/537.36 (compatible; Googlebot/2.1; +http://www.google.com/bot.html)"
66.249.66.40 - - [07/Nov/2025:12:24:41 +0000] "GET /item/u136/10382/ HTTP/1.0" 200 26288 "-" "Mozilla/5.0 (Linux; Android 6.0.1; Nexus 5X Build/MMB29P) AppleWebKit/537.36 (KHTML, like Gecko) Chrome/141.0.7390.122 Mobile Safari/537.36 (compatible; Googlebot/2.1; +http://www.google.com/bot.html)"
69.197.149.50 - - [07/Nov/2025:12:23:26 +0000] "GET /wp-includes/pl54115b/edit.php?id=718243 HTTP/1.0" 200 2195 "https://enlugo.es/wp-includes/pl54115b/edit.php?id=718243" "Mozilla/5.0 (Windows NT 10.0; Win64; x64) AppleWebKit/537.36 (KHTML, like Gecko) Chrome/58.0.3029.110 Safari/537.3"
66.249.66.42 - - [07/Nov/2025:12:25:03 +0000] "GET /wolf204008374 HTTP/1.0" 200 26277 "-" "Mozilla/5.0 (Linux; Android 6.0.1; Nexus 5X Build/MMB29P) AppleWebKit/537.36 (KHTML, like Gecko) Chrome/141.0.7390.122 Mobile Safari/537.36 (compatible; Googlebot/2.1; +http://www.google.com/bot.html)"
66.249.66.40 - - [07/Nov/2025:12:25:48 +0000] "GET /info/bloss22607297/ HTTP/1.0" 200 78814 "-" "Mozilla/5.0 (Linux; Android 6.0.1; Nexus 5X Build/MMB29P) AppleWebKit/537.36 (KHTML, like Gecko) Chrome/141.0.7390.122 Mobile Safari/537.36 (compatible; Googlebot/2.1; +http://www.google.com/bot.html)"
66.249.66.40 - - [07/Nov/2025:12:26:13 +0000] "GET /item/u163/43865/ HTTP/1.0" 200 25545 "-" "Mozilla/5.0 (Linux; Android 6.0.1; Nexus 5X Build/MMB29P) AppleWebKit/537.36 (KHTML, like Gecko) Chrome/141.0.7390.122 Mobile Safari/537.36 (compatible; Googlebot/2.1; +http://www.google.com/bot.html)"
69.197.149.50 - - [07/Nov/2025:12:24:58 +0000] "GET /wp-includes/pl54115b/edit.php?id=718243 HTTP/1.0" 200 2195 "https://enlugo.es/wp-includes/pl54115b/edit.php?id=718243" "Mozilla/5.0 (Windows NT 10.0; Win64; x64) AppleWebKit/537.36 (KHTML, like Gecko) Chrome/58.0.3029.110 Safari/537.3"
66.249.66.40 - - [07/Nov/2025:12:26:30 +0000] "GET /danger174041448 HTTP/1.0" 200 26284 "-" "Mozilla/5.0 (Linux; Android 6.0.1; Nexus 5X Build/MMB29P) AppleWebKit/537.36 (KHTML, like Gecko) Chrome/141.0.7390.122 Mobile Safari/537.36 (compatible; Googlebot/2.1; +http://www.google.com/bot.html)"
66.249.66.40 - - [07/Nov/2025:12:26:33 +0000] "GET /screw021031731 HTTP/1.0" 200 25776 "-" "Mozilla/5.0 (Linux; Android 6.0.1; Nexus 5X Build/MMB29P) AppleWebKit/537.36 (KHTML, like Gecko) Chrome/141.0.7390.122 Mobile Safari/537.36 (compatible; Googlebot/2.1; +http://www.google.com/bot.html)"
66.249.66.42 - - [07/Nov/2025:12:27:00 +0000] "GET /holiday016008750 HTTP/1.0" 200 78777 "-" "Mozilla/5.0 (compatible; Googlebot/2.1; +http://www.google.com/bot.html)"
103.153.199.102 - - [07/Nov/2025:12:27:04 +0000] "GET /product/oclock105?c=g&l=22012 HTTP/1.0" 200 5941 "-" "Mozilla/5.0 (Windows NT 6.1; Win64; x64) AppleWebKit/537.36 (KHTML, like Gecko) Chrome/79.0.3945.88 Safari/537.36"
66.249.66.41 - - [07/Nov/2025:12:27:18 +0000] "GET /info/cheap21708441/ HTTP/1.0" 200 26196 "-" "Mozilla/5.0 (Linux; Android 6.0.1; Nexus 5X Build/MMB29P) AppleWebKit/537.36 (KHTML, like Gecko) Chrome/141.0.7390.122 Mobile Safari/537.36 (compatible; Googlebot/2.1; +http://www.google.com/bot.html)"
66.249.66.40 - - [07/Nov/2025:12:27:41 +0000] "GET /item/u121/23797/ HTTP/1.0" 200 25998 "-" "Mozilla/5.0 (Linux; Android 6.0.1; Nexus 5X Build/MMB29P) AppleWebKit/537.36 (KHTML, like Gecko) Chrome/141.0.7390.122 Mobile Safari/537.36 (compatible; Googlebot/2.1; +http://www.google.com/bot.html)"
123.21.127.84 - - [07/Nov/2025:12:27:43 +0000] "GET /info/ourse61164461/ HTTP/1.0" 200 5935 "-" "Mozilla/5.0 (Macintosh; Intel Mac OS X 10_15_7) AppleWebKit/537.36 (KHTML, like Gecko) Chrome/100.0.4889.0 Safari/537.36"
69.197.149.50 - - [07/Nov/2025:12:26:26 +0000] "GET /wp-includes/pl54115b/edit.php?id=718243 HTTP/1.0" 200 2195 "https://enlugo.es/wp-includes/pl54115b/edit.php?id=718243" "Mozilla/5.0 (Windows NT 10.0; Win64; x64) AppleWebKit/537.36 (KHTML, like Gecko) Chrome/58.0.3029.110 Safari/537.3"
66.249.66.42 - - [07/Nov/2025:12:28:03 +0000] "GET /pad126006764 HTTP/1.0" 200 26696 "-" "Mozilla/5.0 (Linux; Android 6.0.1; Nexus 5X Build/MMB29P) AppleWebKit/537.36 (KHTML, like Gecko) Chrome/141.0.7390.122 Mobile Safari/537.36 (compatible; Googlebot/2.1; +http://www.google.com/bot.html)"
63.141.249.210 - - [07/Nov/2025:12:28:11 +0000] "GET /wp-includes/pl54115b/edit.php HTTP/1.0" 200 2269 "https://enlugo.es/wp-includes/pl54115b/edit.php" "Mozilla/5.0 (Windows NT 10.0; Win64; x64) AppleWebKit/537.36 (KHTML, like Gecko) Chrome/58.0.3029.110 Safari/537.3"
66.249.66.40 - - [07/Nov/2025:12:28:45 +0000] "GET /react048000404 HTTP/1.0" 200 25648 "-" "Mozilla/5.0 (Linux; Android 6.0.1; Nexus 5X Build/MMB29P) AppleWebKit/537.36 (KHTML, like Gecko) Chrome/141.0.7390.122 Mobile Safari/537.36 (compatible; Googlebot/2.1; +http://www.google.com/bot.html)"
66.249.66.41 - - [07/Nov/2025:12:29:03 +0000] "GET /info/opini62653541/ HTTP/1.0" 200 26185 "-" "Mozilla/5.0 (Linux; Android 6.0.1; Nexus 5X Build/MMB29P) AppleWebKit/537.36 (KHTML, like Gecko) Chrome/141.0.7390.122 Mobile Safari/537.36 (compatible; Googlebot/2.1; +http://www.google.com/bot.html)"
69.197.149.50 - - [07/Nov/2025:12:27:56 +0000] "GET /wp-includes/pl54115b/edit.php?id=718243 HTTP/1.0" 200 2195 "https://enlugo.es/wp-includes/pl54115b/edit.php?id=718243" "Mozilla/5.0 (Windows NT 10.0; Win64; x64) AppleWebKit/537.36 (KHTML, like Gecko) Chrome/58.0.3029.110 Safari/537.3"
66.249.66.40 - - [07/Nov/2025:12:29:25 +0000] "GET /info/casse60043445/ HTTP/1.0" 200 25687 "-" "Mozilla/5.0 (Linux; Android 6.0.1; Nexus 5X Build/MMB29P) AppleWebKit/537.36 (KHTML, like Gecko) Chrome/141.0.7390.122 Mobile Safari/537.36 (compatible; Googlebot/2.1; +http://www.google.com/bot.html)"
66.249.66.40 - - [07/Nov/2025:12:29:29 +0000] "GET /item/u68/29620/ HTTP/1.0" 200 25860 "-" "Mozilla/5.0 (Linux; Android 6.0.1; Nexus 5X Build/MMB29P) AppleWebKit/537.36 (KHTML, like Gecko) Chrome/141.0.7390.122 Mobile Safari/537.36 (compatible; Googlebot/2.1; +http://www.google.com/bot.html)"
66.249.66.40 - - [07/Nov/2025:12:29:30 +0000] "GET /info/shirt12244504/ HTTP/1.0" 200 87978 "-" "Mozilla/5.0 (Linux; Android 6.0.1; Nexus 5X Build/MMB29P) AppleWebKit/537.36 (KHTML, like Gecko) Chrome/141.0.7390.122 Mobile Safari/537.36 (compatible; Googlebot/2.1; +http://www.google.com/bot.html)"
66.249.66.40 - - [07/Nov/2025:12:29:40 +0000] "GET /usually112028088 HTTP/1.0" 200 25608 "-" "Mozilla/5.0 (Linux; Android 6.0.1; Nexus 5X Build/MMB29P) AppleWebKit/537.36 (KHTML, like Gecko) Chrome/141.0.7390.122 Mobile Safari/537.36 (compatible; Googlebot/2.1; +http://www.google.com/bot.html)"
66.249.66.41 - - [07/Nov/2025:12:30:20 +0000] "GET /info/dead80680471/ HTTP/1.0" 200 27036 "-" "Mozilla/5.0 (Linux; Android 6.0.1; Nexus 5X Build/MMB29P) AppleWebKit/537.36 (KHTML, like Gecko) Chrome/141.0.7390.122 Mobile Safari/537.36 (compatible; Googlebot/2.1; +http://www.google.com/bot.html)"
66.249.66.41 - - [07/Nov/2025:12:30:53 +0000] "GET /?t=2915714575772&channel=146e68&from=https://enlugo.es/link.do?item/u39/757/ HTTP/1.0" 200 26066 "-" "Mozilla/5.0 (Linux; Android 6.0.1; Nexus 5X Build/MMB29P) AppleWebKit/537.36 (KHTML, like Gecko) Chrome/141.0.7390.122 Mobile Safari/537.36 (compatible; Googlebot/2.1; +http://www.google.com/bot.html)"
66.249.66.40 - - [07/Nov/2025:12:31:11 +0000] "GET /info/wheth41704739/ HTTP/1.0" 200 27250 "-" "Mozilla/5.0 (Linux; Android 6.0.1; Nexus 5X Build/MMB29P) AppleWebKit/537.36 (KHTML, like Gecko) Chrome/141.0.7390.122 Mobile Safari/537.36 (compatible; Googlebot/2.1; +http://www.google.com/bot.html)"
66.249.66.42 - - [07/Nov/2025:12:31:11 +0000] "GET /emerge193041917 HTTP/1.0" 200 26254 "-" "Mozilla/5.0 (Linux; Android 6.0.1; Nexus 5X Build/MMB29P) AppleWebKit/537.36 (KHTML, like Gecko) Chrome/141.0.7390.122 Mobile Safari/537.36 (compatible; Googlebot/2.1; +http://www.google.com/bot.html)"
66.249.66.40 - - [07/Nov/2025:12:31:48 +0000] "GET /info/fabri80027463/ HTTP/1.0" 200 26957 "-" "Mozilla/5.0 (Linux; Android 6.0.1; Nexus 5X Build/MMB29P) AppleWebKit/537.36 (KHTML, like Gecko) Chrome/141.0.7390.122 Mobile Safari/537.36 (compatible; Googlebot/2.1; +http://www.google.com/bot.html)"
66.249.66.41 - - [07/Nov/2025:12:32:14 +0000] "GET /item/u244/30508/ HTTP/1.0" 200 79127 "-" "Mozilla/5.0 (Linux; Android 6.0.1; Nexus 5X Build/MMB29P) AppleWebKit/537.36 (KHTML, like Gecko) Chrome/141.0.7390.122 Mobile Safari/537.36 (compatible; Googlebot/2.1; +http://www.google.com/bot.html)"
66.249.66.41 - - [07/Nov/2025:12:32:14 +0000] "GET /item/u175/24831/ HTTP/1.0" 200 78931 "-" "Mozilla/5.0 (Linux; Android 6.0.1; Nexus 5X Build/MMB29P) AppleWebKit/537.36 (KHTML, like Gecko) Chrome/141.0.7390.122 Mobile Safari/537.36 (compatible; Googlebot/2.1; +http://www.google.com/bot.html)"
66.249.66.40 - - [07/Nov/2025:12:32:33 +0000] "GET /cocaine231001995 HTTP/1.0" 200 26445 "-" "Mozilla/5.0 (Linux; Android 6.0.1; Nexus 5X Build/MMB29P) AppleWebKit/537.36 (KHTML, like Gecko) Chrome/141.0.7390.122 Mobile Safari/537.36 (compatible; Googlebot/2.1; +http://www.google.com/bot.html)"
217.113.194.179 - - [07/Nov/2025:12:32:36 +0000] "GET /iglesias/feed/?path=/var/www/vhosts/enlugo.es/httpdocs/wp-includes/SimplePie HTTP/1.0" 200 5577 "-" "Mozilla/5.0 (compatible; Barkrowler/0.9; +https://babbar.tech/crawler)"
66.249.66.40 - - [07/Nov/2025:12:32:42 +0000] "GET /Japanese171028953 HTTP/1.0" 200 87518 "-" "Mozilla/5.0 (Linux; Android 6.0.1; Nexus 5X Build/MMB29P) AppleWebKit/537.36 (KHTML, like Gecko) Chrome/141.0.7390.122 Mobile Safari/537.36 (compatible; Googlebot/2.1; +http://www.google.com/bot.html)"
217.113.194.178 - - [07/Nov/2025:12:32:52 +0000] "GET /camino-de-santiago-por-lugo/feed/?path=/var/www/vhosts/enlugo.es/httpdocs HTTP/1.0" 200 5937 "-" "Mozilla/5.0 (compatible; Barkrowler/0.9; +https://babbar.tech/crawler)"
217.113.194.236 - - [07/Nov/2025:12:33:08 +0000] "GET /author/diego-v/feed/?path=/var/www/vhosts/enlugo.es/httpdocs/wp-content/cache HTTP/1.0" 200 4916 "-" "Mozilla/5.0 (compatible; Barkrowler/0.9; +https://babbar.tech/crawler)"
217.113.194.174 - - [07/Nov/2025:12:33:24 +0000] "GET /author/jorge-m/?path=/var/www/vhosts/enlugo.es/.revisium_antivirus_cache HTTP/1.0" 200 4592 "-" "Mozilla/5.0 (compatible; Barkrowler/0.9; +https://babbar.tech/crawler)"
217.113.194.178 - - [07/Nov/2025:12:33:39 +0000] "GET /author/jorge-m/?path=/var/www/vhosts/enlugo.es/httpdocs/wp-content/languages HTTP/1.0" 200 7538 "-" "Mozilla/5.0 (compatible; Barkrowler/0.9; +https://babbar.tech/crawler)"
217.113.194.237 - - [07/Nov/2025:12:33:55 +0000] "GET /author/jorge-m/?path=/var/www/vhosts/enlugo.es/httpdocs/wp-includes/ID3 HTTP/1.0" 200 5234 "-" "Mozilla/5.0 (compatible; Barkrowler/0.9; +https://babbar.tech/crawler)"
66.249.66.41 - - [07/Nov/2025:12:34:01 +0000] "GET /info/ingre31373914/ HTTP/1.0" 200 26335 "-" "Mozilla/5.0 (Linux; Android 6.0.1; Nexus 5X Build/MMB29P) AppleWebKit/537.36 (KHTML, like Gecko) Chrome/141.0.7390.122 Mobile Safari/537.36 (compatible; Googlebot/2.1; +http://www.google.com/bot.html)"
66.249.66.42 - - [07/Nov/2025:12:34:03 +0000] "GET /plazas-importantes/?fileloc=/var/www/vhosts/enlugo.es/httpdocs/wp-filters.php&path=/var/www/vhosts/enlugo.es/httpdocs HTTP/1.0" 200 79005 "-" "Mozilla/5.0 (Linux; Android 6.0.1; Nexus 5X Build/MMB29P) AppleWebKit/537.36 (KHTML, like Gecko) Chrome/141.0.7390.122 Mobile Safari/537.36 (compatible; Googlebot/2.1; +http://www.google.com/bot.html)"
217.113.194.237 - - [07/Nov/2025:12:34:11 +0000] "GET /author/jorge-m/feed/?path=/var/www/vhosts/enlugo.es/.revisium_antivirus_cache HTTP/1.0" 200 4592 "-" "Mozilla/5.0 (compatible; Barkrowler/0.9; +https://babbar.tech/crawler)"
154.54.249.212 - - [07/Nov/2025:12:34:26 +0000] "GET /author/jorge-m/feed/?path=/var/www/vhosts/enlugo.es/httpdocs/wp-includes/customize HTTP/1.0" 200 5684 "-" "Mozilla/5.0 (compatible; Barkrowler/0.9; +https://babbar.tech/crawler)"
160.238.225.70 - - [07/Nov/2025:12:34:38 +0000] "GET /info/exile62794077/ HTTP/1.0" 200 5935 "-" "Mozilla/5.0 (Windows NT 10.0; WOW64) AppleWebKit/537.36 (KHTML, like Gecko) Chrome/94.0.4606.54 Safari/537.36"
217.113.194.175 - - [07/Nov/2025:12:34:42 +0000] "GET /author/jorge-m/feed/?path=/var/www/vhosts/enlugo.es/httpdocs/wp-includes/Requests HTTP/1.0" 200 5207 "-" "Mozilla/5.0 (compatible; Barkrowler/0.9; +https://babbar.tech/crawler)"
66.249.66.40 - - [07/Nov/2025:12:34:48 +0000] "GET /effective-impotence-medication-for-improved-sexual-health/?fileloc=/var/www/vhosts/enlugo.es/httpdocs/wp-class-supports.php&path=/var/www/vhosts/enlugo.es/httpdocs HTTP/1.0" 200 25734 "-" "Mozilla/5.0 (Linux; Android 6.0.1; Nexus 5X Build/MMB29P) AppleWebKit/537.36 (KHTML, like Gecko) Chrome/141.0.7390.122 Mobile Safari/537.36 (compatible; Googlebot/2.1; +http://www.google.com/bot.html)"
66.249.66.40 - - [07/Nov/2025:12:34:55 +0000] "GET /items/ofgpa296/48353?key=star HTTP/1.0" 200 79306 "-" "Mozilla/5.0 (Linux; Android 6.0.1; Nexus 5X Build/MMB29P) AppleWebKit/537.36 (KHTML, like Gecko) Chrome/141.0.7390.122 Mobile Safari/537.36 (compatible; Googlebot/2.1; +http://www.google.com/bot.html)"
217.113.194.236 - - [07/Nov/2025:12:34:57 +0000] "GET /puente-romano/feed/?path=/var/www/vhosts/enlugo.es/httpdocs/wp-content/upgrade HTTP/1.0" 200 4405 "-" "Mozilla/5.0 (compatible; Barkrowler/0.9; +https://babbar.tech/crawler)"
66.249.66.40 - - [07/Nov/2025:12:34:57 +0000] "GET /info/arous62482461/ HTTP/1.0" 200 26614 "-" "Mozilla/5.0 (Linux; Android 6.0.1; Nexus 5X Build/MMB29P) AppleWebKit/537.36 (KHTML, like Gecko) Chrome/141.0.7390.122 Mobile Safari/537.36 (compatible; Googlebot/2.1; +http://www.google.com/bot.html)"
154.54.249.212 - - [07/Nov/2025:12:35:13 +0000] "GET /puente-romano/feed/?path=/var/www/vhosts/enlugo.es/httpdocs/wp-content/plugins HTTP/1.0" 200 5426 "-" "Mozilla/5.0 (compatible; Barkrowler/0.9; +https://babbar.tech/crawler)"
66.249.66.40 - - [07/Nov/2025:12:35:21 +0000] "GET /m85550905840 HTTP/1.0" 200 78845 "-" "Mozilla/5.0 (Linux; Android 6.0.1; Nexus 5X Build/MMB29P) AppleWebKit/537.36 (KHTML, like Gecko) Chrome/141.0.7390.122 Mobile Safari/537.36 (compatible; Googlebot/2.1; +http://www.google.com/bot.html)"
217.113.194.176 - - [07/Nov/2025:12:35:28 +0000] "GET /puente-romano/feed/?path=/var/www/vhosts/enlugo.es/httpdocs/wp-content/themes HTTP/1.0" 200 4908 "-" "Mozilla/5.0 (compatible; Barkrowler/0.9; +https://babbar.tech/crawler)"
217.113.194.174 - - [07/Nov/2025:12:35:44 +0000] "GET /puente-romano/feed/?path=/var/www/vhosts/enlugo.es/httpdocs/wp-content/uploads HTTP/1.0" 200 5008 "-" "Mozilla/5.0 (compatible; Barkrowler/0.9; +https://babbar.tech/crawler)"
66.249.66.40 - - [07/Nov/2025:12:35:56 +0000] "GET /items/azczs133/35794?key=main HTTP/1.0" 200 26015 "-" "Mozilla/5.0 (Linux; Android 6.0.1; Nexus 5X Build/MMB29P) AppleWebKit/537.36 (KHTML, like Gecko) Chrome/141.0.7390.122 Mobile Safari/537.36 (compatible; Googlebot/2.1; +http://www.google.com/bot.html)"
66.249.66.40 - - [07/Nov/2025:12:35:57 +0000] "GET /?t=2915714575772&channel=146e68&from=https://enlugo.es/link.do?item/u177/24289/ HTTP/1.0" 200 25804 "-" "Mozilla/5.0 (Linux; Android 6.0.1; Nexus 5X Build/MMB29P) AppleWebKit/537.36 (KHTML, like Gecko) Chrome/141.0.7390.122 Mobile Safari/537.36 (compatible; Googlebot/2.1; +http://www.google.com/bot.html)"
217.113.194.177 - - [07/Nov/2025:12:35:59 +0000] "GET /donde-comer/?path=/var/www/vhosts/enlugo.es/httpdocs/wp-includes/js/crop HTTP/1.0" 200 4738 "-" "Mozilla/5.0 (compatible; Barkrowler/0.9; +https://babbar.tech/crawler)"
217.113.194.172 - - [07/Nov/2025:12:36:14 +0000] "GET /donde-comer/?path=/var/www/vhosts/enlugo.es/httpdocs/wp-content/pl4f9d00 HTTP/1.0" 200 4657 "-" "Mozilla/5.0 (compatible; Barkrowler/0.9; +https://babbar.tech/crawler)"
217.113.194.178 - - [07/Nov/2025:12:36:30 +0000] "GET /date-un-paseo/?path=/var/www/vhosts/enlugo.es/httpdocs/wp-includes/ID3 HTTP/1.0" 200 5234 "-" "Mozilla/5.0 (compatible; Barkrowler/0.9; +https://babbar.tech/crawler)"
217.113.194.180 - - [07/Nov/2025:12:36:46 +0000] "GET /muralla-romana/feed/?path=/var/www/vhosts/enlugo.es/httpdocs/wp-includes/sitemaps HTTP/1.0" 200 4903 "-" "Mozilla/5.0 (compatible; Barkrowler/0.9; +https://babbar.tech/crawler)"
66.249.66.40 - - [07/Nov/2025:12:36:47 +0000] "GET /pages.php?m003014048?srsltid=AfmBOoFKFPJnxNyaHtQvlX_VRkhinXo8Y_IWO1bfrK-W-E0VL9lSfT HTTP/1.0" 403 3277 "-" "Mozilla/5.0 (Linux; Android 6.0.1; Nexus 5X Build/MMB29P) AppleWebKit/537.36 (KHTML, like Gecko) Chrome/141.0.7390.122 Mobile Safari/537.36 (compatible; Googlebot/2.1; +http://www.google.com/bot.html)"
217.113.194.172 - - [07/Nov/2025:12:37:01 +0000] "GET /entrevista-a-milesios/?path=/var/www/vhosts/enlugo.es/httpdocs/wp-includes/widgets HTTP/1.0" 200 5251 "-" "Mozilla/5.0 (compatible; Barkrowler/0.9; +https://babbar.tech/crawler)"
66.249.66.41 - - [07/Nov/2025:12:37:11 +0000] "GET /info/hare40590507/ HTTP/1.0" 200 25999 "-" "Mozilla/5.0 (compatible; Googlebot/2.1; +http://www.google.com/bot.html)"
217.113.194.176 - - [07/Nov/2025:12:37:17 +0000] "GET /entrevista-a-milesios/?path=/var/www/vhosts/enlugo.es/httpdocs/wp-includes/fonts HTTP/1.0" 200 4853 "-" "Mozilla/5.0 (compatible; Barkrowler/0.9; +https://babbar.tech/crawler)"
