136.243.228.179 - - [28/Oct/2025:08:55:33 +0000] "GET /boundary284029468 HTTP/1.0" 200 4100 "-" "Mozilla/5.0 (compatible; DataForSeoBot/1.0; +https://dataforseo.com/dataforseo-bot)"
136.243.228.179 - - [28/Oct/2025:08:55:37 +0000] "GET /crew174000292 HTTP/1.0" 200 4100 "-" "Mozilla/5.0 (compatible; DataForSeoBot/1.0; +https://dataforseo.com/dataforseo-bot)"
136.243.228.179 - - [28/Oct/2025:08:55:41 +0000] "GET /items/lsjiz14/13453?key=extend HTTP/1.0" 200 3966 "-" "Mozilla/5.0 (compatible; DataForSeoBot/1.0; +https://dataforseo.com/dataforseo-bot)"
136.243.228.179 - - [28/Oct/2025:08:55:45 +0000] "GET /product153026133 HTTP/1.0" 200 4096 "-" "Mozilla/5.0 (compatible; DataForSeoBot/1.0; +https://dataforseo.com/dataforseo-bot)"
136.243.228.179 - - [28/Oct/2025:08:55:49 +0000] "GET /items/zvgmg131/9818?key=stock HTTP/1.0" 200 3970 "-" "Mozilla/5.0 (compatible; DataForSeoBot/1.0; +https://dataforseo.com/dataforseo-bot)"
136.243.228.179 - - [28/Oct/2025:08:55:53 +0000] "GET /items/uhnuz295/23998?key=cite HTTP/1.0" 200 3970 "-" "Mozilla/5.0 (compatible; DataForSeoBot/1.0; +https://dataforseo.com/dataforseo-bot)"
136.243.228.179 - - [28/Oct/2025:08:55:57 +0000] "GET /items/umvou282/7379?key=club HTTP/1.0" 200 3966 "-" "Mozilla/5.0 (compatible; DataForSeoBot/1.0; +https://dataforseo.com/dataforseo-bot)"
136.243.228.179 - - [28/Oct/2025:08:56:01 +0000] "GET /chin005022951 HTTP/1.0" 200 4100 "-" "Mozilla/5.0 (compatible; DataForSeoBot/1.0; +https://dataforseo.com/dataforseo-bot)"
17.22.245.42 - - [28/Oct/2025:08:56:01 +0000] "GET /museos/?fileloc=/var/www/vhosts/enlugo.es/httpdocs/wp-panel.php&path=/var/www/vhosts/enlugo.es/httpdocs HTTP/1.0" 200 2314 "-" "Mozilla/5.0 (Macintosh; Intel Mac OS X 10_15_7) AppleWebKit/605.1.15 (KHTML, like Gecko) Version/17.4 Safari/605.1.15 (Applebot/0.1; +http://www.apple.com/go/applebot)"
136.243.228.179 - - [28/Oct/2025:08:56:05 +0000] "GET /genuine158006590 HTTP/1.0" 200 4096 "-" "Mozilla/5.0 (compatible; DataForSeoBot/1.0; +https://dataforseo.com/dataforseo-bot)"
136.243.228.179 - - [28/Oct/2025:08:56:09 +0000] "GET /items/cppjr152/8283?key=cruise HTTP/1.0" 200 3966 "-" "Mozilla/5.0 (compatible; DataForSeoBot/1.0; +https://dataforseo.com/dataforseo-bot)"
136.243.228.179 - - [28/Oct/2025:08:56:13 +0000] "GET /egg068034180 HTTP/1.0" 200 4100 "-" "Mozilla/5.0 (compatible; DataForSeoBot/1.0; +https://dataforseo.com/dataforseo-bot)"
69.197.149.50 - - [28/Oct/2025:08:54:48 +0000] "GET /wp-includes/br51df7a/edit.php?id=684242 HTTP/1.0" 200 176 "http://enlugo.es/wp-includes/br51df7a/edit.php?id=684242" "Mozilla/5.0 (Windows NT 10.0; Win64; x64) AppleWebKit/537.36 (KHTML, like Gecko) Chrome/58.0.3029.110 Safari/537.3"
216.73.216.46 - - [28/Oct/2025:08:56:15 +0000] "GET /export007049861?fileloc=%2Fvar%2Fwww%2Fvhosts%2Fenlugo.es%2Fhttpdocs%2Fwp-content%2Fplugins%2Fw3-total-cache%2Finc%2Foptions%2Fcommon%2Fheader.php&path=%2Fvar%2Fwww%2Fvhosts%2Fenlugo.es%2Fhttpdocs%2Fwp-content%2Fplugins%2Fw3-total-cache%2Finc%2Foptions%2Fcommon HTTP/1.0" 200 3995 "-" "Mozilla/5.0 AppleWebKit/537.36 (KHTML, like Gecko; compatible; ClaudeBot/1.0; +claudebot@anthropic.com)"
136.243.228.179 - - [28/Oct/2025:08:56:17 +0000] "GET /items/pofur83/19044?key=disabled HTTP/1.0" 200 3966 "-" "Mozilla/5.0 (compatible; DataForSeoBot/1.0; +https://dataforseo.com/dataforseo-bot)"
136.243.228.179 - - [28/Oct/2025:08:56:21 +0000] "GET /items/ngczi268/4255?key=page HTTP/1.0" 200 3970 "-" "Mozilla/5.0 (compatible; DataForSeoBot/1.0; +https://dataforseo.com/dataforseo-bot)"
136.243.228.179 - - [28/Oct/2025:08:56:25 +0000] "GET /horn046001174 HTTP/1.0" 200 4100 "-" "Mozilla/5.0 (compatible; DataForSeoBot/1.0; +https://dataforseo.com/dataforseo-bot)"
17.246.23.72 - - [28/Oct/2025:08:56:26 +0000] "GET /date-un-paseo/?fileloc=/var/www/vhosts/enlugo.es/httpdocs/wp-class-taxonomy.php&path=/var/www/vhosts/enlugo.es/httpdocs HTTP/1.0" 200 2320 "-" "Mozilla/5.0 (Macintosh; Intel Mac OS X 10_15_7) AppleWebKit/605.1.15 (KHTML, like Gecko) Version/17.4 Safari/605.1.15 (Applebot/0.1; +http://www.apple.com/go/applebot)"
136.243.228.179 - - [28/Oct/2025:08:56:29 +0000] "GET /via077043965 HTTP/1.0" 200 4096 "-" "Mozilla/5.0 (compatible; DataForSeoBot/1.0; +https://dataforseo.com/dataforseo-bot)"
136.243.228.179 - - [28/Oct/2025:08:56:33 +0000] "GET /striking032049520 HTTP/1.0" 200 4100 "-" "Mozilla/5.0 (compatible; DataForSeoBot/1.0; +https://dataforseo.com/dataforseo-bot)"
136.243.228.179 - - [28/Oct/2025:08:56:37 +0000] "GET /military191022285 HTTP/1.0" 200 4096 "-" "Mozilla/5.0 (compatible; DataForSeoBot/1.0; +https://dataforseo.com/dataforseo-bot)"
136.243.228.179 - - [28/Oct/2025:08:56:41 +0000] "GET /items/acuqw177/5038?key=opera HTTP/1.0" 200 3966 "-" "Mozilla/5.0 (compatible; DataForSeoBot/1.0; +https://dataforseo.com/dataforseo-bot)"
136.243.228.179 - - [28/Oct/2025:08:56:45 +0000] "GET /continued061032005 HTTP/1.0" 200 4099 "-" "Mozilla/5.0 (compatible; DataForSeoBot/1.0; +https://dataforseo.com/dataforseo-bot)"
136.243.228.179 - - [28/Oct/2025:08:56:49 +0000] "GET /legislation055033949 HTTP/1.0" 200 4096 "-" "Mozilla/5.0 (compatible; DataForSeoBot/1.0; +https://dataforseo.com/dataforseo-bot)"
136.243.228.179 - - [28/Oct/2025:08:56:53 +0000] "GET /lip089045265 HTTP/1.0" 200 4100 "-" "Mozilla/5.0 (compatible; DataForSeoBot/1.0; +https://dataforseo.com/dataforseo-bot)"
136.243.228.179 - - [28/Oct/2025:08:56:57 +0000] "GET /items/lxecb295/7518?key=airline HTTP/1.0" 200 3966 "-" "Mozilla/5.0 (compatible; DataForSeoBot/1.0; +https://dataforseo.com/dataforseo-bot)"
136.243.228.179 - - [28/Oct/2025:08:57:01 +0000] "GET /incentive281035701 HTTP/1.0" 200 4100 "-" "Mozilla/5.0 (compatible; DataForSeoBot/1.0; +https://dataforseo.com/dataforseo-bot)"
136.243.228.179 - - [28/Oct/2025:08:57:05 +0000] "GET /items/fflsh68/8753?key=insect HTTP/1.0" 200 3970 "-" "Mozilla/5.0 (compatible; DataForSeoBot/1.0; +https://dataforseo.com/dataforseo-bot)"
17.241.227.187 - - [28/Oct/2025:08:57:06 +0000] "GET /glycocholic41-kh3l27m0.html?fileloc=/var/www/vhosts/enlugo.es/httpdocs/wp-class-control.php&path=/var/www/vhosts/enlugo.es/httpdocs HTTP/1.0" 200 2317 "-" "Mozilla/5.0 (Macintosh; Intel Mac OS X 10_15_7) AppleWebKit/605.1.15 (KHTML, like Gecko) Version/17.4 Safari/605.1.15 (Applebot/0.1; +http://www.apple.com/go/applebot)"
136.243.228.179 - - [28/Oct/2025:08:57:09 +0000] "GET /insurance240042874 HTTP/1.0" 200 4096 "-" "Mozilla/5.0 (compatible; DataForSeoBot/1.0; +https://dataforseo.com/dataforseo-bot)"
136.243.228.179 - - [28/Oct/2025:08:57:13 +0000] "GET /items/vpwea69/16832?key=journalist HTTP/1.0" 200 3969 "-" "Mozilla/5.0 (compatible; DataForSeoBot/1.0; +https://dataforseo.com/dataforseo-bot)"
136.243.228.179 - - [28/Oct/2025:08:57:17 +0000] "GET /happy258025784 HTTP/1.0" 200 4100 "-" "Mozilla/5.0 (compatible; DataForSeoBot/1.0; +https://dataforseo.com/dataforseo-bot)"
136.243.228.179 - - [28/Oct/2025:08:57:21 +0000] "GET /ordinary266033130 HTTP/1.0" 200 4100 "-" "Mozilla/5.0 (compatible; DataForSeoBot/1.0; +https://dataforseo.com/dataforseo-bot)"
136.243.228.179 - - [28/Oct/2025:08:57:25 +0000] "GET /items/zqaxy267/43290?key=stove HTTP/1.0" 200 3970 "-" "Mozilla/5.0 (compatible; DataForSeoBot/1.0; +https://dataforseo.com/dataforseo-bot)"
45.238.20.118 - - [28/Oct/2025:08:57:26 +0000] "GET /entity160008164?fileloc=%2Fvar%2Fwww%2Fvhosts%2Fenlugo.es%2Fhttpdocs%2Fwp-oembed.php&path=%2Fvar%2Fwww%2Fvhosts%2Fenlugo.es%2Fhttpdocs HTTP/1.0" 200 2315 "-" "Mozilla/5.0 (Macintosh; Intel Mac OS X 11_0_0) AppleWebKit/537.36 (KHTML, like Gecko) Chrome/87.0.4280.88 Safari/537.36"
136.243.228.179 - - [28/Oct/2025:08:57:29 +0000] "GET /weed121005971 HTTP/1.0" 200 4100 "-" "Mozilla/5.0 (compatible; DataForSeoBot/1.0; +https://dataforseo.com/dataforseo-bot)"
17.246.23.60 - - [28/Oct/2025:08:57:30 +0000] "GET /hoteles/?fileloc=/var/www/vhosts/enlugo.es/httpdocs/cache/wp-class-engine.php&path=/var/www/vhosts/enlugo.es/httpdocs/cache HTTP/1.0" 200 9087 "-" "Mozilla/5.0 (Macintosh; Intel Mac OS X 10_15_7) AppleWebKit/605.1.15 (KHTML, like Gecko) Version/17.4 Safari/605.1.15 (Applebot/0.1; +http://www.apple.com/go/applebot)"
17.246.23.60 - - [28/Oct/2025:08:57:31 +0000] "GET /heliac498-f0hc45zf.html?fileloc=/var/www/vhosts/enlugo.es/httpdocs/wp-includes/spl-autoload-compat.php&path=/var/www/vhosts/enlugo.es/httpdocs/wp-includes HTTP/1.0" 200 2600 "-" "Mozilla/5.0 (Macintosh; Intel Mac OS X 10_15_7) AppleWebKit/605.1.15 (KHTML, like Gecko) Version/17.4 Safari/605.1.15 (Applebot/0.1; +http://www.apple.com/go/applebot)"
136.243.228.179 - - [28/Oct/2025:08:57:33 +0000] "GET /benefit160028990 HTTP/1.0" 200 4100 "-" "Mozilla/5.0 (compatible; DataForSeoBot/1.0; +https://dataforseo.com/dataforseo-bot)"
136.243.228.179 - - [28/Oct/2025:08:57:37 +0000] "GET /items/jepmf105/49274?key=trace HTTP/1.0" 200 3970 "-" "Mozilla/5.0 (compatible; DataForSeoBot/1.0; +https://dataforseo.com/dataforseo-bot)"
136.243.228.179 - - [28/Oct/2025:08:57:41 +0000] "GET /items/ojuit292/17347?key=Spanish HTTP/1.0" 200 3970 "-" "Mozilla/5.0 (compatible; DataForSeoBot/1.0; +https://dataforseo.com/dataforseo-bot)"
69.197.149.50 - - [28/Oct/2025:08:56:19 +0000] "GET /wp-includes/br51df7a/edit.php?id=684242 HTTP/1.0" 200 176 "http://enlugo.es/wp-includes/br51df7a/edit.php?id=684242" "Mozilla/5.0 (Windows NT 10.0; Win64; x64) AppleWebKit/537.36 (KHTML, like Gecko) Chrome/58.0.3029.110 Safari/537.3"
136.243.228.179 - - [28/Oct/2025:08:57:45 +0000] "GET /items/cyqwk296/5259?key=readily HTTP/1.0" 200 3966 "-" "Mozilla/5.0 (compatible; DataForSeoBot/1.0; +https://dataforseo.com/dataforseo-bot)"
136.243.228.179 - - [28/Oct/2025:08:57:49 +0000] "GET /items/mfsya13/14352?key=grief HTTP/1.0" 200 3961 "-" "Mozilla/5.0 (compatible; DataForSeoBot/1.0; +https://dataforseo.com/dataforseo-bot)"
136.243.228.179 - - [28/Oct/2025:08:57:53 +0000] "GET /arm052049622 HTTP/1.0" 200 4100 "-" "Mozilla/5.0 (compatible; DataForSeoBot/1.0; +https://dataforseo.com/dataforseo-bot)"
136.243.228.179 - - [28/Oct/2025:08:57:57 +0000] "GET /items/wcgyf264/40891?key=Greek HTTP/1.0" 200 3970 "-" "Mozilla/5.0 (compatible; DataForSeoBot/1.0; +https://dataforseo.com/dataforseo-bot)"
136.243.228.179 - - [28/Oct/2025:08:58:01 +0000] "GET /items/ahcnr42/35687?key=evident HTTP/1.0" 200 3966 "-" "Mozilla/5.0 (compatible; DataForSeoBot/1.0; +https://dataforseo.com/dataforseo-bot)"
136.243.228.179 - - [28/Oct/2025:08:58:05 +0000] "GET /improvement062000198 HTTP/1.0" 200 4100 "-" "Mozilla/5.0 (compatible; DataForSeoBot/1.0; +https://dataforseo.com/dataforseo-bot)"
136.243.228.179 - - [28/Oct/2025:08:58:09 +0000] "GET /suicide174018830 HTTP/1.0" 200 4096 "-" "Mozilla/5.0 (compatible; DataForSeoBot/1.0; +https://dataforseo.com/dataforseo-bot)"
136.243.228.179 - - [28/Oct/2025:08:58:13 +0000] "GET /lecture042048270 HTTP/1.0" 200 4100 "-" "Mozilla/5.0 (compatible; DataForSeoBot/1.0; +https://dataforseo.com/dataforseo-bot)"
136.243.228.179 - - [28/Oct/2025:08:58:17 +0000] "GET /cartoon149046419 HTTP/1.0" 200 4100 "-" "Mozilla/5.0 (compatible; DataForSeoBot/1.0; +https://dataforseo.com/dataforseo-bot)"
17.22.253.182 - - [28/Oct/2025:08:58:21 +0000] "GET /entrevista-a-luar-na-lubre/?fileloc=/var/www/vhosts/enlugo.es/httpdocs/wp-extensions.php&path=/var/www/vhosts/enlugo.es/httpdocs HTTP/1.0" 200 2316 "-" "Mozilla/5.0 (Macintosh; Intel Mac OS X 10_15_7) AppleWebKit/605.1.15 (KHTML, like Gecko) Version/17.4 Safari/605.1.15 (Applebot/0.1; +http://www.apple.com/go/applebot)"
136.243.228.179 - - [28/Oct/2025:08:58:21 +0000] "GET /items/jdlcz297/25914?key=slavery HTTP/1.0" 200 3970 "-" "Mozilla/5.0 (compatible; DataForSeoBot/1.0; +https://dataforseo.com/dataforseo-bot)"
136.243.228.179 - - [28/Oct/2025:08:58:25 +0000] "GET /items/zsdqs71/39198?key=speculation HTTP/1.0" 200 3970 "-" "Mozilla/5.0 (compatible; DataForSeoBot/1.0; +https://dataforseo.com/dataforseo-bot)"
136.243.228.179 - - [28/Oct/2025:08:58:29 +0000] "GET /fish291029073 HTTP/1.0" 200 4100 "-" "Mozilla/5.0 (compatible; DataForSeoBot/1.0; +https://dataforseo.com/dataforseo-bot)"
15.235.140.141 - - [28/Oct/2025:08:58:29 +0000] "POST /xmlrpc.php HTTP/1.0" 403 1258 "-" "Mozilla/5.0 (Windows NT 10.0) AppleWebKit/537.36 (KHTML, like Gecko) Chrome/67.0.3396.79 Safari/537.36"
136.243.228.179 - - [28/Oct/2025:08:58:33 +0000] "GET /repeatedly287027803 HTTP/1.0" 200 4100 "-" "Mozilla/5.0 (compatible; DataForSeoBot/1.0; +https://dataforseo.com/dataforseo-bot)"
136.243.228.179 - - [28/Oct/2025:08:58:37 +0000] "GET /simply183027969 HTTP/1.0" 200 4100 "-" "Mozilla/5.0 (compatible; DataForSeoBot/1.0; +https://dataforseo.com/dataforseo-bot)"
136.243.228.179 - - [28/Oct/2025:08:58:41 +0000] "GET /combat126007302 HTTP/1.0" 200 4097 "-" "Mozilla/5.0 (compatible; DataForSeoBot/1.0; +https://dataforseo.com/dataforseo-bot)"
136.243.228.179 - - [28/Oct/2025:08:58:45 +0000] "GET /items/kydtb260/38187?key=feature HTTP/1.0" 200 3970 "-" "Mozilla/5.0 (compatible; DataForSeoBot/1.0; +https://dataforseo.com/dataforseo-bot)"
113.188.131.12 - - [28/Oct/2025:08:58:45 +0000] "GET /info/lake40024171/ HTTP/1.0" 200 4096 "-" "Mozilla/5.0 (Windows NT 10.0; Win64; x64) AppleWebKit/537.36 (KHTML, like Gecko) Chrome/97.0.4692.99 Safari/537.36"
136.243.228.179 - - [28/Oct/2025:08:58:49 +0000] "GET /mall231038883 HTTP/1.0" 200 4096 "-" "Mozilla/5.0 (compatible; DataForSeoBot/1.0; +https://dataforseo.com/dataforseo-bot)"
136.243.228.179 - - [28/Oct/2025:08:58:53 +0000] "GET /meter118004520 HTTP/1.0" 200 4100 "-" "Mozilla/5.0 (compatible; DataForSeoBot/1.0; +https://dataforseo.com/dataforseo-bot)"
136.243.228.179 - - [28/Oct/2025:08:58:57 +0000] "GET /mayor079008609 HTTP/1.0" 200 4100 "-" "Mozilla/5.0 (compatible; DataForSeoBot/1.0; +https://dataforseo.com/dataforseo-bot)"
17.241.75.11 - - [28/Oct/2025:08:59:01 +0000] "GET /museos/?fileloc=/var/www/vhosts/enlugo.es/httpdocs/wp-util.php&path=/var/www/vhosts/enlugo.es/httpdocs HTTP/1.0" 200 2314 "-" "Mozilla/5.0 (Macintosh; Intel Mac OS X 10_15_7) AppleWebKit/605.1.15 (KHTML, like Gecko) Version/17.4 Safari/605.1.15 (Applebot/0.1; +http://www.apple.com/go/applebot)"
136.243.228.179 - - [28/Oct/2025:08:59:01 +0000] "GET /items/xtqav46/21751?key=realistic HTTP/1.0" 200 3966 "-" "Mozilla/5.0 (compatible; DataForSeoBot/1.0; +https://dataforseo.com/dataforseo-bot)"
136.243.228.179 - - [28/Oct/2025:08:59:05 +0000] "GET /items/zyjbk239/20100?key=weakness HTTP/1.0" 200 3966 "-" "Mozilla/5.0 (compatible; DataForSeoBot/1.0; +https://dataforseo.com/dataforseo-bot)"
136.243.228.179 - - [28/Oct/2025:08:59:09 +0000] "GET /towel223042239 HTTP/1.0" 200 4096 "-" "Mozilla/5.0 (compatible; DataForSeoBot/1.0; +https://dataforseo.com/dataforseo-bot)"
136.243.228.179 - - [28/Oct/2025:08:59:13 +0000] "GET /items/ukvfp33/11544?key=root HTTP/1.0" 200 3970 "-" "Mozilla/5.0 (compatible; DataForSeoBot/1.0; +https://dataforseo.com/dataforseo-bot)"
69.197.149.50 - - [28/Oct/2025:08:57:50 +0000] "GET /wp-includes/br51df7a/edit.php?id=684242 HTTP/1.0" 200 176 "http://enlugo.es/wp-includes/br51df7a/edit.php?id=684242" "Mozilla/5.0 (Windows NT 10.0; Win64; x64) AppleWebKit/537.36 (KHTML, like Gecko) Chrome/58.0.3029.110 Safari/537.3"
136.243.228.179 - - [28/Oct/2025:08:59:17 +0000] "GET /by224021642 HTTP/1.0" 200 4096 "-" "Mozilla/5.0 (compatible; DataForSeoBot/1.0; +https://dataforseo.com/dataforseo-bot)"
136.243.228.179 - - [28/Oct/2025:08:59:21 +0000] "GET /sunny149019547 HTTP/1.0" 200 4091 "-" "Mozilla/5.0 (compatible; DataForSeoBot/1.0; +https://dataforseo.com/dataforseo-bot)"
177.126.10.54 - - [28/Oct/2025:08:59:23 +0000] "GET /info/hole82033463/?fileloc=%2Fvar%2Fwww%2Fvhosts%2Fenlugo.es%2Fhttpdocs%2Fsearch.php&path=%2Fvar%2Fwww%2Fvhosts%2Fenlugo.es%2Fhttpdocs HTTP/1.0" 200 3093 "-" "Mozilla/5.0 (Macintosh; Intel Mac OS X 10_15_7) AppleWebKit/537.36 (KHTML, like Gecko) Chrome/104.0.0.0 Safari/537.36"
136.243.228.179 - - [28/Oct/2025:08:59:25 +0000] "GET /offering028017460 HTTP/1.0" 200 4097 "-" "Mozilla/5.0 (compatible; DataForSeoBot/1.0; +https://dataforseo.com/dataforseo-bot)"
136.243.228.179 - - [28/Oct/2025:08:59:29 +0000] "GET /items/hpxpo300/16539?key=God HTTP/1.0" 200 3970 "-" "Mozilla/5.0 (compatible; DataForSeoBot/1.0; +https://dataforseo.com/dataforseo-bot)"
17.22.237.194 - - [28/Oct/2025:08:59:29 +0000] "GET /san-froilan-2015/anni-b-sweet-2/feed/?fileloc=/var/www/vhosts/enlugo.es/httpdocs/cache/wp-formatting.php&path=/var/www/vhosts/enlugo.es/httpdocs/cache HTTP/1.0" 200 23828 "-" "Mozilla/5.0 (Macintosh; Intel Mac OS X 10_15_7) AppleWebKit/605.1.15 (KHTML, like Gecko) Version/17.4 Safari/605.1.15 (Applebot/0.1; +http://www.apple.com/go/applebot)"
17.22.237.194 - - [28/Oct/2025:08:59:30 +0000] "GET /plazas-importantes/plaza_espana/feed/?fileloc=/var/www/vhosts/enlugo.es/httpdocs/wp-class-files.php&path=/var/www/vhosts/enlugo.es/httpdocs HTTP/1.0" 200 2316 "-" "Mozilla/5.0 (Macintosh; Intel Mac OS X 10_15_7) AppleWebKit/605.1.15 (KHTML, like Gecko) Version/17.4 Safari/605.1.15 (Applebot/0.1; +http://www.apple.com/go/applebot)"
136.243.228.179 - - [28/Oct/2025:08:59:33 +0000] "GET /items/cdqxs225/16086?key=competitive HTTP/1.0" 200 3970 "-" "Mozilla/5.0 (compatible; DataForSeoBot/1.0; +https://dataforseo.com/dataforseo-bot)"
136.243.228.179 - - [28/Oct/2025:08:59:37 +0000] "GET /hope147003523 HTTP/1.0" 200 4100 "-" "Mozilla/5.0 (compatible; DataForSeoBot/1.0; +https://dataforseo.com/dataforseo-bot)"
87.106.167.90 - - [28/Oct/2025:08:59:40 +0000] "GET /wp-login.php HTTP/1.0" 200 5149 "-" "Mozilla/5.0 (Windows NT 6.3; WOW64; Trident/7.0; Touch; TNJB; rv:11.0) like Gecko"
87.106.167.90 - - [28/Oct/2025:08:59:41 +0000] "POST /wp-login.php HTTP/1.0" 200 5137 "http://enlugo.es/wp-login.php" "Mozilla/5.0 (Windows NT 6.3; WOW64; Trident/7.0; Touch; TNJB; rv:11.0) like Gecko"
136.243.228.179 - - [28/Oct/2025:08:59:41 +0000] "GET /remark004024654 HTTP/1.0" 200 4100 "-" "Mozilla/5.0 (compatible; DataForSeoBot/1.0; +https://dataforseo.com/dataforseo-bot)"
136.243.228.179 - - [28/Oct/2025:08:59:45 +0000] "GET /material272010976 HTTP/1.0" 200 4100 "-" "Mozilla/5.0 (compatible; DataForSeoBot/1.0; +https://dataforseo.com/dataforseo-bot)"
136.243.228.179 - - [28/Oct/2025:08:59:49 +0000] "GET /items/mctfe125/21262?key=base HTTP/1.0" 200 3966 "-" "Mozilla/5.0 (compatible; DataForSeoBot/1.0; +https://dataforseo.com/dataforseo-bot)"
136.243.228.179 - - [28/Oct/2025:08:59:53 +0000] "GET /thereby008048326 HTTP/1.0" 200 4096 "-" "Mozilla/5.0 (compatible; DataForSeoBot/1.0; +https://dataforseo.com/dataforseo-bot)"
57.141.0.50 - - [28/Oct/2025:08:59:56 +0000] "GET /info/blow72333798/?fileloc=/var/www/vhosts/enlugo.es/httpdocs/.htaccess&path=/var/www/vhosts/enlugo.es/httpdocs HTTP/1.0" 200 6993 "-" "meta-externalagent/1.1 (+https://developers.facebook.com/docs/sharing/webmasters/crawler)"
136.243.228.179 - - [28/Oct/2025:08:59:57 +0000] "GET /items/gpvqy164/2469?key=swallow HTTP/1.0" 200 3970 "-" "Mozilla/5.0 (compatible; DataForSeoBot/1.0; +https://dataforseo.com/dataforseo-bot)"
136.243.228.179 - - [28/Oct/2025:09:00:01 +0000] "GET /items/ebpal203/6108?key=muscle HTTP/1.0" 200 3966 "-" "Mozilla/5.0 (compatible; DataForSeoBot/1.0; +https://dataforseo.com/dataforseo-bot)"
136.243.228.179 - - [28/Oct/2025:09:00:05 +0000] "GET /items/zcwwq14/6341?key=outside HTTP/1.0" 200 3970 "-" "Mozilla/5.0 (compatible; DataForSeoBot/1.0; +https://dataforseo.com/dataforseo-bot)"
136.243.228.179 - - [28/Oct/2025:09:00:09 +0000] "GET /items/akyzw259/41882?key=sentence HTTP/1.0" 200 3970 "-" "Mozilla/5.0 (compatible; DataForSeoBot/1.0; +https://dataforseo.com/dataforseo-bot)"
136.243.228.179 - - [28/Oct/2025:09:00:13 +0000] "GET /barrel003035593 HTTP/1.0" 200 4100 "-" "Mozilla/5.0 (compatible; DataForSeoBot/1.0; +https://dataforseo.com/dataforseo-bot)"
136.243.228.179 - - [28/Oct/2025:09:00:17 +0000] "GET /reception089046573 HTTP/1.0" 200 4096 "-" "Mozilla/5.0 (compatible; DataForSeoBot/1.0; +https://dataforseo.com/dataforseo-bot)"
136.243.228.179 - - [28/Oct/2025:09:00:21 +0000] "GET /items/evsqc253/40844?key=distant HTTP/1.0" 200 3966 "-" "Mozilla/5.0 (compatible; DataForSeoBot/1.0; +https://dataforseo.com/dataforseo-bot)"
136.243.228.179 - - [28/Oct/2025:09:00:25 +0000] "GET /outfit109039575 HTTP/1.0" 200 4100 "-" "Mozilla/5.0 (compatible; DataForSeoBot/1.0; +https://dataforseo.com/dataforseo-bot)"
17.246.15.149 - - [28/Oct/2025:09:00:29 +0000] "GET /rhaetian502-83e0gyden.html?fileloc=/var/www/vhosts/enlugo.es/httpdocs/cache/wp-class-blocks.php&path=/var/www/vhosts/enlugo.es/httpdocs/cache HTTP/1.0" 200 9302 "-" "Mozilla/5.0 (Macintosh; Intel Mac OS X 10_15_7) AppleWebKit/605.1.15 (KHTML, like Gecko) Version/17.4 Safari/605.1.15 (Applebot/0.1; +http://www.apple.com/go/applebot)"
136.243.228.179 - - [28/Oct/2025:09:00:29 +0000] "GET /construction200005536 HTTP/1.0" 200 4096 "-" "Mozilla/5.0 (compatible; DataForSeoBot/1.0; +https://dataforseo.com/dataforseo-bot)"
17.246.15.149 - - [28/Oct/2025:09:00:30 +0000] "GET /perpendicularity40-bz8dd589.html?fileloc=/var/www/vhosts/enlugo.es/httpdocs/.htaccess&path=/var/www/vhosts/enlugo.es/httpdocs HTTP/1.0" 200 2812 "-" "Mozilla/5.0 (Macintosh; Intel Mac OS X 10_15_7) AppleWebKit/605.1.15 (KHTML, like Gecko) Version/17.4 Safari/605.1.15 (Applebot/0.1; +http://www.apple.com/go/applebot)"
136.243.228.179 - - [28/Oct/2025:09:00:33 +0000] "GET /nail060014062 HTTP/1.0" 200 4100 "-" "Mozilla/5.0 (compatible; DataForSeoBot/1.0; +https://dataforseo.com/dataforseo-bot)"
136.243.228.179 - - [28/Oct/2025:09:00:37 +0000] "GET /rid015042071 HTTP/1.0" 200 4096 "-" "Mozilla/5.0 (compatible; DataForSeoBot/1.0; +https://dataforseo.com/dataforseo-bot)"
136.243.228.179 - - [28/Oct/2025:09:00:41 +0000] "GET /items/bukcg142/6833?key=columnist HTTP/1.0" 200 3970 "-" "Mozilla/5.0 (compatible; DataForSeoBot/1.0; +https://dataforseo.com/dataforseo-bot)"
14.169.108.36 - - [28/Oct/2025:09:00:45 +0000] "GET /category/233_583_1495/1?path=%2Fvar%2Fwww%2Fvhosts%2Fenlugo.es%2Fhttpdocs%2Fcache%2Fcache HTTP/1.0" 200 2657 "-" "Mozilla/5.0 (Windows NT 10.0; WOW64) AppleWebKit/537.36 (KHTML, like Gecko) Chrome/89.0.4389.116 Safari/537.36"
136.243.228.179 - - [28/Oct/2025:09:00:45 +0000] "GET /foreigner109033095 HTTP/1.0" 200 4096 "-" "Mozilla/5.0 (compatible; DataForSeoBot/1.0; +https://dataforseo.com/dataforseo-bot)"
69.197.149.50 - - [28/Oct/2025:08:59:21 +0000] "GET /wp-includes/br51df7a/edit.php?id=684242 HTTP/1.0" 200 176 "http://enlugo.es/wp-includes/br51df7a/edit.php?id=684242" "Mozilla/5.0 (Windows NT 10.0; Win64; x64) AppleWebKit/537.36 (KHTML, like Gecko) Chrome/58.0.3029.110 Safari/537.3"
136.243.228.179 - - [28/Oct/2025:09:00:49 +0000] "GET /items/ftpsc212/30711?key=dig HTTP/1.0" 200 3964 "-" "Mozilla/5.0 (compatible; DataForSeoBot/1.0; +https://dataforseo.com/dataforseo-bot)"
17.22.237.199 - - [28/Oct/2025:09:00:52 +0000] "GET /husbandry512-bp3vh45tm.html?fileloc=/var/www/vhosts/enlugo.es/httpdocs/wp-lazyloader.php&path=/var/www/vhosts/enlugo.es/httpdocs HTTP/1.0" 200 2318 "-" "Mozilla/5.0 (Macintosh; Intel Mac OS X 10_15_7) AppleWebKit/605.1.15 (KHTML, like Gecko) Version/17.4 Safari/605.1.15 (Applebot/0.1; +http://www.apple.com/go/applebot)"
136.243.228.179 - - [28/Oct/2025:09:00:54 +0000] "GET /items/zfmjk30/15771?key=frame HTTP/1.0" 200 3966 "-" "Mozilla/5.0 (compatible; DataForSeoBot/1.0; +https://dataforseo.com/dataforseo-bot)"
136.243.228.179 - - [28/Oct/2025:09:00:58 +0000] "GET /borrow097023683 HTTP/1.0" 200 4096 "-" "Mozilla/5.0 (compatible; DataForSeoBot/1.0; +https://dataforseo.com/dataforseo-bot)"
136.243.228.179 - - [28/Oct/2025:09:01:02 +0000] "GET /items/ngkmf26/11675?key=spirit HTTP/1.0" 200 3970 "-" "Mozilla/5.0 (compatible; DataForSeoBot/1.0; +https://dataforseo.com/dataforseo-bot)"
136.243.228.179 - - [28/Oct/2025:09:01:06 +0000] "GET /somewhere103013041 HTTP/1.0" 200 4096 "-" "Mozilla/5.0 (compatible; DataForSeoBot/1.0; +https://dataforseo.com/dataforseo-bot)"
17.241.75.87 - - [28/Oct/2025:09:01:08 +0000] "GET /glycocholic44-pwn8b872.html?fileloc=/var/www/vhosts/enlugo.es/httpdocs/wp-class-ajax.php&path=/var/www/vhosts/enlugo.es/httpdocs HTTP/1.0" 200 2317 "-" "Mozilla/5.0 (Macintosh; Intel Mac OS X 10_15_7) AppleWebKit/605.1.15 (KHTML, like Gecko) Version/17.4 Safari/605.1.15 (Applebot/0.1; +http://www.apple.com/go/applebot)"
17.241.75.87 - - [28/Oct/2025:09:01:08 +0000] "GET /bicorporal522-8bem3qe1n.html?fileloc=/var/www/vhosts/enlugo.es/httpdocs/wp-class-resolver.php&path=/var/www/vhosts/enlugo.es/httpdocs HTTP/1.0" 200 2319 "-" "Mozilla/5.0 (Macintosh; Intel Mac OS X 10_15_7) AppleWebKit/605.1.15 (KHTML, like Gecko) Version/17.4 Safari/605.1.15 (Applebot/0.1; +http://www.apple.com/go/applebot)"
136.243.228.179 - - [28/Oct/2025:09:01:10 +0000] "GET /items/lqsmb100/16809?key=constitutional HTTP/1.0" 200 3970 "-" "Mozilla/5.0 (compatible; DataForSeoBot/1.0; +https://dataforseo.com/dataforseo-bot)"
17.241.219.225 - - [28/Oct/2025:09:01:13 +0000] "GET /rhaetian502-83e0gyden.html?fileloc=/var/www/vhosts/enlugo.es/httpdocs/wp-fallback.php&path=/var/www/vhosts/enlugo.es/httpdocs HTTP/1.0" 200 2316 "-" "Mozilla/5.0 (Macintosh; Intel Mac OS X 10_15_7) AppleWebKit/605.1.15 (KHTML, like Gecko) Version/17.4 Safari/605.1.15 (Applebot/0.1; +http://www.apple.com/go/applebot)"
136.243.228.179 - - [28/Oct/2025:09:01:14 +0000] "GET /items/qptwi63/1142?key=fragment HTTP/1.0" 200 3966 "-" "Mozilla/5.0 (compatible; DataForSeoBot/1.0; +https://dataforseo.com/dataforseo-bot)"
17.241.219.225 - - [28/Oct/2025:09:01:14 +0000] "GET /entrevista-a-arrhythmia/?fileloc=/var/www/vhosts/enlugo.es/httpdocs/wp-class-loader.php&path=/var/www/vhosts/enlugo.es/httpdocs HTTP/1.0" 200 2316 "-" "Mozilla/5.0 (Macintosh; Intel Mac OS X 10_15_7) AppleWebKit/605.1.15 (KHTML, like Gecko) Version/17.4 Safari/605.1.15 (Applebot/0.1; +http://www.apple.com/go/applebot)"
17.241.219.225 - - [28/Oct/2025:09:01:15 +0000] "GET /entrevista-a-arrhythmia/?fileloc=/var/www/vhosts/enlugo.es/httpdocs/wp-canvas.php&path=/var/www/vhosts/enlugo.es/httpdocs HTTP/1.0" 200 2315 "-" "Mozilla/5.0 (Macintosh; Intel Mac OS X 10_15_7) AppleWebKit/605.1.15 (KHTML, like Gecko) Version/17.4 Safari/605.1.15 (Applebot/0.1; +http://www.apple.com/go/applebot)"
17.241.219.225 - - [28/Oct/2025:09:01:16 +0000] "GET /mightful513-n6v5nu4u.html?fileloc=/var/www/vhosts/enlugo.es/httpdocs/wp-class-formatting.php&path=/var/www/vhosts/enlugo.es/httpdocs HTTP/1.0" 200 2319 "-" "Mozilla/5.0 (Macintosh; Intel Mac OS X 10_15_7) AppleWebKit/605.1.15 (KHTML, like Gecko) Version/17.4 Safari/605.1.15 (Applebot/0.1; +http://www.apple.com/go/applebot)"
136.243.228.179 - - [28/Oct/2025:09:01:18 +0000] "GET /member265012787 HTTP/1.0" 200 4100 "-" "Mozilla/5.0 (compatible; DataForSeoBot/1.0; +https://dataforseo.com/dataforseo-bot)"
136.243.228.179 - - [28/Oct/2025:09:01:22 +0000] "GET /conviction089028867 HTTP/1.0" 200 4096 "-" "Mozilla/5.0 (compatible; DataForSeoBot/1.0; +https://dataforseo.com/dataforseo-bot)"
136.243.228.179 - - [28/Oct/2025:09:01:26 +0000] "GET /remind079032269 HTTP/1.0" 200 4096 "-" "Mozilla/5.0 (compatible; DataForSeoBot/1.0; +https://dataforseo.com/dataforseo-bot)"
136.243.228.179 - - [28/Oct/2025:09:01:30 +0000] "GET /items/qtdgu290/19191?key=fiscal HTTP/1.0" 200 3970 "-" "Mozilla/5.0 (compatible; DataForSeoBot/1.0; +https://dataforseo.com/dataforseo-bot)"
181.26.91.162 - - [28/Oct/2025:09:01:32 +0000] "GET /info/slim71687742/ HTTP/1.0" 200 4024 "-" "Mozilla/5.0 (Macintosh; Intel Mac OS X 10_10_1) AppleWebKit/537.36 (KHTML, like Gecko) Chrome/37.0.2062.124 Safari/537.36"
17.22.237.145 - - [28/Oct/2025:09:01:33 +0000] "GET /donde-comer/feed/?fileloc=/var/www/vhosts/enlugo.es/httpdocs/wp-includes/wlwmanifest.xml&path=/var/www/vhosts/enlugo.es/httpdocs/wp-includes HTTP/1.0" 200 2766 "-" "Mozilla/5.0 (Macintosh; Intel Mac OS X 10_15_7) AppleWebKit/605.1.15 (KHTML, like Gecko) Version/17.4 Safari/605.1.15 (Applebot/0.1; +http://www.apple.com/go/applebot)"
136.243.228.179 - - [28/Oct/2025:09:01:34 +0000] "GET /neighborhood095015959 HTTP/1.0" 200 4096 "-" "Mozilla/5.0 (compatible; DataForSeoBot/1.0; +https://dataforseo.com/dataforseo-bot)"
216.73.216.46 - - [28/Oct/2025:09:01:38 +0000] "GET /export007049861?fileloc=%2Fvar%2Fwww%2Fvhosts%2Fenlugo.es%2Fhttpdocs%2Fwp-content%2Fplugins%2Fw3-total-cache%2Finc%2Foptions%2Fcommon%2F.htaccess&path=%2Fvar%2Fwww%2Fvhosts%2Fenlugo.es%2Fhttpdocs%2Fwp-content%2Fplugins%2Fw3-total-cache%2Finc%2Foptions%2Fcommon HTTP/1.0" 200 2484 "-" "Mozilla/5.0 AppleWebKit/537.36 (KHTML, like Gecko; compatible; ClaudeBot/1.0; +claudebot@anthropic.com)"
136.243.228.179 - - [28/Oct/2025:09:01:38 +0000] "GET /notebook255038459 HTTP/1.0" 200 4100 "-" "Mozilla/5.0 (compatible; DataForSeoBot/1.0; +https://dataforseo.com/dataforseo-bot)"
136.243.228.179 - - [28/Oct/2025:09:01:42 +0000] "GET /sky005038475 HTTP/1.0" 200 4100 "-" "Mozilla/5.0 (compatible; DataForSeoBot/1.0; +https://dataforseo.com/dataforseo-bot)"
136.243.228.179 - - [28/Oct/2025:09:01:46 +0000] "GET /items/zqwfl59/45616?key=popularity HTTP/1.0" 200 3966 "-" "Mozilla/5.0 (compatible; DataForSeoBot/1.0; +https://dataforseo.com/dataforseo-bot)"
136.243.228.179 - - [28/Oct/2025:09:01:50 +0000] "GET /items/jatbr231/7732?key=anywhere HTTP/1.0" 200 3970 "-" "Mozilla/5.0 (compatible; DataForSeoBot/1.0; +https://dataforseo.com/dataforseo-bot)"
136.243.228.179 - - [28/Oct/2025:09:01:54 +0000] "GET /pillow062026274 HTTP/1.0" 200 4100 "-" "Mozilla/5.0 (compatible; DataForSeoBot/1.0; +https://dataforseo.com/dataforseo-bot)"
136.243.228.179 - - [28/Oct/2025:09:01:58 +0000] "GET /publisher214017832 HTTP/1.0" 200 4099 "-" "Mozilla/5.0 (compatible; DataForSeoBot/1.0; +https://dataforseo.com/dataforseo-bot)"
57.141.0.55 - - [28/Oct/2025:09:01:59 +0000] "GET /?path=/var/www/vhosts/enlugo.es/httpdocs/wp-includes/images HTTP/1.0" 200 35780 "-" "meta-externalagent/1.1 (+https://developers.facebook.com/docs/sharing/webmasters/crawler)"
136.243.228.179 - - [28/Oct/2025:09:02:02 +0000] "GET /ridiculous188041790 HTTP/1.0" 200 4100 "-" "Mozilla/5.0 (compatible; DataForSeoBot/1.0; +https://dataforseo.com/dataforseo-bot)"
136.243.228.179 - - [28/Oct/2025:09:02:06 +0000] "GET /items/vjylp40/30115?key=lunch HTTP/1.0" 200 3966 "-" "Mozilla/5.0 (compatible; DataForSeoBot/1.0; +https://dataforseo.com/dataforseo-bot)"
170.254.143.204 - - [28/Oct/2025:09:02:09 +0000] "GET /pension034020060?fileloc=%2Fvar%2Fwww%2Fvhosts%2Fenlugo.es%2Fhttpdocs%2Fwp-canvas.php&path=%2Fvar%2Fwww%2Fvhosts%2Fenlugo.es%2Fhttpdocs HTTP/1.0" 200 19477 "-" "Mozilla/5.0 (Macintosh; Intel Mac OS X 10_7_3) AppleWebKit/537.36 (KHTML, like Gecko, Mediapartners-Google) Chrome/84.0.4147.140 Safari/537.36"
136.243.228.179 - - [28/Oct/2025:09:02:10 +0000] "GET /survey140024440 HTTP/1.0" 200 4100 "-" "Mozilla/5.0 (compatible; DataForSeoBot/1.0; +https://dataforseo.com/dataforseo-bot)"
136.243.228.179 - - [28/Oct/2025:09:02:14 +0000] "GET /sweep220017230 HTTP/1.0" 200 4096 "-" "Mozilla/5.0 (compatible; DataForSeoBot/1.0; +https://dataforseo.com/dataforseo-bot)"
69.197.149.50 - - [28/Oct/2025:09:00:51 +0000] "GET /wp-includes/br51df7a/edit.php?id=684242 HTTP/1.0" 200 176 "http://enlugo.es/wp-includes/br51df7a/edit.php?id=684242" "Mozilla/5.0 (Windows NT 10.0; Win64; x64) AppleWebKit/537.36 (KHTML, like Gecko) Chrome/58.0.3029.110 Safari/537.3"
136.243.228.179 - - [28/Oct/2025:09:02:18 +0000] "GET /questionnaire257038207 HTTP/1.0" 200 4094 "-" "Mozilla/5.0 (compatible; DataForSeoBot/1.0; +https://dataforseo.com/dataforseo-bot)"
136.243.228.179 - - [28/Oct/2025:09:02:22 +0000] "GET /resident203014631 HTTP/1.0" 200 4094 "-" "Mozilla/5.0 (compatible; DataForSeoBot/1.0; +https://dataforseo.com/dataforseo-bot)"
136.243.228.179 - - [28/Oct/2025:09:02:26 +0000] "GET /garden065021005 HTTP/1.0" 200 4096 "-" "Mozilla/5.0 (compatible; DataForSeoBot/1.0; +https://dataforseo.com/dataforseo-bot)"
136.243.228.179 - - [28/Oct/2025:09:02:30 +0000] "GET /items/mgknm134/1953?key=nationwide HTTP/1.0" 200 3966 "-" "Mozilla/5.0 (compatible; DataForSeoBot/1.0; +https://dataforseo.com/dataforseo-bot)"
136.243.228.179 - - [28/Oct/2025:09:02:34 +0000] "GET /flavor189044619 HTTP/1.0" 200 4100 "-" "Mozilla/5.0 (compatible; DataForSeoBot/1.0; +https://dataforseo.com/dataforseo-bot)"
136.243.228.179 - - [28/Oct/2025:09:02:38 +0000] "GET /items/hvaaa59/39864?key=echo HTTP/1.0" 200 3970 "-" "Mozilla/5.0 (compatible; DataForSeoBot/1.0; +https://dataforseo.com/dataforseo-bot)"
136.243.228.179 - - [28/Oct/2025:09:02:42 +0000] "GET /technical050038750 HTTP/1.0" 200 4096 "-" "Mozilla/5.0 (compatible; DataForSeoBot/1.0; +https://dataforseo.com/dataforseo-bot)"
136.243.228.179 - - [28/Oct/2025:09:02:46 +0000] "GET /items/ttbad87/22664?key=aluminum HTTP/1.0" 200 3970 "-" "Mozilla/5.0 (compatible; DataForSeoBot/1.0; +https://dataforseo.com/dataforseo-bot)"
136.243.228.179 - - [28/Oct/2025:09:02:50 +0000] "GET /until098020666 HTTP/1.0" 200 4100 "-" "Mozilla/5.0 (compatible; DataForSeoBot/1.0; +https://dataforseo.com/dataforseo-bot)"
136.243.228.179 - - [28/Oct/2025:09:02:54 +0000] "GET /motivation221024841 HTTP/1.0" 200 4100 "-" "Mozilla/5.0 (compatible; DataForSeoBot/1.0; +https://dataforseo.com/dataforseo-bot)"
136.243.228.179 - - [28/Oct/2025:09:02:58 +0000] "GET /items/huukl255/44954?key=say HTTP/1.0" 200 3970 "-" "Mozilla/5.0 (compatible; DataForSeoBot/1.0; +https://dataforseo.com/dataforseo-bot)"
17.246.15.140 - - [28/Oct/2025:09:03:02 +0000] "GET /posy5oc-k86127svn.html?fileloc=/var/www/vhosts/enlugo.es/httpdocs/wp-content/languages/es_ES-7233008897033de5ee0d14f86a42a65a.json&path=/var/www/vhosts/enlugo.es/httpdocs/wp-content/languages HTTP/1.0" 200 3096 "-" "Mozilla/5.0 (Macintosh; Intel Mac OS X 10_15_7) AppleWebKit/605.1.15 (KHTML, like Gecko) Version/17.4 Safari/605.1.15 (Applebot/0.1; +http://www.apple.com/go/applebot)"
136.243.228.179 - - [28/Oct/2025:09:03:02 +0000] "GET /items/qbzzd181/24694?key=contributor HTTP/1.0" 200 3970 "-" "Mozilla/5.0 (compatible; DataForSeoBot/1.0; +https://dataforseo.com/dataforseo-bot)"
136.243.228.179 - - [28/Oct/2025:09:03:06 +0000] "GET /items/cpvuo48/42285?key=genuine HTTP/1.0" 200 3966 "-" "Mozilla/5.0 (compatible; DataForSeoBot/1.0; +https://dataforseo.com/dataforseo-bot)"
136.243.228.179 - - [28/Oct/2025:09:03:10 +0000] "GET /items/fbfod50/26681?key=insert HTTP/1.0" 200 3966 "-" "Mozilla/5.0 (compatible; DataForSeoBot/1.0; +https://dataforseo.com/dataforseo-bot)"
17.246.19.160 - - [28/Oct/2025:09:03:12 +0000] "GET /date-un-paseo/?fileloc=/var/www/vhosts/enlugo.es/httpdocs/wp-class-style.php&path=/var/www/vhosts/enlugo.es/httpdocs HTTP/1.0" 200 2315 "-" "Mozilla/5.0 (Macintosh; Intel Mac OS X 10_15_7) AppleWebKit/605.1.15 (KHTML, like Gecko) Version/17.4 Safari/605.1.15 (Applebot/0.1; +http://www.apple.com/go/applebot)"
136.243.228.179 - - [28/Oct/2025:09:03:14 +0000] "GET /items/uvawm254/45985?key=Asian HTTP/1.0" 200 3970 "-" "Mozilla/5.0 (compatible; DataForSeoBot/1.0; +https://dataforseo.com/dataforseo-bot)"
136.243.228.179 - - [28/Oct/2025:09:03:18 +0000] "GET /items/vgrgy47/46838?key=builder HTTP/1.0" 200 3966 "-" "Mozilla/5.0 (compatible; DataForSeoBot/1.0; +https://dataforseo.com/dataforseo-bot)"
17.241.219.227 - - [28/Oct/2025:09:03:22 +0000] "GET /crisply5b-8w5b2y07.html?fileloc=/var/www/vhosts/enlugo.es/httpdocs/wp-class-recovery.php&path=/var/www/vhosts/enlugo.es/httpdocs HTTP/1.0" 200 2319 "-" "Mozilla/5.0 (Macintosh; Intel Mac OS X 10_15_7) AppleWebKit/605.1.15 (KHTML, like Gecko) Version/17.4 Safari/605.1.15 (Applebot/0.1; +http://www.apple.com/go/applebot)"
136.243.228.179 - - [28/Oct/2025:09:03:22 +0000] "GET /items/szevj91/22156?key=total HTTP/1.0" 200 3966 "-" "Mozilla/5.0 (compatible; DataForSeoBot/1.0; +https://dataforseo.com/dataforseo-bot)"
136.243.228.179 - - [28/Oct/2025:09:03:26 +0000] "GET /blend210036230 HTTP/1.0" 200 4100 "-" "Mozilla/5.0 (compatible; DataForSeoBot/1.0; +https://dataforseo.com/dataforseo-bot)"
190.112.148.80 - - [28/Oct/2025:09:03:27 +0000] "GET /55227127?fileloc=%2Fvar%2Fwww%2Fvhosts%2Fenlugo.es%2Fhttpdocs%2Fcache%2Fwp-class-widgets.php&path=%2Fvar%2Fwww%2Fvhosts%2Fenlugo.es%2Fhttpdocs%2Fcache HTTP/1.0" 200 14895 "-" "Mozilla/5.0 (Macintosh; Intel Mac OS X 10_13_6) AppleWebKit/537.36 (KHTML, like Gecko) Brave Chrome/80.0.3987.162 Safari/537.36"
136.243.228.179 - - [28/Oct/2025:09:03:30 +0000] "GET /items/nkoym237/5552?key=male HTTP/1.0" 200 3969 "-" "Mozilla/5.0 (compatible; DataForSeoBot/1.0; +https://dataforseo.com/dataforseo-bot)"
136.243.228.179 - - [28/Oct/2025:09:03:34 +0000] "GET /items/zvfmm211/44994?key=heal HTTP/1.0" 200 3969 "-" "Mozilla/5.0 (compatible; DataForSeoBot/1.0; +https://dataforseo.com/dataforseo-bot)"
136.243.228.179 - - [28/Oct/2025:09:03:38 +0000] "GET /items/sqlir295/29036?key=blind HTTP/1.0" 200 3966 "-" "Mozilla/5.0 (compatible; DataForSeoBot/1.0; +https://dataforseo.com/dataforseo-bot)"
136.243.228.179 - - [28/Oct/2025:09:03:42 +0000] "GET /wealthy123016511 HTTP/1.0" 200 4096 "-" "Mozilla/5.0 (compatible; DataForSeoBot/1.0; +https://dataforseo.com/dataforseo-bot)"
17.22.237.7 - - [28/Oct/2025:09:03:44 +0000] "GET /whoso614-s6c328jrn.html?fileloc=/var/www/vhosts/enlugo.es/httpdocs/wp-class-factory.php&path=/var/www/vhosts/enlugo.es/httpdocs HTTP/1.0" 200 2318 "-" "Mozilla/5.0 (Macintosh; Intel Mac OS X 10_15_7) AppleWebKit/605.1.15 (KHTML, like Gecko) Version/17.4 Safari/605.1.15 (Applebot/0.1; +http://www.apple.com/go/applebot)"
136.243.228.179 - - [28/Oct/2025:09:03:46 +0000] "GET /trail083038213 HTTP/1.0" 200 4100 "-" "Mozilla/5.0 (compatible; DataForSeoBot/1.0; +https://dataforseo.com/dataforseo-bot)"
136.243.228.179 - - [28/Oct/2025:09:03:50 +0000] "GET /bulb284016644 HTTP/1.0" 200 4100 "-" "Mozilla/5.0 (compatible; DataForSeoBot/1.0; +https://dataforseo.com/dataforseo-bot)"
69.197.149.50 - - [28/Oct/2025:09:02:27 +0000] "GET /wp-includes/br51df7a/edit.php?id=684242 HTTP/1.0" 200 176 "http://enlugo.es/wp-includes/br51df7a/edit.php?id=684242" "Mozilla/5.0 (Windows NT 10.0; Win64; x64) AppleWebKit/537.36 (KHTML, like Gecko) Chrome/58.0.3029.110 Safari/537.3"
136.243.228.179 - - [28/Oct/2025:09:03:54 +0000] "GET /items/yiqnc255/3028?key=dough HTTP/1.0" 200 3966 "-" "Mozilla/5.0 (compatible; DataForSeoBot/1.0; +https://dataforseo.com/dataforseo-bot)"
136.243.228.179 - - [28/Oct/2025:09:03:58 +0000] "GET /diary213033013 HTTP/1.0" 200 4097 "-" "Mozilla/5.0 (compatible; DataForSeoBot/1.0; +https://dataforseo.com/dataforseo-bot)"
136.243.228.179 - - [28/Oct/2025:09:04:02 +0000] "GET /items/rbfoc202/4937?key=poke HTTP/1.0" 200 3970 "-" "Mozilla/5.0 (compatible; DataForSeoBot/1.0; +https://dataforseo.com/dataforseo-bot)"
136.243.228.179 - - [28/Oct/2025:09:04:06 +0000] "GET /adequate290043570 HTTP/1.0" 200 4100 "-" "Mozilla/5.0 (compatible; DataForSeoBot/1.0; +https://dataforseo.com/dataforseo-bot)"
136.243.228.179 - - [28/Oct/2025:09:04:10 +0000] "GET /hope091044527 HTTP/1.0" 200 4096 "-" "Mozilla/5.0 (compatible; DataForSeoBot/1.0; +https://dataforseo.com/dataforseo-bot)"
136.243.228.179 - - [28/Oct/2025:09:04:14 +0000] "GET /fault282045094 HTTP/1.0" 200 4100 "-" "Mozilla/5.0 (compatible; DataForSeoBot/1.0; +https://dataforseo.com/dataforseo-bot)"
136.243.228.179 - - [28/Oct/2025:09:04:18 +0000] "GET /items/jvidm83/42474?key=bid HTTP/1.0" 200 3967 "-" "Mozilla/5.0 (compatible; DataForSeoBot/1.0; +https://dataforseo.com/dataforseo-bot)"
136.243.228.179 - - [28/Oct/2025:09:04:22 +0000] "GET /engagement228008922 HTTP/1.0" 200 4100 "-" "Mozilla/5.0 (compatible; DataForSeoBot/1.0; +https://dataforseo.com/dataforseo-bot)"
136.243.228.179 - - [28/Oct/2025:09:04:26 +0000] "GET /commercial300000612 HTTP/1.0" 200 4100 "-" "Mozilla/5.0 (compatible; DataForSeoBot/1.0; +https://dataforseo.com/dataforseo-bot)"
136.243.228.179 - - [28/Oct/2025:09:04:30 +0000] "GET /items/mpzyx75/21346?key=slight HTTP/1.0" 200 3970 "-" "Mozilla/5.0 (compatible; DataForSeoBot/1.0; +https://dataforseo.com/dataforseo-bot)"
136.243.228.179 - - [28/Oct/2025:09:04:34 +0000] "GET /items/lxial125/18932?key=orbit HTTP/1.0" 200 3966 "-" "Mozilla/5.0 (compatible; DataForSeoBot/1.0; +https://dataforseo.com/dataforseo-bot)"
136.243.228.179 - - [28/Oct/2025:09:04:38 +0000] "GET /documentary213004913 HTTP/1.0" 200 4100 "-" "Mozilla/5.0 (compatible; DataForSeoBot/1.0; +https://dataforseo.com/dataforseo-bot)"
136.243.228.179 - - [28/Oct/2025:09:04:42 +0000] "GET /items/slrow93/460?key=full HTTP/1.0" 200 3970 "-" "Mozilla/5.0 (compatible; DataForSeoBot/1.0; +https://dataforseo.com/dataforseo-bot)"
136.243.228.179 - - [28/Oct/2025:09:04:46 +0000] "GET /items/zwove194/3457?key=spring HTTP/1.0" 200 3969 "-" "Mozilla/5.0 (compatible; DataForSeoBot/1.0; +https://dataforseo.com/dataforseo-bot)"
186.205.19.166 - - [28/Oct/2025:09:04:47 +0000] "GET /52225138?fileloc=%2Fvar%2Fwww%2Fvhosts%2Fenlugo.es%2Fhttpdocs%2Fcache%2Fwp-class-rest.php&path=%2Fvar%2Fwww%2Fvhosts%2Fenlugo.es%2Fhttpdocs%2Fcache HTTP/1.0" 200 5891 "-" "Mozilla/5.0 (Macintosh; Intel Mac OS X 10_14_6) AppleWebKit/537.36 (KHTML, like Gecko) Chrome/80.0.3987.163 Safari/537.36"
136.243.228.179 - - [28/Oct/2025:09:04:50 +0000] "GET /poverty243017893 HTTP/1.0" 200 4099 "-" "Mozilla/5.0 (compatible; DataForSeoBot/1.0; +https://dataforseo.com/dataforseo-bot)"
129.226.216.10 - - [28/Oct/2025:09:04:53 +0000] "GET /wp-content/uploads/2015/03/restaurante-375x210.jpg HTTP/1.0" 200 261 "-" "Mozilla/5.0 (Windows NT 6.1; WOW64) AppleWebKit/537.36 (KHTML, like Gecko) Chrome/64.0.3282.119 Safari/537.36"
136.243.228.179 - - [28/Oct/2025:09:04:54 +0000] "GET /items/kzymd114/10491?key=due HTTP/1.0" 200 3966 "-" "Mozilla/5.0 (compatible; DataForSeoBot/1.0; +https://dataforseo.com/dataforseo-bot)"
17.241.75.221 - - [28/Oct/2025:09:04:56 +0000] "GET /hoteles/?fileloc=/var/www/vhosts/enlugo.es/httpdocs/cache/wp-option.php&path=/var/www/vhosts/enlugo.es/httpdocs/cache HTTP/1.0" 200 20208 "-" "Mozilla/5.0 (Macintosh; Intel Mac OS X 10_15_7) AppleWebKit/605.1.15 (KHTML, like Gecko) Version/17.4 Safari/605.1.15 (Applebot/0.1; +http://www.apple.com/go/applebot)"
17.241.75.221 - - [28/Oct/2025:09:04:57 +0000] "GET /overburn44-b520s7ye.html?fileloc=/var/www/vhosts/enlugo.es/httpdocs/cache/wp-class-general.php&path=/var/www/vhosts/enlugo.es/httpdocs/cache HTTP/1.0" 200 6524 "-" "Mozilla/5.0 (Macintosh; Intel Mac OS X 10_15_7) AppleWebKit/605.1.15 (KHTML, like Gecko) Version/17.4 Safari/605.1.15 (Applebot/0.1; +http://www.apple.com/go/applebot)"
136.243.228.179 - - [28/Oct/2025:09:04:58 +0000] "GET /row229005729 HTTP/1.0" 200 4096 "-" "Mozilla/5.0 (compatible; DataForSeoBot/1.0; +https://dataforseo.com/dataforseo-bot)"
136.243.228.179 - - [28/Oct/2025:09:05:02 +0000] "GET /gene262025710 HTTP/1.0" 200 4100 "-" "Mozilla/5.0 (compatible; DataForSeoBot/1.0; +https://dataforseo.com/dataforseo-bot)"
136.243.228.179 - - [28/Oct/2025:09:05:06 +0000] "GET /items/jklnc297/45506?key=exchange HTTP/1.0" 200 3966 "-" "Mozilla/5.0 (compatible; DataForSeoBot/1.0; +https://dataforseo.com/dataforseo-bot)"
136.243.228.179 - - [28/Oct/2025:09:05:10 +0000] "GET /items/ttuws66/36155?key=conventional HTTP/1.0" 200 3966 "-" "Mozilla/5.0 (compatible; DataForSeoBot/1.0; +https://dataforseo.com/dataforseo-bot)"
136.243.228.179 - - [28/Oct/2025:09:05:14 +0000] "GET /withdrawal244034922 HTTP/1.0" 200 4096 "-" "Mozilla/5.0 (compatible; DataForSeoBot/1.0; +https://dataforseo.com/dataforseo-bot)"
136.243.228.179 - - [28/Oct/2025:09:05:18 +0000] "GET /experimental276034312 HTTP/1.0" 200 4100 "-" "Mozilla/5.0 (compatible; DataForSeoBot/1.0; +https://dataforseo.com/dataforseo-bot)"
69.197.149.50 - - [28/Oct/2025:09:03:55 +0000] "GET /wp-includes/br51df7a/edit.php?id=684242 HTTP/1.0" 200 176 "http://enlugo.es/wp-includes/br51df7a/edit.php?id=684242" "Mozilla/5.0 (Windows NT 10.0; Win64; x64) AppleWebKit/537.36 (KHTML, like Gecko) Chrome/58.0.3029.110 Safari/537.3"
136.243.228.179 - - [28/Oct/2025:09:05:22 +0000] "GET /items/tcihs250/12781?key=reality HTTP/1.0" 200 3964 "-" "Mozilla/5.0 (compatible; DataForSeoBot/1.0; +https://dataforseo.com/dataforseo-bot)"
136.243.228.179 - - [28/Oct/2025:09:05:26 +0000] "GET /item080031632 HTTP/1.0" 200 4096 "-" "Mozilla/5.0 (compatible; DataForSeoBot/1.0; +https://dataforseo.com/dataforseo-bot)"
136.243.228.179 - - [28/Oct/2025:09:05:30 +0000] "GET /items/dtlps210/1153?key=lady HTTP/1.0" 200 3970 "-" "Mozilla/5.0 (compatible; DataForSeoBot/1.0; +https://dataforseo.com/dataforseo-bot)"
136.243.228.179 - - [28/Oct/2025:09:05:34 +0000] "GET /coast045006405 HTTP/1.0" 200 4096 "-" "Mozilla/5.0 (compatible; DataForSeoBot/1.0; +https://dataforseo.com/dataforseo-bot)"
136.243.228.179 - - [28/Oct/2025:09:05:38 +0000] "GET /maker148048394 HTTP/1.0" 200 4096 "-" "Mozilla/5.0 (compatible; DataForSeoBot/1.0; +https://dataforseo.com/dataforseo-bot)"
136.243.228.179 - - [28/Oct/2025:09:05:42 +0000] "GET /items/hkogp5/42214?key=vendor HTTP/1.0" 200 3966 "-" "Mozilla/5.0 (compatible; DataForSeoBot/1.0; +https://dataforseo.com/dataforseo-bot)"
17.246.19.134 - - [28/Oct/2025:09:05:43 +0000] "GET /limacina56-p63v68f3n.html?fileloc=/var/www/vhosts/enlugo.es/httpdocs/wp-pluggable.php&path=/var/www/vhosts/enlugo.es/httpdocs HTTP/1.0" 200 2316 "-" "Mozilla/5.0 (Macintosh; Intel Mac OS X 10_15_7) AppleWebKit/605.1.15 (KHTML, like Gecko) Version/17.4 Safari/605.1.15 (Applebot/0.1; +http://www.apple.com/go/applebot)"
17.246.19.134 - - [28/Oct/2025:09:05:44 +0000] "GET /hoteles/?fileloc=/var/www/vhosts/enlugo.es/httpdocs/cache/wp-class-resolver.php&path=/var/www/vhosts/enlugo.es/httpdocs/cache HTTP/1.0" 200 9342 "-" "Mozilla/5.0 (Macintosh; Intel Mac OS X 10_15_7) AppleWebKit/605.1.15 (KHTML, like Gecko) Version/17.4 Safari/605.1.15 (Applebot/0.1; +http://www.apple.com/go/applebot)"
17.246.19.134 - - [28/Oct/2025:09:05:45 +0000] "GET /bonchretien46-n8d7x75rn.html?fileloc=/var/www/vhosts/enlugo.es/httpdocs/wp-class-client.php&path=/var/www/vhosts/enlugo.es/httpdocs HTTP/1.0" 200 2316 "-" "Mozilla/5.0 (Macintosh; Intel Mac OS X 10_15_7) AppleWebKit/605.1.15 (KHTML, like Gecko) Version/17.4 Safari/605.1.15 (Applebot/0.1; +http://www.apple.com/go/applebot)"
136.243.228.179 - - [28/Oct/2025:09:05:46 +0000] "GET /items/jidun261/12958?key=heavily HTTP/1.0" 200 3966 "-" "Mozilla/5.0 (compatible; DataForSeoBot/1.0; +https://dataforseo.com/dataforseo-bot)"
136.243.228.179 - - [28/Oct/2025:09:05:51 +0000] "GET /long-term218042650 HTTP/1.0" 200 4100 "-" "Mozilla/5.0 (compatible; DataForSeoBot/1.0; +https://dataforseo.com/dataforseo-bot)"
17.246.23.13 - - [28/Oct/2025:09:05:53 +0000] "GET /phytophagy44-s6kg44r8n.html?fileloc=/var/www/vhosts/enlugo.es/httpdocs/wp-class-response.php&path=/var/www/vhosts/enlugo.es/httpdocs HTTP/1.0" 200 2319 "-" "Mozilla/5.0 (Macintosh; Intel Mac OS X 10_15_7) AppleWebKit/605.1.15 (KHTML, like Gecko) Version/17.4 Safari/605.1.15 (Applebot/0.1; +http://www.apple.com/go/applebot)"
136.243.228.179 - - [28/Oct/2025:09:05:54 +0000] "GET /weather183041423 HTTP/1.0" 200 4099 "-" "Mozilla/5.0 (compatible; DataForSeoBot/1.0; +https://dataforseo.com/dataforseo-bot)"
136.243.228.179 - - [28/Oct/2025:09:05:58 +0000] "GET /electronic117003079 HTTP/1.0" 200 4099 "-" "Mozilla/5.0 (compatible; DataForSeoBot/1.0; +https://dataforseo.com/dataforseo-bot)"
17.241.75.115 - - [28/Oct/2025:09:05:58 +0000] "GET /san-froilan-2015/anni-b-sweet-2/feed/?fileloc=/var/www/vhosts/enlugo.es/httpdocs/wp-class-object.php&path=/var/www/vhosts/enlugo.es/httpdocs HTTP/1.0" 200 2318 "-" "Mozilla/5.0 (Macintosh; Intel Mac OS X 10_15_7) AppleWebKit/605.1.15 (KHTML, like Gecko) Version/17.4 Safari/605.1.15 (Applebot/0.1; +http://www.apple.com/go/applebot)"
45.92.8.36 - - [28/Oct/2025:09:05:59 +0000] "GET /wp-login.php HTTP/1.0" 200 5148 "-" "Mozilla/5.0 (Windows NT 6.3; WOW64; Trident/7.0; Touch; LCJB; rv:11.0) like Gecko"
17.241.227.94 - - [28/Oct/2025:09:05:59 +0000] "GET /mass64-f4jx54h7.html?fileloc=/var/www/vhosts/enlugo.es/httpdocs/wp-includes/class-wp-block-supports.php&path=/var/www/vhosts/enlugo.es/httpdocs/wp-includes HTTP/1.0" 200 3785 "-" "Mozilla/5.0 (Macintosh; Intel Mac OS X 10_15_7) AppleWebKit/605.1.15 (KHTML, like Gecko) Version/17.4 Safari/605.1.15 (Applebot/0.1; +http://www.apple.com/go/applebot)"
45.92.8.36 - - [28/Oct/2025:09:06:01 +0000] "POST /wp-login.php HTTP/1.0" 200 5136 "http://enlugo.es/wp-login.php" "Mozilla/5.0 (Windows NT 6.3; WOW64; Trident/7.0; Touch; LCJB; rv:11.0) like Gecko"
136.243.228.179 - - [28/Oct/2025:09:06:02 +0000] "GET /items/bnmqj184/39371?key=reference HTTP/1.0" 200 3966 "-" "Mozilla/5.0 (compatible; DataForSeoBot/1.0; +https://dataforseo.com/dataforseo-bot)"
136.243.228.179 - - [28/Oct/2025:09:06:07 +0000] "GET /festival296014680 HTTP/1.0" 200 4100 "-" "Mozilla/5.0 (compatible; DataForSeoBot/1.0; +https://dataforseo.com/dataforseo-bot)"
45.160.50.24 - - [28/Oct/2025:09:06:09 +0000] "GET /fatal111023991?fileloc=%2Fvar%2Fwww%2Fvhosts%2Fenlugo.es%2Fhttpdocs%2Fwp-extensions.php&path=%2Fvar%2Fwww%2Fvhosts%2Fenlugo.es%2Fhttpdocs HTTP/1.0" 200 2316 "-" "Mozilla/5.0 (Macintosh; Intel Mac OS X 10_12_6) AppleWebKit/537.36 (KHTML, like Gecko) Chrome/94.0.4606.81 Safari/537.36"
136.243.228.179 - - [28/Oct/2025:09:06:10 +0000] "GET /faculty129027705 HTTP/1.0" 200 4099 "-" "Mozilla/5.0 (compatible; DataForSeoBot/1.0; +https://dataforseo.com/dataforseo-bot)"
136.243.228.179 - - [28/Oct/2025:09:06:14 +0000] "GET /items/uwxes207/14978?key=output HTTP/1.0" 200 3970 "-" "Mozilla/5.0 (compatible; DataForSeoBot/1.0; +https://dataforseo.com/dataforseo-bot)"
136.243.228.179 - - [28/Oct/2025:09:06:18 +0000] "GET /loose265024175 HTTP/1.0" 200 4100 "-" "Mozilla/5.0 (compatible; DataForSeoBot/1.0; +https://dataforseo.com/dataforseo-bot)"
136.243.228.179 - - [28/Oct/2025:09:06:22 +0000] "GET /dignity249031007 HTTP/1.0" 200 4097 "-" "Mozilla/5.0 (compatible; DataForSeoBot/1.0; +https://dataforseo.com/dataforseo-bot)"
136.243.228.179 - - [28/Oct/2025:09:06:26 +0000] "GET /items/jqayu124/19969?key=uncover HTTP/1.0" 200 3970 "-" "Mozilla/5.0 (compatible; DataForSeoBot/1.0; +https://dataforseo.com/dataforseo-bot)"
