216.73.216.46 - - [28/Oct/2025:09:24:29 +0000] "GET /items/jqzsa294/url%20=%3Cwidth%3Ex%3Cheight%3E%20%22optional%20title%22?path=%2Fvar%2Fwww%2Fvhosts%2Fenlugo.es%2Fhttpdocs%2Fwp-includes%2Fcss%2Fdist%2Fformat-library HTTP/1.0" 200 2707 "-" "Mozilla/5.0 AppleWebKit/537.36 (KHTML, like Gecko; compatible; ClaudeBot/1.0; +claudebot@anthropic.com)"
136.243.228.179 - - [28/Oct/2025:09:24:29 +0000] "GET /items/huifq250/7473?key=emphasis HTTP/1.0" 200 3961 "-" "Mozilla/5.0 (compatible; DataForSeoBot/1.0; +https://dataforseo.com/dataforseo-bot)"
216.73.216.46 - - [28/Oct/2025:09:24:30 +0000] "GET /items/jqzsa294/url%20=%3Cwidth%3Ex%3Cheight%3E%20%22optional%20title%22?path=%2Fvar%2Fwww%2Fvhosts%2Fenlugo.es%2Fhttpdocs%2Fwp-includes%2Fcss%2Fdist%2Fblock-editor HTTP/1.0" 200 2850 "-" "Mozilla/5.0 AppleWebKit/537.36 (KHTML, like Gecko; compatible; ClaudeBot/1.0; +claudebot@anthropic.com)"
216.73.216.46 - - [28/Oct/2025:09:24:29 +0000] "GET /items/jqzsa294/url%20=%3Cwidth%3Ex%3Cheight%3E%20%22optional%20title%22?path=%2Fvar%2Fwww%2Fvhosts%2Fenlugo.es%2Fhttpdocs%2Fwp-includes%2Fcss%2Fdist%2Flist-reusable-blocks HTTP/1.0" 200 2710 "-" "Mozilla/5.0 AppleWebKit/537.36 (KHTML, like Gecko; compatible; ClaudeBot/1.0; +claudebot@anthropic.com)"
216.73.216.46 - - [28/Oct/2025:09:24:30 +0000] "GET /items/jqzsa294/url%20=%3Cwidth%3Ex%3Cheight%3E%20%22optional%20title%22?fileloc=%2Fvar%2Fwww%2Fvhosts%2Fenlugo.es%2Fhttpdocs%2Fwp-includes%2Fblocks%2Fpage-list%2Ftvtqemkf.php&path=%2Fvar%2Fwww%2Fvhosts%2Fenlugo.es%2Fhttpdocs%2Fwp-includes%2Fblocks%2Fpage-list HTTP/1.0" 200 3963 "-" "Mozilla/5.0 AppleWebKit/537.36 (KHTML, like Gecko; compatible; ClaudeBot/1.0; +claudebot@anthropic.com)"
216.73.216.46 - - [28/Oct/2025:09:24:30 +0000] "GET /items/jqzsa294/url%20=%3Cwidth%3Ex%3Cheight%3E%20%22optional%20title%22?fileloc=%2Fvar%2Fwww%2Fvhosts%2Fenlugo.es%2Fhttpdocs%2Fwp-includes%2FSimplePie%2FRating.php&path=%2Fvar%2Fwww%2Fvhosts%2Fenlugo.es%2Fhttpdocs%2Fwp-includes%2FSimplePie HTTP/1.0" 200 3883 "-" "Mozilla/5.0 AppleWebKit/537.36 (KHTML, like Gecko; compatible; ClaudeBot/1.0; +claudebot@anthropic.com)"
136.243.228.179 - - [28/Oct/2025:09:24:33 +0000] "GET /town156039986 HTTP/1.0" 200 4096 "-" "Mozilla/5.0 (compatible; DataForSeoBot/1.0; +https://dataforseo.com/dataforseo-bot)"
17.22.253.103 - - [28/Oct/2025:09:24:36 +0000] "GET /entrevista-a-luar-na-lubre/?fileloc=/var/www/vhosts/enlugo.es/httpdocs/wp-dependencies.php&path=/var/www/vhosts/enlugo.es/httpdocs HTTP/1.0" 200 2319 "-" "Mozilla/5.0 (Macintosh; Intel Mac OS X 10_15_7) AppleWebKit/605.1.15 (KHTML, like Gecko) Version/17.4 Safari/605.1.15 (Applebot/0.1; +http://www.apple.com/go/applebot)"
136.243.228.179 - - [28/Oct/2025:09:24:37 +0000] "GET /estimated047022383 HTTP/1.0" 200 4096 "-" "Mozilla/5.0 (compatible; DataForSeoBot/1.0; +https://dataforseo.com/dataforseo-bot)"
136.243.228.179 - - [28/Oct/2025:09:24:41 +0000] "GET /artist184012194 HTTP/1.0" 200 4096 "-" "Mozilla/5.0 (compatible; DataForSeoBot/1.0; +https://dataforseo.com/dataforseo-bot)"
136.243.228.179 - - [28/Oct/2025:09:24:46 +0000] "GET /items/ubrpq6/47969?key=jury HTTP/1.0" 200 3966 "-" "Mozilla/5.0 (compatible; DataForSeoBot/1.0; +https://dataforseo.com/dataforseo-bot)"
23.21.179.120 - - [28/Oct/2025:09:24:46 +0000] "GET /muralla-romana/?fileloc=/var/www/vhosts/enlugo.es/httpdocs/themes.php&path=/var/www/vhosts/enlugo.es/httpdocs HTTP/1.0" 200 2313 "-" "Mozilla/5.0 AppleWebKit/537.36 (KHTML, like Gecko; compatible; Amazonbot/0.1; +https://developer.amazon.com/support/amazonbot) Chrome/119.0.6045.214 Safari/537.36"
34.194.14.255 - - [28/Oct/2025:09:24:49 +0000] "GET /muralla-romana/?fileloc=/var/www/vhosts/enlugo.es/httpdocs/xmlrpc.php&path=/var/www/vhosts/enlugo.es/httpdocs HTTP/1.0" 200 25488 "-" "Mozilla/5.0 AppleWebKit/537.36 (KHTML, like Gecko; compatible; Amazonbot/0.1; +https://developer.amazon.com/support/amazonbot) Chrome/119.0.6045.214 Safari/537.36"
107.20.255.194 - - [28/Oct/2025:09:24:53 +0000] "GET /muralla-romana/?fileloc=/var/www/vhosts/enlugo.es/httpdocs/wp-global.php&path=/var/www/vhosts/enlugo.es/httpdocs HTTP/1.0" 200 2315 "-" "Mozilla/5.0 AppleWebKit/537.36 (KHTML, like Gecko; compatible; Amazonbot/0.1; +https://developer.amazon.com/support/amazonbot) Chrome/119.0.6045.214 Safari/537.36"
18.235.81.246 - - [28/Oct/2025:09:24:57 +0000] "GET /muralla-romana/?fileloc=/var/www/vhosts/enlugo.es/httpdocs/wp-class-editor.php&path=/var/www/vhosts/enlugo.es/httpdocs HTTP/1.0" 200 2317 "-" "Mozilla/5.0 AppleWebKit/537.36 (KHTML, like Gecko; compatible; Amazonbot/0.1; +https://developer.amazon.com/support/amazonbot) Chrome/119.0.6045.214 Safari/537.36"
52.3.156.186 - - [28/Oct/2025:09:25:02 +0000] "GET /muralla-romana/?fileloc=/var/www/vhosts/enlugo.es/httpdocs/wp-frame.php&path=/var/www/vhosts/enlugo.es/httpdocs HTTP/1.0" 200 2314 "-" "Mozilla/5.0 AppleWebKit/537.36 (KHTML, like Gecko; compatible; Amazonbot/0.1; +https://developer.amazon.com/support/amazonbot) Chrome/119.0.6045.214 Safari/537.36"
98.82.38.120 - - [28/Oct/2025:09:25:04 +0000] "GET /muralla-romana/?fileloc=/var/www/vhosts/enlugo.es/httpdocs/wp-atomlib.php&path=/var/www/vhosts/enlugo.es/httpdocs HTTP/1.0" 200 2316 "-" "Mozilla/5.0 AppleWebKit/537.36 (KHTML, like Gecko; compatible; Amazonbot/0.1; +https://developer.amazon.com/support/amazonbot) Chrome/119.0.6045.214 Safari/537.36"
17.241.75.247 - - [28/Oct/2025:09:25:09 +0000] "GET /camino-de-santiago-por-lugo/?fileloc=/var/www/vhosts/enlugo.es/httpdocs/wp-converter.php&path=/var/www/vhosts/enlugo.es/httpdocs HTTP/1.0" 200 2316 "-" "Mozilla/5.0 (Macintosh; Intel Mac OS X 10_15_7) AppleWebKit/605.1.15 (KHTML, like Gecko) Version/17.4 Safari/605.1.15 (Applebot/0.1; +http://www.apple.com/go/applebot)"
23.23.137.202 - - [28/Oct/2025:09:25:11 +0000] "GET /muralla-romana/?fileloc=/var/www/vhosts/enlugo.es/httpdocs/wp-block.php&path=/var/www/vhosts/enlugo.es/httpdocs HTTP/1.0" 200 2313 "-" "Mozilla/5.0 AppleWebKit/537.36 (KHTML, like Gecko; compatible; Amazonbot/0.1; +https://developer.amazon.com/support/amazonbot) Chrome/119.0.6045.214 Safari/537.36"
54.157.99.244 - - [28/Oct/2025:09:25:12 +0000] "GET /muralla-romana/?fileloc=/var/www/vhosts/enlugo.es/httpdocs/ZcYTrGMtfBku&path=/var/www/vhosts/enlugo.es/httpdocs HTTP/1.0" 200 2318 "-" "Mozilla/5.0 AppleWebKit/537.36 (KHTML, like Gecko; compatible; Amazonbot/0.1; +https://developer.amazon.com/support/amazonbot) Chrome/119.0.6045.214 Safari/537.36"
204.12.208.18 - - [28/Oct/2025:09:25:16 +0000] "GET /wp-includes/br51df7a/edit.php HTTP/1.0" 200 250 "http://enlugo.es/wp-includes/br51df7a/edit.php" "Mozilla/5.0 (Windows NT 5.1) AppleWebKit/535.2 (KHTML, like Gecko) Chrome/15.0.874.120 Safari/535.2"
23.23.104.107 - - [28/Oct/2025:09:25:16 +0000] "GET /muralla-romana/?fileloc=/var/www/vhosts/enlugo.es/httpdocs/wp-class-blocks.php&path=/var/www/vhosts/enlugo.es/httpdocs HTTP/1.0" 200 2316 "-" "Mozilla/5.0 AppleWebKit/537.36 (KHTML, like Gecko; compatible; Amazonbot/0.1; +https://developer.amazon.com/support/amazonbot) Chrome/119.0.6045.214 Safari/537.36"
44.217.177.142 - - [28/Oct/2025:09:25:21 +0000] "GET /muralla-romana/?fileloc=/var/www/vhosts/enlugo.es/httpdocs/wp-activate.php&path=/var/www/vhosts/enlugo.es/httpdocs HTTP/1.0" 200 4786 "-" "Mozilla/5.0 AppleWebKit/537.36 (KHTML, like Gecko; compatible; Amazonbot/0.1; +https://developer.amazon.com/support/amazonbot) Chrome/119.0.6045.214 Safari/537.36"
54.145.82.217 - - [28/Oct/2025:09:25:25 +0000] "GET /muralla-romana/?fileloc=/var/www/vhosts/enlugo.es/httpdocs/wp-fallback.php&path=/var/www/vhosts/enlugo.es/httpdocs HTTP/1.0" 200 2316 "-" "Mozilla/5.0 AppleWebKit/537.36 (KHTML, like Gecko; compatible; Amazonbot/0.1; +https://developer.amazon.com/support/amazonbot) Chrome/119.0.6045.214 Safari/537.36"
54.225.81.20 - - [28/Oct/2025:09:25:30 +0000] "GET /muralla-romana/?fileloc=/var/www/vhosts/enlugo.es/httpdocs/wp-dependencies.php&path=/var/www/vhosts/enlugo.es/httpdocs HTTP/1.0" 200 2319 "-" "Mozilla/5.0 AppleWebKit/537.36 (KHTML, like Gecko; compatible; Amazonbot/0.1; +https://developer.amazon.com/support/amazonbot) Chrome/119.0.6045.214 Safari/537.36"
3.93.211.16 - - [28/Oct/2025:09:25:34 +0000] "GET /effective-impotence-medication-for-improved-sexual-health/?path=/var/www/vhosts/enlugo.es/httpdocs/wp-content/cache/db/options/862/dd4 HTTP/1.0" 200 2662 "-" "Mozilla/5.0 AppleWebKit/537.36 (KHTML, like Gecko; compatible; Amazonbot/0.1; +https://developer.amazon.com/support/amazonbot) Chrome/119.0.6045.214 Safari/537.36"
3.225.9.97 - - [28/Oct/2025:09:25:36 +0000] "GET /effective-impotence-medication-for-improved-sexual-health/?path=/var/www/vhosts/enlugo.es/httpdocs/wp-content/cache/db/options/702/4a8 HTTP/1.0" 200 2660 "-" "Mozilla/5.0 AppleWebKit/537.36 (KHTML, like Gecko; compatible; Amazonbot/0.1; +https://developer.amazon.com/support/amazonbot) Chrome/119.0.6045.214 Safari/537.36"
100.29.160.53 - - [28/Oct/2025:09:25:43 +0000] "GET /effective-impotence-medication-for-improved-sexual-health/?path=/var/www/vhosts/enlugo.es/httpdocs/wp-content/cache/db/options/702/13d HTTP/1.0" 200 2663 "-" "Mozilla/5.0 AppleWebKit/537.36 (KHTML, like Gecko; compatible; Amazonbot/0.1; +https://developer.amazon.com/support/amazonbot) Chrome/119.0.6045.214 Safari/537.36"
54.157.99.244 - - [28/Oct/2025:09:25:47 +0000] "GET /effective-impotence-medication-for-improved-sexual-health/?path=/var/www/vhosts/enlugo.es/httpdocs/wp-content/cache/db/options/803/639 HTTP/1.0" 200 2662 "-" "Mozilla/5.0 AppleWebKit/537.36 (KHTML, like Gecko; compatible; Amazonbot/0.1; +https://developer.amazon.com/support/amazonbot) Chrome/119.0.6045.214 Safari/537.36"
52.2.4.213 - - [28/Oct/2025:09:25:48 +0000] "GET /muralla-romana/?fileloc=/var/www/vhosts/enlugo.es/httpdocs/wp-class-menus.php&path=/var/www/vhosts/enlugo.es/httpdocs HTTP/1.0" 200 2317 "-" "Mozilla/5.0 AppleWebKit/537.36 (KHTML, like Gecko; compatible; Amazonbot/0.1; +https://developer.amazon.com/support/amazonbot) Chrome/119.0.6045.214 Safari/537.36"
17.241.227.94 - - [28/Oct/2025:09:25:58 +0000] "GET /hoteles/?fileloc=/var/www/vhosts/enlugo.es/httpdocs/wp-class-frame.php&path=/var/www/vhosts/enlugo.es/httpdocs HTTP/1.0" 200 2317 "-" "Mozilla/5.0 (Macintosh; Intel Mac OS X 10_15_7) AppleWebKit/605.1.15 (KHTML, like Gecko) Version/17.4 Safari/605.1.15 (Applebot/0.1; +http://www.apple.com/go/applebot)"
17.241.227.94 - - [28/Oct/2025:09:25:59 +0000] "GET /entrevista-a-uxia-y-narf/?fileloc=/var/www/vhosts/enlugo.es/httpdocs/.htaccess&path=/var/www/vhosts/enlugo.es/httpdocs HTTP/1.0" 200 2442 "-" "Mozilla/5.0 (Macintosh; Intel Mac OS X 10_15_7) AppleWebKit/605.1.15 (KHTML, like Gecko) Version/17.4 Safari/605.1.15 (Applebot/0.1; +http://www.apple.com/go/applebot)"
113.191.10.52 - - [28/Oct/2025:09:26:12 +0000] "GET /m96919375661?fileloc=%2Fvar%2Fwww%2Fvhosts%2Fenlugo.es%2Fhttpdocs%2Fwp-image.php&path=%2Fvar%2Fwww%2Fvhosts%2Fenlugo.es%2Fhttpdocs HTTP/1.0" 200 2314 "-" "Mozilla/5.0 (Windows NT 6.1; Win64; x64) AppleWebKit/537.36 (KHTML, like Gecko) Chrome/80.0.3987.132 Safari/537.36"
17.246.19.208 - - [28/Oct/2025:09:26:12 +0000] "GET /collide50-k9asc064.html?fileloc=/var/www/vhosts/enlugo.es/httpdocs/wp-includes/js/shortcode.min.js&path=/var/www/vhosts/enlugo.es/httpdocs/wp-includes/js HTTP/1.0" 200 3520 "-" "Mozilla/5.0 (Macintosh; Intel Mac OS X 10_15_7) AppleWebKit/605.1.15 (KHTML, like Gecko) Version/17.4 Safari/605.1.15 (Applebot/0.1; +http://www.apple.com/go/applebot)"
204.12.208.18 - - [28/Oct/2025:09:24:56 +0000] "GET /wp-includes/br51df7a/edit.php HTTP/1.0" 200 176 "http://enlugo.es/wp-includes/br51df7a/edit.php" "Mozilla/5.0 (compatible; MSIE 9.0; Windows NT 6.1; WOW64; Trident/5.0; SLCC2; .NET CLR 2.0.50727; .NET CLR 3.5.30729; .NET CLR 3.0.30729; Media Center PC 6.0; MAGW; .NET4.0C; Lunascape 6.5.8.24780)"
57.141.0.3 - - [28/Oct/2025:09:27:12 +0000] "GET /info/heavi31454690/ HTTP/1.0" 200 41401 "-" "meta-externalagent/1.1 (+https://developers.facebook.com/docs/sharing/webmasters/crawler)"
17.241.219.147 - - [28/Oct/2025:09:27:14 +0000] "GET /author/jorge-m/feed/?fileloc=/var/www/vhosts/enlugo.es/httpdocs/wp-admin/includes/class-custom-image-header.php&path=/var/www/vhosts/enlugo.es/httpdocs/wp-admin/includes HTTP/1.0" 200 13404 "-" "Mozilla/5.0 (Macintosh; Intel Mac OS X 10_15_7) AppleWebKit/605.1.15 (KHTML, like Gecko) Version/17.4 Safari/605.1.15 (Applebot/0.1; +http://www.apple.com/go/applebot)"
17.241.219.147 - - [28/Oct/2025:09:27:15 +0000] "GET /posy5oc-k86127svn.html?path=/var/www/vhosts/enlugo.es/httpdocs/wp-includes/js5a7832 HTTP/1.0" 200 2638 "-" "Mozilla/5.0 (Macintosh; Intel Mac OS X 10_15_7) AppleWebKit/605.1.15 (KHTML, like Gecko) Version/17.4 Safari/605.1.15 (Applebot/0.1; +http://www.apple.com/go/applebot)"
45.71.130.146 - - [28/Oct/2025:09:27:26 +0000] "GET /sound118013422?path=%2Fvar%2Fwww%2Fvhosts%2Fenlugo.es%2Fhttpdocs%2Fwp-includes%2FText HTTP/1.0" 200 2713 "-" "Mozilla/5.0 (Macintosh; Intel Mac OS X 10_15_5) AppleWebKit/537.36 (KHTML, like Gecko) Chrome/96.0.4664.110 Safari/537.36"
17.246.15.167 - - [28/Oct/2025:09:27:38 +0000] "GET /entrevista-a-treixadura/?fileloc=/var/www/vhosts/enlugo.es/httpdocs/wp-class-category.php&path=/var/www/vhosts/enlugo.es/httpdocs HTTP/1.0" 200 2319 "-" "Mozilla/5.0 (Macintosh; Intel Mac OS X 10_15_7) AppleWebKit/605.1.15 (KHTML, like Gecko) Version/17.4 Safari/605.1.15 (Applebot/0.1; +http://www.apple.com/go/applebot)"
17.246.15.167 - - [28/Oct/2025:09:27:39 +0000] "GET /perpendicularity40-bz8dd589.html?fileloc=/var/www/vhosts/enlugo.es/httpdocs/cache/wp-class-roles.php&path=/var/www/vhosts/enlugo.es/httpdocs/cache HTTP/1.0" 200 5902 "-" "Mozilla/5.0 (Macintosh; Intel Mac OS X 10_15_7) AppleWebKit/605.1.15 (KHTML, like Gecko) Version/17.4 Safari/605.1.15 (Applebot/0.1; +http://www.apple.com/go/applebot)"
216.73.216.46 - - [28/Oct/2025:09:27:47 +0000] "GET /items/jqzsa294/url%20=%3Cwidth%3Ex%3Cheight%3E%20%22optional%20title%22?path=%2Fvar%2Fwww%2Fvhosts%2Fenlugo.es%2Fhttpdocs%2Fwp-includes%2FSimplePie%2FCache HTTP/1.0" 200 2906 "-" "Mozilla/5.0 AppleWebKit/537.36 (KHTML, like Gecko; compatible; ClaudeBot/1.0; +claudebot@anthropic.com)"
216.73.216.46 - - [28/Oct/2025:09:27:47 +0000] "GET /items/jqzsa294/url%20=%3Cwidth%3Ex%3Cheight%3E%20%22optional%20title%22?fileloc=%2Fvar%2Fwww%2Fvhosts%2Fenlugo.es%2Fhttpdocs%2Fwp-includes%2Fblocks%2Fpost-comments%2Fstyle-rtl.css&path=%2Fvar%2Fwww%2Fvhosts%2Fenlugo.es%2Fhttpdocs%2Fwp-includes%2Fblocks%2Fpost-comments HTTP/1.0" 200 3486 "-" "Mozilla/5.0 AppleWebKit/537.36 (KHTML, like Gecko; compatible; ClaudeBot/1.0; +claudebot@anthropic.com)"
216.73.216.46 - - [28/Oct/2025:09:27:48 +0000] "GET /items/jqzsa294/url%20=%3Cwidth%3Ex%3Cheight%3E%20%22optional%20title%22?fileloc=%2Fvar%2Fwww%2Fvhosts%2Fenlugo.es%2Fhttpdocs%2Fwp-includes%2Fblocks%2Fpost-excerpt%2Feditor-rtl.css&path=%2Fvar%2Fwww%2Fvhosts%2Fenlugo.es%2Fhttpdocs%2Fwp-includes%2Fblocks%2Fpost-excerpt HTTP/1.0" 200 3105 "-" "Mozilla/5.0 AppleWebKit/537.36 (KHTML, like Gecko; compatible; ClaudeBot/1.0; +claudebot@anthropic.com)"
216.73.216.46 - - [28/Oct/2025:09:27:48 +0000] "GET /items/jqzsa294/url%20=%3Cwidth%3Ex%3Cheight%3E%20%22optional%20title%22?fileloc=%2Fvar%2Fwww%2Fvhosts%2Fenlugo.es%2Fhttpdocs%2Fwp-includes%2Fblocks%2Fpost-template%2Fqkmcldzl.php&path=%2Fvar%2Fwww%2Fvhosts%2Fenlugo.es%2Fhttpdocs%2Fwp-includes%2Fblocks%2Fpost-template HTTP/1.0" 200 3968 "-" "Mozilla/5.0 AppleWebKit/537.36 (KHTML, like Gecko; compatible; ClaudeBot/1.0; +claudebot@anthropic.com)"
216.73.216.46 - - [28/Oct/2025:09:27:48 +0000] "GET /items/jqzsa294/url%20=%3Cwidth%3Ex%3Cheight%3E%20%22optional%20title%22?fileloc=%2Fvar%2Fwww%2Fvhosts%2Fenlugo.es%2Fhttpdocs%2Fwp-includes%2Fblocks%2Fblock%2Feditor.css&path=%2Fvar%2Fwww%2Fvhosts%2Fenlugo.es%2Fhttpdocs%2Fwp-includes%2Fblocks%2Fblock HTTP/1.0" 200 3171 "-" "Mozilla/5.0 AppleWebKit/537.36 (KHTML, like Gecko; compatible; ClaudeBot/1.0; +claudebot@anthropic.com)"
216.73.216.46 - - [28/Oct/2025:09:27:48 +0000] "GET /items/jqzsa294/url%20=%3Cwidth%3Ex%3Cheight%3E%20%22optional%20title%22?fileloc=%2Fvar%2Fwww%2Fvhosts%2Fenlugo.es%2Fhttpdocs%2Fwp-includes%2Fblocks%2Fpage-list%2Feditor.css&path=%2Fvar%2Fwww%2Fvhosts%2Fenlugo.es%2Fhttpdocs%2Fwp-includes%2Fblocks%2Fpage-list HTTP/1.0" 200 3400 "-" "Mozilla/5.0 AppleWebKit/537.36 (KHTML, like Gecko; compatible; ClaudeBot/1.0; +claudebot@anthropic.com)"
216.73.216.46 - - [28/Oct/2025:09:27:48 +0000] "GET /items/jqzsa294/url%20=%3Cwidth%3Ex%3Cheight%3E%20%22optional%20title%22?fileloc=%2Fvar%2Fwww%2Fvhosts%2Fenlugo.es%2Fhttpdocs%2Fwp-includes%2Fblocks%2Fpost-excerpt%2Feditor.css&path=%2Fvar%2Fwww%2Fvhosts%2Fenlugo.es%2Fhttpdocs%2Fwp-includes%2Fblocks%2Fpost-excerpt HTTP/1.0" 200 3102 "-" "Mozilla/5.0 AppleWebKit/537.36 (KHTML, like Gecko; compatible; ClaudeBot/1.0; +claudebot@anthropic.com)"
216.73.216.46 - - [28/Oct/2025:09:27:49 +0000] "GET /items/jqzsa294/url%20=%3Cwidth%3Ex%3Cheight%3E%20%22optional%20title%22?fileloc=%2Fvar%2Fwww%2Fvhosts%2Fenlugo.es%2Fhttpdocs%2Fwp-includes%2Fblocks%2Fpost-template%2Feditor-rtl.css&path=%2Fvar%2Fwww%2Fvhosts%2Fenlugo.es%2Fhttpdocs%2Fwp-includes%2Fblocks%2Fpost-template HTTP/1.0" 200 3118 "-" "Mozilla/5.0 AppleWebKit/537.36 (KHTML, like Gecko; compatible; ClaudeBot/1.0; +claudebot@anthropic.com)"
216.73.216.46 - - [28/Oct/2025:09:27:49 +0000] "GET /items/jqzsa294/url%20=%3Cwidth%3Ex%3Cheight%3E%20%22optional%20title%22?path=%2Fvar%2Fwww%2Fvhosts%2Fenlugo.es%2Fhttpdocs%2Fwp-includes%2Fcss%2Fdist%2Feditor HTTP/1.0" 200 2704 "-" "Mozilla/5.0 AppleWebKit/537.36 (KHTML, like Gecko; compatible; ClaudeBot/1.0; +claudebot@anthropic.com)"
216.73.216.46 - - [28/Oct/2025:09:27:49 +0000] "GET /items/jqzsa294/url%20=%3Cwidth%3Ex%3Cheight%3E%20%22optional%20title%22?fileloc=%2Fvar%2Fwww%2Fvhosts%2Fenlugo.es%2Fhttpdocs%2Fwp-includes%2Fblocks%2Fpost-template%2Feditor.css&path=%2Fvar%2Fwww%2Fvhosts%2Fenlugo.es%2Fhttpdocs%2Fwp-includes%2Fblocks%2Fpost-template HTTP/1.0" 200 3115 "-" "Mozilla/5.0 AppleWebKit/537.36 (KHTML, like Gecko; compatible; ClaudeBot/1.0; +claudebot@anthropic.com)"
216.73.216.46 - - [28/Oct/2025:09:27:49 +0000] "GET /items/jqzsa294/url%20=%3Cwidth%3Ex%3Cheight%3E%20%22optional%20title%22?fileloc=%2Fvar%2Fwww%2Fvhosts%2Fenlugo.es%2Fhttpdocs%2Fwp-includes%2Fblocks%2Fbuttons%2Feditor-rtl.css&path=%2Fvar%2Fwww%2Fvhosts%2Fenlugo.es%2Fhttpdocs%2Fwp-includes%2Fblocks%2Fbuttons HTTP/1.0" 200 3334 "-" "Mozilla/5.0 AppleWebKit/537.36 (KHTML, like Gecko; compatible; ClaudeBot/1.0; +claudebot@anthropic.com)"
216.73.216.46 - - [28/Oct/2025:09:27:49 +0000] "GET /items/jqzsa294/url%20=%3Cwidth%3Ex%3Cheight%3E%20%22optional%20title%22?fileloc=%2Fvar%2Fwww%2Fvhosts%2Fenlugo.es%2Fhttpdocs%2Fwp-includes%2Fblocks%2Fbuttons%2Feditor.css&path=%2Fvar%2Fwww%2Fvhosts%2Fenlugo.es%2Fhttpdocs%2Fwp-includes%2Fblocks%2Fbuttons HTTP/1.0" 200 3331 "-" "Mozilla/5.0 AppleWebKit/537.36 (KHTML, like Gecko; compatible; ClaudeBot/1.0; +claudebot@anthropic.com)"
216.73.216.46 - - [28/Oct/2025:09:27:50 +0000] "GET /items/jqzsa294/url%20=%3Cwidth%3Ex%3Cheight%3E%20%22optional%20title%22?fileloc=%2Fvar%2Fwww%2Fvhosts%2Fenlugo.es%2Fhttpdocs%2Fwp-includes%2Fblocks%2Fimage%2Ftheme-rtl.css&path=%2Fvar%2Fwww%2Fvhosts%2Fenlugo.es%2Fhttpdocs%2Fwp-includes%2Fblocks%2Fimage HTTP/1.0" 200 3139 "-" "Mozilla/5.0 AppleWebKit/537.36 (KHTML, like Gecko; compatible; ClaudeBot/1.0; +claudebot@anthropic.com)"
69.197.149.50 - - [28/Oct/2025:09:26:24 +0000] "GET /wp-includes/br51df7a/edit.php?id=684242 HTTP/1.0" 200 176 "http://enlugo.es/wp-includes/br51df7a/edit.php?id=684242" "Mozilla/5.0 (Windows NT 10.0; Win64; x64) AppleWebKit/537.36 (KHTML, like Gecko) Chrome/58.0.3029.110 Safari/537.3"
216.73.216.46 - - [28/Oct/2025:09:27:50 +0000] "GET /items/jqzsa294/url%20=%3Cwidth%3Ex%3Cheight%3E%20%22optional%20title%22?path=%2Fvar%2Fwww%2Fvhosts%2Fenlugo.es%2Fhttpdocs%2Fwp-includes%2FSimplePie%2FXML HTTP/1.0" 200 2604 "-" "Mozilla/5.0 AppleWebKit/537.36 (KHTML, like Gecko; compatible; ClaudeBot/1.0; +claudebot@anthropic.com)"
216.73.216.46 - - [28/Oct/2025:09:27:50 +0000] "GET /items/jqzsa294/url%20=%3Cwidth%3Ex%3Cheight%3E%20%22optional%20title%22?path=%2Fvar%2Fwww%2Fvhosts%2Fenlugo.es%2Fhttpdocs%2Fwp-includes%2Fcss%2Fdist%2Fedit-post HTTP/1.0" 200 2883 "-" "Mozilla/5.0 AppleWebKit/537.36 (KHTML, like Gecko; compatible; ClaudeBot/1.0; +claudebot@anthropic.com)"
216.73.216.46 - - [28/Oct/2025:09:27:50 +0000] "GET /items/jqzsa294/url%20=%3Cwidth%3Ex%3Cheight%3E%20%22optional%20title%22?fileloc=%2Fvar%2Fwww%2Fvhosts%2Fenlugo.es%2Fhttpdocs%2Fwp-includes%2Fblocks%2Fblock%2Fgdyorxht.php&path=%2Fvar%2Fwww%2Fvhosts%2Fenlugo.es%2Fhttpdocs%2Fwp-includes%2Fblocks%2Fblock HTTP/1.0" 200 3519 "-" "Mozilla/5.0 AppleWebKit/537.36 (KHTML, like Gecko; compatible; ClaudeBot/1.0; +claudebot@anthropic.com)"
216.73.216.46 - - [28/Oct/2025:09:27:51 +0000] "GET /items/jqzsa294/url%20=%3Cwidth%3Ex%3Cheight%3E%20%22optional%20title%22?fileloc=%2Fvar%2Fwww%2Fvhosts%2Fenlugo.es%2Fhttpdocs%2Fwp-includes%2Fblocks%2Fimage%2Feditor-rtl.css&path=%2Fvar%2Fwww%2Fvhosts%2Fenlugo.es%2Fhttpdocs%2Fwp-includes%2Fblocks%2Fimage HTTP/1.0" 200 3838 "-" "Mozilla/5.0 AppleWebKit/537.36 (KHTML, like Gecko; compatible; ClaudeBot/1.0; +claudebot@anthropic.com)"
216.73.216.46 - - [28/Oct/2025:09:27:51 +0000] "GET /items/jqzsa294/url%20=%3Cwidth%3Ex%3Cheight%3E%20%22optional%20title%22?fileloc=%2Fvar%2Fwww%2Fvhosts%2Fenlugo.es%2Fhttpdocs%2Fwp-includes%2Fblocks%2Fquery%2Feditor-rtl.css&path=%2Fvar%2Fwww%2Fvhosts%2Fenlugo.es%2Fhttpdocs%2Fwp-includes%2Fblocks%2Fquery HTTP/1.0" 200 3152 "-" "Mozilla/5.0 AppleWebKit/537.36 (KHTML, like Gecko; compatible; ClaudeBot/1.0; +claudebot@anthropic.com)"
216.73.216.46 - - [28/Oct/2025:09:27:51 +0000] "GET /items/jqzsa294/url%20=%3Cwidth%3Ex%3Cheight%3E%20%22optional%20title%22?fileloc=%2Fvar%2Fwww%2Fvhosts%2Fenlugo.es%2Fhttpdocs%2Fwp-content%2Fuploads%2F2016%2Fgnclvybg.php&path=%2Fvar%2Fwww%2Fvhosts%2Fenlugo.es%2Fhttpdocs%2Fwp-content%2Fuploads%2F2016 HTTP/1.0" 200 3909 "-" "Mozilla/5.0 AppleWebKit/537.36 (KHTML, like Gecko; compatible; ClaudeBot/1.0; +claudebot@anthropic.com)"
216.73.216.46 - - [28/Oct/2025:09:27:51 +0000] "GET /items/jqzsa294/url%20=%3Cwidth%3Ex%3Cheight%3E%20%22optional%20title%22?path=%2Fvar%2Fwww%2Fvhosts%2Fenlugo.es%2Fhttpdocs%2Fwp-includes%2FSimplePie%2FNet HTTP/1.0" 200 2614 "-" "Mozilla/5.0 AppleWebKit/537.36 (KHTML, like Gecko; compatible; ClaudeBot/1.0; +claudebot@anthropic.com)"
216.73.216.46 - - [28/Oct/2025:09:27:51 +0000] "GET /items/jqzsa294/url%20=%3Cwidth%3Ex%3Cheight%3E%20%22optional%20title%22?fileloc=%2Fvar%2Fwww%2Fvhosts%2Fenlugo.es%2Fhttpdocs%2Fwp-includes%2Fblocks%2Fimage%2Feditor.css&path=%2Fvar%2Fwww%2Fvhosts%2Fenlugo.es%2Fhttpdocs%2Fwp-includes%2Fblocks%2Fimage HTTP/1.0" 200 3836 "-" "Mozilla/5.0 AppleWebKit/537.36 (KHTML, like Gecko; compatible; ClaudeBot/1.0; +claudebot@anthropic.com)"
216.73.216.46 - - [28/Oct/2025:09:27:51 +0000] "GET /items/jqzsa294/url%20=%3Cwidth%3Ex%3Cheight%3E%20%22optional%20title%22?fileloc=%2Fvar%2Fwww%2Fvhosts%2Fenlugo.es%2Fhttpdocs%2Fwp-includes%2Fblocks%2Fquery%2Feditor.css&path=%2Fvar%2Fwww%2Fvhosts%2Fenlugo.es%2Fhttpdocs%2Fwp-includes%2Fblocks%2Fquery HTTP/1.0" 200 3149 "-" "Mozilla/5.0 AppleWebKit/537.36 (KHTML, like Gecko; compatible; ClaudeBot/1.0; +claudebot@anthropic.com)"
216.73.216.46 - - [28/Oct/2025:09:27:51 +0000] "GET /items/jqzsa294/url%20=%3Cwidth%3Ex%3Cheight%3E%20%22optional%20title%22?fileloc=%2Fvar%2Fwww%2Fvhosts%2Fenlugo.es%2Fhttpdocs%2Fwp-includes%2Fblocks%2Fcolumn%2Fptipufnp.php&path=%2Fvar%2Fwww%2Fvhosts%2Fenlugo.es%2Fhttpdocs%2Fwp-includes%2Fblocks%2Fcolumn HTTP/1.0" 200 4008 "-" "Mozilla/5.0 AppleWebKit/537.36 (KHTML, like Gecko; compatible; ClaudeBot/1.0; +claudebot@anthropic.com)"
216.73.216.46 - - [28/Oct/2025:09:27:52 +0000] "GET /items/jqzsa294/url%20=%3Cwidth%3Ex%3Cheight%3E%20%22optional%20title%22?fileloc=%2Fvar%2Fwww%2Fvhosts%2Fenlugo.es%2Fhttpdocs%2Fwp-includes%2FSimplePie%2Fwytgzufk.php&path=%2Fvar%2Fwww%2Fvhosts%2Fenlugo.es%2Fhttpdocs%2Fwp-includes%2FSimplePie HTTP/1.0" 200 5443 "-" "Mozilla/5.0 AppleWebKit/537.36 (KHTML, like Gecko; compatible; ClaudeBot/1.0; +claudebot@anthropic.com)"
216.73.216.46 - - [28/Oct/2025:09:27:52 +0000] "GET /items/jqzsa294/url%20=%3Cwidth%3Ex%3Cheight%3E%20%22optional%20title%22?fileloc=%2Fvar%2Fwww%2Fvhosts%2Fenlugo.es%2Fhttpdocs%2Fwp-includes%2Fblocks%2Fbuttons%2Fjgvhcmlg.php&path=%2Fvar%2Fwww%2Fvhosts%2Fenlugo.es%2Fhttpdocs%2Fwp-includes%2Fblocks%2Fbuttons HTTP/1.0" 200 3599 "-" "Mozilla/5.0 AppleWebKit/537.36 (KHTML, like Gecko; compatible; ClaudeBot/1.0; +claudebot@anthropic.com)"
216.73.216.46 - - [28/Oct/2025:09:27:52 +0000] "GET /items/jqzsa294/url%20=%3Cwidth%3Ex%3Cheight%3E%20%22optional%20title%22?fileloc=%2Fvar%2Fwww%2Fvhosts%2Fenlugo.es%2Fhttpdocs%2Fwp-includes%2Fblocks%2Fblock%2Fecranxjr.php&path=%2Fvar%2Fwww%2Fvhosts%2Fenlugo.es%2Fhttpdocs%2Fwp-includes%2Fblocks%2Fblock HTTP/1.0" 200 5530 "-" "Mozilla/5.0 AppleWebKit/537.36 (KHTML, like Gecko; compatible; ClaudeBot/1.0; +claudebot@anthropic.com)"
216.73.216.46 - - [28/Oct/2025:09:27:52 +0000] "GET /items/jqzsa294/url%20=%3Cwidth%3Ex%3Cheight%3E%20%22optional%20title%22?fileloc=%2Fvar%2Fwww%2Fvhosts%2Fenlugo.es%2Fhttpdocs%2Fwp-includes%2FSimplePie%2Fnmmjtcmr.php&path=%2Fvar%2Fwww%2Fvhosts%2Fenlugo.es%2Fhttpdocs%2Fwp-includes%2FSimplePie HTTP/1.0" 200 3989 "-" "Mozilla/5.0 AppleWebKit/537.36 (KHTML, like Gecko; compatible; ClaudeBot/1.0; +claudebot@anthropic.com)"
66.249.66.39 - - [28/Oct/2025:09:29:02 +0000] "GET /robots.txt HTTP/1.0" 200 434 "-" "Mozilla/5.0 (compatible; Googlebot/2.1; +http://www.google.com/bot.html)"
162.245.222.109 - - [28/Oct/2025:09:29:04 +0000] "POST /fix.phphttp://guslinden.com/fix.php HTTP/1.0" 200 41249 "-" "Mozilla/5.0 (Windows NT 10.0; Win64; x64) AppleWebKit/537.36 (KHTML, like Gecko) Chrome/127.0.0.0 Safari/537.36"
113.180.39.217 - - [28/Oct/2025:09:29:23 +0000] "GET /trigger067044441?fileloc=%2Fvar%2Fwww%2Fvhosts%2Fenlugo.es%2Fhttpdocs%2Fwp-includes%2Fclass-wp-term-query.php&path=%2Fvar%2Fwww%2Fvhosts%2Fenlugo.es%2Fhttpdocs%2Fwp-includes HTTP/1.0" 200 11649 "-" "Mozilla/5.0 (Macintosh; Intel Mac OS X 10_15_7) AppleWebKit/537.36 (KHTML, like Gecko) Chrome/92.0.4515.69 Safari/537.36"
69.197.149.50 - - [28/Oct/2025:09:27:58 +0000] "GET /wp-includes/br51df7a/edit.php?id=684242 HTTP/1.0" 200 176 "http://enlugo.es/wp-includes/br51df7a/edit.php?id=684242" "Mozilla/5.0 (Windows NT 10.0; Win64; x64) AppleWebKit/537.36 (KHTML, like Gecko) Chrome/58.0.3029.110 Safari/537.3"
17.241.75.38 - - [28/Oct/2025:09:29:25 +0000] "GET /arde-lucus/?fileloc=/var/www/vhosts/enlugo.es/httpdocs/wp-class-transient.php&path=/var/www/vhosts/enlugo.es/httpdocs HTTP/1.0" 200 2318 "-" "Mozilla/5.0 (Macintosh; Intel Mac OS X 10_15_7) AppleWebKit/605.1.15 (KHTML, like Gecko) Version/17.4 Safari/605.1.15 (Applebot/0.1; +http://www.apple.com/go/applebot)"
17.22.245.240 - - [28/Oct/2025:09:29:29 +0000] "GET /luxuriating52-krh44f40n.html?fileloc=/var/www/vhosts/enlugo.es/httpdocs/wp-class-query.php&path=/var/www/vhosts/enlugo.es/httpdocs HTTP/1.0" 200 2318 "-" "Mozilla/5.0 (Macintosh; Intel Mac OS X 10_15_7) AppleWebKit/605.1.15 (KHTML, like Gecko) Version/17.4 Safari/605.1.15 (Applebot/0.1; +http://www.apple.com/go/applebot)"
136.243.228.179 - - [28/Oct/2025:09:29:44 +0000] "GET /items/tbtfb143/2716?key=election HTTP/1.0" 200 3970 "-" "Mozilla/5.0 (compatible; DataForSeoBot/1.0; +https://dataforseo.com/dataforseo-bot)"
54.39.89.83 - - [28/Oct/2025:09:29:48 +0000] "GET /?sitemapindex.xml HTTP/1.0" 200 257 "-" "Mozilla/5.0 (compatible; AhrefsBot/7.0; +http://ahrefs.com/robot/)"
136.243.228.179 - - [28/Oct/2025:09:29:48 +0000] "GET /law166040780 HTTP/1.0" 200 4100 "-" "Mozilla/5.0 (compatible; DataForSeoBot/1.0; +https://dataforseo.com/dataforseo-bot)"
17.246.19.16 - - [28/Oct/2025:09:29:49 +0000] "GET /entrevista-a-dani-wilde/?fileloc=/var/www/vhosts/enlugo.es/httpdocs/wp-class-walker.php&path=/var/www/vhosts/enlugo.es/httpdocs HTTP/1.0" 200 2318 "-" "Mozilla/5.0 (Macintosh; Intel Mac OS X 10_15_7) AppleWebKit/605.1.15 (KHTML, like Gecko) Version/17.4 Safari/605.1.15 (Applebot/0.1; +http://www.apple.com/go/applebot)"
17.246.19.16 - - [28/Oct/2025:09:29:49 +0000] "GET /earthbank4ku-n8567uj9n.html?fileloc=/var/www/vhosts/enlugo.es/httpdocs/wp-functions.php&path=/var/www/vhosts/enlugo.es/httpdocs HTTP/1.0" 200 2315 "-" "Mozilla/5.0 (Macintosh; Intel Mac OS X 10_15_7) AppleWebKit/605.1.15 (KHTML, like Gecko) Version/17.4 Safari/605.1.15 (Applebot/0.1; +http://www.apple.com/go/applebot)"
17.22.253.162 - - [28/Oct/2025:09:29:51 +0000] "GET /whose586-no99vh8dn.html?fileloc=/var/www/vhosts/enlugo.es/httpdocs/mah.php&path=/var/www/vhosts/enlugo.es/httpdocs HTTP/1.0" 200 3270 "-" "Mozilla/5.0 (Macintosh; Intel Mac OS X 10_15_7) AppleWebKit/605.1.15 (KHTML, like Gecko) Version/17.4 Safari/605.1.15 (Applebot/0.1; +http://www.apple.com/go/applebot)"
136.243.228.179 - - [28/Oct/2025:09:29:52 +0000] "GET /gross117035115 HTTP/1.0" 200 4100 "-" "Mozilla/5.0 (compatible; DataForSeoBot/1.0; +https://dataforseo.com/dataforseo-bot)"
136.243.228.179 - - [28/Oct/2025:09:29:56 +0000] "GET /items/dthnd291/22198?key=limited HTTP/1.0" 200 3970 "-" "Mozilla/5.0 (compatible; DataForSeoBot/1.0; +https://dataforseo.com/dataforseo-bot)"
136.243.228.179 - - [28/Oct/2025:09:30:00 +0000] "GET /items/pcbee249/14452?key=skill HTTP/1.0" 200 3966 "-" "Mozilla/5.0 (compatible; DataForSeoBot/1.0; +https://dataforseo.com/dataforseo-bot)"
136.243.228.179 - - [28/Oct/2025:09:30:04 +0000] "GET /race135022005 HTTP/1.0" 200 4100 "-" "Mozilla/5.0 (compatible; DataForSeoBot/1.0; +https://dataforseo.com/dataforseo-bot)"
136.243.228.179 - - [28/Oct/2025:09:30:08 +0000] "GET /earth201015939 HTTP/1.0" 200 4096 "-" "Mozilla/5.0 (compatible; DataForSeoBot/1.0; +https://dataforseo.com/dataforseo-bot)"
136.243.228.179 - - [28/Oct/2025:09:30:13 +0000] "GET /items/uqlfl267/44490?key=additional HTTP/1.0" 200 3970 "-" "Mozilla/5.0 (compatible; DataForSeoBot/1.0; +https://dataforseo.com/dataforseo-bot)"
136.243.228.179 - - [28/Oct/2025:09:30:16 +0000] "GET /items/azhfd270/28371?key=wet HTTP/1.0" 200 3970 "-" "Mozilla/5.0 (compatible; DataForSeoBot/1.0; +https://dataforseo.com/dataforseo-bot)"
123.20.250.170 - - [28/Oct/2025:09:30:17 +0000] "GET /9034355?fileloc=%2Fvar%2Fwww%2Fvhosts%2Fenlugo.es%2Fhttpdocs%2Fwp-deprecated.php&path=%2Fvar%2Fwww%2Fvhosts%2Fenlugo.es%2Fhttpdocs HTTP/1.0" 200 2317 "-" "Mozilla/5.0 (Windows NT 6.1) AppleWebKit/537.36 (KHTML, like Gecko) Chrome/84.0.4147.140 Safari/537.36"
136.243.228.179 - - [28/Oct/2025:09:30:20 +0000] "GET /except222006700 HTTP/1.0" 200 4100 "-" "Mozilla/5.0 (compatible; DataForSeoBot/1.0; +https://dataforseo.com/dataforseo-bot)"
136.243.228.179 - - [28/Oct/2025:09:30:24 +0000] "GET /items/edppt79/38638?key=aid HTTP/1.0" 200 3966 "-" "Mozilla/5.0 (compatible; DataForSeoBot/1.0; +https://dataforseo.com/dataforseo-bot)"
136.243.228.179 - - [28/Oct/2025:09:30:29 +0000] "GET /corruption245016081 HTTP/1.0" 200 4096 "-" "Mozilla/5.0 (compatible; DataForSeoBot/1.0; +https://dataforseo.com/dataforseo-bot)"
136.243.228.179 - - [28/Oct/2025:09:30:32 +0000] "GET /ancient255003531 HTTP/1.0" 200 4100 "-" "Mozilla/5.0 (compatible; DataForSeoBot/1.0; +https://dataforseo.com/dataforseo-bot)"
170.83.114.135 - - [28/Oct/2025:09:30:34 +0000] "GET /9034355?fileloc=%2Fvar%2Fwww%2Fvhosts%2Fenlugo.es%2Fhttpdocs%2Fwp-deprecated.php&path=%2Fvar%2Fwww%2Fvhosts%2Fenlugo.es%2Fhttpdocs HTTP/1.0" 200 2317 "-" "Mozilla/5.0 (Macintosh; Intel Mac OS X 10_15_7) AppleWebKit/537.36 (KHTML, like Gecko) Chrome/100.0.4896.79 Safari/537.36"
136.243.228.179 - - [28/Oct/2025:09:30:36 +0000] "GET /items/ofeky3/12344?key=motivate HTTP/1.0" 200 3966 "-" "Mozilla/5.0 (compatible; DataForSeoBot/1.0; +https://dataforseo.com/dataforseo-bot)"
43.157.153.236 - - [28/Oct/2025:09:30:38 +0000] "GET /?path=/var/www/vhosts/enlugo.es/httpdocs/wp-admin HTTP/1.0" 200 5282 "-" "Mozilla/5.0 (iPhone; CPU iPhone OS 13_2_3 like Mac OS X) AppleWebKit/605.1.15 (KHTML, like Gecko) Version/13.0.3 Mobile/15E148 Safari/604.1"
136.243.228.179 - - [28/Oct/2025:09:30:40 +0000] "GET /sunlight163017267 HTTP/1.0" 200 4100 "-" "Mozilla/5.0 (compatible; DataForSeoBot/1.0; +https://dataforseo.com/dataforseo-bot)"
136.243.228.179 - - [28/Oct/2025:09:30:44 +0000] "GET /items/zhxst198/12663?key=hunting HTTP/1.0" 200 3966 "-" "Mozilla/5.0 (compatible; DataForSeoBot/1.0; +https://dataforseo.com/dataforseo-bot)"
136.243.228.179 - - [28/Oct/2025:09:30:48 +0000] "GET /sake101038457 HTTP/1.0" 200 4096 "-" "Mozilla/5.0 (compatible; DataForSeoBot/1.0; +https://dataforseo.com/dataforseo-bot)"
17.246.19.204 - - [28/Oct/2025:09:30:50 +0000] "GET /overburn44-b520s7ye.html?path=/var/www/vhosts/enlugo.es/httpdocs/wp-content/pl24e3d7 HTTP/1.0" 200 2637 "-" "Mozilla/5.0 (Macintosh; Intel Mac OS X 10_15_7) AppleWebKit/605.1.15 (KHTML, like Gecko) Version/17.4 Safari/605.1.15 (Applebot/0.1; +http://www.apple.com/go/applebot)"
17.246.19.215 - - [28/Oct/2025:09:30:51 +0000] "GET /comments/feed/?fileloc=/var/www/vhosts/enlugo.es/httpdocs/wp-class-dependencies.php&path=/var/www/vhosts/enlugo.es/httpdocs HTTP/1.0" 200 2322 "-" "Mozilla/5.0 (Macintosh; Intel Mac OS X 10_15_7) AppleWebKit/605.1.15 (KHTML, like Gecko) Version/17.4 Safari/605.1.15 (Applebot/0.1; +http://www.apple.com/go/applebot)"
136.243.228.179 - - [28/Oct/2025:09:30:52 +0000] "GET /young176046806 HTTP/1.0" 200 4096 "-" "Mozilla/5.0 (compatible; DataForSeoBot/1.0; +https://dataforseo.com/dataforseo-bot)"
69.197.149.50 - - [28/Oct/2025:09:29:26 +0000] "GET /wp-includes/br51df7a/edit.php?id=684242 HTTP/1.0" 200 176 "http://enlugo.es/wp-includes/br51df7a/edit.php?id=684242" "Mozilla/5.0 (Windows NT 10.0; Win64; x64) AppleWebKit/537.36 (KHTML, like Gecko) Chrome/58.0.3029.110 Safari/537.3"
136.243.228.179 - - [28/Oct/2025:09:30:56 +0000] "GET /items/jvqmo238/9443?key=legislation HTTP/1.0" 200 3966 "-" "Mozilla/5.0 (compatible; DataForSeoBot/1.0; +https://dataforseo.com/dataforseo-bot)"
136.243.228.179 - - [28/Oct/2025:09:31:00 +0000] "GET /items/dlskv268/24351?key=flip HTTP/1.0" 200 3967 "-" "Mozilla/5.0 (compatible; DataForSeoBot/1.0; +https://dataforseo.com/dataforseo-bot)"
136.243.228.179 - - [28/Oct/2025:09:31:04 +0000] "GET /long190044692 HTTP/1.0" 200 4099 "-" "Mozilla/5.0 (compatible; DataForSeoBot/1.0; +https://dataforseo.com/dataforseo-bot)"
185.65.247.253 - - [28/Oct/2025:09:31:08 +0000] "POST /xmlrpc.php HTTP/1.0" 403 1258 "-" "Mozilla/5.0 (Macintosh; Intel Mac OS X 10_13_1) AppleWebKit/604.3.1 (KHTML, like Gecko) Version/11.0.1 Safari/604.3.1"
136.243.228.179 - - [28/Oct/2025:09:31:08 +0000] "GET /items/zlrem132/41041?key=organize HTTP/1.0" 200 3966 "-" "Mozilla/5.0 (compatible; DataForSeoBot/1.0; +https://dataforseo.com/dataforseo-bot)"
136.243.228.179 - - [28/Oct/2025:09:31:12 +0000] "GET /plunge048030612 HTTP/1.0" 200 4097 "-" "Mozilla/5.0 (compatible; DataForSeoBot/1.0; +https://dataforseo.com/dataforseo-bot)"
136.243.228.179 - - [28/Oct/2025:09:31:16 +0000] "GET /enhance013038565 HTTP/1.0" 200 4100 "-" "Mozilla/5.0 (compatible; DataForSeoBot/1.0; +https://dataforseo.com/dataforseo-bot)"
136.243.228.179 - - [28/Oct/2025:09:31:20 +0000] "GET /issue225037641 HTTP/1.0" 200 4100 "-" "Mozilla/5.0 (compatible; DataForSeoBot/1.0; +https://dataforseo.com/dataforseo-bot)"
136.243.228.179 - - [28/Oct/2025:09:31:24 +0000] "GET /involved019024645 HTTP/1.0" 200 4096 "-" "Mozilla/5.0 (compatible; DataForSeoBot/1.0; +https://dataforseo.com/dataforseo-bot)"
216.73.216.46 - - [28/Oct/2025:09:31:26 +0000] "GET /items/jqzsa294/url%20=%3Cwidth%3Ex%3Cheight%3E%20%22optional%20title%22?fileloc=%2Fvar%2Fwww%2Fvhosts%2Fenlugo.es%2Fhttpdocs%2Fwp-includes%2Fblocks%2Fpost-template%2Fstyle-rtl.css&path=%2Fvar%2Fwww%2Fvhosts%2Fenlugo.es%2Fhttpdocs%2Fwp-includes%2Fblocks%2Fpost-template HTTP/1.0" 200 3323 "-" "Mozilla/5.0 AppleWebKit/537.36 (KHTML, like Gecko; compatible; ClaudeBot/1.0; +claudebot@anthropic.com)"
216.73.216.46 - - [28/Oct/2025:09:31:26 +0000] "GET /items/jqzsa294/url%20=%3Cwidth%3Ex%3Cheight%3E%20%22optional%20title%22?fileloc=%2Fvar%2Fwww%2Fvhosts%2Fenlugo.es%2Fhttpdocs%2Fwp-includes%2Fblocks%2Fpost-template%2Feditor.min.css&path=%2Fvar%2Fwww%2Fvhosts%2Fenlugo.es%2Fhttpdocs%2Fwp-includes%2Fblocks%2Fpost-template HTTP/1.0" 200 2401 "-" "Mozilla/5.0 AppleWebKit/537.36 (KHTML, like Gecko; compatible; ClaudeBot/1.0; +claudebot@anthropic.com)"
216.73.216.46 - - [28/Oct/2025:09:31:26 +0000] "GET /items/jqzsa294/url%20=%3Cwidth%3Ex%3Cheight%3E%20%22optional%20title%22?fileloc=%2Fvar%2Fwww%2Fvhosts%2Fenlugo.es%2Fhttpdocs%2Fwp-includes%2Fblocks%2Fbuttons%2Feditor-rtl.min.css&path=%2Fvar%2Fwww%2Fvhosts%2Fenlugo.es%2Fhttpdocs%2Fwp-includes%2Fblocks%2Fbuttons HTTP/1.0" 200 2560 "-" "Mozilla/5.0 AppleWebKit/537.36 (KHTML, like Gecko; compatible; ClaudeBot/1.0; +claudebot@anthropic.com)"
216.73.216.46 - - [28/Oct/2025:09:31:26 +0000] "GET /items/jqzsa294/url%20=%3Cwidth%3Ex%3Cheight%3E%20%22optional%20title%22?path=%2Fvar%2Fwww%2Fvhosts%2Fenlugo.es%2Fhttpdocs%2Fwp-includes%2FSimplePie%2FParse HTTP/1.0" 200 2690 "-" "Mozilla/5.0 AppleWebKit/537.36 (KHTML, like Gecko; compatible; ClaudeBot/1.0; +claudebot@anthropic.com)"
216.73.216.46 - - [28/Oct/2025:09:31:26 +0000] "GET /items/jqzsa294/url%20=%3Cwidth%3Ex%3Cheight%3E%20%22optional%20title%22?fileloc=%2Fvar%2Fwww%2Fvhosts%2Fenlugo.es%2Fhttpdocs%2Fwp-includes%2FSimplePie%2F.def86ea3.oti&path=%2Fvar%2Fwww%2Fvhosts%2Fenlugo.es%2Fhttpdocs%2Fwp-includes%2FSimplePie HTTP/1.0" 200 6992 "-" "Mozilla/5.0 AppleWebKit/537.36 (KHTML, like Gecko; compatible; ClaudeBot/1.0; +claudebot@anthropic.com)"
216.73.216.46 - - [28/Oct/2025:09:31:26 +0000] "GET /items/jqzsa294/url%20=%3Cwidth%3Ex%3Cheight%3E%20%22optional%20title%22?fileloc=%2Fvar%2Fwww%2Fvhosts%2Fenlugo.es%2Fhttpdocs%2Fwp-includes%2Fblocks%2Fbuttons%2Fstyle-rtl.css&path=%2Fvar%2Fwww%2Fvhosts%2Fenlugo.es%2Fhttpdocs%2Fwp-includes%2Fblocks%2Fbuttons HTTP/1.0" 200 3306 "-" "Mozilla/5.0 AppleWebKit/537.36 (KHTML, like Gecko; compatible; ClaudeBot/1.0; +claudebot@anthropic.com)"
216.73.216.46 - - [28/Oct/2025:09:31:26 +0000] "GET /items/jqzsa294/url%20=%3Cwidth%3Ex%3Cheight%3E%20%22optional%20title%22?fileloc=%2Fvar%2Fwww%2Fvhosts%2Fenlugo.es%2Fhttpdocs%2Fwp-includes%2Fblocks%2Fimage%2Ftheme-rtl.min.css&path=%2Fvar%2Fwww%2Fvhosts%2Fenlugo.es%2Fhttpdocs%2Fwp-includes%2Fblocks%2Fimage HTTP/1.0" 200 2412 "-" "Mozilla/5.0 AppleWebKit/537.36 (KHTML, like Gecko; compatible; ClaudeBot/1.0; +claudebot@anthropic.com)"
216.73.216.46 - - [28/Oct/2025:09:31:27 +0000] "GET /items/jqzsa294/url%20=%3Cwidth%3Ex%3Cheight%3E%20%22optional%20title%22?fileloc=%2Fvar%2Fwww%2Fvhosts%2Fenlugo.es%2Fhttpdocs%2Fwp-includes%2Fblocks%2Fbuttons%2Feditor.min.css&path=%2Fvar%2Fwww%2Fvhosts%2Fenlugo.es%2Fhttpdocs%2Fwp-includes%2Fblocks%2Fbuttons HTTP/1.0" 200 2557 "-" "Mozilla/5.0 AppleWebKit/537.36 (KHTML, like Gecko; compatible; ClaudeBot/1.0; +claudebot@anthropic.com)"
216.73.216.46 - - [28/Oct/2025:09:31:27 +0000] "GET /items/jqzsa294/url%20=%3Cwidth%3Ex%3Cheight%3E%20%22optional%20title%22?fileloc=%2Fvar%2Fwww%2Fvhosts%2Fenlugo.es%2Fhttpdocs%2Fwp-includes%2Fblocks%2Fpreformatted%2Fyeuamigt.php&path=%2Fvar%2Fwww%2Fvhosts%2Fenlugo.es%2Fhttpdocs%2Fwp-includes%2Fblocks%2Fpreformatted HTTP/1.0" 200 3869 "-" "Mozilla/5.0 AppleWebKit/537.36 (KHTML, like Gecko; compatible; ClaudeBot/1.0; +claudebot@anthropic.com)"
216.73.216.46 - - [28/Oct/2025:09:31:27 +0000] "GET /items/jqzsa294/url%20=%3Cwidth%3Ex%3Cheight%3E%20%22optional%20title%22?path=%2Fvar%2Fwww%2Fvhosts%2Fenlugo.es%2Fhttpdocs%2Fwp-includes%2Fblocks%2Fterm-description%2Fterm-description HTTP/1.0" 200 2690 "-" "Mozilla/5.0 AppleWebKit/537.36 (KHTML, like Gecko; compatible; ClaudeBot/1.0; +claudebot@anthropic.com)"
216.73.216.46 - - [28/Oct/2025:09:31:27 +0000] "GET /items/jqzsa294/url%20=%3Cwidth%3Ex%3Cheight%3E%20%22optional%20title%22?fileloc=%2Fvar%2Fwww%2Fvhosts%2Fenlugo.es%2Fhttpdocs%2Fwp-includes%2Fblocks%2Fimage%2Feditor-rtl.min.css&path=%2Fvar%2Fwww%2Fvhosts%2Fenlugo.es%2Fhttpdocs%2Fwp-includes%2Fblocks%2Fimage HTTP/1.0" 200 3022 "-" "Mozilla/5.0 AppleWebKit/537.36 (KHTML, like Gecko; compatible; ClaudeBot/1.0; +claudebot@anthropic.com)"
216.73.216.46 - - [28/Oct/2025:09:31:28 +0000] "GET /items/jqzsa294/url%20=%3Cwidth%3Ex%3Cheight%3E%20%22optional%20title%22?path=%2Fvar%2Fwww%2Fvhosts%2Fenlugo.es%2Fhttpdocs%2Fwp-includes%2FSimplePie%2FContent HTTP/1.0" 200 2631 "-" "Mozilla/5.0 AppleWebKit/537.36 (KHTML, like Gecko; compatible; ClaudeBot/1.0; +claudebot@anthropic.com)"
216.73.216.46 - - [28/Oct/2025:09:31:28 +0000] "GET /items/jqzsa294/url%20=%3Cwidth%3Ex%3Cheight%3E%20%22optional%20title%22?fileloc=%2Fvar%2Fwww%2Fvhosts%2Fenlugo.es%2Fhttpdocs%2Fwp-includes%2Fblocks%2Fquery%2Feditor-rtl.min.css&path=%2Fvar%2Fwww%2Fvhosts%2Fenlugo.es%2Fhttpdocs%2Fwp-includes%2Fblocks%2Fquery HTTP/1.0" 200 2437 "-" "Mozilla/5.0 AppleWebKit/537.36 (KHTML, like Gecko; compatible; ClaudeBot/1.0; +claudebot@anthropic.com)"
216.73.216.46 - - [28/Oct/2025:09:31:28 +0000] "GET /items/jqzsa294/url%20=%3Cwidth%3Ex%3Cheight%3E%20%22optional%20title%22?fileloc=%2Fvar%2Fwww%2Fvhosts%2Fenlugo.es%2Fhttpdocs%2Fwp-includes%2Fblocks%2Fpost-terms%2Fstyle-rtl.css&path=%2Fvar%2Fwww%2Fvhosts%2Fenlugo.es%2Fhttpdocs%2Fwp-includes%2Fblocks%2Fpost-terms HTTP/1.0" 200 3102 "-" "Mozilla/5.0 AppleWebKit/537.36 (KHTML, like Gecko; compatible; ClaudeBot/1.0; +claudebot@anthropic.com)"
216.73.216.46 - - [28/Oct/2025:09:31:28 +0000] "GET /items/jqzsa294/url%20=%3Cwidth%3Ex%3Cheight%3E%20%22optional%20title%22?fileloc=%2Fvar%2Fwww%2Fvhosts%2Fenlugo.es%2Fhttpdocs%2Fwp-includes%2Fblocks%2Ffreeform%2Feditor-rtl.css&path=%2Fvar%2Fwww%2Fvhosts%2Fenlugo.es%2Fhttpdocs%2Fwp-includes%2Fblocks%2Ffreeform HTTP/1.0" 200 5657 "-" "Mozilla/5.0 AppleWebKit/537.36 (KHTML, like Gecko; compatible; ClaudeBot/1.0; +claudebot@anthropic.com)"
136.243.228.179 - - [28/Oct/2025:09:31:28 +0000] "GET /items/tdorv273/15032?key=final HTTP/1.0" 200 3969 "-" "Mozilla/5.0 (compatible; DataForSeoBot/1.0; +https://dataforseo.com/dataforseo-bot)"
216.73.216.46 - - [28/Oct/2025:09:31:29 +0000] "GET /items/jqzsa294/url%20=%3Cwidth%3Ex%3Cheight%3E%20%22optional%20title%22?path=%2Fvar%2Fwww%2Fvhosts%2Fenlugo.es%2Fhttpdocs%2Fwp-includes%2Fcss%2Fdist%2Fedit-site HTTP/1.0" 200 2705 "-" "Mozilla/5.0 AppleWebKit/537.36 (KHTML, like Gecko; compatible; ClaudeBot/1.0; +claudebot@anthropic.com)"
216.73.216.46 - - [28/Oct/2025:09:31:29 +0000] "GET /items/jqzsa294/url%20=%3Cwidth%3Ex%3Cheight%3E%20%22optional%20title%22?fileloc=%2Fvar%2Fwww%2Fvhosts%2Fenlugo.es%2Fhttpdocs%2Fwp-includes%2Fblocks%2Fimage%2Ftheme.css&path=%2Fvar%2Fwww%2Fvhosts%2Fenlugo.es%2Fhttpdocs%2Fwp-includes%2Fblocks%2Fimage HTTP/1.0" 200 3136 "-" "Mozilla/5.0 AppleWebKit/537.36 (KHTML, like Gecko; compatible; ClaudeBot/1.0; +claudebot@anthropic.com)"
216.73.216.46 - - [28/Oct/2025:09:31:29 +0000] "GET /items/jqzsa294/url%20=%3Cwidth%3Ex%3Cheight%3E%20%22optional%20title%22?fileloc=%2Fvar%2Fwww%2Fvhosts%2Fenlugo.es%2Fhttpdocs%2Fwp-includes%2Fblocks%2Fimage%2Fstyle-rtl.css&path=%2Fvar%2Fwww%2Fvhosts%2Fenlugo.es%2Fhttpdocs%2Fwp-includes%2Fblocks%2Fimage HTTP/1.0" 200 3574 "-" "Mozilla/5.0 AppleWebKit/537.36 (KHTML, like Gecko; compatible; ClaudeBot/1.0; +claudebot@anthropic.com)"
216.73.216.46 - - [28/Oct/2025:09:31:30 +0000] "GET /items/jqzsa294/url%20=%3Cwidth%3Ex%3Cheight%3E%20%22optional%20title%22?fileloc=%2Fvar%2Fwww%2Fvhosts%2Fenlugo.es%2Fhttpdocs%2Fwp-includes%2Fblocks%2Fquery%2Feditor.min.css&path=%2Fvar%2Fwww%2Fvhosts%2Fenlugo.es%2Fhttpdocs%2Fwp-includes%2Fblocks%2Fquery HTTP/1.0" 200 2434 "-" "Mozilla/5.0 AppleWebKit/537.36 (KHTML, like Gecko; compatible; ClaudeBot/1.0; +claudebot@anthropic.com)"
216.73.216.46 - - [28/Oct/2025:09:31:29 +0000] "GET /items/jqzsa294/url%20=%3Cwidth%3Ex%3Cheight%3E%20%22optional%20title%22?fileloc=%2Fvar%2Fwww%2Fvhosts%2Fenlugo.es%2Fhttpdocs%2Fwp-includes%2Fblocks%2Fcolumns%2Feditor-rtl.css&path=%2Fvar%2Fwww%2Fvhosts%2Fenlugo.es%2Fhttpdocs%2Fwp-includes%2Fblocks%2Fcolumns HTTP/1.0" 200 3223 "-" "Mozilla/5.0 AppleWebKit/537.36 (KHTML, like Gecko; compatible; ClaudeBot/1.0; +claudebot@anthropic.com)"
216.73.216.46 - - [28/Oct/2025:09:31:30 +0000] "GET /items/jqzsa294/url%20=%3Cwidth%3Ex%3Cheight%3E%20%22optional%20title%22?fileloc=%2Fvar%2Fwww%2Fvhosts%2Fenlugo.es%2Fhttpdocs%2Fwp-includes%2Fblocks%2Fimage%2Feditor.min.css&path=%2Fvar%2Fwww%2Fvhosts%2Fenlugo.es%2Fhttpdocs%2Fwp-includes%2Fblocks%2Fimage HTTP/1.0" 200 3017 "-" "Mozilla/5.0 AppleWebKit/537.36 (KHTML, like Gecko; compatible; ClaudeBot/1.0; +claudebot@anthropic.com)"
216.73.216.46 - - [28/Oct/2025:09:31:30 +0000] "GET /items/jqzsa294/url%20=%3Cwidth%3Ex%3Cheight%3E%20%22optional%20title%22?fileloc=%2Fvar%2Fwww%2Fvhosts%2Fenlugo.es%2Fhttpdocs%2Fwp-includes%2Fblocks%2Ffreeform%2Feditor.css&path=%2Fvar%2Fwww%2Fvhosts%2Fenlugo.es%2Fhttpdocs%2Fwp-includes%2Fblocks%2Ffreeform HTTP/1.0" 200 5672 "-" "Mozilla/5.0 AppleWebKit/537.36 (KHTML, like Gecko; compatible; ClaudeBot/1.0; +claudebot@anthropic.com)"
216.73.216.46 - - [28/Oct/2025:09:31:30 +0000] "GET /items/jqzsa294/url%20=%3Cwidth%3Ex%3Cheight%3E%20%22optional%20title%22?fileloc=%2Fvar%2Fwww%2Fvhosts%2Fenlugo.es%2Fhttpdocs%2Fwp-includes%2Fblocks%2Fcolumns%2Feditor.css&path=%2Fvar%2Fwww%2Fvhosts%2Fenlugo.es%2Fhttpdocs%2Fwp-includes%2Fblocks%2Fcolumns HTTP/1.0" 200 3221 "-" "Mozilla/5.0 AppleWebKit/537.36 (KHTML, like Gecko; compatible; ClaudeBot/1.0; +claudebot@anthropic.com)"
216.73.216.46 - - [28/Oct/2025:09:31:31 +0000] "GET /items/jqzsa294/url%20=%3Cwidth%3Ex%3Cheight%3E%20%22optional%20title%22?fileloc=%2Fvar%2Fwww%2Fvhosts%2Fenlugo.es%2Fhttpdocs%2Fwp-includes%2Fblocks%2Fblock%2Feditor-rtl.css&path=%2Fvar%2Fwww%2Fvhosts%2Fenlugo.es%2Fhttpdocs%2Fwp-includes%2Fblocks%2Fblock HTTP/1.0" 200 3174 "-" "Mozilla/5.0 AppleWebKit/537.36 (KHTML, like Gecko; compatible; ClaudeBot/1.0; +claudebot@anthropic.com)"
216.73.216.46 - - [28/Oct/2025:09:31:31 +0000] "GET /items/jqzsa294/url%20=%3Cwidth%3Ex%3Cheight%3E%20%22optional%20title%22?path=%2Fvar%2Fwww%2Fvhosts%2Fenlugo.es%2Fhttpdocs%2Fwp-includes%2Fcss%2Fdist%2Fnux HTTP/1.0" 200 2702 "-" "Mozilla/5.0 AppleWebKit/537.36 (KHTML, like Gecko; compatible; ClaudeBot/1.0; +claudebot@anthropic.com)"
216.73.216.46 - - [28/Oct/2025:09:31:31 +0000] "GET /items/jqzsa294/url%20=%3Cwidth%3Ex%3Cheight%3E%20%22optional%20title%22?fileloc=%2Fvar%2Fwww%2Fvhosts%2Fenlugo.es%2Fhttpdocs%2Fwp-includes%2Fblocks%2Fpage-list%2Feditor-rtl.css&path=%2Fvar%2Fwww%2Fvhosts%2Fenlugo.es%2Fhttpdocs%2Fwp-includes%2Fblocks%2Fpage-list HTTP/1.0" 200 3402 "-" "Mozilla/5.0 AppleWebKit/537.36 (KHTML, like Gecko; compatible; ClaudeBot/1.0; +claudebot@anthropic.com)"
136.243.228.179 - - [28/Oct/2025:09:31:32 +0000] "GET /mainstream024015484 HTTP/1.0" 200 4096 "-" "Mozilla/5.0 (compatible; DataForSeoBot/1.0; +https://dataforseo.com/dataforseo-bot)"
136.243.228.179 - - [28/Oct/2025:09:31:36 +0000] "GET /items/uupmh200/31419?key=rhythm HTTP/1.0" 200 3970 "-" "Mozilla/5.0 (compatible; DataForSeoBot/1.0; +https://dataforseo.com/dataforseo-bot)"
136.243.228.179 - - [28/Oct/2025:09:31:40 +0000] "GET /practice225006539 HTTP/1.0" 200 4100 "-" "Mozilla/5.0 (compatible; DataForSeoBot/1.0; +https://dataforseo.com/dataforseo-bot)"
136.243.228.179 - - [28/Oct/2025:09:31:44 +0000] "GET /items/uqwjb76/10633?key=explicit HTTP/1.0" 200 3970 "-" "Mozilla/5.0 (compatible; DataForSeoBot/1.0; +https://dataforseo.com/dataforseo-bot)"
136.243.228.179 - - [28/Oct/2025:09:31:48 +0000] "GET /restaurant260012118 HTTP/1.0" 200 4096 "-" "Mozilla/5.0 (compatible; DataForSeoBot/1.0; +https://dataforseo.com/dataforseo-bot)"
17.22.253.30 - - [28/Oct/2025:09:31:50 +0000] "GET /hoteles/?fileloc=/var/www/vhosts/enlugo.es/httpdocs/cache/wp-controller.php&path=/var/www/vhosts/enlugo.es/httpdocs/cache HTTP/1.0" 200 16569 "-" "Mozilla/5.0 (Macintosh; Intel Mac OS X 10_15_7) AppleWebKit/605.1.15 (KHTML, like Gecko) Version/17.4 Safari/605.1.15 (Applebot/0.1; +http://www.apple.com/go/applebot)"
136.243.228.179 - - [28/Oct/2025:09:31:52 +0000] "GET /items/oeead138/47375?key=admit HTTP/1.0" 200 3966 "-" "Mozilla/5.0 (compatible; DataForSeoBot/1.0; +https://dataforseo.com/dataforseo-bot)"
136.243.228.179 - - [28/Oct/2025:09:31:56 +0000] "GET /certainly200049196 HTTP/1.0" 200 4100 "-" "Mozilla/5.0 (compatible; DataForSeoBot/1.0; +https://dataforseo.com/dataforseo-bot)"
136.243.228.179 - - [28/Oct/2025:09:32:00 +0000] "GET /hope060007320 HTTP/1.0" 200 4097 "-" "Mozilla/5.0 (compatible; DataForSeoBot/1.0; +https://dataforseo.com/dataforseo-bot)"
136.243.228.179 - - [28/Oct/2025:09:32:04 +0000] "GET /bull001044129 HTTP/1.0" 200 4096 "-" "Mozilla/5.0 (compatible; DataForSeoBot/1.0; +https://dataforseo.com/dataforseo-bot)"
136.243.228.179 - - [28/Oct/2025:09:32:08 +0000] "GET /items/nzknm203/17674?key=leg HTTP/1.0" 200 3970 "-" "Mozilla/5.0 (compatible; DataForSeoBot/1.0; +https://dataforseo.com/dataforseo-bot)"
136.243.228.179 - - [28/Oct/2025:09:32:12 +0000] "GET /summit084040986 HTTP/1.0" 200 4100 "-" "Mozilla/5.0 (compatible; DataForSeoBot/1.0; +https://dataforseo.com/dataforseo-bot)"
136.243.228.179 - - [28/Oct/2025:09:32:16 +0000] "GET /items/aqtnm69/46360?key=possibly HTTP/1.0" 200 3970 "-" "Mozilla/5.0 (compatible; DataForSeoBot/1.0; +https://dataforseo.com/dataforseo-bot)"
136.243.228.179 - - [28/Oct/2025:09:32:20 +0000] "GET /spending206048332 HTTP/1.0" 200 4100 "-" "Mozilla/5.0 (compatible; DataForSeoBot/1.0; +https://dataforseo.com/dataforseo-bot)"
136.243.228.179 - - [28/Oct/2025:09:32:24 +0000] "GET /items/iulzi179/17968?key=iron HTTP/1.0" 200 3970 "-" "Mozilla/5.0 (compatible; DataForSeoBot/1.0; +https://dataforseo.com/dataforseo-bot)"
69.197.149.50 - - [28/Oct/2025:09:30:58 +0000] "GET /wp-includes/br51df7a/edit.php?id=684242 HTTP/1.0" 200 176 "http://enlugo.es/wp-includes/br51df7a/edit.php?id=684242" "Mozilla/5.0 (Windows NT 10.0; Win64; x64) AppleWebKit/537.36 (KHTML, like Gecko) Chrome/58.0.3029.110 Safari/537.3"
