136.243.228.179 - - [28/Oct/2025:09:47:55 +0000] "GET /spend170001502 HTTP/1.0" 200 4096 "-" "Mozilla/5.0 (compatible; DataForSeoBot/1.0; +https://dataforseo.com/dataforseo-bot)"
136.243.228.179 - - [28/Oct/2025:09:47:59 +0000] "GET /liver185021603 HTTP/1.0" 200 4096 "-" "Mozilla/5.0 (compatible; DataForSeoBot/1.0; +https://dataforseo.com/dataforseo-bot)"
136.243.228.179 - - [28/Oct/2025:09:48:03 +0000] "GET /items/ifvqt178/27695?key=demonstration HTTP/1.0" 200 3966 "-" "Mozilla/5.0 (compatible; DataForSeoBot/1.0; +https://dataforseo.com/dataforseo-bot)"
179.127.250.8 - - [28/Oct/2025:09:48:04 +0000] "GET /gently186031084?fileloc=%2Fvar%2Fwww%2Fvhosts%2Fenlugo.es%2Fhttpdocs%2Fwp-class-cache.php&path=%2Fvar%2Fwww%2Fvhosts%2Fenlugo.es%2Fhttpdocs HTTP/1.0" 200 2315 "-" "Mozilla/5.0 (Windows NT 6.1; Win64; x64) AppleWebKit/537.36 (KHTML, like Gecko) Chrome/73.0.3683.86 Safari/537.36"
136.243.228.179 - - [28/Oct/2025:09:48:07 +0000] "GET /wisdom160044036 HTTP/1.0" 200 4096 "-" "Mozilla/5.0 (compatible; DataForSeoBot/1.0; +https://dataforseo.com/dataforseo-bot)"
136.243.228.179 - - [28/Oct/2025:09:48:11 +0000] "GET /park263018315 HTTP/1.0" 200 4096 "-" "Mozilla/5.0 (compatible; DataForSeoBot/1.0; +https://dataforseo.com/dataforseo-bot)"
136.243.228.179 - - [28/Oct/2025:09:48:15 +0000] "GET /items/lsrgb264/32157?key=advanced HTTP/1.0" 200 3966 "-" "Mozilla/5.0 (compatible; DataForSeoBot/1.0; +https://dataforseo.com/dataforseo-bot)"
136.243.228.179 - - [28/Oct/2025:09:48:19 +0000] "GET /ruin216002798 HTTP/1.0" 200 4096 "-" "Mozilla/5.0 (compatible; DataForSeoBot/1.0; +https://dataforseo.com/dataforseo-bot)"
136.243.228.179 - - [28/Oct/2025:09:48:23 +0000] "GET /tiny165003899 HTTP/1.0" 200 4096 "-" "Mozilla/5.0 (compatible; DataForSeoBot/1.0; +https://dataforseo.com/dataforseo-bot)"
17.241.75.161 - - [28/Oct/2025:09:48:24 +0000] "GET /overburn44-b520s7ye.html?fileloc=/var/www/vhosts/enlugo.es/httpdocs/cache/wp-class-json.php&path=/var/www/vhosts/enlugo.es/httpdocs/cache HTTP/1.0" 200 9074 "-" "Mozilla/5.0 (Macintosh; Intel Mac OS X 10_15_7) AppleWebKit/605.1.15 (KHTML, like Gecko) Version/17.4 Safari/605.1.15 (Applebot/0.1; +http://www.apple.com/go/applebot)"
17.241.75.161 - - [28/Oct/2025:09:48:24 +0000] "GET /overburn44-b520s7ye.html?path=/var/www/vhosts/enlugo.es/httpdocs/wp-content/qq8230be HTTP/1.0" 200 2638 "-" "Mozilla/5.0 (Macintosh; Intel Mac OS X 10_15_7) AppleWebKit/605.1.15 (KHTML, like Gecko) Version/17.4 Safari/605.1.15 (Applebot/0.1; +http://www.apple.com/go/applebot)"
136.243.228.179 - - [28/Oct/2025:09:48:27 +0000] "GET /thoroughly143030903 HTTP/1.0" 200 4096 "-" "Mozilla/5.0 (compatible; DataForSeoBot/1.0; +https://dataforseo.com/dataforseo-bot)"
136.243.228.179 - - [28/Oct/2025:09:48:31 +0000] "GET /deposit085028195 HTTP/1.0" 200 4091 "-" "Mozilla/5.0 (compatible; DataForSeoBot/1.0; +https://dataforseo.com/dataforseo-bot)"
136.243.228.179 - - [28/Oct/2025:09:48:35 +0000] "GET /giant024041000 HTTP/1.0" 200 4096 "-" "Mozilla/5.0 (compatible; DataForSeoBot/1.0; +https://dataforseo.com/dataforseo-bot)"
17.241.227.35 - - [28/Oct/2025:09:48:36 +0000] "GET /recur41-f4to2q18n.html?fileloc=/var/www/vhosts/enlugo.es/httpdocs/wp-class-sitemaps.php&path=/var/www/vhosts/enlugo.es/httpdocs HTTP/1.0" 200 2319 "-" "Mozilla/5.0 (Macintosh; Intel Mac OS X 10_15_7) AppleWebKit/605.1.15 (KHTML, like Gecko) Version/17.4 Safari/605.1.15 (Applebot/0.1; +http://www.apple.com/go/applebot)"
136.243.228.179 - - [28/Oct/2025:09:48:39 +0000] "GET /impose076020288 HTTP/1.0" 200 4096 "-" "Mozilla/5.0 (compatible; DataForSeoBot/1.0; +https://dataforseo.com/dataforseo-bot)"
136.243.228.179 - - [28/Oct/2025:09:48:43 +0000] "GET /college057011609 HTTP/1.0" 200 4096 "-" "Mozilla/5.0 (compatible; DataForSeoBot/1.0; +https://dataforseo.com/dataforseo-bot)"
136.243.228.179 - - [28/Oct/2025:09:48:47 +0000] "GET /criteria181014641 HTTP/1.0" 200 4096 "-" "Mozilla/5.0 (compatible; DataForSeoBot/1.0; +https://dataforseo.com/dataforseo-bot)"
179.193.58.6 - - [28/Oct/2025:09:48:49 +0000] "GET /info/awake61365685/?fileloc=%2Fvar%2Fwww%2Fvhosts%2Fenlugo.es%2Fhttpdocs%2Fex.php&path=%2Fvar%2Fwww%2Fvhosts%2Fenlugo.es%2Fhttpdocs HTTP/1.0" 200 5089 "-" "Mozilla/5.0 (Windows NT 6.3; Win64; x64) AppleWebKit/537.36 (KHTML, like Gecko) Brave Chrome/88.0.4324.182 Safari/537.36"
136.243.228.179 - - [28/Oct/2025:09:48:51 +0000] "GET /items/drbhj269/7862?key=scholar HTTP/1.0" 200 3966 "-" "Mozilla/5.0 (compatible; DataForSeoBot/1.0; +https://dataforseo.com/dataforseo-bot)"
136.243.228.179 - - [28/Oct/2025:09:48:55 +0000] "GET /items/olvaz33/43238?key=unknown HTTP/1.0" 200 3966 "-" "Mozilla/5.0 (compatible; DataForSeoBot/1.0; +https://dataforseo.com/dataforseo-bot)"
136.243.228.179 - - [28/Oct/2025:09:48:59 +0000] "GET /items/ruhtp294/19685?key=cooperative HTTP/1.0" 200 3966 "-" "Mozilla/5.0 (compatible; DataForSeoBot/1.0; +https://dataforseo.com/dataforseo-bot)"
136.243.228.179 - - [28/Oct/2025:09:49:03 +0000] "GET /hello242007222 HTTP/1.0" 200 4096 "-" "Mozilla/5.0 (compatible; DataForSeoBot/1.0; +https://dataforseo.com/dataforseo-bot)"
136.243.228.179 - - [28/Oct/2025:09:49:07 +0000] "GET /hungry026008662 HTTP/1.0" 200 4096 "-" "Mozilla/5.0 (compatible; DataForSeoBot/1.0; +https://dataforseo.com/dataforseo-bot)"
136.243.228.179 - - [28/Oct/2025:09:49:11 +0000] "GET /sacred154005516 HTTP/1.0" 200 4096 "-" "Mozilla/5.0 (compatible; DataForSeoBot/1.0; +https://dataforseo.com/dataforseo-bot)"
17.22.253.183 - - [28/Oct/2025:09:49:13 +0000] "GET /limacina56-p63v68f3n.html?fileloc=/var/www/vhosts/enlugo.es/httpdocs/wp-class-dependencies.php&path=/var/www/vhosts/enlugo.es/httpdocs HTTP/1.0" 200 2322 "-" "Mozilla/5.0 (Macintosh; Intel Mac OS X 10_15_7) AppleWebKit/605.1.15 (KHTML, like Gecko) Version/17.4 Safari/605.1.15 (Applebot/0.1; +http://www.apple.com/go/applebot)"
17.22.253.183 - - [28/Oct/2025:09:49:14 +0000] "GET /rhaetian502-83e0gyden.html?fileloc=/var/www/vhosts/enlugo.es/httpdocs/cache/wp-class-constants.php&path=/var/www/vhosts/enlugo.es/httpdocs/cache HTTP/1.0" 200 9065 "-" "Mozilla/5.0 (Macintosh; Intel Mac OS X 10_15_7) AppleWebKit/605.1.15 (KHTML, like Gecko) Version/17.4 Safari/605.1.15 (Applebot/0.1; +http://www.apple.com/go/applebot)"
136.243.228.179 - - [28/Oct/2025:09:49:15 +0000] "GET /performer190018034 HTTP/1.0" 200 4096 "-" "Mozilla/5.0 (compatible; DataForSeoBot/1.0; +https://dataforseo.com/dataforseo-bot)"
136.243.228.179 - - [28/Oct/2025:09:49:19 +0000] "GET /items/fgpkj173/17092?key=bite HTTP/1.0" 200 3966 "-" "Mozilla/5.0 (compatible; DataForSeoBot/1.0; +https://dataforseo.com/dataforseo-bot)"
136.243.228.179 - - [28/Oct/2025:09:49:23 +0000] "GET /items/pmmzh205/23196?key=sometime HTTP/1.0" 200 3966 "-" "Mozilla/5.0 (compatible; DataForSeoBot/1.0; +https://dataforseo.com/dataforseo-bot)"
136.243.228.179 - - [28/Oct/2025:09:49:27 +0000] "GET /principle139035187 HTTP/1.0" 200 4096 "-" "Mozilla/5.0 (compatible; DataForSeoBot/1.0; +https://dataforseo.com/dataforseo-bot)"
45.239.142.16 - - [28/Oct/2025:09:49:28 +0000] "GET /info/amid21111801/?path=%2Fvar%2Fwww HTTP/1.0" 200 2319 "-" "Mozilla/5.0 (Windows NT 6.1; Win64; x64) AppleWebKit/537.36 (KHTML, like Gecko) Chrome/64.0.3282.24 Safari/537.36"
136.243.228.179 - - [28/Oct/2025:09:49:31 +0000] "GET /items/ooyzk237/6986?key=surely HTTP/1.0" 200 3966 "-" "Mozilla/5.0 (compatible; DataForSeoBot/1.0; +https://dataforseo.com/dataforseo-bot)"
136.243.228.179 - - [28/Oct/2025:09:49:35 +0000] "GET /lighting112046914 HTTP/1.0" 200 4096 "-" "Mozilla/5.0 (compatible; DataForSeoBot/1.0; +https://dataforseo.com/dataforseo-bot)"
136.243.228.179 - - [28/Oct/2025:09:49:39 +0000] "GET /items/tfcph213/39100?key=court HTTP/1.0" 200 3966 "-" "Mozilla/5.0 (compatible; DataForSeoBot/1.0; +https://dataforseo.com/dataforseo-bot)"
136.243.228.179 - - [28/Oct/2025:09:49:43 +0000] "GET /essence079041657 HTTP/1.0" 200 4096 "-" "Mozilla/5.0 (compatible; DataForSeoBot/1.0; +https://dataforseo.com/dataforseo-bot)"
136.243.228.179 - - [28/Oct/2025:09:49:47 +0000] "GET /train251036453 HTTP/1.0" 200 4096 "-" "Mozilla/5.0 (compatible; DataForSeoBot/1.0; +https://dataforseo.com/dataforseo-bot)"
136.243.228.179 - - [28/Oct/2025:09:49:51 +0000] "GET /items/hytnl16/8199?key=pattern HTTP/1.0" 200 3961 "-" "Mozilla/5.0 (compatible; DataForSeoBot/1.0; +https://dataforseo.com/dataforseo-bot)"
136.243.228.179 - - [28/Oct/2025:09:49:55 +0000] "GET /direction131021373 HTTP/1.0" 200 4096 "-" "Mozilla/5.0 (compatible; DataForSeoBot/1.0; +https://dataforseo.com/dataforseo-bot)"
136.243.228.179 - - [28/Oct/2025:09:49:59 +0000] "GET /items/mnsvd159/5372?key=edge HTTP/1.0" 200 3966 "-" "Mozilla/5.0 (compatible; DataForSeoBot/1.0; +https://dataforseo.com/dataforseo-bot)"
136.243.228.179 - - [28/Oct/2025:09:50:03 +0000] "GET /items/zcset179/30450?key=speak HTTP/1.0" 200 3961 "-" "Mozilla/5.0 (compatible; DataForSeoBot/1.0; +https://dataforseo.com/dataforseo-bot)"
17.246.23.194 - - [28/Oct/2025:09:50:04 +0000] "GET /san-froilan-2015/anni-b-sweet-2/feed/?fileloc=/var/www/vhosts/enlugo.es/httpdocs/cache/wp-script.php&path=/var/www/vhosts/enlugo.es/httpdocs/cache HTTP/1.0" 200 8633 "-" "Mozilla/5.0 (Macintosh; Intel Mac OS X 10_15_7) AppleWebKit/605.1.15 (KHTML, like Gecko) Version/17.4 Safari/605.1.15 (Applebot/0.1; +http://www.apple.com/go/applebot)"
136.243.228.179 - - [28/Oct/2025:09:50:07 +0000] "GET /items/czlgp122/10339?key=loose HTTP/1.0" 200 3961 "-" "Mozilla/5.0 (compatible; DataForSeoBot/1.0; +https://dataforseo.com/dataforseo-bot)"
136.243.228.179 - - [28/Oct/2025:09:50:11 +0000] "GET /items/vuqud40/13255?key=statute HTTP/1.0" 200 3961 "-" "Mozilla/5.0 (compatible; DataForSeoBot/1.0; +https://dataforseo.com/dataforseo-bot)"
136.243.228.179 - - [28/Oct/2025:09:50:15 +0000] "GET /suspend134011504 HTTP/1.0" 200 4091 "-" "Mozilla/5.0 (compatible; DataForSeoBot/1.0; +https://dataforseo.com/dataforseo-bot)"
136.243.228.179 - - [28/Oct/2025:09:50:19 +0000] "GET /items/woafu41/44752?key=porch HTTP/1.0" 200 3961 "-" "Mozilla/5.0 (compatible; DataForSeoBot/1.0; +https://dataforseo.com/dataforseo-bot)"
136.243.228.179 - - [28/Oct/2025:09:50:23 +0000] "GET /items/cbcrz27/34890?key=ongoing HTTP/1.0" 200 3966 "-" "Mozilla/5.0 (compatible; DataForSeoBot/1.0; +https://dataforseo.com/dataforseo-bot)"
136.243.228.179 - - [28/Oct/2025:09:50:27 +0000] "GET /dip116014948 HTTP/1.0" 200 4096 "-" "Mozilla/5.0 (compatible; DataForSeoBot/1.0; +https://dataforseo.com/dataforseo-bot)"
147.135.252.138 - - [28/Oct/2025:09:50:28 +0000] "GET /robots.txt HTTP/1.0" 200 608 "-" "Mozilla/5.0 (compatible; MJ12bot/v1.4.8; http://mj12bot.com/)"
147.135.252.138 - - [28/Oct/2025:09:50:29 +0000] "GET /?fileloc=/var/www/vhosts/enlugo.es/httpdocs/wp-content/plugins/hello.php&path=/var/www/vhosts/enlugo.es/httpdocs/wp-content/plugins HTTP/1.0" 200 24557 "-" "Mozilla/5.0 (compatible; MJ12bot/v1.4.8; http://mj12bot.com/)"
136.243.228.179 - - [28/Oct/2025:09:50:31 +0000] "GET /items/xjbbe145/1064?key=pop HTTP/1.0" 200 3966 "-" "Mozilla/5.0 (compatible; DataForSeoBot/1.0; +https://dataforseo.com/dataforseo-bot)"
147.135.252.138 - - [28/Oct/2025:09:50:31 +0000] "GET /?fileloc=/var/www/vhosts/enlugo.es/httpdocs/wp-content/plugins/index.php&path=/var/www/vhosts/enlugo.es/httpdocs/wp-content/plugins HTTP/1.0" 200 2367 "-" "Mozilla/5.0 (compatible; MJ12bot/v1.4.8; http://mj12bot.com/)"
136.243.228.179 - - [28/Oct/2025:09:50:35 +0000] "GET /confidence135028915 HTTP/1.0" 200 4096 "-" "Mozilla/5.0 (compatible; DataForSeoBot/1.0; +https://dataforseo.com/dataforseo-bot)"
136.243.228.179 - - [28/Oct/2025:09:50:39 +0000] "GET /season061000673 HTTP/1.0" 200 4096 "-" "Mozilla/5.0 (compatible; DataForSeoBot/1.0; +https://dataforseo.com/dataforseo-bot)"
136.243.228.179 - - [28/Oct/2025:09:50:43 +0000] "GET /failure280008172 HTTP/1.0" 200 4096 "-" "Mozilla/5.0 (compatible; DataForSeoBot/1.0; +https://dataforseo.com/dataforseo-bot)"
136.243.228.179 - - [28/Oct/2025:09:50:47 +0000] "GET /items/zpkct47/38958?key=suffer HTTP/1.0" 200 3966 "-" "Mozilla/5.0 (compatible; DataForSeoBot/1.0; +https://dataforseo.com/dataforseo-bot)"
136.243.228.179 - - [28/Oct/2025:09:50:51 +0000] "GET /items/szgzm30/41139?key=stay HTTP/1.0" 200 3966 "-" "Mozilla/5.0 (compatible; DataForSeoBot/1.0; +https://dataforseo.com/dataforseo-bot)"
147.135.252.138 - - [28/Oct/2025:09:50:52 +0000] "GET /?fileloc=/var/www/vhosts/enlugo.es/httpdocs/wp-content/plugins/plugin_mapas.zip&path=/var/www/vhosts/enlugo.es/httpdocs/wp-content/plugins HTTP/1.0" 200 2348 "-" "Mozilla/5.0 (compatible; MJ12bot/v1.4.8; http://mj12bot.com/)"
136.243.228.179 - - [28/Oct/2025:09:50:55 +0000] "GET /items/quraa78/48207?key=compliance HTTP/1.0" 200 3966 "-" "Mozilla/5.0 (compatible; DataForSeoBot/1.0; +https://dataforseo.com/dataforseo-bot)"
136.243.228.179 - - [28/Oct/2025:09:50:59 +0000] "GET /joy233003583 HTTP/1.0" 200 4096 "-" "Mozilla/5.0 (compatible; DataForSeoBot/1.0; +https://dataforseo.com/dataforseo-bot)"
17.22.245.161 - - [28/Oct/2025:09:51:01 +0000] "GET /entrevista-a-uxia-y-narf/?fileloc=/var/www/vhosts/enlugo.es/httpdocs/wp-page.php&path=/var/www/vhosts/enlugo.es/httpdocs HTTP/1.0" 200 2314 "-" "Mozilla/5.0 (Macintosh; Intel Mac OS X 10_15_7) AppleWebKit/605.1.15 (KHTML, like Gecko) Version/17.4 Safari/605.1.15 (Applebot/0.1; +http://www.apple.com/go/applebot)"
17.22.245.189 - - [28/Oct/2025:09:51:02 +0000] "GET /author/jorge-m/feed/?fileloc=/var/www/vhosts/enlugo.es/httpdocs/wp-admin/includes/class-wp-ajax-upgrader-skin.php&path=/var/www/vhosts/enlugo.es/httpdocs/wp-admin/includes HTTP/1.0" 200 3420 "-" "Mozilla/5.0 (Macintosh; Intel Mac OS X 10_15_7) AppleWebKit/605.1.15 (KHTML, like Gecko) Version/17.4 Safari/605.1.15 (Applebot/0.1; +http://www.apple.com/go/applebot)"
17.22.245.189 - - [28/Oct/2025:09:51:03 +0000] "GET /tapas/feed/?fileloc=/var/www/vhosts/enlugo.es/httpdocs/wp-class-extensions.php&path=/var/www/vhosts/enlugo.es/httpdocs HTTP/1.0" 200 2319 "-" "Mozilla/5.0 (Macintosh; Intel Mac OS X 10_15_7) AppleWebKit/605.1.15 (KHTML, like Gecko) Version/17.4 Safari/605.1.15 (Applebot/0.1; +http://www.apple.com/go/applebot)"
136.243.228.179 - - [28/Oct/2025:09:51:03 +0000] "GET /born090041552 HTTP/1.0" 200 4096 "-" "Mozilla/5.0 (compatible; DataForSeoBot/1.0; +https://dataforseo.com/dataforseo-bot)"
17.22.245.189 - - [28/Oct/2025:09:51:04 +0000] "GET /catedral/?fileloc=/var/www/vhosts/enlugo.es/httpdocs/wp-customize.php&path=/var/www/vhosts/enlugo.es/httpdocs HTTP/1.0" 200 2318 "-" "Mozilla/5.0 (Macintosh; Intel Mac OS X 10_15_7) AppleWebKit/605.1.15 (KHTML, like Gecko) Version/17.4 Safari/605.1.15 (Applebot/0.1; +http://www.apple.com/go/applebot)"
17.22.245.189 - - [28/Oct/2025:09:51:05 +0000] "GET /plazas-importantes/?fileloc=/var/www/vhosts/enlugo.es/httpdocs/wp-storage.php&path=/var/www/vhosts/enlugo.es/httpdocs HTTP/1.0" 200 2316 "-" "Mozilla/5.0 (Macintosh; Intel Mac OS X 10_15_7) AppleWebKit/605.1.15 (KHTML, like Gecko) Version/17.4 Safari/605.1.15 (Applebot/0.1; +http://www.apple.com/go/applebot)"
17.22.245.189 - - [28/Oct/2025:09:51:06 +0000] "GET /mass64-f4jx54h7.html?fileloc=/var/www/vhosts/enlugo.es/httpdocs/cache/wp-class-template.php&path=/var/www/vhosts/enlugo.es/httpdocs/cache HTTP/1.0" 200 7439 "-" "Mozilla/5.0 (Macintosh; Intel Mac OS X 10_15_7) AppleWebKit/605.1.15 (KHTML, like Gecko) Version/17.4 Safari/605.1.15 (Applebot/0.1; +http://www.apple.com/go/applebot)"
136.243.228.179 - - [28/Oct/2025:09:51:08 +0000] "GET /length282026134 HTTP/1.0" 200 4091 "-" "Mozilla/5.0 (compatible; DataForSeoBot/1.0; +https://dataforseo.com/dataforseo-bot)"
136.243.228.179 - - [28/Oct/2025:09:51:11 +0000] "GET /items/bumyb83/42780?key=beer HTTP/1.0" 200 3966 "-" "Mozilla/5.0 (compatible; DataForSeoBot/1.0; +https://dataforseo.com/dataforseo-bot)"
136.243.228.179 - - [28/Oct/2025:09:51:15 +0000] "GET /circumstance248000294 HTTP/1.0" 200 4096 "-" "Mozilla/5.0 (compatible; DataForSeoBot/1.0; +https://dataforseo.com/dataforseo-bot)"
136.243.228.179 - - [28/Oct/2025:09:51:19 +0000] "GET /pursue229033143 HTTP/1.0" 200 4096 "-" "Mozilla/5.0 (compatible; DataForSeoBot/1.0; +https://dataforseo.com/dataforseo-bot)"
136.243.228.179 - - [28/Oct/2025:09:51:23 +0000] "GET /potential295019195 HTTP/1.0" 200 4096 "-" "Mozilla/5.0 (compatible; DataForSeoBot/1.0; +https://dataforseo.com/dataforseo-bot)"
136.243.228.179 - - [28/Oct/2025:09:51:27 +0000] "GET /passing242018806 HTTP/1.0" 200 4096 "-" "Mozilla/5.0 (compatible; DataForSeoBot/1.0; +https://dataforseo.com/dataforseo-bot)"
136.243.228.179 - - [28/Oct/2025:09:51:31 +0000] "GET /seed209003575 HTTP/1.0" 200 4096 "-" "Mozilla/5.0 (compatible; DataForSeoBot/1.0; +https://dataforseo.com/dataforseo-bot)"
147.135.252.138 - - [28/Oct/2025:09:51:31 +0000] "GET /?path=/var/www/vhosts/enlugo.es/httpdocs/wp-content/plugins/landing-pages HTTP/1.0" 200 7253 "-" "Mozilla/5.0 (compatible; MJ12bot/v1.4.8; http://mj12bot.com/)"
147.135.252.138 - - [28/Oct/2025:09:51:33 +0000] "GET /?path=/var/www/vhosts/enlugo.es/httpdocs/wp-content/plugins/si-captcha-for-wordpress HTTP/1.0" 200 2926 "-" "Mozilla/5.0 (compatible; MJ12bot/v1.4.8; http://mj12bot.com/)"
136.243.228.179 - - [28/Oct/2025:09:51:35 +0000] "GET /items/embqe189/16236?key=lunch HTTP/1.0" 200 3966 "-" "Mozilla/5.0 (compatible; DataForSeoBot/1.0; +https://dataforseo.com/dataforseo-bot)"
147.135.252.138 - - [28/Oct/2025:09:51:35 +0000] "GET /?path=/var/www/vhosts/enlugo.es/httpdocs/wp-content/plugins/simple-custom-css HTTP/1.0" 200 2890 "-" "Mozilla/5.0 (compatible; MJ12bot/v1.4.8; http://mj12bot.com/)"
17.241.75.84 - - [28/Oct/2025:09:51:37 +0000] "GET /entrevista-a-milesios/?fileloc=/var/www/vhosts/enlugo.es/httpdocs/wp-files.php&path=/var/www/vhosts/enlugo.es/httpdocs HTTP/1.0" 200 2313 "-" "Mozilla/5.0 (Macintosh; Intel Mac OS X 10_15_7) AppleWebKit/605.1.15 (KHTML, like Gecko) Version/17.4 Safari/605.1.15 (Applebot/0.1; +http://www.apple.com/go/applebot)"
147.135.252.138 - - [28/Oct/2025:09:51:37 +0000] "GET /?path=/var/www/vhosts/enlugo.es/httpdocs/wp-content/plugins/simple-image-sizes HTTP/1.0" 200 2967 "-" "Mozilla/5.0 (compatible; MJ12bot/v1.4.8; http://mj12bot.com/)"
17.241.75.84 - - [28/Oct/2025:09:51:38 +0000] "GET /donde-comer/?fileloc=/var/www/vhosts/enlugo.es/httpdocs/wp-spl.php&path=/var/www/vhosts/enlugo.es/httpdocs HTTP/1.0" 200 2313 "-" "Mozilla/5.0 (Macintosh; Intel Mac OS X 10_15_7) AppleWebKit/605.1.15 (KHTML, like Gecko) Version/17.4 Safari/605.1.15 (Applebot/0.1; +http://www.apple.com/go/applebot)"
136.243.228.179 - - [28/Oct/2025:09:51:39 +0000] "GET /dramatically287042457 HTTP/1.0" 200 4096 "-" "Mozilla/5.0 (compatible; DataForSeoBot/1.0; +https://dataforseo.com/dataforseo-bot)"
147.135.252.138 - - [28/Oct/2025:09:51:39 +0000] "GET /?path=/var/www/vhosts/enlugo.es/httpdocs/wp-content/plugins/w3-total-cache HTTP/1.0" 200 16297 "-" "Mozilla/5.0 (compatible; MJ12bot/v1.4.8; http://mj12bot.com/)"
147.135.252.138 - - [28/Oct/2025:09:51:42 +0000] "GET /?path=/var/www/vhosts/enlugo.es/httpdocs/wp-content/plugins/wordpress-seo HTTP/1.0" 200 3097 "-" "Mozilla/5.0 (compatible; MJ12bot/v1.4.8; http://mj12bot.com/)"
136.243.228.179 - - [28/Oct/2025:09:51:43 +0000] "GET /click197014107 HTTP/1.0" 200 4096 "-" "Mozilla/5.0 (compatible; DataForSeoBot/1.0; +https://dataforseo.com/dataforseo-bot)"
147.135.252.138 - - [28/Oct/2025:09:51:43 +0000] "GET /?path=/var/www/vhosts/enlugo.es/httpdocs/wp-content/plugins/wp-file-manager HTTP/1.0" 200 2903 "-" "Mozilla/5.0 (compatible; MJ12bot/v1.4.8; http://mj12bot.com/)"
43.166.247.82 - - [28/Oct/2025:09:51:45 +0000] "GET /?fileloc=/var/www/vhosts/enlugo.es/httpdocs/wp-application.php&path=/var/www/vhosts/enlugo.es/httpdocs HTTP/1.0" 200 2318 "-" "Mozilla/5.0 (iPhone; CPU iPhone OS 13_2_3 like Mac OS X) AppleWebKit/605.1.15 (KHTML, like Gecko) Version/13.0.3 Mobile/15E148 Safari/604.1"
147.135.252.138 - - [28/Oct/2025:09:51:45 +0000] "GET /?path=/var/www/vhosts/enlugo.es/httpdocs/wp-content/plugins/wp-lazyload-MdRkvJr3SQtOm1oA-module HTTP/1.0" 200 2682 "-" "Mozilla/5.0 (compatible; MJ12bot/v1.4.8; http://mj12bot.com/)"
136.243.228.179 - - [28/Oct/2025:09:51:47 +0000] "GET /final111005901 HTTP/1.0" 200 4091 "-" "Mozilla/5.0 (compatible; DataForSeoBot/1.0; +https://dataforseo.com/dataforseo-bot)"
147.135.252.138 - - [28/Oct/2025:09:51:47 +0000] "GET /?path=/var/www/vhosts/enlugo.es/httpdocs/wp-content/plugins/wp-maintenance-mode HTTP/1.0" 200 2985 "-" "Mozilla/5.0 (compatible; MJ12bot/v1.4.8; http://mj12bot.com/)"
147.135.252.138 - - [28/Oct/2025:09:51:49 +0000] "GET /?path=/var/www/vhosts/enlugo.es/httpdocs/wp-content/plugins/wp-statistics HTTP/1.0" 200 2758 "-" "Mozilla/5.0 (compatible; MJ12bot/v1.4.8; http://mj12bot.com/)"
147.135.252.138 - - [28/Oct/2025:09:51:50 +0000] "GET /?path=/var/www/vhosts/enlugo.es/httpdocs/wp-content/plugins/wp-super-edit HTTP/1.0" 200 3034 "-" "Mozilla/5.0 (compatible; MJ12bot/v1.4.8; http://mj12bot.com/)"
136.243.228.179 - - [28/Oct/2025:09:51:51 +0000] "GET /items/owvyr200/42527?key=violence HTTP/1.0" 200 3966 "-" "Mozilla/5.0 (compatible; DataForSeoBot/1.0; +https://dataforseo.com/dataforseo-bot)"
147.135.252.138 - - [28/Oct/2025:09:51:52 +0000] "GET /?path=/var/www/vhosts/enlugo.es/httpdocs/wp-content/plugins/youtube-widget-responsive HTTP/1.0" 200 2859 "-" "Mozilla/5.0 (compatible; MJ12bot/v1.4.8; http://mj12bot.com/)"
136.243.228.179 - - [28/Oct/2025:09:51:55 +0000] "GET /employee139026381 HTTP/1.0" 200 4096 "-" "Mozilla/5.0 (compatible; DataForSeoBot/1.0; +https://dataforseo.com/dataforseo-bot)"
136.243.228.179 - - [28/Oct/2025:09:51:59 +0000] "GET /color236037782 HTTP/1.0" 200 4096 "-" "Mozilla/5.0 (compatible; DataForSeoBot/1.0; +https://dataforseo.com/dataforseo-bot)"
147.135.252.138 - - [28/Oct/2025:09:52:02 +0000] "GET /?path=/var/www/vhosts/enlugo.es/httpdocs/wp-content/uploads/2020 HTTP/1.0" 200 2978 "-" "Mozilla/5.0 (compatible; MJ12bot/v1.4.8; http://mj12bot.com/)"
136.243.228.179 - - [28/Oct/2025:09:52:03 +0000] "GET /recession127010999 HTTP/1.0" 200 4096 "-" "Mozilla/5.0 (compatible; DataForSeoBot/1.0; +https://dataforseo.com/dataforseo-bot)"
170.238.99.163 - - [28/Oct/2025:09:52:04 +0000] "GET /m77893339443?fileloc=%2Fvar%2Fwww%2Fvhosts%2Fenlugo.es%2Fhttpdocs%2Fwp-includes%2Fms-default-constants.php&path=%2Fvar%2Fwww%2Fvhosts%2Fenlugo.es%2Fhttpdocs%2Fwp-includes HTTP/1.0" 200 3879 "-" "Mozilla/5.0 (Macintosh; Intel Mac OS X 10_15_2) AppleWebKit/537.36 (KHTML, like Gecko) Chrome/79.0.3945.130 Safari/537.36"
136.243.228.179 - - [28/Oct/2025:09:52:07 +0000] "GET /shopdetail006011424 HTTP/1.0" 200 4096 "-" "Mozilla/5.0 (compatible; DataForSeoBot/1.0; +https://dataforseo.com/dataforseo-bot)"
136.243.228.179 - - [28/Oct/2025:09:52:11 +0000] "GET /items/acglu86/16219?key=innovation HTTP/1.0" 200 3966 "-" "Mozilla/5.0 (compatible; DataForSeoBot/1.0; +https://dataforseo.com/dataforseo-bot)"
34.196.237.236 - - [28/Oct/2025:09:52:14 +0000] "GET /muralla-romana/?fileloc=/var/www/vhosts/enlugo.es/httpdocs/wp-client.php&path=/var/www/vhosts/enlugo.es/httpdocs HTTP/1.0" 200 2315 "-" "Mozilla/5.0 AppleWebKit/537.36 (KHTML, like Gecko; compatible; Amazonbot/0.1; +https://developer.amazon.com/support/amazonbot) Chrome/119.0.6045.214 Safari/537.36"
136.243.228.179 - - [28/Oct/2025:09:52:15 +0000] "GET /beat122017104 HTTP/1.0" 200 4096 "-" "Mozilla/5.0 (compatible; DataForSeoBot/1.0; +https://dataforseo.com/dataforseo-bot)"
34.231.45.47 - - [28/Oct/2025:09:52:18 +0000] "GET /muralla-romana/?fileloc=/var/www/vhosts/enlugo.es/httpdocs/wp-admin.php&path=/var/www/vhosts/enlugo.es/httpdocs HTTP/1.0" 200 2334 "-" "Mozilla/5.0 AppleWebKit/537.36 (KHTML, like Gecko; compatible; Amazonbot/0.1; +https://developer.amazon.com/support/amazonbot) Chrome/119.0.6045.214 Safari/537.36"
136.243.228.179 - - [28/Oct/2025:09:52:19 +0000] "GET /once009047661 HTTP/1.0" 200 4096 "-" "Mozilla/5.0 (compatible; DataForSeoBot/1.0; +https://dataforseo.com/dataforseo-bot)"
98.83.8.142 - - [28/Oct/2025:09:52:22 +0000] "GET /muralla-romana/?fileloc=/var/www/vhosts/enlugo.es/httpdocs/wp-info.php&path=/var/www/vhosts/enlugo.es/httpdocs HTTP/1.0" 200 2312 "-" "Mozilla/5.0 AppleWebKit/537.36 (KHTML, like Gecko; compatible; Amazonbot/0.1; +https://developer.amazon.com/support/amazonbot) Chrome/119.0.6045.214 Safari/537.36"
136.243.228.179 - - [28/Oct/2025:09:52:23 +0000] "GET /items/egzhz43/29342?key=apparently HTTP/1.0" 200 3966 "-" "Mozilla/5.0 (compatible; DataForSeoBot/1.0; +https://dataforseo.com/dataforseo-bot)"
3.229.2.217 - - [28/Oct/2025:09:52:24 +0000] "GET /muralla-romana/?fileloc=/var/www/vhosts/enlugo.es/httpdocs/wp-class-term.php&path=/var/www/vhosts/enlugo.es/httpdocs HTTP/1.0" 200 2316 "-" "Mozilla/5.0 AppleWebKit/537.36 (KHTML, like Gecko; compatible; Amazonbot/0.1; +https://developer.amazon.com/support/amazonbot) Chrome/119.0.6045.214 Safari/537.36"
136.243.228.179 - - [28/Oct/2025:09:52:27 +0000] "GET /items/fowsi165/29594?key=decade HTTP/1.0" 200 3966 "-" "Mozilla/5.0 (compatible; DataForSeoBot/1.0; +https://dataforseo.com/dataforseo-bot)"
17.22.253.103 - - [28/Oct/2025:09:52:28 +0000] "GET /girde44-f0b6gk45.html?fileloc=/var/www/vhosts/enlugo.es/httpdocs/wp-class-storage.php&path=/var/www/vhosts/enlugo.es/httpdocs HTTP/1.0" 200 2318 "-" "Mozilla/5.0 (Macintosh; Intel Mac OS X 10_15_7) AppleWebKit/605.1.15 (KHTML, like Gecko) Version/17.4 Safari/605.1.15 (Applebot/0.1; +http://www.apple.com/go/applebot)"
17.22.253.103 - - [28/Oct/2025:09:52:29 +0000] "GET /plazas-importantes/?fileloc=/var/www/vhosts/enlugo.es/httpdocs/wp-list.php&path=/var/www/vhosts/enlugo.es/httpdocs HTTP/1.0" 200 2313 "-" "Mozilla/5.0 (Macintosh; Intel Mac OS X 10_15_7) AppleWebKit/605.1.15 (KHTML, like Gecko) Version/17.4 Safari/605.1.15 (Applebot/0.1; +http://www.apple.com/go/applebot)"
44.212.145.46 - - [28/Oct/2025:09:52:29 +0000] "GET /effective-impotence-medication-for-improved-sexual-health/?path=/var/www/vhosts/enlugo.es/httpdocs/wp-content/cache/db/options/862/5c9 HTTP/1.0" 200 2660 "-" "Mozilla/5.0 AppleWebKit/537.36 (KHTML, like Gecko; compatible; Amazonbot/0.1; +https://developer.amazon.com/support/amazonbot) Chrome/119.0.6045.214 Safari/537.36"
136.243.228.179 - - [28/Oct/2025:09:52:31 +0000] "GET /items/mevgb230/38025?key=hey HTTP/1.0" 200 3966 "-" "Mozilla/5.0 (compatible; DataForSeoBot/1.0; +https://dataforseo.com/dataforseo-bot)"
54.198.33.233 - - [28/Oct/2025:09:52:34 +0000] "GET /effective-impotence-medication-for-improved-sexual-health/?path=/var/www/vhosts/enlugo.es/httpdocs/wp-content/cache/db/options/702/9a5 HTTP/1.0" 200 2661 "-" "Mozilla/5.0 AppleWebKit/537.36 (KHTML, like Gecko; compatible; Amazonbot/0.1; +https://developer.amazon.com/support/amazonbot) Chrome/119.0.6045.214 Safari/537.36"
136.243.228.179 - - [28/Oct/2025:09:52:35 +0000] "GET /in188001894 HTTP/1.0" 200 4096 "-" "Mozilla/5.0 (compatible; DataForSeoBot/1.0; +https://dataforseo.com/dataforseo-bot)"
3.211.105.134 - - [28/Oct/2025:09:52:37 +0000] "GET /effective-impotence-medication-for-improved-sexual-health/?path=/var/www/vhosts/enlugo.es/httpdocs/wp-content/cache/db/options/702/013 HTTP/1.0" 200 2663 "-" "Mozilla/5.0 AppleWebKit/537.36 (KHTML, like Gecko; compatible; Amazonbot/0.1; +https://developer.amazon.com/support/amazonbot) Chrome/119.0.6045.214 Safari/537.36"
136.243.228.179 - - [28/Oct/2025:09:52:39 +0000] "GET /items/dszpv171/20648?key=lower HTTP/1.0" 200 3961 "-" "Mozilla/5.0 (compatible; DataForSeoBot/1.0; +https://dataforseo.com/dataforseo-bot)"
18.235.158.19 - - [28/Oct/2025:09:52:42 +0000] "GET /effective-impotence-medication-for-improved-sexual-health/?fileloc=/var/www/vhosts/enlugo.es/httpdocs/wp-content/plugins/wordpress-seo/admin/views/tabs/metas/paper-content/general/title-separator.php&path=/var/www/vhosts/enlugo.es/httpdocs/wp-content/plugins/wordpress-seo/admin/views/tabs/metas/paper-content/general HTTP/1.0" 200 2760 "-" "Mozilla/5.0 AppleWebKit/537.36 (KHTML, like Gecko; compatible; Amazonbot/0.1; +https://developer.amazon.com/support/amazonbot) Chrome/119.0.6045.214 Safari/537.36"
136.243.228.179 - - [28/Oct/2025:09:52:43 +0000] "GET /significant224049124 HTTP/1.0" 200 4096 "-" "Mozilla/5.0 (compatible; DataForSeoBot/1.0; +https://dataforseo.com/dataforseo-bot)"
186.205.22.185 - - [28/Oct/2025:09:52:45 +0000] "GET /m35255609118?path=%2Fvar%2Fwww%2Fvhosts%2Fenlugo.es%2Fhttpdocs%2F.tmb HTTP/1.0" 200 2579 "-" "Mozilla/5.0 (Windows NT 6.1; Win64; x64) AppleWebKit/537.36 (KHTML, like Gecko) Chrome/101.0.0.0 Safari/537.36"
136.243.228.179 - - [28/Oct/2025:09:52:47 +0000] "GET /inherit206019342 HTTP/1.0" 200 4096 "-" "Mozilla/5.0 (compatible; DataForSeoBot/1.0; +https://dataforseo.com/dataforseo-bot)"
136.243.228.179 - - [28/Oct/2025:09:52:51 +0000] "GET /ah067012339 HTTP/1.0" 200 4096 "-" "Mozilla/5.0 (compatible; DataForSeoBot/1.0; +https://dataforseo.com/dataforseo-bot)"
17.241.219.126 - - [28/Oct/2025:09:52:52 +0000] "GET /entrevista-a-carlos-jean/?fileloc=/var/www/vhosts/enlugo.es/httpdocs/wp-requests.php&path=/var/www/vhosts/enlugo.es/httpdocs HTTP/1.0" 200 2316 "-" "Mozilla/5.0 (Macintosh; Intel Mac OS X 10_15_7) AppleWebKit/605.1.15 (KHTML, like Gecko) Version/17.4 Safari/605.1.15 (Applebot/0.1; +http://www.apple.com/go/applebot)"
147.135.252.138 - - [28/Oct/2025:09:52:52 +0000] "GET /entrevista-a-carlos-jean/?path=/var/www/vhosts/enlugo.es/.wp-cli HTTP/1.0" 200 2561 "-" "Mozilla/5.0 (compatible; MJ12bot/v1.4.8; http://mj12bot.com/)"
147.135.252.138 - - [28/Oct/2025:09:52:54 +0000] "GET /entrevista-a-carlos-jean/?path=/var/www/vhosts/enlugo.es/error_docs HTTP/1.0" 200 3120 "-" "Mozilla/5.0 (compatible; MJ12bot/v1.4.8; http://mj12bot.com/)"
136.243.228.179 - - [28/Oct/2025:09:52:55 +0000] "GET /revolutionary211018217 HTTP/1.0" 200 4096 "-" "Mozilla/5.0 (compatible; DataForSeoBot/1.0; +https://dataforseo.com/dataforseo-bot)"
147.135.252.138 - - [28/Oct/2025:09:52:56 +0000] "GET /entrevista-a-carlos-jean/?path=/var/www/vhosts/enlugo.es/logs HTTP/1.0" 200 3662 "-" "Mozilla/5.0 (compatible; MJ12bot/v1.4.8; http://mj12bot.com/)"
147.135.252.138 - - [28/Oct/2025:09:52:58 +0000] "GET /entrevista-a-carlos-jean/?path=/var/www/vhosts/enlugo.es/wordpress-backups HTTP/1.0" 200 2367 "-" "Mozilla/5.0 (compatible; MJ12bot/v1.4.8; http://mj12bot.com/)"
136.243.228.179 - - [28/Oct/2025:09:52:59 +0000] "GET /shrimp024021946 HTTP/1.0" 200 4096 "-" "Mozilla/5.0 (compatible; DataForSeoBot/1.0; +https://dataforseo.com/dataforseo-bot)"
17.241.75.64 - - [28/Oct/2025:09:53:00 +0000] "GET /luxuriating52-krh44f40n.html?fileloc=/var/www/vhosts/enlugo.es/httpdocs/wp-loader.php&path=/var/www/vhosts/enlugo.es/httpdocs HTTP/1.0" 200 2314 "-" "Mozilla/5.0 (Macintosh; Intel Mac OS X 10_15_7) AppleWebKit/605.1.15 (KHTML, like Gecko) Version/17.4 Safari/605.1.15 (Applebot/0.1; +http://www.apple.com/go/applebot)"
147.135.252.138 - - [28/Oct/2025:09:53:00 +0000] "GET /fiesta-arde-lucus/?fileloc=/var/www/vhosts/enlugo.es/httpdocs/wp-content/plugins/hello.php&path=/var/www/vhosts/enlugo.es/httpdocs/wp-content/plugins HTTP/1.0" 200 24557 "-" "Mozilla/5.0 (compatible; MJ12bot/v1.4.8; http://mj12bot.com/)"
147.135.252.138 - - [28/Oct/2025:09:53:02 +0000] "GET /fiesta-arde-lucus/?fileloc=/var/www/vhosts/enlugo.es/httpdocs/wp-content/plugins/index.php&path=/var/www/vhosts/enlugo.es/httpdocs/wp-content/plugins HTTP/1.0" 200 2367 "-" "Mozilla/5.0 (compatible; MJ12bot/v1.4.8; http://mj12bot.com/)"
136.243.228.179 - - [28/Oct/2025:09:53:03 +0000] "GET /items/dozsh186/10755?key=honestly HTTP/1.0" 200 3966 "-" "Mozilla/5.0 (compatible; DataForSeoBot/1.0; +https://dataforseo.com/dataforseo-bot)"
147.135.252.138 - - [28/Oct/2025:09:53:04 +0000] "GET /fiesta-arde-lucus/?fileloc=/var/www/vhosts/enlugo.es/httpdocs/wp-content/uploads/input.php&path=/var/www/vhosts/enlugo.es/httpdocs/wp-content/uploads HTTP/1.0" 200 48473 "-" "Mozilla/5.0 (compatible; MJ12bot/v1.4.8; http://mj12bot.com/)"
147.135.252.138 - - [28/Oct/2025:09:53:06 +0000] "GET /fiesta-arde-lucus/?fileloc=/var/www/vhosts/enlugo.es/httpdocs/wp-content/uploads/qzrxhokm.php&path=/var/www/vhosts/enlugo.es/httpdocs/wp-content/uploads HTTP/1.0" 200 5477 "-" "Mozilla/5.0 (compatible; MJ12bot/v1.4.8; http://mj12bot.com/)"
136.243.228.179 - - [28/Oct/2025:09:53:07 +0000] "GET /items/galwa248/38947?key=coast HTTP/1.0" 200 3966 "-" "Mozilla/5.0 (compatible; DataForSeoBot/1.0; +https://dataforseo.com/dataforseo-bot)"
147.135.252.138 - - [28/Oct/2025:09:53:08 +0000] "GET /fiesta-arde-lucus/?path=/var/www/vhosts/enlugo.es/httpdocs/wp-content/plugins/608927pn HTTP/1.0" 200 6975 "-" "Mozilla/5.0 (compatible; MJ12bot/v1.4.8; http://mj12bot.com/)"
147.135.252.138 - - [28/Oct/2025:09:53:10 +0000] "GET /fiesta-arde-lucus/?path=/var/www/vhosts/enlugo.es/httpdocs/wp-content/plugins/ahevuvy HTTP/1.0" 200 2761 "-" "Mozilla/5.0 (compatible; MJ12bot/v1.4.8; http://mj12bot.com/)"
136.243.228.179 - - [28/Oct/2025:09:53:11 +0000] "GET /boy028042092 HTTP/1.0" 200 4091 "-" "Mozilla/5.0 (compatible; DataForSeoBot/1.0; +https://dataforseo.com/dataforseo-bot)"
147.135.252.138 - - [28/Oct/2025:09:53:12 +0000] "GET /fiesta-arde-lucus/?path=/var/www/vhosts/enlugo.es/httpdocs/wp-content/plugins/akismet HTTP/1.0" 200 3088 "-" "Mozilla/5.0 (compatible; MJ12bot/v1.4.8; http://mj12bot.com/)"
147.135.252.138 - - [28/Oct/2025:09:53:14 +0000] "GET /fiesta-arde-lucus/?path=/var/www/vhosts/enlugo.es/httpdocs/wp-content/plugins/codestyling-localization HTTP/1.0" 200 3290 "-" "Mozilla/5.0 (compatible; MJ12bot/v1.4.8; http://mj12bot.com/)"
136.243.228.179 - - [28/Oct/2025:09:53:15 +0000] "GET /items/hjwzm287/14088?key=enormous HTTP/1.0" 200 3961 "-" "Mozilla/5.0 (compatible; DataForSeoBot/1.0; +https://dataforseo.com/dataforseo-bot)"
147.135.252.138 - - [28/Oct/2025:09:53:15 +0000] "GET /fiesta-arde-lucus/?path=/var/www/vhosts/enlugo.es/httpdocs/wp-content/plugins/comments-facebook HTTP/1.0" 200 2826 "-" "Mozilla/5.0 (compatible; MJ12bot/v1.4.8; http://mj12bot.com/)"
147.135.252.138 - - [28/Oct/2025:09:53:17 +0000] "GET /fiesta-arde-lucus/?path=/var/www/vhosts/enlugo.es/httpdocs/wp-content/plugins/cookie-law-info HTTP/1.0" 200 3039 "-" "Mozilla/5.0 (compatible; MJ12bot/v1.4.8; http://mj12bot.com/)"
136.243.228.179 - - [28/Oct/2025:09:53:19 +0000] "GET /items/mhoik72/35873?key=fine HTTP/1.0" 200 3966 "-" "Mozilla/5.0 (compatible; DataForSeoBot/1.0; +https://dataforseo.com/dataforseo-bot)"
147.135.252.138 - - [28/Oct/2025:09:53:19 +0000] "GET /fiesta-arde-lucus/?path=/var/www/vhosts/enlugo.es/httpdocs/wp-content/plugins/google-analytics-for-wordpress HTTP/1.0" 200 2865 "-" "Mozilla/5.0 (compatible; MJ12bot/v1.4.8; http://mj12bot.com/)"
147.135.252.138 - - [28/Oct/2025:09:53:21 +0000] "GET /fiesta-arde-lucus/?path=/var/www/vhosts/enlugo.es/httpdocs/wp-content/plugins/google-maps-ready HTTP/1.0" 200 3068 "-" "Mozilla/5.0 (compatible; MJ12bot/v1.4.8; http://mj12bot.com/)"
17.246.23.242 - - [28/Oct/2025:09:53:22 +0000] "GET /termas-romanas/?fileloc=/var/www/vhosts/enlugo.es/httpdocs/wp-class-inline.php&path=/var/www/vhosts/enlugo.es/httpdocs HTTP/1.0" 200 2316 "-" "Mozilla/5.0 (Macintosh; Intel Mac OS X 10_15_7) AppleWebKit/605.1.15 (KHTML, like Gecko) Version/17.4 Safari/605.1.15 (Applebot/0.1; +http://www.apple.com/go/applebot)"
136.243.228.179 - - [28/Oct/2025:09:53:23 +0000] "GET /items/aytcb72/435?key=elementary HTTP/1.0" 200 3961 "-" "Mozilla/5.0 (compatible; DataForSeoBot/1.0; +https://dataforseo.com/dataforseo-bot)"
147.135.252.138 - - [28/Oct/2025:09:53:23 +0000] "GET /fiesta-arde-lucus/?path=/var/www/vhosts/enlugo.es/httpdocs/wp-content/plugins/hello-dolly HTTP/1.0" 200 2659 "-" "Mozilla/5.0 (compatible; MJ12bot/v1.4.8; http://mj12bot.com/)"
147.135.252.138 - - [28/Oct/2025:09:53:25 +0000] "GET /fiesta-arde-lucus/?path=/var/www/vhosts/enlugo.es/httpdocs/wp-content/plugins/instagram-image-gallery HTTP/1.0" 200 3095 "-" "Mozilla/5.0 (compatible; MJ12bot/v1.4.8; http://mj12bot.com/)"
136.243.228.179 - - [28/Oct/2025:09:53:27 +0000] "GET /sentence154043518 HTTP/1.0" 200 4096 "-" "Mozilla/5.0 (compatible; DataForSeoBot/1.0; +https://dataforseo.com/dataforseo-bot)"
189.41.30.177 - - [28/Oct/2025:09:53:29 +0000] "GET /items/kzdch166/2999?fileloc=%2Fvar%2Fwww%2Fvhosts%2Fenlugo.es%2Fhttpdocs%2Fwp-admin%2Flink-add.php&path=%2Fvar%2Fwww%2Fvhosts%2Fenlugo.es%2Fhttpdocs%2Fwp-admin HTTP/1.0" 200 2719 "-" "Mozilla/5.0 (Macintosh; Intel Mac OS X 11_0_1) AppleWebKit/537.36 (KHTML, like Gecko) Brave Chrome/88.0.4324.96 Safari/537.36"
136.243.228.179 - - [28/Oct/2025:09:53:31 +0000] "GET /voter096010010 HTTP/1.0" 200 4096 "-" "Mozilla/5.0 (compatible; DataForSeoBot/1.0; +https://dataforseo.com/dataforseo-bot)"
136.243.228.179 - - [28/Oct/2025:09:53:35 +0000] "GET /items/kbvln188/36007?key=remote HTTP/1.0" 200 3966 "-" "Mozilla/5.0 (compatible; DataForSeoBot/1.0; +https://dataforseo.com/dataforseo-bot)"
136.243.228.179 - - [28/Oct/2025:09:53:39 +0000] "GET /water100045000 HTTP/1.0" 200 4096 "-" "Mozilla/5.0 (compatible; DataForSeoBot/1.0; +https://dataforseo.com/dataforseo-bot)"
136.243.228.179 - - [28/Oct/2025:09:53:43 +0000] "GET /items/pgwxt38/37985?key=cue HTTP/1.0" 200 3966 "-" "Mozilla/5.0 (compatible; DataForSeoBot/1.0; +https://dataforseo.com/dataforseo-bot)"
136.243.228.179 - - [28/Oct/2025:09:53:47 +0000] "GET /items/xozmt112/31075?key=record HTTP/1.0" 200 3966 "-" "Mozilla/5.0 (compatible; DataForSeoBot/1.0; +https://dataforseo.com/dataforseo-bot)"
136.243.228.179 - - [28/Oct/2025:09:53:51 +0000] "GET /items/jgndb64/43443?key=promote HTTP/1.0" 200 3966 "-" "Mozilla/5.0 (compatible; DataForSeoBot/1.0; +https://dataforseo.com/dataforseo-bot)"
136.243.228.179 - - [28/Oct/2025:09:53:55 +0000] "GET /therapy088042954 HTTP/1.0" 200 4096 "-" "Mozilla/5.0 (compatible; DataForSeoBot/1.0; +https://dataforseo.com/dataforseo-bot)"
136.243.228.179 - - [28/Oct/2025:09:53:59 +0000] "GET /items/nsmca299/15936?key=consent HTTP/1.0" 200 3966 "-" "Mozilla/5.0 (compatible; DataForSeoBot/1.0; +https://dataforseo.com/dataforseo-bot)"
136.243.228.179 - - [28/Oct/2025:09:54:04 +0000] "GET /items/foorp192/3237?key=chicken HTTP/1.0" 200 3966 "-" "Mozilla/5.0 (compatible; DataForSeoBot/1.0; +https://dataforseo.com/dataforseo-bot)"
17.246.15.195 - - [28/Oct/2025:09:54:06 +0000] "GET /glycocholic41-kh3l27m0.html?fileloc=/var/www/vhosts/enlugo.es/httpdocs/wp-customize.php&path=/var/www/vhosts/enlugo.es/httpdocs HTTP/1.0" 200 2318 "-" "Mozilla/5.0 (Macintosh; Intel Mac OS X 10_15_7) AppleWebKit/605.1.15 (KHTML, like Gecko) Version/17.4 Safari/605.1.15 (Applebot/0.1; +http://www.apple.com/go/applebot)"
136.243.228.179 - - [28/Oct/2025:09:54:07 +0000] "GET /items/orpyr89/21394?key=poor HTTP/1.0" 200 3966 "-" "Mozilla/5.0 (compatible; DataForSeoBot/1.0; +https://dataforseo.com/dataforseo-bot)"
136.243.228.179 - - [28/Oct/2025:09:54:11 +0000] "GET /mechanic208040540 HTTP/1.0" 200 4096 "-" "Mozilla/5.0 (compatible; DataForSeoBot/1.0; +https://dataforseo.com/dataforseo-bot)"
136.243.228.179 - - [28/Oct/2025:09:54:15 +0000] "GET /items/unvjt40/8479?key=spirit HTTP/1.0" 200 3966 "-" "Mozilla/5.0 (compatible; DataForSeoBot/1.0; +https://dataforseo.com/dataforseo-bot)"
136.243.228.179 - - [28/Oct/2025:09:54:19 +0000] "GET /items/xhecz93/20446?key=nature HTTP/1.0" 200 3966 "-" "Mozilla/5.0 (compatible; DataForSeoBot/1.0; +https://dataforseo.com/dataforseo-bot)"
136.243.228.179 - - [28/Oct/2025:09:54:23 +0000] "GET /fade063029689 HTTP/1.0" 200 4096 "-" "Mozilla/5.0 (compatible; DataForSeoBot/1.0; +https://dataforseo.com/dataforseo-bot)"
136.243.228.179 - - [28/Oct/2025:09:54:27 +0000] "GET /items/oohop194/613?key=currency HTTP/1.0" 200 3966 "-" "Mozilla/5.0 (compatible; DataForSeoBot/1.0; +https://dataforseo.com/dataforseo-bot)"
136.243.228.179 - - [28/Oct/2025:09:54:31 +0000] "GET /cookie068008912 HTTP/1.0" 200 4096 "-" "Mozilla/5.0 (compatible; DataForSeoBot/1.0; +https://dataforseo.com/dataforseo-bot)"
136.243.228.179 - - [28/Oct/2025:09:54:35 +0000] "GET /hotel160046250 HTTP/1.0" 200 4096 "-" "Mozilla/5.0 (compatible; DataForSeoBot/1.0; +https://dataforseo.com/dataforseo-bot)"
136.243.228.179 - - [28/Oct/2025:09:54:39 +0000] "GET /items/vdexj115/1184?key=ranch HTTP/1.0" 200 3966 "-" "Mozilla/5.0 (compatible; DataForSeoBot/1.0; +https://dataforseo.com/dataforseo-bot)"
136.243.228.179 - - [28/Oct/2025:09:54:43 +0000] "GET /envision260005720 HTTP/1.0" 200 4091 "-" "Mozilla/5.0 (compatible; DataForSeoBot/1.0; +https://dataforseo.com/dataforseo-bot)"
136.243.228.179 - - [28/Oct/2025:09:54:47 +0000] "GET /items/gqawd186/19437?key=okay HTTP/1.0" 200 3961 "-" "Mozilla/5.0 (compatible; DataForSeoBot/1.0; +https://dataforseo.com/dataforseo-bot)"
136.243.228.179 - - [28/Oct/2025:09:54:51 +0000] "GET /behave107045511 HTTP/1.0" 200 4091 "-" "Mozilla/5.0 (compatible; DataForSeoBot/1.0; +https://dataforseo.com/dataforseo-bot)"
136.243.228.179 - - [28/Oct/2025:09:54:55 +0000] "GET /sword226036486 HTTP/1.0" 200 4091 "-" "Mozilla/5.0 (compatible; DataForSeoBot/1.0; +https://dataforseo.com/dataforseo-bot)"
136.243.228.179 - - [28/Oct/2025:09:54:59 +0000] "GET /items/pfuly192/6531?key=gender HTTP/1.0" 200 3961 "-" "Mozilla/5.0 (compatible; DataForSeoBot/1.0; +https://dataforseo.com/dataforseo-bot)"
136.243.228.179 - - [28/Oct/2025:09:55:03 +0000] "GET /items/vgwvp221/19018?key=suspect HTTP/1.0" 200 3966 "-" "Mozilla/5.0 (compatible; DataForSeoBot/1.0; +https://dataforseo.com/dataforseo-bot)"
17.241.219.138 - - [28/Oct/2025:09:55:05 +0000] "GET /category/1/?fileloc=/var/www/vhosts/enlugo.es/httpdocs/wp-class-loader.php&path=/var/www/vhosts/enlugo.es/httpdocs HTTP/1.0" 200 2316 "-" "Mozilla/5.0 (Macintosh; Intel Mac OS X 10_15_7) AppleWebKit/605.1.15 (KHTML, like Gecko) Version/17.4 Safari/605.1.15 (Applebot/0.1; +http://www.apple.com/go/applebot)"
136.243.228.179 - - [28/Oct/2025:09:55:07 +0000] "GET /items/fkzqy110/2113?key=correspondent HTTP/1.0" 200 3966 "-" "Mozilla/5.0 (compatible; DataForSeoBot/1.0; +https://dataforseo.com/dataforseo-bot)"
136.243.228.179 - - [28/Oct/2025:09:55:11 +0000] "GET /landmark206029744 HTTP/1.0" 200 4096 "-" "Mozilla/5.0 (compatible; DataForSeoBot/1.0; +https://dataforseo.com/dataforseo-bot)"
136.243.228.179 - - [28/Oct/2025:09:55:15 +0000] "GET /items/bobmu86/24951?key=session HTTP/1.0" 200 3966 "-" "Mozilla/5.0 (compatible; DataForSeoBot/1.0; +https://dataforseo.com/dataforseo-bot)"
136.243.228.179 - - [28/Oct/2025:09:55:19 +0000] "GET /items/jghjr30/26811?key=intent HTTP/1.0" 200 3966 "-" "Mozilla/5.0 (compatible; DataForSeoBot/1.0; +https://dataforseo.com/dataforseo-bot)"
136.243.228.179 - - [28/Oct/2025:09:55:23 +0000] "GET /items/ixkwn228/30539?key=baseball HTTP/1.0" 200 3966 "-" "Mozilla/5.0 (compatible; DataForSeoBot/1.0; +https://dataforseo.com/dataforseo-bot)"
136.243.228.179 - - [28/Oct/2025:09:55:27 +0000] "GET /items/mefgz182/35055?key=protect HTTP/1.0" 200 3966 "-" "Mozilla/5.0 (compatible; DataForSeoBot/1.0; +https://dataforseo.com/dataforseo-bot)"
181.116.40.173 - - [28/Oct/2025:09:55:27 +0000] "GET /info/norma40445219/ HTTP/1.0" 200 4096 "-" "Mozilla/5.0 (Windows NT 6.1; Win64; x64) AppleWebKit/537.36 (KHTML, like Gecko) Chrome/80.0.3987.132 Safari/537.36"
136.243.228.179 - - [28/Oct/2025:09:55:31 +0000] "GET /utility232033134 HTTP/1.0" 200 4096 "-" "Mozilla/5.0 (compatible; DataForSeoBot/1.0; +https://dataforseo.com/dataforseo-bot)"
136.243.228.179 - - [28/Oct/2025:09:55:35 +0000] "GET /items/uejmp7/34458?key=wheel HTTP/1.0" 200 3966 "-" "Mozilla/5.0 (compatible; DataForSeoBot/1.0; +https://dataforseo.com/dataforseo-bot)"
136.243.228.179 - - [28/Oct/2025:09:55:39 +0000] "GET /incorporate238037292 HTTP/1.0" 200 4096 "-" "Mozilla/5.0 (compatible; DataForSeoBot/1.0; +https://dataforseo.com/dataforseo-bot)"
136.243.228.179 - - [28/Oct/2025:09:55:43 +0000] "GET /wire034042050 HTTP/1.0" 200 4096 "-" "Mozilla/5.0 (compatible; DataForSeoBot/1.0; +https://dataforseo.com/dataforseo-bot)"
136.243.228.179 - - [28/Oct/2025:09:55:47 +0000] "GET /investigate099020199 HTTP/1.0" 200 4096 "-" "Mozilla/5.0 (compatible; DataForSeoBot/1.0; +https://dataforseo.com/dataforseo-bot)"
136.243.228.179 - - [28/Oct/2025:09:55:51 +0000] "GET /items/mvckt233/10026?key=protective HTTP/1.0" 200 3966 "-" "Mozilla/5.0 (compatible; DataForSeoBot/1.0; +https://dataforseo.com/dataforseo-bot)"
136.243.228.179 - - [28/Oct/2025:09:55:55 +0000] "GET /items/kcxax100/1253?key=fellow HTTP/1.0" 200 3970 "-" "Mozilla/5.0 (compatible; DataForSeoBot/1.0; +https://dataforseo.com/dataforseo-bot)"
136.243.228.179 - - [28/Oct/2025:09:55:59 +0000] "GET /items/kweut191/25610?key=white HTTP/1.0" 200 3970 "-" "Mozilla/5.0 (compatible; DataForSeoBot/1.0; +https://dataforseo.com/dataforseo-bot)"
136.243.228.179 - - [28/Oct/2025:09:56:03 +0000] "GET /identity161032167 HTTP/1.0" 200 4100 "-" "Mozilla/5.0 (compatible; DataForSeoBot/1.0; +https://dataforseo.com/dataforseo-bot)"
136.243.228.179 - - [28/Oct/2025:09:56:07 +0000] "GET /items/aytcb55/452?key=butter HTTP/1.0" 200 3969 "-" "Mozilla/5.0 (compatible; DataForSeoBot/1.0; +https://dataforseo.com/dataforseo-bot)"
24.232.144.35 - - [28/Oct/2025:09:56:08 +0000] "GET /info/calen51241756/?fileloc=%2Fvar%2Fwww%2Fvhosts%2Fenlugo.es%2Fhttpdocs%2Findex.php&path=%2Fvar%2Fwww%2Fvhosts%2Fenlugo.es%2Fhttpdocs HTTP/1.0" 200 10073 "-" "Mozilla/5.0 (Macintosh; Intel Mac OS X 10_15_7) AppleWebKit/537.36 (KHTML, like Gecko) Chrome/101.0.0.0 Safari/537.36"
204.12.208.18 - - [28/Oct/2025:09:56:09 +0000] "GET /wp-includes/br51df7a/edit.php HTTP/1.0" 200 250 "http://enlugo.es/wp-includes/br51df7a/edit.php" "Mozilla/5.0 (Macintosh; Intel Mac OS X 10.5; rv:5.0.1) Gecko/20100101 Firefox/5.0.1"
136.243.228.179 - - [28/Oct/2025:09:56:11 +0000] "GET /box114043488 HTTP/1.0" 200 4096 "-" "Mozilla/5.0 (compatible; DataForSeoBot/1.0; +https://dataforseo.com/dataforseo-bot)"
136.243.228.179 - - [28/Oct/2025:09:56:15 +0000] "GET /relatively211022201 HTTP/1.0" 200 4100 "-" "Mozilla/5.0 (compatible; DataForSeoBot/1.0; +https://dataforseo.com/dataforseo-bot)"
136.243.228.179 - - [28/Oct/2025:09:56:19 +0000] "GET /items/uejzc123/44890?key=appearance HTTP/1.0" 200 3966 "-" "Mozilla/5.0 (compatible; DataForSeoBot/1.0; +https://dataforseo.com/dataforseo-bot)"
17.22.253.29 - - [28/Oct/2025:09:56:21 +0000] "GET /heliac498-f0hc45zf.html?fileloc=/var/www/vhosts/enlugo.es/httpdocs/wp-includes/class-wp-block-styles-registry.php&path=/var/www/vhosts/enlugo.es/httpdocs/wp-includes HTTP/1.0" 200 3451 "-" "Mozilla/5.0 (Macintosh; Intel Mac OS X 10_15_7) AppleWebKit/605.1.15 (KHTML, like Gecko) Version/17.4 Safari/605.1.15 (Applebot/0.1; +http://www.apple.com/go/applebot)"
17.22.253.29 - - [28/Oct/2025:09:56:22 +0000] "GET /wp-login.php?fileloc=/var/www/vhosts/enlugo.es/httpdocs/wp-class-page.php&path=/var/www/vhosts/enlugo.es/httpdocs HTTP/1.0" 200 2983 "-" "Mozilla/5.0 (Macintosh; Intel Mac OS X 10_15_7) AppleWebKit/605.1.15 (KHTML, like Gecko) Version/17.4 Safari/605.1.15 (Applebot/0.1; +http://www.apple.com/go/applebot)"
136.243.228.179 - - [28/Oct/2025:09:56:23 +0000] "GET /items/wedpl158/5187?key=stock HTTP/1.0" 200 3966 "-" "Mozilla/5.0 (compatible; DataForSeoBot/1.0; +https://dataforseo.com/dataforseo-bot)"
136.243.228.179 - - [28/Oct/2025:09:56:27 +0000] "GET /items/jjhjw61/4834?key=minimum HTTP/1.0" 200 3970 "-" "Mozilla/5.0 (compatible; DataForSeoBot/1.0; +https://dataforseo.com/dataforseo-bot)"
136.243.228.179 - - [28/Oct/2025:09:56:31 +0000] "GET /drift010019958 HTTP/1.0" 200 4100 "-" "Mozilla/5.0 (compatible; DataForSeoBot/1.0; +https://dataforseo.com/dataforseo-bot)"
136.243.228.179 - - [28/Oct/2025:09:56:35 +0000] "GET /items/zyznk105/26322?key=crowded HTTP/1.0" 200 3970 "-" "Mozilla/5.0 (compatible; DataForSeoBot/1.0; +https://dataforseo.com/dataforseo-bot)"
136.243.228.179 - - [28/Oct/2025:09:56:39 +0000] "GET /items/bknca186/13173?key=soft HTTP/1.0" 200 3970 "-" "Mozilla/5.0 (compatible; DataForSeoBot/1.0; +https://dataforseo.com/dataforseo-bot)"
17.241.75.243 - - [28/Oct/2025:09:56:39 +0000] "GET /hoteles/?fileloc=/var/www/vhosts/enlugo.es/httpdocs/wp-class-ajax.php&path=/var/www/vhosts/enlugo.es/httpdocs HTTP/1.0" 200 2317 "-" "Mozilla/5.0 (Macintosh; Intel Mac OS X 10_15_7) AppleWebKit/605.1.15 (KHTML, like Gecko) Version/17.4 Safari/605.1.15 (Applebot/0.1; +http://www.apple.com/go/applebot)"
17.241.75.243 - - [28/Oct/2025:09:56:40 +0000] "GET /heliac498-f0hc45zf.html?fileloc=/var/www/vhosts/enlugo.es/httpdocs/wp-includes/class-wp-hook.php&path=/var/www/vhosts/enlugo.es/httpdocs/wp-includes HTTP/1.0" 200 6126 "-" "Mozilla/5.0 (Macintosh; Intel Mac OS X 10_15_7) AppleWebKit/605.1.15 (KHTML, like Gecko) Version/17.4 Safari/605.1.15 (Applebot/0.1; +http://www.apple.com/go/applebot)"
136.243.228.179 - - [28/Oct/2025:09:56:43 +0000] "GET /items/wbiul283/28056?key=influential HTTP/1.0" 200 3970 "-" "Mozilla/5.0 (compatible; DataForSeoBot/1.0; +https://dataforseo.com/dataforseo-bot)"
136.243.228.179 - - [28/Oct/2025:09:56:47 +0000] "GET /items/dpbgi97/46102?key=passage HTTP/1.0" 200 3970 "-" "Mozilla/5.0 (compatible; DataForSeoBot/1.0; +https://dataforseo.com/dataforseo-bot)"
136.243.228.179 - - [28/Oct/2025:09:56:51 +0000] "GET /items/zgdgm132/23545?key=junior HTTP/1.0" 200 3970 "-" "Mozilla/5.0 (compatible; DataForSeoBot/1.0; +https://dataforseo.com/dataforseo-bot)"
136.243.228.179 - - [28/Oct/2025:09:56:55 +0000] "GET /items/snzjf32/44767?key=Olympic HTTP/1.0" 200 3966 "-" "Mozilla/5.0 (compatible; DataForSeoBot/1.0; +https://dataforseo.com/dataforseo-bot)"
136.243.228.179 - - [28/Oct/2025:09:56:59 +0000] "GET /suck059006101 HTTP/1.0" 200 4100 "-" "Mozilla/5.0 (compatible; DataForSeoBot/1.0; +https://dataforseo.com/dataforseo-bot)"
136.243.228.179 - - [28/Oct/2025:09:57:03 +0000] "GET /array007026241 HTTP/1.0" 200 4097 "-" "Mozilla/5.0 (compatible; DataForSeoBot/1.0; +https://dataforseo.com/dataforseo-bot)"
136.243.228.179 - - [28/Oct/2025:09:57:07 +0000] "GET /items/ygteu170/45719?key=die HTTP/1.0" 200 3970 "-" "Mozilla/5.0 (compatible; DataForSeoBot/1.0; +https://dataforseo.com/dataforseo-bot)"
136.243.228.179 - - [28/Oct/2025:09:57:11 +0000] "GET /items/fyfru120/36749?key=essay HTTP/1.0" 200 3970 "-" "Mozilla/5.0 (compatible; DataForSeoBot/1.0; +https://dataforseo.com/dataforseo-bot)"
