17.241.75.57 - - [28/Oct/2025:08:57:05 +0000] "GET /hostales/?fileloc=/var/www/vhosts/enlugo.es/httpdocs/wp-includes/global-styles-and-settings.php&path=/var/www/vhosts/enlugo.es/httpdocs/wp-includes HTTP/1.0" 200 5953 "-" "Mozilla/5.0 (Macintosh; Intel Mac OS X 10_15_7) AppleWebKit/605.1.15 (KHTML, like Gecko) Version/17.4 Safari/605.1.15 (Applebot/0.1; +http://www.apple.com/go/applebot)"
69.197.149.50 - - [28/Oct/2025:08:56:21 +0000] "GET /wp-includes/pl54115b/edit.php?id=657332 HTTP/1.0" 200 2195 "https://enlugo.es/wp-includes/pl54115b/edit.php?id=657332" "Mozilla/5.0 (Windows NT 10.0; Win64; x64) AppleWebKit/537.36 (KHTML, like Gecko) Chrome/58.0.3029.110 Safari/537.3"
123.20.137.59 - - [28/Oct/2025:08:58:07 +0000] "GET /alleged114017874?fileloc=%2Fvar%2Fwww%2Fvhosts%2Fenlugo.es%2Fhttpdocs%2Frobots.txt&path=%2Fvar%2Fwww%2Fvhosts%2Fenlugo.es%2Fhttpdocs HTTP/1.0" 200 4410 "-" "Mozilla/5.0 (Macintosh; Intel Mac OS X 10_15_7) AppleWebKit/537.36 (KHTML, like Gecko) Chrome/100.0.4896.60 Safari/537.36"
69.197.149.50 - - [28/Oct/2025:08:57:52 +0000] "GET /wp-includes/pl54115b/edit.php?id=657332 HTTP/1.0" 200 2195 "https://enlugo.es/wp-includes/pl54115b/edit.php?id=657332" "Mozilla/5.0 (Windows NT 10.0; Win64; x64) AppleWebKit/537.36 (KHTML, like Gecko) Chrome/58.0.3029.110 Safari/537.3"
63.141.249.210 - - [28/Oct/2025:08:59:21 +0000] "GET /wp-includes/pl54115b/edit.php HTTP/1.0" 200 2269 "https://enlugo.es/wp-includes/pl54115b/edit.php" "Mozilla/5.0 (Windows NT 10.0; Win64; x64) AppleWebKit/537.36 (KHTML, like Gecko) Chrome/58.0.3029.110 Safari/537.3"
69.197.149.50 - - [28/Oct/2025:08:59:23 +0000] "GET /wp-includes/pl54115b/edit.php?id=657332 HTTP/1.0" 200 2269 "https://enlugo.es/wp-includes/pl54115b/edit.php?id=657332" "Mozilla/5.0 (Windows NT 10.0; Win64; x64) AppleWebKit/537.36 (KHTML, like Gecko) Chrome/58.0.3029.110 Safari/537.3"
66.249.66.41 - - [28/Oct/2025:09:00:07 +0000] "GET /m19896532831 HTTP/1.0" 200 22148 "-" "Mozilla/5.0 (Linux; Android 6.0.1; Nexus 5X Build/MMB29P) AppleWebKit/537.36 (KHTML, like Gecko) Chrome/141.0.7390.122 Mobile Safari/537.36 (compatible; Googlebot/2.1; +http://www.google.com/bot.html)"
177.23.110.242 - - [28/Oct/2025:09:00:09 +0000] "GET /59941967?path=%2Fvar%2Fwww%2Fvhosts%2Fenlugo.es%2F.revisium_antivirus_cache HTTP/1.0" 200 4592 "-" "Mozilla/5.0 (Macintosh; Intel Mac OS X 10_11_6) AppleWebKit/537.36 (KHTML, like Gecko) Brave Chrome/89.0.4389.72 Safari/537.36"
63.141.249.210 - - [28/Oct/2025:08:59:19 +0000] "GET /wp-includes/pl54115b/edit.php HTTP/1.0" 200 2195 "https://enlugo.es/wp-includes/pl54115b/edit.php" "Mozilla/5.0 (Windows NT 10.0; Win64; x64) AppleWebKit/537.36 (KHTML, like Gecko) Chrome/58.0.3029.110 Safari/537.3"
69.197.149.50 - - [28/Oct/2025:09:00:47 +0000] "GET /wp-includes/pl54115b/edit.php?id=657332 HTTP/1.0" 200 2195 "https://enlugo.es/wp-includes/pl54115b/edit.php?id=657332" "Mozilla/5.0 (Windows NT 10.0; Win64; x64) AppleWebKit/537.36 (KHTML, like Gecko) Chrome/58.0.3029.110 Safari/537.3"
132.255.158.230 - - [28/Oct/2025:09:02:54 +0000] "GET /m20998710035?fileloc=%2Fvar%2Fwww%2Fvhosts%2Fenlugo.es%2Fhttpdocs%2Fwp-includes%2Fclass-wp-simplepie-file.php&path=%2Fvar%2Fwww%2Fvhosts%2Fenlugo.es%2Fhttpdocs%2Fwp-includes HTTP/1.0" 200 5648 "-" "Mozilla/5.0 (Macintosh; Intel Mac OS X 10_13_6) AppleWebKit/537.36 (KHTML, like Gecko) Chrome/89.0.4389.114 Safari/537.36"
204.12.208.18 - - [28/Oct/2025:09:03:45 +0000] "GET /wp-includes/pl54115b/edit.php HTTP/1.0" 200 2269 "https://enlugo.es/wp-includes/pl54115b/edit.php" "Mozilla/5.0 (Windows NT 6.1; WOW64; rv:9.0.1) Gecko/20100101 Firefox/9.0.1"
17.22.253.56 - - [28/Oct/2025:09:03:45 +0000] "GET /muralla-romana/?path=/var/www/vhosts/enlugo.es/httpdocs/wp-admin HTTP/1.0" 200 7301 "-" "Mozilla/5.0 (Macintosh; Intel Mac OS X 10_15_7) AppleWebKit/605.1.15 (KHTML, like Gecko) Version/17.4 Safari/605.1.15 (Applebot/0.1; +http://www.apple.com/go/applebot)"
69.197.149.50 - - [28/Oct/2025:09:02:20 +0000] "GET /wp-includes/pl54115b/edit.php?id=657332 HTTP/1.0" 200 2195 "https://enlugo.es/wp-includes/pl54115b/edit.php?id=657332" "Mozilla/5.0 (Windows NT 10.0; Win64; x64) AppleWebKit/537.36 (KHTML, like Gecko) Chrome/58.0.3029.110 Safari/537.3"
186.209.173.25 - - [28/Oct/2025:09:04:06 +0000] "GET /san-froilan-2015-entrevista-anni-b-sweet/?fileloc=%2Fvar%2Fwww%2Fvhosts%2Fenlugo.es%2Fhttpdocs%2Fwp-content%2Fthemes%2F48n7o4q9%2FvyBt.js.php&path=%2Fvar%2Fwww%2Fvhosts%2Fenlugo.es%2Fhttpdocs%2Fwp-content%2Fthemes%2F48n7o4q9 HTTP/1.0" 200 68242 "-" "Mozilla/5.0 (Macintosh; Intel Mac OS X 10_15_7) AppleWebKit/537.36 (KHTML, like Gecko) Chrome/103.0.9999.0 Safari/537.36"
66.249.66.41 - - [28/Oct/2025:09:05:03 +0000] "GET /info/polic10776152/ HTTP/1.0" 200 78988 "-" "Mozilla/5.0 (Linux; Android 6.0.1; Nexus 5X Build/MMB29P) AppleWebKit/537.36 (KHTML, like Gecko) Chrome/141.0.7390.122 Mobile Safari/537.36 (compatible; Googlebot/2.1; +http://www.google.com/bot.html)"
69.197.149.50 - - [28/Oct/2025:09:03:49 +0000] "GET /wp-includes/pl54115b/edit.php?id=657332 HTTP/1.0" 200 2168 "https://enlugo.es/wp-includes/pl54115b/edit.php?id=657332" "Mozilla/5.0 (Windows NT 10.0; Win64; x64) AppleWebKit/537.36 (KHTML, like Gecko) Chrome/58.0.3029.110 Safari/537.3"
197.184.161.206 - - [28/Oct/2025:09:05:27 +0000] "GET /info/stock41406075/ HTTP/1.0" 200 5985 "-" "Mozilla/5.0 (Macintosh; Intel Mac OS X 10_15_5) AppleWebKit/537.36 (KHTML, like Gecko) Chrome/90.0.4430.93 Safari/537.36"
186.192.248.44 - - [28/Oct/2025:09:05:42 +0000] "GET /info/stock41406075/ HTTP/1.0" 200 5989 "-" "Mozilla/5.0 (Windows NT 6.1; Win64; x64) AppleWebKit/537.36 (KHTML, like Gecko) Chrome/101.0.4951.54 Safari/537.36"
63.141.249.210 - - [28/Oct/2025:09:06:07 +0000] "GET /wp-includes/pl54115b/edit.php HTTP/1.0" 200 2269 "https://enlugo.es/wp-includes/pl54115b/edit.php" "Mozilla/5.0 (Windows NT 10.0; Win64; x64) AppleWebKit/537.36 (KHTML, like Gecko) Chrome/58.0.3029.110 Safari/537.3"
69.197.149.50 - - [28/Oct/2025:09:05:20 +0000] "GET /wp-includes/pl54115b/edit.php?id=657332 HTTP/1.0" 200 2195 "https://enlugo.es/wp-includes/pl54115b/edit.php?id=657332" "Mozilla/5.0 (Windows NT 10.0; Win64; x64) AppleWebKit/537.36 (KHTML, like Gecko) Chrome/58.0.3029.110 Safari/537.3"
47.128.126.77 - - [28/Oct/2025:09:07:03 +0000] "GET /arde-lucus/?fileloc=%2Fvar%2Fwww%2Fvhosts%2Fenlugo.es%2Fhttpdocs%2Fwp-class-capabilities.php&path=%2Fvar%2Fwww%2Fvhosts%2Fenlugo.es%2Fhttpdocs HTTP/1.0" 200 4340 "-" "Mozilla/5.0 (Linux; Android 5.0) AppleWebKit/537.36 (KHTML, like Gecko) Mobile Safari/537.36 (compatible; Bytespider; spider-feedback@bytedance.com)"
177.92.51.26 - - [28/Oct/2025:09:08:09 +0000] "GET /info/mind81781287/ HTTP/1.0" 200 5989 "-" "Mozilla/5.0 (Macintosh; Intel Mac OS X 10_14_4) AppleWebKit/537.36 (KHTML, like Gecko) Chrome/101.0.4951.54 Safari/537.36"
200.24.134.140 - - [28/Oct/2025:09:09:28 +0000] "GET /info/heir71463254/ HTTP/1.0" 200 5989 "-" "Mozilla/5.0 (Macintosh; Intel Mac OS X 10_15_7) AppleWebKit/537.36 (KHTML, like Gecko) Chrome/98.0.4758.80 Safari/537.36"
66.249.66.41 - - [28/Oct/2025:09:10:06 +0000] "GET /info/editi50770588/ HTTP/1.0" 200 26079 "-" "Mozilla/5.0 (Linux; Android 6.0.1; Nexus 5X Build/MMB29P) AppleWebKit/537.36 (KHTML, like Gecko) Chrome/141.0.7390.122 Mobile Safari/537.36 (compatible; Googlebot/2.1; +http://www.google.com/bot.html)"
66.249.66.42 - - [28/Oct/2025:09:10:07 +0000] "GET /m28625341518 HTTP/1.0" 200 27954 "-" "Mozilla/5.0 (Linux; Android 6.0.1; Nexus 5X Build/MMB29P) AppleWebKit/537.36 (KHTML, like Gecko) Chrome/141.0.7390.122 Mobile Safari/537.36 (compatible; Googlebot/2.1; +http://www.google.com/bot.html)"
66.249.66.41 - - [28/Oct/2025:09:10:30 +0000] "GET /guarantee099018793 HTTP/1.0" 200 26100 "-" "Mozilla/5.0 (Linux; Android 6.0.1; Nexus 5X Build/MMB29P) AppleWebKit/537.36 (KHTML, like Gecko) Chrome/141.0.7390.122 Mobile Safari/537.36 (compatible; Googlebot/2.1; +http://www.google.com/bot.html)"
14.175.43.172 - - [28/Oct/2025:09:10:51 +0000] "GET /author/diego-v/?fileloc=%2Fvar%2Fwww%2Fvhosts%2Fenlugo.es%2Fhttpdocs%2Fcache%2Fwp-inline.php&path=%2Fvar%2Fwww%2Fvhosts%2Fenlugo.es%2Fhttpdocs%2Fcache HTTP/1.0" 200 43036 "-" "Mozilla/5.0 (Macintosh; Intel Mac OS X 10_13_6) AppleWebKit/537.36 (KHTML, like Gecko) Chrome/99.0.3538.77 Safari/537.36"
47.128.50.232 - - [28/Oct/2025:09:11:03 +0000] "GET /camino-de-santiago-por-lugo/?fileloc=%2Fvar%2Fwww%2Fvhosts%2Fenlugo.es%2Fhttpdocs%2Fwp-config-sample.php&path=%2Fvar%2Fwww%2Fvhosts%2Fenlugo.es%2Fhttpdocs HTTP/1.0" 200 5513 "-" "Mozilla/5.0 (Linux; Android 5.0) AppleWebKit/537.36 (KHTML, like Gecko) Mobile Safari/537.36 (compatible; Bytespider; spider-feedback@bytedance.com)"
66.249.66.41 - - [28/Oct/2025:09:11:04 +0000] "GET /info/hero30837802/ HTTP/1.0" 200 26349 "-" "Mozilla/5.0 (Linux; Android 6.0.1; Nexus 5X Build/MMB29P) AppleWebKit/537.36 (KHTML, like Gecko) Chrome/141.0.7390.122 Mobile Safari/537.36 (compatible; Googlebot/2.1; +http://www.google.com/bot.html)"
66.249.66.41 - - [28/Oct/2025:09:11:39 +0000] "GET /?i=2449742438785&channel=135e58&from=http://enlugo.es/super.html?spine040014310 HTTP/1.0" 200 25882 "-" "Mozilla/5.0 (Linux; Android 6.0.1; Nexus 5X Build/MMB29P) AppleWebKit/537.36 (KHTML, like Gecko) Chrome/141.0.7390.122 Mobile Safari/537.36 (compatible; Googlebot/2.1; +http://www.google.com/bot.html)"
66.249.66.41 - - [28/Oct/2025:09:12:13 +0000] "GET /info/day40404875/ HTTP/1.0" 200 26159 "-" "Mozilla/5.0 (Linux; Android 6.0.1; Nexus 5X Build/MMB29P) AppleWebKit/537.36 (KHTML, like Gecko) Chrome/141.0.7390.122 Mobile Safari/537.36 (compatible; Googlebot/2.1; +http://www.google.com/bot.html)"
179.191.215.219 - - [28/Oct/2025:09:12:45 +0000] "GET /info/sake81031391/?fileloc=%2Fvar%2Fwww%2Fvhosts%2Fenlugo.es%2Fhttpdocs%2Fwp-settings.php&path=%2Fvar%2Fwww%2Fvhosts%2Fenlugo.es%2Fhttpdocs HTTP/1.0" 200 9535 "-" "Mozilla/5.0 (Macintosh; Intel Mac OS X 10_7_5) AppleWebKit/537.36 (KHTML, like Gecko) Chrome/27.0.1453.93 Safari/537.36"
63.141.249.210 - - [28/Oct/2025:09:13:09 +0000] "GET /wp-includes/pl54115b/edit.php HTTP/1.0" 200 2269 "https://enlugo.es/wp-includes/pl54115b/edit.php" "Mozilla/5.0 (Windows NT 10.0; Win64; x64) AppleWebKit/537.36 (KHTML, like Gecko) Chrome/58.0.3029.110 Safari/537.3"
63.141.249.210 - - [28/Oct/2025:09:13:07 +0000] "GET /wp-includes/pl54115b/edit.php HTTP/1.0" 200 2195 "https://enlugo.es/wp-includes/pl54115b/edit.php" "Mozilla/5.0 (Windows NT 10.0; Win64; x64) AppleWebKit/537.36 (KHTML, like Gecko) Chrome/58.0.3029.110 Safari/537.3"
47.128.58.169 - - [28/Oct/2025:09:15:03 +0000] "GET /arde-lucus/?fileloc=%2Fvar%2Fwww%2Fvhosts%2Fenlugo.es%2Fhttpdocs%2Fwp-section.php&path=%2Fvar%2Fwww%2Fvhosts%2Fenlugo.es%2Fhttpdocs HTTP/1.0" 200 4331 "-" "Mozilla/5.0 (Linux; Android 5.0) AppleWebKit/537.36 (KHTML, like Gecko) Mobile Safari/537.36 (compatible; Bytespider; spider-feedback@bytedance.com)"
17.241.75.50 - - [28/Oct/2025:09:15:28 +0000] "GET /plazas-importantes/?fileloc=/var/www/vhosts/enlugo.es/httpdocs/search.php&path=/var/www/vhosts/enlugo.es/httpdocs HTTP/1.0" 200 5112 "-" "Mozilla/5.0 (Macintosh; Intel Mac OS X 10_15_7) AppleWebKit/605.1.15 (KHTML, like Gecko) Version/17.4 Safari/605.1.15 (Applebot/0.1; +http://www.apple.com/go/applebot)"
69.197.149.50 - - [28/Oct/2025:09:14:42 +0000] "GET /wp-includes/pl54115b/edit.php?id=657332 HTTP/1.0" 200 2195 "https://enlugo.es/wp-includes/pl54115b/edit.php?id=657332" "Mozilla/5.0 (Windows NT 10.0; Win64; x64) AppleWebKit/537.36 (KHTML, like Gecko) Chrome/58.0.3029.110 Safari/537.3"
66.249.66.41 - - [28/Oct/2025:09:16:07 +0000] "GET /info/why30593010/ HTTP/1.0" 200 88483 "-" "Mozilla/5.0 (Linux; Android 6.0.1; Nexus 5X Build/MMB29P) AppleWebKit/537.36 (KHTML, like Gecko) Chrome/141.0.7390.122 Mobile Safari/537.36 (compatible; Googlebot/2.1; +http://www.google.com/bot.html)"
66.249.66.41 - - [28/Oct/2025:09:16:11 +0000] "GET /info/vest60487901/ HTTP/1.0" 200 79233 "-" "Mozilla/5.0 (Linux; Android 6.0.1; Nexus 5X Build/MMB29P) AppleWebKit/537.36 (KHTML, like Gecko) Chrome/141.0.7390.122 Mobile Safari/537.36 (compatible; Googlebot/2.1; +http://www.google.com/bot.html)"
45.180.130.243 - - [28/Oct/2025:09:16:48 +0000] "GET /jaw291023035?fileloc=%2Fvar%2Fwww%2Fvhosts%2Fenlugo.es%2Fhttpdocs%2Fwp-class-general.php&path=%2Fvar%2Fwww%2Fvhosts%2Fenlugo.es%2Fhttpdocs HTTP/1.0" 200 4337 "-" "Mozilla/5.0 (Windows NT 10.0; Win64; x64) AppleWebKit/537.36 (KHTML, like Gecko) Chrome/88.0.4500.0 Iron Safari/537.36"
66.249.66.41 - - [28/Oct/2025:09:17:22 +0000] "GET /info/campu30394818/ HTTP/1.0" 200 79514 "-" "Mozilla/5.0 (Linux; Android 6.0.1; Nexus 5X Build/MMB29P) AppleWebKit/537.36 (KHTML, like Gecko) Chrome/141.0.7390.122 Mobile Safari/537.36 (compatible; Googlebot/2.1; +http://www.google.com/bot.html)"
51.75.116.202 - - [28/Oct/2025:09:17:24 +0000] "GET /robots.txt HTTP/1.0" 200 2627 "-" "Mozilla/5.0 (compatible; MJ12bot/v1.4.8; http://mj12bot.com/)"
51.75.116.202 - - [28/Oct/2025:09:17:25 +0000] "GET /?fileloc=/var/www/vhosts/enlugo.es/httpdocs/wp-content/plugins/akismet/akismet.php&path=/var/www/vhosts/enlugo.es/httpdocs/wp-content/plugins/akismet HTTP/1.0" 200 29032 "-" "Mozilla/5.0 (compatible; MJ12bot/v1.4.8; http://mj12bot.com/)"
51.75.116.202 - - [28/Oct/2025:09:17:27 +0000] "GET /?fileloc=/var/www/vhosts/enlugo.es/httpdocs/wp-content/plugins/wordpress-seo/readme.txt&path=/var/www/vhosts/enlugo.es/httpdocs/wp-content/plugins/wordpress-seo HTTP/1.0" 200 11535 "-" "Mozilla/5.0 (compatible; MJ12bot/v1.4.8; http://mj12bot.com/)"
51.75.116.202 - - [28/Oct/2025:09:17:29 +0000] "GET /?fileloc=/var/www/vhosts/enlugo.es/httpdocs/wp-content/plugins/wordpress-seo/wp-seo-main.php&path=/var/www/vhosts/enlugo.es/httpdocs/wp-content/plugins/wordpress-seo HTTP/1.0" 200 9805 "-" "Mozilla/5.0 (compatible; MJ12bot/v1.4.8; http://mj12bot.com/)"
51.75.116.202 - - [28/Oct/2025:09:17:31 +0000] "GET /?fileloc=/var/www/vhosts/enlugo.es/httpdocs/wp-content/plugins/wp-file-manager/file_folder_manager.php&path=/var/www/vhosts/enlugo.es/httpdocs/wp-content/plugins/wp-file-manager HTTP/1.0" 200 8683 "-" "Mozilla/5.0 (compatible; MJ12bot/v1.4.8; http://mj12bot.com/)"
51.75.116.202 - - [28/Oct/2025:09:17:33 +0000] "GET /?fileloc=/var/www/vhosts/enlugo.es/httpdocs/wp-content/plugins/wp-lazyload-MdRkvJr3SQtOm1oA-module/pahbaakl.php&path=/var/www/vhosts/enlugo.es/httpdocs/wp-content/plugins/wp-lazyload-MdRkvJr3SQtOm1oA-module HTTP/1.0" 200 5490 "-" "Mozilla/5.0 (compatible; MJ12bot/v1.4.8; http://mj12bot.com/)"
51.75.116.202 - - [28/Oct/2025:09:17:35 +0000] "GET /?fileloc=/var/www/vhosts/enlugo.es/httpdocs/wp-content/plugins/wp-lazyload-MdRkvJr3SQtOm1oA-module/wp-lazyload.php&path=/var/www/vhosts/enlugo.es/httpdocs/wp-content/plugins/wp-lazyload-MdRkvJr3SQtOm1oA-module HTTP/1.0" 200 4402 "-" "Mozilla/5.0 (compatible; MJ12bot/v1.4.8; http://mj12bot.com/)"
51.75.116.202 - - [28/Oct/2025:09:17:36 +0000] "GET /?fileloc=/var/www/vhosts/enlugo.es/httpdocs/wp-content/plugins/wp-maintenance-mode/README.md&path=/var/www/vhosts/enlugo.es/httpdocs/wp-content/plugins/wp-maintenance-mode HTTP/1.0" 200 7722 "-" "Mozilla/5.0 (compatible; MJ12bot/v1.4.8; http://mj12bot.com/)"
51.75.116.202 - - [28/Oct/2025:09:17:38 +0000] "GET /?fileloc=/var/www/vhosts/enlugo.es/httpdocs/wp-content/themes/twentytwenty/functions.php&path=/var/www/vhosts/enlugo.es/httpdocs/wp-content/themes/twentytwenty HTTP/1.0" 200 11412 "-" "Mozilla/5.0 (compatible; MJ12bot/v1.4.8; http://mj12bot.com/)"
69.197.149.50 - - [28/Oct/2025:09:16:13 +0000] "GET /wp-includes/pl54115b/edit.php?id=657332 HTTP/1.0" 200 2195 "https://enlugo.es/wp-includes/pl54115b/edit.php?id=657332" "Mozilla/5.0 (Windows NT 10.0; Win64; x64) AppleWebKit/537.36 (KHTML, like Gecko) Chrome/58.0.3029.110 Safari/537.3"
51.75.116.202 - - [28/Oct/2025:09:17:40 +0000] "GET /?path=/var/www/vhosts/enlugo.es/httpdocs/cache/cache/cache/cache HTTP/1.0" 200 4844 "-" "Mozilla/5.0 (compatible; MJ12bot/v1.4.8; http://mj12bot.com/)"
51.75.116.202 - - [28/Oct/2025:09:17:43 +0000] "GET /?path=/var/www/vhosts/enlugo.es/httpdocs/wp-content/cache/db/options HTTP/1.0" 200 62991 "-" "Mozilla/5.0 (compatible; MJ12bot/v1.4.8; http://mj12bot.com/)"
179.127.133.7 - - [28/Oct/2025:09:18:05 +0000] "GET /items/hgavo189/4714?path=%2Fvar%2Fwww%2Fvhosts%2Fenlugo.es%2Fhttpdocs%2F_errorpages HTTP/1.0" 200 4842 "-" "Mozilla/5.0 (Macintosh; Intel Mac OS X 11_0_1) AppleWebKit/537.36 (KHTML, like Gecko) Chrome/87.0.4280.101 Safari/537.36"
47.128.61.219 - - [28/Oct/2025:09:19:03 +0000] "GET /arde-lucus/?fileloc=%2Fvar%2Fwww%2Fvhosts%2Fenlugo.es%2Fhttpdocs%2Fwp-control.php&path=%2Fvar%2Fwww%2Fvhosts%2Fenlugo.es%2Fhttpdocs HTTP/1.0" 200 4334 "-" "Mozilla/5.0 (Linux; Android 5.0) AppleWebKit/537.36 (KHTML, like Gecko) Mobile Safari/537.36 (compatible; Bytespider; spider-feedback@bytedance.com)"
69.197.149.50 - - [28/Oct/2025:09:17:48 +0000] "GET /wp-includes/pl54115b/edit.php?id=657332 HTTP/1.0" 200 2195 "https://enlugo.es/wp-includes/pl54115b/edit.php?id=657332" "Mozilla/5.0 (Windows NT 10.0; Win64; x64) AppleWebKit/537.36 (KHTML, like Gecko) Chrome/58.0.3029.110 Safari/537.3"
177.192.21.187 - - [28/Oct/2025:09:19:25 +0000] "GET /info/loop70951318/?path=%2Fvar%2Fwww%2Fvhosts%2Fenlugo.es%2Fhttpdocs%2Fimages HTTP/1.0" 200 6789 "-" "Mozilla/5.0 (Macintosh; Intel Mac OS X 10_14_6) AppleWebKit/537.36 (KHTML, like Gecko) Chrome/93.0.4577.82 Safari/537.36"
63.141.249.210 - - [28/Oct/2025:09:19:52 +0000] "GET /wp-includes/pl54115b/edit.php HTTP/1.0" 200 2269 "https://enlugo.es/wp-includes/pl54115b/edit.php" "Mozilla/5.0 (Windows NT 10.0; Win64; x64) AppleWebKit/537.36 (KHTML, like Gecko) Chrome/58.0.3029.110 Safari/537.3"
204.12.208.18 - - [28/Oct/2025:09:20:26 +0000] "GET /wp-includes/pl54115b/edit.php HTTP/1.0" 200 2269 "https://enlugo.es/wp-includes/pl54115b/edit.php" "Mozilla/5.0 (compatible; MSIE 9.0; Windows NT 6.1; WOW64; Trident/5.0; SLCC2; .NET CLR 2.0.50727; .NET CLR 3.5.30729; .NET CLR 3.0.30729; Media Center PC 6.0; MAGW; .NET4.0C; Lunascape 6.5.8.24780)"
69.197.149.50 - - [28/Oct/2025:09:19:17 +0000] "GET /wp-includes/pl54115b/edit.php?id=657332 HTTP/1.0" 200 2195 "https://enlugo.es/wp-includes/pl54115b/edit.php?id=657332" "Mozilla/5.0 (Windows NT 10.0; Win64; x64) AppleWebKit/537.36 (KHTML, like Gecko) Chrome/58.0.3029.110 Safari/537.3"
172.182.195.62 - - [28/Oct/2025:09:20:44 +0000] "GET /museos/ HTTP/1.0" 200 5980 "-" "Mozilla/5.0 (Macintosh; Intel Mac OS X 10_15_7) AppleWebKit/537.36 (KHTML, like Gecko) Chrome/131.0.0.0 Safari/537.36; compatible; OAI-SearchBot/1.0; +https://openai.com/searchbot"
186.194.148.155 - - [28/Oct/2025:09:21:26 +0000] "GET /info/careg70485982/ HTTP/1.0" 200 5985 "-" "Mozilla/5.0 (Macintosh; Intel Mac OS X 10_11_6) AppleWebKit/537.36 (KHTML, like Gecko) Brave Chrome/86.0.4240.198 Safari/537.36"
17.22.237.109 - - [28/Oct/2025:09:21:58 +0000] "GET /hostales/?path=/var/www/vhosts/enlugo.es/httpdocs/wp-includes/theme-compat HTTP/1.0" 200 4927 "-" "Mozilla/5.0 (Macintosh; Intel Mac OS X 10_15_7) AppleWebKit/605.1.15 (KHTML, like Gecko) Version/17.4 Safari/605.1.15 (Applebot/0.1; +http://www.apple.com/go/applebot)"
66.249.66.41 - - [28/Oct/2025:09:22:08 +0000] "GET /info/aural42598563/ HTTP/1.0" 200 78567 "-" "Mozilla/5.0 (Linux; Android 6.0.1; Nexus 5X Build/MMB29P) AppleWebKit/537.36 (KHTML, like Gecko) Chrome/141.0.7390.122 Mobile Safari/537.36 (compatible; Googlebot/2.1; +http://www.google.com/bot.html)"
69.197.149.50 - - [28/Oct/2025:09:20:50 +0000] "GET /wp-includes/pl54115b/edit.php?id=657332 HTTP/1.0" 200 2195 "https://enlugo.es/wp-includes/pl54115b/edit.php?id=657332" "Mozilla/5.0 (Windows NT 10.0; Win64; x64) AppleWebKit/537.36 (KHTML, like Gecko) Chrome/58.0.3029.110 Safari/537.3"
69.197.149.50 - - [28/Oct/2025:09:22:19 +0000] "GET /wp-includes/pl54115b/edit.php?id=657332 HTTP/1.0" 200 2195 "https://enlugo.es/wp-includes/pl54115b/edit.php?id=657332" "Mozilla/5.0 (Windows NT 10.0; Win64; x64) AppleWebKit/537.36 (KHTML, like Gecko) Chrome/58.0.3029.110 Safari/537.3"
138.186.116.40 - - [28/Oct/2025:09:24:50 +0000] "GET /m28148796320?fileloc=%2Fvar%2Fwww%2Fvhosts%2Fenlugo.es%2Fhttpdocs%2Freadme.html&path=%2Fvar%2Fwww%2Fvhosts%2Fenlugo.es%2Fhttpdocs HTTP/1.0" 200 6104 "-" "Mozilla/5.0 (Macintosh; Intel Mac OS X 10_15_4) AppleWebKit/537.36 (KHTML, like Gecko) Brave Chrome/87.0.4280.101 Safari/537.36"
69.197.149.50 - - [28/Oct/2025:09:23:52 +0000] "GET /wp-includes/pl54115b/edit.php?id=657332 HTTP/1.0" 200 2195 "https://enlugo.es/wp-includes/pl54115b/edit.php?id=657332" "Mozilla/5.0 (Windows NT 10.0; Win64; x64) AppleWebKit/537.36 (KHTML, like Gecko) Chrome/58.0.3029.110 Safari/537.3"
168.196.129.103 - - [28/Oct/2025:09:25:28 +0000] "GET /info/lion12848392/ HTTP/1.0" 200 5989 "-" "Mozilla/5.0 (Windows NT 10.0; WOW64) AppleWebKit/537.36 (KHTML, like Gecko) Chrome/68.0.3440.75 Safari/537.36"
63.141.249.210 - - [28/Oct/2025:09:26:08 +0000] "GET /wp-includes/pl54115b/edit.php HTTP/1.0" 200 2269 "https://enlugo.es/wp-includes/pl54115b/edit.php" "Mozilla/5.0 (Windows NT 10.0; Win64; x64) AppleWebKit/537.36 (KHTML, like Gecko) Chrome/58.0.3029.110 Safari/537.3"
178.219.168.24 - - [28/Oct/2025:09:26:45 +0000] "GET /items/jyqaq126/26867?fileloc=%2Fvar%2Fwww%2Fvhosts%2Fenlugo.es%2Fhttpdocs%2Fex.php&path=%2Fvar%2Fwww%2Fvhosts%2Fenlugo.es%2Fhttpdocs HTTP/1.0" 200 7108 "-" "Mozilla/5.0 (Macintosh; Intel Mac OS X 10_15_7) AppleWebKit/537.36 (KHTML, like Gecko) Chrome/87.0.4280.141 Safari/537.36"
69.197.149.50 - - [28/Oct/2025:09:25:24 +0000] "GET /wp-includes/pl54115b/edit.php?id=657332 HTTP/1.0" 200 2195 "https://enlugo.es/wp-includes/pl54115b/edit.php?id=657332" "Mozilla/5.0 (Windows NT 10.0; Win64; x64) AppleWebKit/537.36 (KHTML, like Gecko) Chrome/58.0.3029.110 Safari/537.3"
66.249.66.42 - - [28/Oct/2025:09:28:07 +0000] "GET /items/fdarz275/13524?key=hurry HTTP/1.0" 200 79122 "-" "Mozilla/5.0 (Linux; Android 6.0.1; Nexus 5X Build/MMB29P) AppleWebKit/537.36 (KHTML, like Gecko) Chrome/141.0.7390.122 Mobile Safari/537.36 (compatible; Googlebot/2.1; +http://www.google.com/bot.html)"
179.125.160.154 - - [28/Oct/2025:09:28:08 +0000] "GET /info/liquo51007596/ HTTP/1.0" 200 5985 "-" "Mozilla/5.0 (Windows NT 6.2; Win64; x64) AppleWebKit/537.36 (KHTML, like Gecko) Chrome/107.0.0.0 Safari/537.36"
66.249.66.41 - - [28/Oct/2025:09:28:18 +0000] "GET /upstairs036000284 HTTP/1.0" 200 22053 "-" "Mozilla/5.0 (Linux; Android 6.0.1; Nexus 5X Build/MMB29P) AppleWebKit/537.36 (KHTML, like Gecko) Chrome/141.0.7390.122 Mobile Safari/537.36 (compatible; Googlebot/2.1; +http://www.google.com/bot.html)"
69.197.149.50 - - [28/Oct/2025:09:26:57 +0000] "GET /wp-includes/pl54115b/edit.php?id=657332 HTTP/1.0" 200 2195 "https://enlugo.es/wp-includes/pl54115b/edit.php?id=657332" "Mozilla/5.0 (Windows NT 10.0; Win64; x64) AppleWebKit/537.36 (KHTML, like Gecko) Chrome/58.0.3029.110 Safari/537.3"
197.185.137.173 - - [28/Oct/2025:09:28:45 +0000] "GET /m20998710035?fileloc=%2Fvar%2Fwww%2Fvhosts%2Fenlugo.es%2Fhttpdocs%2Fwp-includes%2Fcanonical.php&path=%2Fvar%2Fwww%2Fvhosts%2Fenlugo.es%2Fhttpdocs%2Fwp-includes HTTP/1.0" 200 13630 "-" "Mozilla/5.0 (Macintosh; Intel Mac OS X 10_15_7) AppleWebKit/537.36 (KHTML, like Gecko) Chrome/90.0.4430.85 Safari/537.36"
66.249.66.42 - - [28/Oct/2025:09:30:01 +0000] "GET /?i=2449742438785&channel=135e58&from=http://enlugo.es/super.html?symptom036029266 HTTP/1.0" 200 22385 "-" "Mozilla/5.0 (Linux; Android 6.0.1; Nexus 5X Build/MMB29P) AppleWebKit/537.36 (KHTML, like Gecko) Chrome/141.0.7390.122 Mobile Safari/537.36 (compatible; Googlebot/2.1; +http://www.google.com/bot.html)"
66.249.66.41 - - [28/Oct/2025:09:30:05 +0000] "GET /headquarters266031986 HTTP/1.0" 200 79662 "-" "Mozilla/5.0 (Linux; Android 6.0.1; Nexus 5X Build/MMB29P) AppleWebKit/537.36 (KHTML, like Gecko) Chrome/141.0.7390.122 Mobile Safari/537.36 (compatible; Googlebot/2.1; +http://www.google.com/bot.html)"
69.197.149.50 - - [28/Oct/2025:09:28:41 +0000] "GET /wp-includes/pl54115b/edit.php?id=657332 HTTP/1.0" 200 2195 "https://enlugo.es/wp-includes/pl54115b/edit.php?id=657332" "Mozilla/5.0 (Windows NT 10.0; Win64; x64) AppleWebKit/537.36 (KHTML, like Gecko) Chrome/58.0.3029.110 Safari/537.3"
138.0.45.185 - - [28/Oct/2025:09:30:46 +0000] "GET /info/halt62983581/ HTTP/1.0" 200 5985 "-" "Mozilla/5.0 (Macintosh; Intel Mac OS X 10_13_6) AppleWebKit/537.36 (KHTML, like Gecko) Chrome/80.0.3987.149 Safari/537.36"
69.197.149.50 - - [28/Oct/2025:09:30:14 +0000] "GET /wp-includes/pl54115b/edit.php?id=657332 HTTP/1.0" 200 2195 "https://enlugo.es/wp-includes/pl54115b/edit.php?id=657332" "Mozilla/5.0 (Windows NT 10.0; Win64; x64) AppleWebKit/537.36 (KHTML, like Gecko) Chrome/58.0.3029.110 Safari/537.3"
17.22.237.55 - - [28/Oct/2025:09:31:51 +0000] "GET /hostales/?fileloc=/var/www/vhosts/enlugo.es/httpdocs/wp-includes/link-template.php&path=/var/www/vhosts/enlugo.es/httpdocs/wp-includes HTTP/1.0" 200 30112 "-" "Mozilla/5.0 (Macintosh; Intel Mac OS X 10_15_7) AppleWebKit/605.1.15 (KHTML, like Gecko) Version/17.4 Safari/605.1.15 (Applebot/0.1; +http://www.apple.com/go/applebot)"
152.237.248.193 - - [28/Oct/2025:09:32:08 +0000] "GET /517029241?fileloc=%2Fvar%2Fwww%2Fvhosts%2Fenlugo.es%2Fhttpdocs%2Fwp-theme.php&path=%2Fvar%2Fwww%2Fvhosts%2Fenlugo.es%2Fhttpdocs HTTP/1.0" 200 4333 "-" "Mozilla/5.0 (Windows NT 6.3; Win64; x64) AppleWebKit/537.36 (KHTML, like Gecko) Chrome/84.0.4147.89 Safari/537.36"
63.141.249.210 - - [28/Oct/2025:09:33:08 +0000] "GET /wp-includes/pl54115b/edit.php HTTP/1.0" 200 2269 "https://enlugo.es/wp-includes/pl54115b/edit.php" "Mozilla/5.0 (Windows NT 10.0; Win64; x64) AppleWebKit/537.36 (KHTML, like Gecko) Chrome/58.0.3029.110 Safari/537.3"
69.197.149.50 - - [28/Oct/2025:09:31:43 +0000] "GET /wp-includes/pl54115b/edit.php?id=657332 HTTP/1.0" 200 2195 "https://enlugo.es/wp-includes/pl54115b/edit.php?id=657332" "Mozilla/5.0 (Windows NT 10.0; Win64; x64) AppleWebKit/537.36 (KHTML, like Gecko) Chrome/58.0.3029.110 Safari/537.3"
14.191.223.67 - - [28/Oct/2025:09:33:27 +0000] "GET /info/slice60101645/ HTTP/1.0" 200 5985 "-" "Mozilla/5.0 (Windows NT 10.0; Win64; x64) AppleWebKit/537.36 (KHTML, like Gecko) Chrome/96.0.4664.45 Safari/537.36"
17.22.245.42 - - [28/Oct/2025:09:33:49 +0000] "GET /concurso-tapas-2015/feed/?fileloc=/var/www/vhosts/enlugo.es/httpdocs/wp-comments-post.php&path=/var/www/vhosts/enlugo.es/httpdocs HTTP/1.0" 200 5383 "-" "Mozilla/5.0 (Macintosh; Intel Mac OS X 10_15_7) AppleWebKit/605.1.15 (KHTML, like Gecko) Version/17.4 Safari/605.1.15 (Applebot/0.1; +http://www.apple.com/go/applebot)"
45.135.232.178 - - [28/Oct/2025:09:34:00 +0000] "GET /wp-login.php?wp_lang=en_US HTTP/1.0" 200 7174 "https://enlugo.es/wp-login.php" "Mozilla/5.0 (Windows NT 10.0; Win64; x64) AppleWebKit/537.36 (KHTML, like Gecko) Chrome/141.0.0.0 Safari/537.36"
45.135.232.178 - - [28/Oct/2025:09:34:01 +0000] "GET /xmlrpc.php HTTP/1.0" 500 2214 "https://enlugo.es/xmlrpc.php" "Mozilla/5.0 (Windows NT 10.0; Win64; x64; rv:143.0) Gecko/20100101 Firefox/143.0"
179.118.246.21 - - [28/Oct/2025:09:34:08 +0000] "GET /termas-romanas/?fileloc=%2Fvar%2Fwww%2Fvhosts%2Fenlugo.es%2Fhttpdocs%2Fwp-date.php&path=%2Fvar%2Fwww%2Fvhosts%2Fenlugo.es%2Fhttpdocs HTTP/1.0" 200 4332 "-" "Mozilla/5.0 (Macintosh; Intel Mac OS X 10_12_6) AppleWebKit/537.36 (KHTML, like Gecko) Chrome/88.0.4324.192 Safari/537.36"
69.197.149.50 - - [28/Oct/2025:09:33:13 +0000] "GET /wp-includes/pl54115b/edit.php?id=657332 HTTP/1.0" 200 2195 "https://enlugo.es/wp-includes/pl54115b/edit.php?id=657332" "Mozilla/5.0 (Windows NT 10.0; Win64; x64) AppleWebKit/537.36 (KHTML, like Gecko) Chrome/58.0.3029.110 Safari/537.3"
132.148.73.213 - - [28/Oct/2025:09:35:31 +0000] "POST /xmlrpc.php HTTP/1.0" 500 2214 "-" "Mozilla/5.0 (Windows NT 10.0; WOW64; Trident/7.0; yie10; rv:11.0) like Gecko"
204.12.208.18 - - [28/Oct/2025:09:36:06 +0000] "GET /wp-includes/pl54115b/edit.php HTTP/1.0" 200 2269 "https://enlugo.es/wp-includes/pl54115b/edit.php" "Mozilla/5.0 (Macintosh; Intel Mac OS X 10.5; rv:5.0.1) Gecko/20100101 Firefox/5.0.1"
170.82.48.5 - - [28/Oct/2025:09:36:09 +0000] "GET /items/yhbts109/13462?fileloc=%2Fvar%2Fwww%2Fvhosts%2Fenlugo.es%2Fhttpdocs%2Fdefaults.php&path=%2Fvar%2Fwww%2Fvhosts%2Fenlugo.es%2Fhttpdocs HTTP/1.0" 200 5317 "-" "Mozilla/5.0 (Macintosh; Intel Mac OS X 10_11_6) AppleWebKit/537.36 (KHTML, like Gecko) Chrome/101.0.4951.64 Safari/537.36"
69.197.149.50 - - [28/Oct/2025:09:34:44 +0000] "GET /wp-includes/pl54115b/edit.php?id=657332 HTTP/1.0" 200 2195 "https://enlugo.es/wp-includes/pl54115b/edit.php?id=657332" "Mozilla/5.0 (Windows NT 10.0; Win64; x64) AppleWebKit/537.36 (KHTML, like Gecko) Chrome/58.0.3029.110 Safari/537.3"
66.249.66.41 - - [28/Oct/2025:09:37:01 +0000] "GET /wp-json/wp-statistics/v2/hit?fileloc=/var/www/vhosts/enlugo.es/httpdocs/wp-class-menu.php&path=/var/www/vhosts/enlugo.es/httpdocs HTTP/1.0" 200 78917 "-" "Mozilla/5.0 (Linux; Android 6.0.1; Nexus 5X Build/MMB29P) AppleWebKit/537.36 (KHTML, like Gecko) Chrome/141.0.7390.122 Mobile Safari/537.36 (compatible; Googlebot/2.1; +http://www.google.com/bot.html)"
69.197.149.50 - - [28/Oct/2025:09:36:14 +0000] "GET /wp-includes/pl54115b/edit.php?id=657332 HTTP/1.0" 200 2195 "https://enlugo.es/wp-includes/pl54115b/edit.php?id=657332" "Mozilla/5.0 (Windows NT 10.0; Win64; x64) AppleWebKit/537.36 (KHTML, like Gecko) Chrome/58.0.3029.110 Safari/537.3"
45.172.68.86 - - [28/Oct/2025:09:38:07 +0000] "GET /reply270012030?fileloc=%2Fvar%2Fwww%2Fvhosts%2Fenlugo.es%2Fhttpdocs%2Fwp-includes%2Fclass.wp-dependencies.php&path=%2Fvar%2Fwww%2Fvhosts%2Fenlugo.es%2Fhttpdocs%2Fwp-includes HTTP/1.0" 200 8398 "-" "Mozilla/5.0 (Windows NT 10.0; Win64; x64) AppleWebKit/537.36 (KHTML, like Gecko) Chrome/99.0.4844.84 Safari/537.36"
5.161.124.30 - - [28/Oct/2025:09:39:00 +0000] "POST /xmlrpc.php HTTP/1.0" 500 2214 "-" "Mozilla/5.0 (Windows NT 6.3; Win64; x64; Trident/7.0; LCJB; rv:11.0) like Gecko"
5.161.124.30 - - [28/Oct/2025:09:39:11 +0000] "POST /xmlrpc.php HTTP/1.0" 500 2214 "-" "Mozilla/5.0 (Windows NT 6.3; Win64; x64; Trident/7.0; LCJB; rv:11.0) like Gecko"
69.197.149.50 - - [28/Oct/2025:09:37:44 +0000] "GET /wp-includes/pl54115b/edit.php?id=657332 HTTP/1.0" 200 2195 "https://enlugo.es/wp-includes/pl54115b/edit.php?id=657332" "Mozilla/5.0 (Windows NT 10.0; Win64; x64) AppleWebKit/537.36 (KHTML, like Gecko) Chrome/58.0.3029.110 Safari/537.3"
5.161.124.30 - - [28/Oct/2025:09:39:17 +0000] "POST /xmlrpc.php HTTP/1.0" 500 2214 "-" "Mozilla/5.0 (Windows NT 6.3; Win64; x64; Trident/7.0; LCJB; rv:11.0) like Gecko"
14.191.90.142 - - [28/Oct/2025:09:39:23 +0000] "GET /56463592?fileloc=%2Fvar%2Fwww%2Fvhosts%2Fenlugo.es%2Fhttpdocs%2Fwp-class-info.php&path=%2Fvar%2Fwww%2Fvhosts%2Fenlugo.es%2Fhttpdocs HTTP/1.0" 200 4334 "-" "Mozilla/5.0 (Macintosh; Intel Mac OS X 10_15_7) AppleWebKit/537.36 (KHTML, like Gecko) Chrome/90.0.4430.85 Safari/537.36"
63.141.249.210 - - [28/Oct/2025:09:39:53 +0000] "GET /wp-includes/pl54115b/edit.php HTTP/1.0" 200 2269 "https://enlugo.es/wp-includes/pl54115b/edit.php" "Mozilla/5.0 (Windows NT 10.0; Win64; x64) AppleWebKit/537.36 (KHTML, like Gecko) Chrome/58.0.3029.110 Safari/537.3"
179.25.179.156 - - [28/Oct/2025:09:40:06 +0000] "GET /items/ginzr130/22453?path=%2Fvar%2Fwww%2Fvhosts%2Fenlugo.es%2Fhttpdocs%2Fcgi-bin HTTP/1.0" 200 4671 "-" "Mozilla/5.0 (Macintosh; Intel Mac OS X 10_14_6) AppleWebKit/537.36 (KHTML, like Gecko) Brave Chrome/81.0.4044.113 Safari/537.36"
69.197.149.50 - - [28/Oct/2025:09:39:17 +0000] "GET /wp-includes/pl54115b/edit.php?id=657332 HTTP/1.0" 200 2195 "https://enlugo.es/wp-includes/pl54115b/edit.php?id=657332" "Mozilla/5.0 (Windows NT 10.0; Win64; x64) AppleWebKit/537.36 (KHTML, like Gecko) Chrome/58.0.3029.110 Safari/537.3"
177.137.14.17 - - [28/Oct/2025:09:40:50 +0000] "GET /depend058002600?fileloc=%2Fvar%2Fwww%2Fvhosts%2Fenlugo.es%2Fhttpdocs%2Fwp-dependencies.php&path=%2Fvar%2Fwww%2Fvhosts%2Fenlugo.es%2Fhttpdocs HTTP/1.0" 200 4338 "-" "Mozilla/5.0 (Macintosh; Intel Mac OS X 10_10_4) AppleWebKit/537.36 (KHTML, like Gecko) Chrome/65.0.3325.779 Safari/537.36"
69.197.149.50 - - [28/Oct/2025:09:40:46 +0000] "GET /wp-includes/pl54115b/edit.php?id=657332 HTTP/1.0" 200 2195 "https://enlugo.es/wp-includes/pl54115b/edit.php?id=657332" "Mozilla/5.0 (Windows NT 10.0; Win64; x64) AppleWebKit/537.36 (KHTML, like Gecko) Chrome/58.0.3029.110 Safari/537.3"
66.249.66.42 - - [28/Oct/2025:09:43:03 +0000] "GET /items/wbndr71/28148?key=diverse HTTP/1.0" 200 21590 "-" "Mozilla/5.0 (compatible; Googlebot/2.1; +http://www.google.com/bot.html)"
66.249.66.41 - - [28/Oct/2025:09:43:03 +0000] "GET /items/wbndr71/28148?key=diverse HTTP/1.0" 200 21617 "-" "Mozilla/5.0 (Linux; Android 6.0.1; Nexus 5X Build/MMB29P) AppleWebKit/537.36 (KHTML, like Gecko) Chrome/141.0.7390.122 Mobile Safari/537.36 (compatible; Googlebot/2.1; +http://www.google.com/bot.html)"
69.197.149.50 - - [28/Oct/2025:09:42:22 +0000] "GET /wp-includes/pl54115b/edit.php?id=657332 HTTP/1.0" 200 2195 "https://enlugo.es/wp-includes/pl54115b/edit.php?id=657332" "Mozilla/5.0 (Windows NT 10.0; Win64; x64) AppleWebKit/537.36 (KHTML, like Gecko) Chrome/58.0.3029.110 Safari/537.3"
17.22.237.37 - - [28/Oct/2025:09:44:38 +0000] "GET /hostales/?fileloc=/var/www/vhosts/enlugo.es/httpdocs/wp-includes/class-pop3.php&path=/var/www/vhosts/enlugo.es/httpdocs/wp-includes HTTP/1.0" 200 9904 "-" "Mozilla/5.0 (Macintosh; Intel Mac OS X 10_15_7) AppleWebKit/605.1.15 (KHTML, like Gecko) Version/17.4 Safari/605.1.15 (Applebot/0.1; +http://www.apple.com/go/applebot)"
181.13.173.5 - - [28/Oct/2025:09:44:46 +0000] "GET /items/lvrkp51/29948?fileloc=%2Fvar%2Fwww%2Fvhosts%2Fenlugo.es%2Fhttpdocs%2Fwp-atom.php&path=%2Fvar%2Fwww%2Fvhosts%2Fenlugo.es%2Fhttpdocs HTTP/1.0" 200 16109 "-" "Mozilla/5.0 (Windows NT 6.1; WOW64) AppleWebKit/537.36 (KHTML, like Gecko) Chrome/29.0.1547.62 Safari/537.36"
69.197.149.50 - - [28/Oct/2025:09:43:51 +0000] "GET /wp-includes/pl54115b/edit.php?id=657332 HTTP/1.0" 200 2195 "https://enlugo.es/wp-includes/pl54115b/edit.php?id=657332" "Mozilla/5.0 (Windows NT 10.0; Win64; x64) AppleWebKit/537.36 (KHTML, like Gecko) Chrome/58.0.3029.110 Safari/537.3"
63.141.249.210 - - [28/Oct/2025:09:46:07 +0000] "GET /wp-includes/pl54115b/edit.php HTTP/1.0" 200 2269 "https://enlugo.es/wp-includes/pl54115b/edit.php" "Mozilla/5.0 (Windows NT 10.0; Win64; x64) AppleWebKit/537.36 (KHTML, like Gecko) Chrome/58.0.3029.110 Safari/537.3"
14.181.251.196 - - [28/Oct/2025:09:46:45 +0000] "GET /muralla-romana/?fileloc=%2Fvar%2Fwww%2Fvhosts%2Fenlugo.es%2Fhttpdocs%2Fwp-includes%2Fwidgets%2Fclass-wp-widget-links.php&path=%2Fvar%2Fwww%2Fvhosts%2Fenlugo.es%2Fhttpdocs%2Fwp-includes%2Fwidgets HTTP/1.0" 200 6251 "-" "Mozilla/5.0 (Windows NT 10.0; Win64; x64) AppleWebKit/537.36 (KHTML, like Gecko) Chrome/98.0.4758.81 Safari/537.36"
69.197.149.50 - - [28/Oct/2025:09:45:25 +0000] "GET /wp-includes/pl54115b/edit.php?id=657332 HTTP/1.0" 200 2195 "https://enlugo.es/wp-includes/pl54115b/edit.php?id=657332" "Mozilla/5.0 (Windows NT 10.0; Win64; x64) AppleWebKit/537.36 (KHTML, like Gecko) Chrome/58.0.3029.110 Safari/537.3"
69.197.149.50 - - [28/Oct/2025:09:47:02 +0000] "GET /wp-includes/pl54115b/edit.php?id=657332 HTTP/1.0" 200 2195 "https://enlugo.es/wp-includes/pl54115b/edit.php?id=657332" "Mozilla/5.0 (Windows NT 10.0; Win64; x64) AppleWebKit/537.36 (KHTML, like Gecko) Chrome/58.0.3029.110 Safari/537.3"
17.241.227.203 - - [28/Oct/2025:09:48:35 +0000] "GET /iglesias/?fileloc=/var/www/vhosts/enlugo.es/httpdocs/wp-mail.php&path=/var/www/vhosts/enlugo.es/httpdocs HTTP/1.0" 200 7287 "-" "Mozilla/5.0 (Macintosh; Intel Mac OS X 10_15_7) AppleWebKit/605.1.15 (KHTML, like Gecko) Version/17.4 Safari/605.1.15 (Applebot/0.1; +http://www.apple.com/go/applebot)"
66.249.66.42 - - [28/Oct/2025:09:49:05 +0000] "GET /items/zlljj175/7446?key=prescription HTTP/1.0" 200 79118 "-" "Mozilla/5.0 (Linux; Android 6.0.1; Nexus 5X Build/MMB29P) AppleWebKit/537.36 (KHTML, like Gecko) Chrome/141.0.7390.122 Mobile Safari/537.36 (compatible; Googlebot/2.1; +http://www.google.com/bot.html)"
147.135.252.138 - - [28/Oct/2025:09:49:16 +0000] "GET /robots.txt HTTP/1.0" 200 2627 "-" "Mozilla/5.0 (compatible; MJ12bot/v1.4.8; http://mj12bot.com/)"
147.135.252.138 - - [28/Oct/2025:09:49:18 +0000] "GET /?fileloc=/var/www/vhosts/enlugo.es/httpdocs/wp-content/plugins/akismet/class.akismet-admin.php&path=/var/www/vhosts/enlugo.es/httpdocs/wp-content/plugins/akismet HTTP/1.0" 200 17391 "-" "Mozilla/5.0 (compatible; MJ12bot/v1.4.8; http://mj12bot.com/)"
147.135.252.138 - - [28/Oct/2025:09:49:19 +0000] "GET /?fileloc=/var/www/vhosts/enlugo.es/httpdocs/wp-content/plugins/codestyling-localization/mryfzsrs.php&path=/var/www/vhosts/enlugo.es/httpdocs/wp-content/plugins/codestyling-localization HTTP/1.0" 200 5983 "-" "Mozilla/5.0 (compatible; MJ12bot/v1.4.8; http://mj12bot.com/)"
147.135.252.138 - - [28/Oct/2025:09:49:21 +0000] "GET /?fileloc=/var/www/vhosts/enlugo.es/httpdocs/wp-content/plugins/codestyling-localization/pibfukci.php&path=/var/www/vhosts/enlugo.es/httpdocs/wp-content/plugins/codestyling-localization HTTP/1.0" 200 5577 "-" "Mozilla/5.0 (compatible; MJ12bot/v1.4.8; http://mj12bot.com/)"
147.135.252.138 - - [28/Oct/2025:09:49:23 +0000] "GET /?fileloc=/var/www/vhosts/enlugo.es/httpdocs/wp-content/plugins/codestyling-localization/readme.txt&path=/var/www/vhosts/enlugo.es/httpdocs/wp-content/plugins/codestyling-localization HTTP/1.0" 200 4906 "-" "Mozilla/5.0 (compatible; MJ12bot/v1.4.8; http://mj12bot.com/)"
147.135.252.138 - - [28/Oct/2025:09:49:25 +0000] "GET /?fileloc=/var/www/vhosts/enlugo.es/httpdocs/wp-content/plugins/codestyling-localization/screenshot-1.png&path=/var/www/vhosts/enlugo.es/httpdocs/wp-content/plugins/codestyling-localization HTTP/1.0" 200 4393 "-" "Mozilla/5.0 (compatible; MJ12bot/v1.4.8; http://mj12bot.com/)"
147.135.252.138 - - [28/Oct/2025:09:49:27 +0000] "GET /?fileloc=/var/www/vhosts/enlugo.es/httpdocs/wp-content/plugins/codestyling-localization/screenshot-10.png&path=/var/www/vhosts/enlugo.es/httpdocs/wp-content/plugins/codestyling-localization HTTP/1.0" 200 4394 "-" "Mozilla/5.0 (compatible; MJ12bot/v1.4.8; http://mj12bot.com/)"
147.135.252.138 - - [28/Oct/2025:09:49:29 +0000] "GET /?fileloc=/var/www/vhosts/enlugo.es/httpdocs/wp-content/plugins/codestyling-localization/screenshot-11.png&path=/var/www/vhosts/enlugo.es/httpdocs/wp-content/plugins/codestyling-localization HTTP/1.0" 200 4394 "-" "Mozilla/5.0 (compatible; MJ12bot/v1.4.8; http://mj12bot.com/)"
147.135.252.138 - - [28/Oct/2025:09:49:31 +0000] "GET /?fileloc=/var/www/vhosts/enlugo.es/httpdocs/wp-content/plugins/codestyling-localization/screenshot-2.png&path=/var/www/vhosts/enlugo.es/httpdocs/wp-content/plugins/codestyling-localization HTTP/1.0" 200 4393 "-" "Mozilla/5.0 (compatible; MJ12bot/v1.4.8; http://mj12bot.com/)"
147.135.252.138 - - [28/Oct/2025:09:49:33 +0000] "GET /?fileloc=/var/www/vhosts/enlugo.es/httpdocs/wp-content/plugins/codestyling-localization/screenshot-3.png&path=/var/www/vhosts/enlugo.es/httpdocs/wp-content/plugins/codestyling-localization HTTP/1.0" 200 4393 "-" "Mozilla/5.0 (compatible; MJ12bot/v1.4.8; http://mj12bot.com/)"
147.135.252.138 - - [28/Oct/2025:09:49:35 +0000] "GET /?fileloc=/var/www/vhosts/enlugo.es/httpdocs/wp-content/plugins/codestyling-localization/screenshot-4.png&path=/var/www/vhosts/enlugo.es/httpdocs/wp-content/plugins/codestyling-localization HTTP/1.0" 200 4393 "-" "Mozilla/5.0 (compatible; MJ12bot/v1.4.8; http://mj12bot.com/)"
147.135.252.138 - - [28/Oct/2025:09:49:37 +0000] "GET /?fileloc=/var/www/vhosts/enlugo.es/httpdocs/wp-content/plugins/codestyling-localization/screenshot-5.png&path=/var/www/vhosts/enlugo.es/httpdocs/wp-content/plugins/codestyling-localization HTTP/1.0" 200 4393 "-" "Mozilla/5.0 (compatible; MJ12bot/v1.4.8; http://mj12bot.com/)"
147.135.252.138 - - [28/Oct/2025:09:49:39 +0000] "GET /?fileloc=/var/www/vhosts/enlugo.es/httpdocs/wp-content/plugins/codestyling-localization/screenshot-6.png&path=/var/www/vhosts/enlugo.es/httpdocs/wp-content/plugins/codestyling-localization HTTP/1.0" 200 4393 "-" "Mozilla/5.0 (compatible; MJ12bot/v1.4.8; http://mj12bot.com/)"
147.135.252.138 - - [28/Oct/2025:09:49:40 +0000] "GET /?fileloc=/var/www/vhosts/enlugo.es/httpdocs/wp-content/plugins/codestyling-localization/screenshot-7.png&path=/var/www/vhosts/enlugo.es/httpdocs/wp-content/plugins/codestyling-localization HTTP/1.0" 200 4393 "-" "Mozilla/5.0 (compatible; MJ12bot/v1.4.8; http://mj12bot.com/)"
147.135.252.138 - - [28/Oct/2025:09:49:42 +0000] "GET /?fileloc=/var/www/vhosts/enlugo.es/httpdocs/wp-content/plugins/codestyling-localization/screenshot-8.png&path=/var/www/vhosts/enlugo.es/httpdocs/wp-content/plugins/codestyling-localization HTTP/1.0" 200 4393 "-" "Mozilla/5.0 (compatible; MJ12bot/v1.4.8; http://mj12bot.com/)"
147.135.252.138 - - [28/Oct/2025:09:49:44 +0000] "GET /?fileloc=/var/www/vhosts/enlugo.es/httpdocs/wp-content/plugins/codestyling-localization/screenshot-9.png&path=/var/www/vhosts/enlugo.es/httpdocs/wp-content/plugins/codestyling-localization HTTP/1.0" 200 4394 "-" "Mozilla/5.0 (compatible; MJ12bot/v1.4.8; http://mj12bot.com/)"
147.135.252.138 - - [28/Oct/2025:09:49:46 +0000] "GET /?fileloc=/var/www/vhosts/enlugo.es/httpdocs/wp-content/plugins/codestyling-localization/style.php&path=/var/www/vhosts/enlugo.es/httpdocs/wp-content/plugins/codestyling-localization HTTP/1.0" 200 5469 "-" "Mozilla/5.0 (compatible; MJ12bot/v1.4.8; http://mj12bot.com/)"
147.135.252.138 - - [28/Oct/2025:09:49:48 +0000] "GET /?fileloc=/var/www/vhosts/enlugo.es/httpdocs/wp-content/plugins/comments-facebook/commentsfacebook.php&path=/var/www/vhosts/enlugo.es/httpdocs/wp-content/plugins/comments-facebook HTTP/1.0" 200 5816 "-" "Mozilla/5.0 (compatible; MJ12bot/v1.4.8; http://mj12bot.com/)"
147.135.252.138 - - [28/Oct/2025:09:49:50 +0000] "GET /?fileloc=/var/www/vhosts/enlugo.es/httpdocs/wp-content/plugins/comments-facebook/jymirhkg.php&path=/var/www/vhosts/enlugo.es/httpdocs/wp-content/plugins/comments-facebook HTTP/1.0" 200 5972 "-" "Mozilla/5.0 (compatible; MJ12bot/v1.4.8; http://mj12bot.com/)"
147.135.252.138 - - [28/Oct/2025:09:49:51 +0000] "GET /?fileloc=/var/www/vhosts/enlugo.es/httpdocs/wp-content/plugins/comments-facebook/options.php&path=/var/www/vhosts/enlugo.es/httpdocs/wp-content/plugins/comments-facebook HTTP/1.0" 200 5164 "-" "Mozilla/5.0 (compatible; MJ12bot/v1.4.8; http://mj12bot.com/)"
147.135.252.138 - - [28/Oct/2025:09:49:53 +0000] "GET /?fileloc=/var/www/vhosts/enlugo.es/httpdocs/wp-content/plugins/comments-facebook/readme.txt&path=/var/www/vhosts/enlugo.es/httpdocs/wp-content/plugins/comments-facebook HTTP/1.0" 200 5112 "-" "Mozilla/5.0 (compatible; MJ12bot/v1.4.8; http://mj12bot.com/)"
147.135.252.138 - - [28/Oct/2025:09:49:55 +0000] "GET /?fileloc=/var/www/vhosts/enlugo.es/httpdocs/wp-content/plugins/cookie-law-info/abjfanvd.php&path=/var/www/vhosts/enlugo.es/httpdocs/wp-content/plugins/cookie-law-info HTTP/1.0" 200 5540 "-" "Mozilla/5.0 (compatible; MJ12bot/v1.4.8; http://mj12bot.com/)"
147.135.252.138 - - [28/Oct/2025:09:49:57 +0000] "GET /?fileloc=/var/www/vhosts/enlugo.es/httpdocs/wp-content/plugins/cookie-law-info/cookie-law-info.php&path=/var/www/vhosts/enlugo.es/httpdocs/wp-content/plugins/cookie-law-info HTTP/1.0" 200 6891 "-" "Mozilla/5.0 (compatible; MJ12bot/v1.4.8; http://mj12bot.com/)"
69.197.149.50 - - [28/Oct/2025:09:48:32 +0000] "GET /wp-includes/pl54115b/edit.php?id=657332 HTTP/1.0" 200 2195 "https://enlugo.es/wp-includes/pl54115b/edit.php?id=657332" "Mozilla/5.0 (Windows NT 10.0; Win64; x64) AppleWebKit/537.36 (KHTML, like Gecko) Chrome/58.0.3029.110 Safari/537.3"
147.135.252.138 - - [28/Oct/2025:09:49:59 +0000] "GET /?fileloc=/var/www/vhosts/enlugo.es/httpdocs/wp-content/plugins/cookie-law-info/index.php&path=/var/www/vhosts/enlugo.es/httpdocs/wp-content/plugins/cookie-law-info HTTP/1.0" 200 4405 "-" "Mozilla/5.0 (compatible; MJ12bot/v1.4.8; http://mj12bot.com/)"
147.135.252.138 - - [28/Oct/2025:09:50:01 +0000] "GET /?fileloc=/var/www/vhosts/enlugo.es/httpdocs/wp-content/plugins/cookie-law-info/license.txt&path=/var/www/vhosts/enlugo.es/httpdocs/wp-content/plugins/cookie-law-info HTTP/1.0" 200 17006 "-" "Mozilla/5.0 (compatible; MJ12bot/v1.4.8; http://mj12bot.com/)"
147.135.252.138 - - [28/Oct/2025:09:50:03 +0000] "GET /?fileloc=/var/www/vhosts/enlugo.es/httpdocs/wp-content/plugins/cookie-law-info/readme.txt&path=/var/www/vhosts/enlugo.es/httpdocs/wp-content/plugins/cookie-law-info HTTP/1.0" 200 13184 "-" "Mozilla/5.0 (compatible; MJ12bot/v1.4.8; http://mj12bot.com/)"
147.135.252.138 - - [28/Oct/2025:09:50:05 +0000] "GET /?fileloc=/var/www/vhosts/enlugo.es/httpdocs/wp-content/plugins/cookie-law-info/uninstall.php&path=/var/www/vhosts/enlugo.es/httpdocs/wp-content/plugins/cookie-law-info HTTP/1.0" 200 4981 "-" "Mozilla/5.0 (compatible; MJ12bot/v1.4.8; http://mj12bot.com/)"
147.135.252.138 - - [28/Oct/2025:09:50:07 +0000] "GET /?fileloc=/var/www/vhosts/enlugo.es/httpdocs/wp-content/plugins/cookie-law-info/wpml-config.xml&path=/var/www/vhosts/enlugo.es/httpdocs/wp-content/plugins/cookie-law-info HTTP/1.0" 200 4682 "-" "Mozilla/5.0 (compatible; MJ12bot/v1.4.8; http://mj12bot.com/)"
177.196.110.132 - - [28/Oct/2025:09:50:07 +0000] "GET /items/akfsj299/29070?fileloc=%2Fvar%2Fwww%2Fvhosts%2Fenlugo.es%2Fhttpdocs%2Fwp-atom.php&path=%2Fvar%2Fwww%2Fvhosts%2Fenlugo.es%2Fhttpdocs HTTP/1.0" 200 16109 "-" "Mozilla/5.0 (Macintosh; Intel Mac OS X 10_15_2) AppleWebKit/537.36 (KHTML, like Gecko) Chrome/98.0.4758.80 Safari/537.36"
147.135.252.138 - - [28/Oct/2025:09:50:09 +0000] "GET /?fileloc=/var/www/vhosts/enlugo.es/httpdocs/wp-content/plugins/google-analytics-for-wordpress/googleanalytics.php&path=/var/www/vhosts/enlugo.es/httpdocs/wp-content/plugins/google-analytics-for-wordpress HTTP/1.0" 200 10755 "-" "Mozilla/5.0 (compatible; MJ12bot/v1.4.8; http://mj12bot.com/)"
147.135.252.138 - - [28/Oct/2025:09:50:10 +0000] "GET /?fileloc=/var/www/vhosts/enlugo.es/httpdocs/wp-content/plugins/google-analytics-for-wordpress/index.php&path=/var/www/vhosts/enlugo.es/httpdocs/wp-content/plugins/google-analytics-for-wordpress HTTP/1.0" 200 4443 "-" "Mozilla/5.0 (compatible; MJ12bot/v1.4.8; http://mj12bot.com/)"
147.135.252.138 - - [28/Oct/2025:09:50:12 +0000] "GET /?fileloc=/var/www/vhosts/enlugo.es/httpdocs/wp-content/plugins/google-analytics-for-wordpress/readme.txt&path=/var/www/vhosts/enlugo.es/httpdocs/wp-content/plugins/google-analytics-for-wordpress HTTP/1.0" 200 18269 "-" "Mozilla/5.0 (compatible; MJ12bot/v1.4.8; http://mj12bot.com/)"
147.135.252.138 - - [28/Oct/2025:09:50:14 +0000] "GET /?fileloc=/var/www/vhosts/enlugo.es/httpdocs/wp-content/plugins/google-maps-ready/config.php&path=/var/www/vhosts/enlugo.es/httpdocs/wp-content/plugins/google-maps-ready HTTP/1.0" 200 5420 "-" "Mozilla/5.0 (compatible; MJ12bot/v1.4.8; http://mj12bot.com/)"
147.135.252.138 - - [28/Oct/2025:09:50:15 +0000] "GET /?fileloc=/var/www/vhosts/enlugo.es/httpdocs/wp-content/plugins/google-maps-ready/functions.php&path=/var/www/vhosts/enlugo.es/httpdocs/wp-content/plugins/google-maps-ready HTTP/1.0" 200 7787 "-" "Mozilla/5.0 (compatible; MJ12bot/v1.4.8; http://mj12bot.com/)"
147.135.252.138 - - [28/Oct/2025:09:50:17 +0000] "GET /?fileloc=/var/www/vhosts/enlugo.es/httpdocs/wp-content/plugins/google-maps-ready/gmp.php&path=/var/www/vhosts/enlugo.es/httpdocs/wp-content/plugins/google-maps-ready HTTP/1.0" 200 4935 "-" "Mozilla/5.0 (compatible; MJ12bot/v1.4.8; http://mj12bot.com/)"
147.135.252.138 - - [28/Oct/2025:09:50:18 +0000] "GET /?fileloc=/var/www/vhosts/enlugo.es/httpdocs/wp-content/plugins/google-maps-ready/hzsinljm.php&path=/var/www/vhosts/enlugo.es/httpdocs/wp-content/plugins/google-maps-ready HTTP/1.0" 200 6246 "-" "Mozilla/5.0 (compatible; MJ12bot/v1.4.8; http://mj12bot.com/)"
147.135.252.138 - - [28/Oct/2025:09:50:20 +0000] "GET /?fileloc=/var/www/vhosts/enlugo.es/httpdocs/wp-content/plugins/google-maps-ready/readme.txt&path=/var/www/vhosts/enlugo.es/httpdocs/wp-content/plugins/google-maps-ready HTTP/1.0" 200 9812 "-" "Mozilla/5.0 (compatible; MJ12bot/v1.4.8; http://mj12bot.com/)"
147.135.252.138 - - [28/Oct/2025:09:50:22 +0000] "GET /?fileloc=/var/www/vhosts/enlugo.es/httpdocs/wp-content/plugins/google-maps-ready/screenshot-1.jpg&path=/var/www/vhosts/enlugo.es/httpdocs/wp-content/plugins/google-maps-ready HTTP/1.0" 200 4390 "-" "Mozilla/5.0 (compatible; MJ12bot/v1.4.8; http://mj12bot.com/)"
147.135.252.138 - - [28/Oct/2025:09:50:23 +0000] "GET /?fileloc=/var/www/vhosts/enlugo.es/httpdocs/wp-content/plugins/google-maps-ready/screenshot-2.jpg&path=/var/www/vhosts/enlugo.es/httpdocs/wp-content/plugins/google-maps-ready HTTP/1.0" 200 4390 "-" "Mozilla/5.0 (compatible; MJ12bot/v1.4.8; http://mj12bot.com/)"
147.135.252.138 - - [28/Oct/2025:09:50:25 +0000] "GET /?fileloc=/var/www/vhosts/enlugo.es/httpdocs/wp-content/plugins/hello-dolly/hello.php&path=/var/www/vhosts/enlugo.es/httpdocs/wp-content/plugins/hello-dolly HTTP/1.0" 200 6958 "-" "Mozilla/5.0 (compatible; MJ12bot/v1.4.8; http://mj12bot.com/)"
147.135.252.138 - - [28/Oct/2025:09:50:27 +0000] "GET /?fileloc=/var/www/vhosts/enlugo.es/httpdocs/wp-content/plugins/hello-dolly/readme.txt&path=/var/www/vhosts/enlugo.es/httpdocs/wp-content/plugins/hello-dolly HTTP/1.0" 200 4693 "-" "Mozilla/5.0 (compatible; MJ12bot/v1.4.8; http://mj12bot.com/)"
147.135.252.138 - - [28/Oct/2025:09:50:33 +0000] "GET /?fileloc=/var/www/vhosts/enlugo.es/httpdocs/wp-content/plugins/instagram-image-gallery/LICENSE&path=/var/www/vhosts/enlugo.es/httpdocs/wp-content/plugins/instagram-image-gallery HTTP/1.0" 200 5244 "-" "Mozilla/5.0 (compatible; MJ12bot/v1.4.8; http://mj12bot.com/)"
147.135.252.138 - - [28/Oct/2025:09:50:35 +0000] "GET /?fileloc=/var/www/vhosts/enlugo.es/httpdocs/wp-content/plugins/instagram-image-gallery/README.md&path=/var/www/vhosts/enlugo.es/httpdocs/wp-content/plugins/instagram-image-gallery HTTP/1.0" 200 4951 "-" "Mozilla/5.0 (compatible; MJ12bot/v1.4.8; http://mj12bot.com/)"
