136.243.228.179 - - [29/Oct/2025:07:51:17 +0000] "GET /concerned295022885 HTTP/1.0" 200 4096 "-" "Mozilla/5.0 (compatible; DataForSeoBot/1.0; +https://dataforseo.com/dataforseo-bot)"
57.141.0.44 - - [29/Oct/2025:07:51:19 +0000] "GET /?fileloc=/var/www/vhosts/enlugo.es/httpdocs/wp-includes/class-wp-hook.php&path=/var/www/vhosts/enlugo.es/httpdocs/wp-includes HTTP/1.0" 200 22822 "-" "meta-externalagent/1.1 (+https://developers.facebook.com/docs/sharing/webmasters/crawler)"
136.243.228.179 - - [29/Oct/2025:07:51:21 +0000] "GET /items/xesad176/14163?key=socially HTTP/1.0" 200 3966 "-" "Mozilla/5.0 (compatible; DataForSeoBot/1.0; +https://dataforseo.com/dataforseo-bot)"
136.243.228.179 - - [29/Oct/2025:07:51:25 +0000] "GET /items/oyvmm224/49271?key=leather HTTP/1.0" 200 3966 "-" "Mozilla/5.0 (compatible; DataForSeoBot/1.0; +https://dataforseo.com/dataforseo-bot)"
136.243.228.179 - - [29/Oct/2025:07:51:29 +0000] "GET /blessing266040824 HTTP/1.0" 200 4096 "-" "Mozilla/5.0 (compatible; DataForSeoBot/1.0; +https://dataforseo.com/dataforseo-bot)"
136.243.228.179 - - [29/Oct/2025:07:51:33 +0000] "GET /proposed164039690 HTTP/1.0" 200 4096 "-" "Mozilla/5.0 (compatible; DataForSeoBot/1.0; +https://dataforseo.com/dataforseo-bot)"
136.243.228.179 - - [29/Oct/2025:07:51:37 +0000] "GET /content019025625 HTTP/1.0" 200 4096 "-" "Mozilla/5.0 (compatible; DataForSeoBot/1.0; +https://dataforseo.com/dataforseo-bot)"
136.243.228.179 - - [29/Oct/2025:07:51:41 +0000] "GET /items/sfpms224/24053?key=changing HTTP/1.0" 200 3961 "-" "Mozilla/5.0 (compatible; DataForSeoBot/1.0; +https://dataforseo.com/dataforseo-bot)"
136.243.228.179 - - [29/Oct/2025:07:51:45 +0000] "GET /bonus193004317 HTTP/1.0" 200 4091 "-" "Mozilla/5.0 (compatible; DataForSeoBot/1.0; +https://dataforseo.com/dataforseo-bot)"
3.224.205.25 - - [29/Oct/2025:07:51:45 +0000] "GET /muralla-romana/?path=/var/www/vhosts/enlugo.es/.analytic HTTP/1.0" 200 2590 "-" "Mozilla/5.0 AppleWebKit/537.36 (KHTML, like Gecko; compatible; Amazonbot/0.1; +https://developer.amazon.com/support/amazonbot) Chrome/119.0.6045.214 Safari/537.36"
136.243.228.179 - - [29/Oct/2025:07:51:49 +0000] "GET /hook087031123 HTTP/1.0" 200 4091 "-" "Mozilla/5.0 (compatible; DataForSeoBot/1.0; +https://dataforseo.com/dataforseo-bot)"
54.84.93.8 - - [29/Oct/2025:07:51:51 +0000] "GET /muralla-romana/?path=/var/www/vhosts/enlugo.es/httpdocs/wp-includes/x50b87d HTTP/1.0" 200 2639 "-" "Mozilla/5.0 AppleWebKit/537.36 (KHTML, like Gecko; compatible; Amazonbot/0.1; +https://developer.amazon.com/support/amazonbot) Chrome/119.0.6045.214 Safari/537.36"
44.215.231.15 - - [29/Oct/2025:07:51:52 +0000] "GET /muralla-romana/?path=/var/www/vhosts/enlugo.es/httpdocs/wp-includes/br80bfcb HTTP/1.0" 200 2640 "-" "Mozilla/5.0 AppleWebKit/537.36 (KHTML, like Gecko; compatible; Amazonbot/0.1; +https://developer.amazon.com/support/amazonbot) Chrome/119.0.6045.214 Safari/537.36"
136.243.228.179 - - [29/Oct/2025:07:51:53 +0000] "GET /leaf256004362 HTTP/1.0" 200 4096 "-" "Mozilla/5.0 (compatible; DataForSeoBot/1.0; +https://dataforseo.com/dataforseo-bot)"
136.243.228.179 - - [29/Oct/2025:07:51:57 +0000] "GET /items/mzbdc8/27795?key=hey HTTP/1.0" 200 3966 "-" "Mozilla/5.0 (compatible; DataForSeoBot/1.0; +https://dataforseo.com/dataforseo-bot)"
57.141.0.55 - - [29/Oct/2025:07:51:58 +0000] "GET /info/renee22627993/ HTTP/1.0" 200 41400 "-" "meta-externalagent/1.1 (+https://developers.facebook.com/docs/sharing/webmasters/crawler)"
44.215.210.112 - - [29/Oct/2025:07:51:58 +0000] "GET /muralla-romana/?fileloc=/var/www/vhosts/enlugo.es/httpdocs/cache/wp-class-autoload.php&path=/var/www/vhosts/enlugo.es/httpdocs/cache HTTP/1.0" 200 15067 "-" "Mozilla/5.0 AppleWebKit/537.36 (KHTML, like Gecko; compatible; Amazonbot/0.1; +https://developer.amazon.com/support/amazonbot) Chrome/119.0.6045.214 Safari/537.36"
136.243.228.179 - - [29/Oct/2025:07:52:01 +0000] "GET /shrimp023030769 HTTP/1.0" 200 4096 "-" "Mozilla/5.0 (compatible; DataForSeoBot/1.0; +https://dataforseo.com/dataforseo-bot)"
18.209.137.234 - - [29/Oct/2025:07:52:02 +0000] "GET /muralla-romana/?fileloc=/var/www/vhosts/enlugo.es/httpdocs/cache/wp-classic.php&path=/var/www/vhosts/enlugo.es/httpdocs/cache HTTP/1.0" 200 28306 "-" "Mozilla/5.0 AppleWebKit/537.36 (KHTML, like Gecko; compatible; Amazonbot/0.1; +https://developer.amazon.com/support/amazonbot) Chrome/119.0.6045.214 Safari/537.36"
189.100.71.221 - - [29/Oct/2025:07:52:03 +0000] "GET /item/u99/28241/ HTTP/1.0" 200 4096 "-" "Mozilla/5.0 (Windows NT 10.0; Win64; x64) AppleWebKit/537.36 (KHTML, like Gecko) Chrome/92.0.4515.107 Safari/537.36"
136.243.228.179 - - [29/Oct/2025:07:52:05 +0000] "GET /thought021004947 HTTP/1.0" 200 4096 "-" "Mozilla/5.0 (compatible; DataForSeoBot/1.0; +https://dataforseo.com/dataforseo-bot)"
216.73.216.185 - - [29/Oct/2025:07:52:06 +0000] "GET /items/jqzsa294/url%20=%3Cwidth%3Ex%3Cheight%3E%20%22optional%20title%22?fileloc=%2Fvar%2Fwww%2Fvhosts%2Fenlugo.es%2Fhttpdocs%2Fwp-content%2Fuploads%2F2023%2F12%2Fpwvorutf.php&path=%2Fvar%2Fwww%2Fvhosts%2Fenlugo.es%2Fhttpdocs%2Fwp-content%2Fuploads%2F2023%2F12 HTTP/1.0" 200 4877 "-" "Mozilla/5.0 AppleWebKit/537.36 (KHTML, like Gecko; compatible; ClaudeBot/1.0; +claudebot@anthropic.com)"
216.73.216.185 - - [29/Oct/2025:07:52:06 +0000] "GET /items/jqzsa294/url%20=%3Cwidth%3Ex%3Cheight%3E%20%22optional%20title%22?path=%2Fvar%2Fwww%2Fvhosts%2Fenlugo.es%2Fhttpdocs%2Fwp-content%2Fcache%2Fobject%2Ffc4%2Fb50 HTTP/1.0" 200 2656 "-" "Mozilla/5.0 AppleWebKit/537.36 (KHTML, like Gecko; compatible; ClaudeBot/1.0; +claudebot@anthropic.com)"
216.73.216.185 - - [29/Oct/2025:07:52:07 +0000] "GET /items/jqzsa294/url%20=%3Cwidth%3Ex%3Cheight%3E%20%22optional%20title%22?path=%2Fvar%2Fwww%2Fvhosts%2Fenlugo.es%2Fhttpdocs%2Fwp-content%2Fcache%2Fobject%2F856 HTTP/1.0" 200 2607 "-" "Mozilla/5.0 AppleWebKit/537.36 (KHTML, like Gecko; compatible; ClaudeBot/1.0; +claudebot@anthropic.com)"
216.73.216.185 - - [29/Oct/2025:07:52:07 +0000] "GET /items/jqzsa294/'?fileloc=%2Fvar%2Fwww%2Fvhosts%2Fenlugo.es%2Fhttpdocs%2Fwp-includes%2Fblocks%2Fsearch%2Fsearch%2Fcache.php&path=%2Fvar%2Fwww%2Fvhosts%2Fenlugo.es%2Fhttpdocs%2Fwp-includes%2Fblocks%2Fsearch%2Fsearch HTTP/1.0" 200 2596 "-" "Mozilla/5.0 AppleWebKit/537.36 (KHTML, like Gecko; compatible; ClaudeBot/1.0; +claudebot@anthropic.com)"
3.218.35.239 - - [29/Oct/2025:07:52:07 +0000] "GET /muralla-romana/?fileloc=/var/www/vhosts/enlugo.es/httpdocs/cache/wp-migration.php&path=/var/www/vhosts/enlugo.es/httpdocs/cache HTTP/1.0" 200 15602 "-" "Mozilla/5.0 AppleWebKit/537.36 (KHTML, like Gecko; compatible; Amazonbot/0.1; +https://developer.amazon.com/support/amazonbot) Chrome/119.0.6045.214 Safari/537.36"
216.73.216.185 - - [29/Oct/2025:07:52:08 +0000] "GET /items/jqzsa294/url%20=%3Cwidth%3Ex%3Cheight%3E%20%22optional%20title%22?path=%2Fvar%2Fwww%2Fvhosts%2Fenlugo.es%2Fhttpdocs%2Fwp-content%2Fcache%2Fobject%2F4ca HTTP/1.0" 200 2606 "-" "Mozilla/5.0 AppleWebKit/537.36 (KHTML, like Gecko; compatible; ClaudeBot/1.0; +claudebot@anthropic.com)"
216.73.216.185 - - [29/Oct/2025:07:52:08 +0000] "GET /items/jqzsa294/url%20=%3Cwidth%3Ex%3Cheight%3E%20%22optional%20title%22?path=%2Fvar%2Fwww%2Fvhosts%2Fenlugo.es%2Fhttpdocs%2Fwp-content%2Fcache%2Fobject%2F47b%2Fd28 HTTP/1.0" 200 2654 "-" "Mozilla/5.0 AppleWebKit/537.36 (KHTML, like Gecko; compatible; ClaudeBot/1.0; +claudebot@anthropic.com)"
216.73.216.185 - - [29/Oct/2025:07:52:09 +0000] "GET /items/jqzsa294/url%20=%3Cwidth%3Ex%3Cheight%3E%20%22optional%20title%22?path=%2Fvar%2Fwww%2Fvhosts%2Fenlugo.es%2Fhttpdocs%2Fwp-content%2Fcache%2Fdb%2Fremaining HTTP/1.0" 200 2639 "-" "Mozilla/5.0 AppleWebKit/537.36 (KHTML, like Gecko; compatible; ClaudeBot/1.0; +claudebot@anthropic.com)"
136.243.228.179 - - [29/Oct/2025:07:52:09 +0000] "GET /sole288027608 HTTP/1.0" 200 4096 "-" "Mozilla/5.0 (compatible; DataForSeoBot/1.0; +https://dataforseo.com/dataforseo-bot)"
216.73.216.185 - - [29/Oct/2025:07:52:09 +0000] "GET /items/jqzsa294/url%20=%3Cwidth%3Ex%3Cheight%3E%20%22optional%20title%22?path=%2Fvar%2Fwww%2Fvhosts%2Fenlugo.es%2Fhttpdocs%2Fwp-content%2Fcache%2Fobject%2F842 HTTP/1.0" 200 2607 "-" "Mozilla/5.0 AppleWebKit/537.36 (KHTML, like Gecko; compatible; ClaudeBot/1.0; +claudebot@anthropic.com)"
23.23.213.182 - - [29/Oct/2025:07:52:09 +0000] "GET /muralla-romana/?path=/var/www/vhosts/enlugo.es/httpdocs/wp-content/br4214ae HTTP/1.0" 200 2636 "-" "Mozilla/5.0 AppleWebKit/537.36 (KHTML, like Gecko; compatible; Amazonbot/0.1; +https://developer.amazon.com/support/amazonbot) Chrome/119.0.6045.214 Safari/537.36"
216.73.216.185 - - [29/Oct/2025:07:52:09 +0000] "GET /items/jqzsa294/url%20=%3Cwidth%3Ex%3Cheight%3E%20%22optional%20title%22?path=%2Fvar%2Fwww%2Fvhosts%2Fenlugo.es%2Fhttpdocs%2Fwp-content%2Fcache%2Fobject%2Ff4d%2Fb95 HTTP/1.0" 200 2655 "-" "Mozilla/5.0 AppleWebKit/537.36 (KHTML, like Gecko; compatible; ClaudeBot/1.0; +claudebot@anthropic.com)"
216.73.216.185 - - [29/Oct/2025:07:52:10 +0000] "GET /items/jqzsa294/url%20=%3Cwidth%3Ex%3Cheight%3E%20%22optional%20title%22?path=%2Fvar%2Fwww%2Fvhosts%2Fenlugo.es%2Fhttpdocs%2Fwp-content%2Fcache%2Fobject%2F9c5%2F560 HTTP/1.0" 200 2655 "-" "Mozilla/5.0 AppleWebKit/537.36 (KHTML, like Gecko; compatible; ClaudeBot/1.0; +claudebot@anthropic.com)"
216.73.216.185 - - [29/Oct/2025:07:52:10 +0000] "GET /items/jqzsa294/url%20=%3Cwidth%3Ex%3Cheight%3E%20%22optional%20title%22?path=%2Fvar%2Fwww%2Fvhosts%2Fenlugo.es%2Fhttpdocs%2Fwp-content%2Fcache%2Fobject%2Fd7b%2F6d3 HTTP/1.0" 200 2654 "-" "Mozilla/5.0 AppleWebKit/537.36 (KHTML, like Gecko; compatible; ClaudeBot/1.0; +claudebot@anthropic.com)"
216.73.216.185 - - [29/Oct/2025:07:52:10 +0000] "GET /items/jqzsa294/url%20=%3Cwidth%3Ex%3Cheight%3E%20%22optional%20title%22?path=%2Fvar%2Fwww%2Fvhosts%2Fenlugo.es%2Fhttpdocs%2Fwp-content%2Fcache%2Fobject%2Fc3b%2Fbfe HTTP/1.0" 200 2654 "-" "Mozilla/5.0 AppleWebKit/537.36 (KHTML, like Gecko; compatible; ClaudeBot/1.0; +claudebot@anthropic.com)"
216.73.216.185 - - [29/Oct/2025:07:52:11 +0000] "GET /items/jqzsa294/'?fileloc=%2Fvar%2Fwww%2Fvhosts%2Fenlugo.es%2Fhttpdocs%2Fwp-includes%2Fblocks%2Fpost-author%2Fstyle-rtl.css&path=%2Fvar%2Fwww%2Fvhosts%2Fenlugo.es%2Fhttpdocs%2Fwp-includes%2Fblocks%2Fpost-author HTTP/1.0" 200 3194 "-" "Mozilla/5.0 AppleWebKit/537.36 (KHTML, like Gecko; compatible; ClaudeBot/1.0; +claudebot@anthropic.com)"
216.73.216.185 - - [29/Oct/2025:07:52:11 +0000] "GET /items/jqzsa294/'?fileloc=%2Fvar%2Fwww%2Fvhosts%2Fenlugo.es%2Fhttpdocs%2Fwp-includes%2Fblocks%2Fpost-terms%2Fstyle.css&path=%2Fvar%2Fwww%2Fvhosts%2Fenlugo.es%2Fhttpdocs%2Fwp-includes%2Fblocks%2Fpost-terms HTTP/1.0" 200 3099 "-" "Mozilla/5.0 AppleWebKit/537.36 (KHTML, like Gecko; compatible; ClaudeBot/1.0; +claudebot@anthropic.com)"
216.73.216.185 - - [29/Oct/2025:07:52:11 +0000] "GET /items/jqzsa294/'?fileloc=%2Fvar%2Fwww%2Fvhosts%2Fenlugo.es%2Fhttpdocs%2Fwp-includes%2Fblocks%2Fpost-content%2Fblock.json&path=%2Fvar%2Fwww%2Fvhosts%2Fenlugo.es%2Fhttpdocs%2Fwp-includes%2Fblocks%2Fpost-content HTTP/1.0" 200 2587 "-" "Mozilla/5.0 AppleWebKit/537.36 (KHTML, like Gecko; compatible; ClaudeBot/1.0; +claudebot@anthropic.com)"
216.73.216.185 - - [29/Oct/2025:07:52:11 +0000] "GET /items/jqzsa294/'?fileloc=%2Fvar%2Fwww%2Fvhosts%2Fenlugo.es%2Fhttpdocs%2Fwp-includes%2Fblocks%2Flatest-posts%2Fblock.json&path=%2Fvar%2Fwww%2Fvhosts%2Fenlugo.es%2Fhttpdocs%2Fwp-includes%2Fblocks%2Flatest-posts HTTP/1.0" 200 2854 "-" "Mozilla/5.0 AppleWebKit/537.36 (KHTML, like Gecko; compatible; ClaudeBot/1.0; +claudebot@anthropic.com)"
216.73.216.185 - - [29/Oct/2025:07:52:12 +0000] "GET /items/jqzsa294/'?fileloc=%2Fvar%2Fwww%2Fvhosts%2Fenlugo.es%2Fhttpdocs%2Fwp-includes%2Fblocks%2Fimage%2Fstyle.css&path=%2Fvar%2Fwww%2Fvhosts%2Fenlugo.es%2Fhttpdocs%2Fwp-includes%2Fblocks%2Fimage HTTP/1.0" 200 3586 "-" "Mozilla/5.0 AppleWebKit/537.36 (KHTML, like Gecko; compatible; ClaudeBot/1.0; +claudebot@anthropic.com)"
216.73.216.185 - - [29/Oct/2025:07:52:12 +0000] "GET /items/jqzsa294/url%20=%3Cwidth%3Ex%3Cheight%3E%20%22optional%20title%22?path=%2Fvar%2Fwww%2Fvhosts%2Fenlugo.es%2Fhttpdocs%2Fwp-content%2Fcache%2Fobject%2Fe7c%2Fb02 HTTP/1.0" 200 2654 "-" "Mozilla/5.0 AppleWebKit/537.36 (KHTML, like Gecko; compatible; ClaudeBot/1.0; +claudebot@anthropic.com)"
136.243.228.179 - - [29/Oct/2025:07:52:13 +0000] "GET /items/nhcok7/17716?key=drain HTTP/1.0" 200 3966 "-" "Mozilla/5.0 (compatible; DataForSeoBot/1.0; +https://dataforseo.com/dataforseo-bot)"
34.206.193.60 - - [29/Oct/2025:07:52:14 +0000] "GET /muralla-romana/?fileloc=/var/www/vhosts/enlugo.es/httpdocs/cache/wp-class-section.php&path=/var/www/vhosts/enlugo.es/httpdocs/cache HTTP/1.0" 200 14236 "-" "Mozilla/5.0 AppleWebKit/537.36 (KHTML, like Gecko; compatible; Amazonbot/0.1; +https://developer.amazon.com/support/amazonbot) Chrome/119.0.6045.214 Safari/537.36"
136.243.228.179 - - [29/Oct/2025:07:52:17 +0000] "GET /writer279009057 HTTP/1.0" 200 4096 "-" "Mozilla/5.0 (compatible; DataForSeoBot/1.0; +https://dataforseo.com/dataforseo-bot)"
3.232.102.111 - - [29/Oct/2025:07:52:19 +0000] "GET /muralla-romana/?fileloc=/var/www/vhosts/enlugo.es/httpdocs/wp-includes/class-walker-page.php&path=/var/www/vhosts/enlugo.es/httpdocs/wp-includes HTTP/1.0" 200 4360 "-" "Mozilla/5.0 AppleWebKit/537.36 (KHTML, like Gecko; compatible; Amazonbot/0.1; +https://developer.amazon.com/support/amazonbot) Chrome/119.0.6045.214 Safari/537.36"
136.243.228.179 - - [29/Oct/2025:07:52:21 +0000] "GET /actor132025020 HTTP/1.0" 200 4096 "-" "Mozilla/5.0 (compatible; DataForSeoBot/1.0; +https://dataforseo.com/dataforseo-bot)"
18.211.148.239 - - [29/Oct/2025:07:52:22 +0000] "GET /muralla-romana/?fileloc=/var/www/vhosts/enlugo.es/httpdocs/wp-admin/my-sites.php&path=/var/www/vhosts/enlugo.es/httpdocs/wp-admin HTTP/1.0" 200 4288 "-" "Mozilla/5.0 AppleWebKit/537.36 (KHTML, like Gecko; compatible; Amazonbot/0.1; +https://developer.amazon.com/support/amazonbot) Chrome/119.0.6045.214 Safari/537.36"
3.89.170.186 - - [29/Oct/2025:07:52:24 +0000] "GET /muralla-romana/?fileloc=/var/www/vhosts/enlugo.es/httpdocs/wp-includes/error-protection.php&path=/var/www/vhosts/enlugo.es/httpdocs/wp-includes HTTP/1.0" 200 3716 "-" "Mozilla/5.0 AppleWebKit/537.36 (KHTML, like Gecko; compatible; Amazonbot/0.1; +https://developer.amazon.com/support/amazonbot) Chrome/119.0.6045.214 Safari/537.36"
136.243.228.179 - - [29/Oct/2025:07:52:25 +0000] "GET /items/lfcfh271/37784?key=anonymous HTTP/1.0" 200 3966 "-" "Mozilla/5.0 (compatible; DataForSeoBot/1.0; +https://dataforseo.com/dataforseo-bot)"
17.241.219.238 - - [29/Oct/2025:07:52:26 +0000] "GET /hostales/?fileloc=/var/www/vhosts/enlugo.es/httpdocs/wp-class-panel.php&path=/var/www/vhosts/enlugo.es/httpdocs HTTP/1.0" 200 2316 "-" "Mozilla/5.0 (Macintosh; Intel Mac OS X 10_15_7) AppleWebKit/605.1.15 (KHTML, like Gecko) Version/17.4 Safari/605.1.15 (Applebot/0.1; +http://www.apple.com/go/applebot)"
17.241.219.238 - - [29/Oct/2025:07:52:27 +0000] "GET /whose586-no99vh8dn.html?fileloc=/var/www/vhosts/enlugo.es/httpdocs/wp-includes/blocks/site-tagline.php&path=/var/www/vhosts/enlugo.es/httpdocs/wp-includes/blocks HTTP/1.0" 200 2761 "-" "Mozilla/5.0 (Macintosh; Intel Mac OS X 10_15_7) AppleWebKit/605.1.15 (KHTML, like Gecko) Version/17.4 Safari/605.1.15 (Applebot/0.1; +http://www.apple.com/go/applebot)"
136.243.228.179 - - [29/Oct/2025:07:52:29 +0000] "GET /swing028013556 HTTP/1.0" 200 4096 "-" "Mozilla/5.0 (compatible; DataForSeoBot/1.0; +https://dataforseo.com/dataforseo-bot)"
18.215.24.66 - - [29/Oct/2025:07:52:29 +0000] "GET /muralla-romana/?fileloc=/var/www/vhosts/enlugo.es/httpdocs/images/wp-supports.php&path=/var/www/vhosts/enlugo.es/httpdocs/images HTTP/1.0" 200 26007 "-" "Mozilla/5.0 AppleWebKit/537.36 (KHTML, like Gecko; compatible; Amazonbot/0.1; +https://developer.amazon.com/support/amazonbot) Chrome/119.0.6045.214 Safari/537.36"
136.243.228.179 - - [29/Oct/2025:07:52:33 +0000] "GET /listener225024197 HTTP/1.0" 200 4096 "-" "Mozilla/5.0 (compatible; DataForSeoBot/1.0; +https://dataforseo.com/dataforseo-bot)"
14.233.227.255 - - [29/Oct/2025:07:52:33 +0000] "GET /info/die82616583/ HTTP/1.0" 200 4096 "-" "Mozilla/5.0 (Macintosh; Intel Mac OS X 10_2) AppleWebKit/537.36 (KHTML, like Gecko) Chrome/98.0.4691.94 Safari/537.36"
44.209.187.99 - - [29/Oct/2025:07:52:34 +0000] "GET /effective-impotence-medication-for-improved-sexual-health/?path=/var/www/vhosts/enlugo.es/httpdocs/wp-content/cache/db/options/379/ede HTTP/1.0" 200 2661 "-" "Mozilla/5.0 AppleWebKit/537.36 (KHTML, like Gecko; compatible; Amazonbot/0.1; +https://developer.amazon.com/support/amazonbot) Chrome/119.0.6045.214 Safari/537.36"
136.243.228.179 - - [29/Oct/2025:07:52:37 +0000] "GET /cruel163005879 HTTP/1.0" 200 4096 "-" "Mozilla/5.0 (compatible; DataForSeoBot/1.0; +https://dataforseo.com/dataforseo-bot)"
216.73.216.185 - - [29/Oct/2025:07:52:12 +0000] "GET /items/jqzsa294/url%20=%3Cwidth%3Ex%3Cheight%3E%20%22optional%20title%22?path=%2Fvar%2Fwww%2Fvhosts%2Fenlugo.es%2Fhttpdocs%2Fwp-content%2Fcache%2Fpage_enhanced%2Fenlugo.es HTTP/1.0" 500 288 "-" "Mozilla/5.0 AppleWebKit/537.36 (KHTML, like Gecko; compatible; ClaudeBot/1.0; +claudebot@anthropic.com)"
34.236.41.241 - - [29/Oct/2025:07:52:37 +0000] "GET /muralla-romana/?fileloc=/var/www/vhosts/enlugo.es/httpdocs/images/wp-hooks.php&path=/var/www/vhosts/enlugo.es/httpdocs/images HTTP/1.0" 200 6709 "-" "Mozilla/5.0 AppleWebKit/537.36 (KHTML, like Gecko; compatible; Amazonbot/0.1; +https://developer.amazon.com/support/amazonbot) Chrome/119.0.6045.214 Safari/537.36"
66.249.66.39 - - [29/Oct/2025:07:52:38 +0000] "GET /corner233041419 HTTP/1.0" 200 77474 "-" "Mozilla/5.0 (Linux; Android 6.0.1; Nexus 5X Build/MMB29P) AppleWebKit/537.36 (KHTML, like Gecko) Chrome/141.0.7390.122 Mobile Safari/537.36 (compatible; Googlebot/2.1; +http://www.google.com/bot.html)"
136.243.228.179 - - [29/Oct/2025:07:52:41 +0000] "GET /items/zyrpx284/48219?key=park HTTP/1.0" 200 3966 "-" "Mozilla/5.0 (compatible; DataForSeoBot/1.0; +https://dataforseo.com/dataforseo-bot)"
17.246.19.94 - - [29/Oct/2025:07:52:42 +0000] "GET /termas-romanas/?fileloc=/var/www/vhosts/enlugo.es/httpdocs/wp-error.php&path=/var/www/vhosts/enlugo.es/httpdocs HTTP/1.0" 200 2312 "-" "Mozilla/5.0 (Macintosh; Intel Mac OS X 10_15_7) AppleWebKit/605.1.15 (KHTML, like Gecko) Version/17.4 Safari/605.1.15 (Applebot/0.1; +http://www.apple.com/go/applebot)"
35.153.86.200 - - [29/Oct/2025:07:52:43 +0000] "GET /muralla-romana/?path=/var/www/vhosts/enlugo.es/httpdocs/wp-includes/brb35653 HTTP/1.0" 200 2639 "-" "Mozilla/5.0 AppleWebKit/537.36 (KHTML, like Gecko; compatible; Amazonbot/0.1; +https://developer.amazon.com/support/amazonbot) Chrome/119.0.6045.214 Safari/537.36"
47.128.33.254 - - [29/Oct/2025:07:52:43 +0000] "GET /muralla-romana/?fileloc=%2Fvar%2Fwww%2Fvhosts%2Fenlugo.es%2Fhttpdocs%2Fwp-filters.php&path=%2Fvar%2Fwww%2Fvhosts%2Fenlugo.es%2Fhttpdocs HTTP/1.0" 200 2315 "-" "Mozilla/5.0 (Linux; Android 5.0) AppleWebKit/537.36 (KHTML, like Gecko) Mobile Safari/537.36 (compatible; Bytespider; spider-feedback@bytedance.com)"
136.243.228.179 - - [29/Oct/2025:07:52:45 +0000] "GET /items/liube137/9178?key=same HTTP/1.0" 200 3966 "-" "Mozilla/5.0 (compatible; DataForSeoBot/1.0; +https://dataforseo.com/dataforseo-bot)"
52.204.71.8 - - [29/Oct/2025:07:52:47 +0000] "GET /muralla-romana/?fileloc=/var/www/vhosts/enlugo.es/httpdocs/images/wp-class-image.php&path=/var/www/vhosts/enlugo.es/httpdocs/images HTTP/1.0" 200 14988 "-" "Mozilla/5.0 AppleWebKit/537.36 (KHTML, like Gecko; compatible; Amazonbot/0.1; +https://developer.amazon.com/support/amazonbot) Chrome/119.0.6045.214 Safari/537.36"
138.219.153.39 - - [29/Oct/2025:07:52:47 +0000] "GET /info/nod60881069/ HTTP/1.0" 200 4096 "-" "Mozilla/5.0 (Macintosh; Intel Mac OS X 10_15_6) AppleWebKit/537.36 (KHTML, like Gecko) Brave Chrome/88.0.4324.152 Safari/537.36"
66.249.66.39 - - [29/Oct/2025:07:52:47 +0000] "GET /items/xwghb51/7462?key=bulb HTTP/1.0" 200 76648 "-" "Mozilla/5.0 (Linux; Android 6.0.1; Nexus 5X Build/MMB29P) AppleWebKit/537.36 (KHTML, like Gecko) Chrome/141.0.7390.122 Mobile Safari/537.36 (compatible; Googlebot/2.1; +http://www.google.com/bot.html)"
177.131.162.217 - - [29/Oct/2025:07:52:48 +0000] "GET /product/location225?c=g&l=22646 HTTP/1.0" 200 3966 "-" "Mozilla/5.0 (Macintosh; Intel Mac OS X 10_15_7) AppleWebKit/537.36 (KHTML, like Gecko) Chrome/104.0.0.0 Safari/537.36"
136.243.228.179 - - [29/Oct/2025:07:52:49 +0000] "GET /items/jhaut239/11138?key=snap HTTP/1.0" 200 3966 "-" "Mozilla/5.0 (compatible; DataForSeoBot/1.0; +https://dataforseo.com/dataforseo-bot)"
3.227.180.70 - - [29/Oct/2025:07:52:49 +0000] "GET /effective-impotence-medication-for-improved-sexual-health/?path=/var/www/vhosts/enlugo.es/httpdocs/wp-content/cache/db/options/379/4c4 HTTP/1.0" 200 2663 "-" "Mozilla/5.0 AppleWebKit/537.36 (KHTML, like Gecko; compatible; Amazonbot/0.1; +https://developer.amazon.com/support/amazonbot) Chrome/119.0.6045.214 Safari/537.36"
18.210.58.238 - - [29/Oct/2025:07:52:53 +0000] "GET /muralla-romana/?fileloc=/var/www/vhosts/enlugo.es/httpdocs/wp-includes/class-wp-date-query.php&path=/var/www/vhosts/enlugo.es/httpdocs/wp-includes HTTP/1.0" 200 11483 "-" "Mozilla/5.0 AppleWebKit/537.36 (KHTML, like Gecko; compatible; Amazonbot/0.1; +https://developer.amazon.com/support/amazonbot) Chrome/119.0.6045.214 Safari/537.36"
136.243.228.179 - - [29/Oct/2025:07:52:53 +0000] "GET /resign059024497 HTTP/1.0" 200 4096 "-" "Mozilla/5.0 (compatible; DataForSeoBot/1.0; +https://dataforseo.com/dataforseo-bot)"
17.22.253.174 - - [29/Oct/2025:07:52:54 +0000] "GET /husbandry512-bp3vh45tm.html?fileloc=/var/www/vhosts/enlugo.es/httpdocs/wp-admin/css/dashboard-rtl.css&path=/var/www/vhosts/enlugo.es/httpdocs/wp-admin/css HTTP/1.0" 200 8798 "-" "Mozilla/5.0 (Macintosh; Intel Mac OS X 10_15_7) AppleWebKit/605.1.15 (KHTML, like Gecko) Version/17.4 Safari/605.1.15 (Applebot/0.1; +http://www.apple.com/go/applebot)"
17.22.253.174 - - [29/Oct/2025:07:52:55 +0000] "GET /bulkiness4xz-f0c709p9n.html?fileloc=/var/www/vhosts/enlugo.es/httpdocs/admin.php&path=/var/www/vhosts/enlugo.es/httpdocs HTTP/1.0" 200 2312 "-" "Mozilla/5.0 (Macintosh; Intel Mac OS X 10_15_7) AppleWebKit/605.1.15 (KHTML, like Gecko) Version/17.4 Safari/605.1.15 (Applebot/0.1; +http://www.apple.com/go/applebot)"
17.22.253.79 - - [29/Oct/2025:07:52:56 +0000] "GET /perpendicularity40-bz8dd589.html?fileloc=/var/www/vhosts/enlugo.es/httpdocs/cache/wp-customize.php&path=/var/www/vhosts/enlugo.es/httpdocs/cache HTTP/1.0" 200 57244 "-" "Mozilla/5.0 (Macintosh; Intel Mac OS X 10_15_7) AppleWebKit/605.1.15 (KHTML, like Gecko) Version/17.4 Safari/605.1.15 (Applebot/0.1; +http://www.apple.com/go/applebot)"
44.206.93.215 - - [29/Oct/2025:07:52:56 +0000] "GET /muralla-romana/?fileloc=/var/www/vhosts/enlugo.es/httpdocs/images/wp-class-sanitize.php&path=/var/www/vhosts/enlugo.es/httpdocs/images HTTP/1.0" 200 13727 "-" "Mozilla/5.0 AppleWebKit/537.36 (KHTML, like Gecko; compatible; Amazonbot/0.1; +https://developer.amazon.com/support/amazonbot) Chrome/119.0.6045.214 Safari/537.36"
136.243.228.179 - - [29/Oct/2025:07:52:57 +0000] "GET /preference129014153 HTTP/1.0" 200 4096 "-" "Mozilla/5.0 (compatible; DataForSeoBot/1.0; +https://dataforseo.com/dataforseo-bot)"
54.84.169.196 - - [29/Oct/2025:07:53:00 +0000] "GET /muralla-romana/?path=/var/www/vhosts/enlugo.es/httpdocs/wp-content/wp215474 HTTP/1.0" 200 2683 "-" "Mozilla/5.0 AppleWebKit/537.36 (KHTML, like Gecko; compatible; Amazonbot/0.1; +https://developer.amazon.com/support/amazonbot) Chrome/119.0.6045.214 Safari/537.36"
136.243.228.179 - - [29/Oct/2025:07:53:01 +0000] "GET /items/kncwg271/3216?key=space HTTP/1.0" 200 3966 "-" "Mozilla/5.0 (compatible; DataForSeoBot/1.0; +https://dataforseo.com/dataforseo-bot)"
66.249.66.40 - - [29/Oct/2025:07:53:03 +0000] "GET /playoff235008877 HTTP/1.0" 200 85708 "-" "Mozilla/5.0 (Linux; Android 6.0.1; Nexus 5X Build/MMB29P) AppleWebKit/537.36 (KHTML, like Gecko) Chrome/141.0.7390.122 Mobile Safari/537.36 (compatible; Googlebot/2.1; +http://www.google.com/bot.html)"
136.243.228.179 - - [29/Oct/2025:07:53:05 +0000] "GET /frown057002445 HTTP/1.0" 200 4096 "-" "Mozilla/5.0 (compatible; DataForSeoBot/1.0; +https://dataforseo.com/dataforseo-bot)"
52.6.232.201 - - [29/Oct/2025:07:53:05 +0000] "GET /effective-impotence-medication-for-improved-sexual-health/?path=/var/www/vhosts/enlugo.es/httpdocs/wp-content/cache/db/options/247/07e HTTP/1.0" 200 2663 "-" "Mozilla/5.0 AppleWebKit/537.36 (KHTML, like Gecko; compatible; Amazonbot/0.1; +https://developer.amazon.com/support/amazonbot) Chrome/119.0.6045.214 Safari/537.36"
136.243.228.179 - - [29/Oct/2025:07:53:09 +0000] "GET /ideal004044658 HTTP/1.0" 200 4096 "-" "Mozilla/5.0 (compatible; DataForSeoBot/1.0; +https://dataforseo.com/dataforseo-bot)"
34.199.252.22 - - [29/Oct/2025:07:53:11 +0000] "GET /muralla-romana/?fileloc=/var/www/vhosts/enlugo.es/httpdocs/images/wp-class-roles.php&path=/var/www/vhosts/enlugo.es/httpdocs/images HTTP/1.0" 200 23871 "-" "Mozilla/5.0 AppleWebKit/537.36 (KHTML, like Gecko; compatible; Amazonbot/0.1; +https://developer.amazon.com/support/amazonbot) Chrome/119.0.6045.214 Safari/537.36"
44.215.235.20 - - [29/Oct/2025:07:53:12 +0000] "GET /effective-impotence-medication-for-improved-sexual-health/?path=/var/www/vhosts/enlugo.es/httpdocs/wp-content/cache/db/options/379/589 HTTP/1.0" 200 2661 "-" "Mozilla/5.0 AppleWebKit/537.36 (KHTML, like Gecko; compatible; Amazonbot/0.1; +https://developer.amazon.com/support/amazonbot) Chrome/119.0.6045.214 Safari/537.36"
136.243.228.179 - - [29/Oct/2025:07:53:13 +0000] "GET /items/lfjey136/1895?key=equal HTTP/1.0" 200 3966 "-" "Mozilla/5.0 (compatible; DataForSeoBot/1.0; +https://dataforseo.com/dataforseo-bot)"
186.22.54.76 - - [29/Oct/2025:07:53:15 +0000] "GET /info/elect40484331/ HTTP/1.0" 200 4091 "-" "Mozilla/5.0 (Windows NT 10.0; WOW64) AppleWebKit/537.36 (KHTML, like Gecko) Chrome/80.0.3987.106 Safari/537.36"
136.243.228.179 - - [29/Oct/2025:07:53:17 +0000] "GET /items/hilih282/1161?key=wet HTTP/1.0" 200 3961 "-" "Mozilla/5.0 (compatible; DataForSeoBot/1.0; +https://dataforseo.com/dataforseo-bot)"
52.3.127.170 - - [29/Oct/2025:07:53:18 +0000] "GET /effective-impotence-medication-for-improved-sexual-health/?path=/var/www/vhosts/enlugo.es/httpdocs/wp-content/cache/db/options/247/b45 HTTP/1.0" 200 2662 "-" "Mozilla/5.0 AppleWebKit/537.36 (KHTML, like Gecko; compatible; Amazonbot/0.1; +https://developer.amazon.com/support/amazonbot) Chrome/119.0.6045.214 Safari/537.36"
136.243.228.179 - - [29/Oct/2025:07:53:21 +0000] "GET /enforce068039772 HTTP/1.0" 200 4096 "-" "Mozilla/5.0 (compatible; DataForSeoBot/1.0; +https://dataforseo.com/dataforseo-bot)"
179.34.50.13 - - [29/Oct/2025:07:53:21 +0000] "GET /info/host12077488/ HTTP/1.0" 200 4100 "-" "Mozilla/5.0 (Macintosh; Intel Mac OS X 10_13_6) AppleWebKit/537.36 (KHTML, like Gecko) Brave Chrome/80.0.3987.162 Safari/537.36"
184.72.95.195 - - [29/Oct/2025:07:53:22 +0000] "GET /effective-impotence-medication-for-improved-sexual-health/?path=/var/www/vhosts/enlugo.es/httpdocs/wp-content/cache/db/options/379/716 HTTP/1.0" 200 2662 "-" "Mozilla/5.0 AppleWebKit/537.36 (KHTML, like Gecko; compatible; Amazonbot/0.1; +https://developer.amazon.com/support/amazonbot) Chrome/119.0.6045.214 Safari/537.36"
17.241.227.158 - - [29/Oct/2025:07:53:22 +0000] "GET /entrevista-a-the-pinker-tones/?path=/var/www/vhosts/enlugo.es/httpdocs/wp-content/ima2fdee HTTP/1.0" 200 2637 "-" "Mozilla/5.0 (Macintosh; Intel Mac OS X 10_15_7) AppleWebKit/605.1.15 (KHTML, like Gecko) Version/17.4 Safari/605.1.15 (Applebot/0.1; +http://www.apple.com/go/applebot)"
17.241.227.252 - - [29/Oct/2025:07:53:23 +0000] "GET /heliac498-f0hc45zf.html?path=/var/www/vhosts/enlugo.es/httpdocs/wp-includes/php-compat HTTP/1.0" 200 2684 "-" "Mozilla/5.0 (Macintosh; Intel Mac OS X 10_15_7) AppleWebKit/605.1.15 (KHTML, like Gecko) Version/17.4 Safari/605.1.15 (Applebot/0.1; +http://www.apple.com/go/applebot)"
136.243.228.179 - - [29/Oct/2025:07:53:25 +0000] "GET /depending001045781 HTTP/1.0" 200 4096 "-" "Mozilla/5.0 (compatible; DataForSeoBot/1.0; +https://dataforseo.com/dataforseo-bot)"
17.22.245.162 - - [29/Oct/2025:07:53:26 +0000] "GET /recur41-f4to2q18n.html?fileloc=/var/www/vhosts/enlugo.es/httpdocs/wp-class-application.php&path=/var/www/vhosts/enlugo.es/httpdocs HTTP/1.0" 200 2320 "-" "Mozilla/5.0 (Macintosh; Intel Mac OS X 10_15_7) AppleWebKit/605.1.15 (KHTML, like Gecko) Version/17.4 Safari/605.1.15 (Applebot/0.1; +http://www.apple.com/go/applebot)"
18.214.124.6 - - [29/Oct/2025:07:53:26 +0000] "GET /effective-impotence-medication-for-improved-sexual-health/?path=/var/www/vhosts/enlugo.es/httpdocs/wp-content/cache/db/options/880/038 HTTP/1.0" 200 2662 "-" "Mozilla/5.0 AppleWebKit/537.36 (KHTML, like Gecko; compatible; Amazonbot/0.1; +https://developer.amazon.com/support/amazonbot) Chrome/119.0.6045.214 Safari/537.36"
17.22.245.162 - - [29/Oct/2025:07:53:27 +0000] "GET /?fileloc=/var/www/vhosts/enlugo.es/httpdocs/wp-network.php&path=/var/www/vhosts/enlugo.es/httpdocs HTTP/1.0" 200 2316 "-" "Mozilla/5.0 (Macintosh; Intel Mac OS X 10_15_7) AppleWebKit/605.1.15 (KHTML, like Gecko) Version/17.4 Safari/605.1.15 (Applebot/0.1; +http://www.apple.com/go/applebot)"
44.205.74.196 - - [29/Oct/2025:07:53:28 +0000] "GET /muralla-romana/?fileloc=/var/www/vhosts/enlugo.es/httpdocs/wp-includes/canonical.php&path=/var/www/vhosts/enlugo.es/httpdocs/wp-includes HTTP/1.0" 200 11545 "-" "Mozilla/5.0 AppleWebKit/537.36 (KHTML, like Gecko; compatible; Amazonbot/0.1; +https://developer.amazon.com/support/amazonbot) Chrome/119.0.6045.214 Safari/537.36"
136.243.228.179 - - [29/Oct/2025:07:53:29 +0000] "GET /slice248024938 HTTP/1.0" 200 4096 "-" "Mozilla/5.0 (compatible; DataForSeoBot/1.0; +https://dataforseo.com/dataforseo-bot)"
136.243.228.179 - - [29/Oct/2025:07:53:33 +0000] "GET /items/vsptl207/25094?key=function HTTP/1.0" 200 3966 "-" "Mozilla/5.0 (compatible; DataForSeoBot/1.0; +https://dataforseo.com/dataforseo-bot)"
136.243.228.179 - - [29/Oct/2025:07:53:37 +0000] "GET /items/saaab125/2498?key=ha HTTP/1.0" 200 3966 "-" "Mozilla/5.0 (compatible; DataForSeoBot/1.0; +https://dataforseo.com/dataforseo-bot)"
136.243.228.179 - - [29/Oct/2025:07:53:41 +0000] "GET /items/wpnmc207/3448?key=outlet HTTP/1.0" 200 3966 "-" "Mozilla/5.0 (compatible; DataForSeoBot/1.0; +https://dataforseo.com/dataforseo-bot)"
136.243.228.179 - - [29/Oct/2025:07:53:45 +0000] "GET /sales194044550 HTTP/1.0" 200 4096 "-" "Mozilla/5.0 (compatible; DataForSeoBot/1.0; +https://dataforseo.com/dataforseo-bot)"
66.249.66.77 - - [29/Oct/2025:07:53:44 +0000] "GET /oppose245009563 HTTP/1.0" 200 76599 "-" "Mozilla/5.0 (Linux; Android 6.0.1; Nexus 5X Build/MMB29P) AppleWebKit/537.36 (KHTML, like Gecko) Chrome/141.0.7390.122 Mobile Safari/537.36 (compatible; GoogleOther)"
136.243.228.179 - - [29/Oct/2025:07:53:49 +0000] "GET /pool083007935 HTTP/1.0" 200 4096 "-" "Mozilla/5.0 (compatible; DataForSeoBot/1.0; +https://dataforseo.com/dataforseo-bot)"
136.243.228.179 - - [29/Oct/2025:07:53:53 +0000] "GET /items/dboyi5/14142?key=celebrate HTTP/1.0" 200 3966 "-" "Mozilla/5.0 (compatible; DataForSeoBot/1.0; +https://dataforseo.com/dataforseo-bot)"
66.249.66.39 - - [29/Oct/2025:07:53:55 +0000] "GET /items/jvhte85/10714?key=genuine HTTP/1.0" 200 76615 "-" "Mozilla/5.0 (Linux; Android 6.0.1; Nexus 5X Build/MMB29P) AppleWebKit/537.36 (KHTML, like Gecko) Chrome/141.0.7390.122 Mobile Safari/537.36 (compatible; Googlebot/2.1; +http://www.google.com/bot.html)"
136.243.228.179 - - [29/Oct/2025:07:53:57 +0000] "GET /items/imgse62/38129?key=violence HTTP/1.0" 200 3966 "-" "Mozilla/5.0 (compatible; DataForSeoBot/1.0; +https://dataforseo.com/dataforseo-bot)"
201.81.53.56 - - [29/Oct/2025:07:53:57 +0000] "GET /info/passe50132260/ HTTP/1.0" 200 76686 "-" "Mozilla/5.0 (Windows NT 10.0; WOW64) AppleWebKit/537.36 (KHTML, like Gecko) Chrome/75.0.3770.100 ADG/11.0.2470 AOLBUILD/11.0.2470 Safari/537.36"
216.73.216.185 - - [29/Oct/2025:07:53:59 +0000] "GET /items/jqzsa294/'?fileloc=%2Fvar%2Fwww%2Fvhosts%2Fenlugo.es%2Fhttpdocs%2Fwp-content%2Fplugins%2Fwordpress-seo%2Fsrc%2Fhelpers%2Fajax.php&path=%2Fvar%2Fwww%2Fvhosts%2Fenlugo.es%2Fhttpdocs%2Fwp-content%2Fplugins%2Fwordpress-seo%2Fsrc%2Fhelpers HTTP/1.0" 200 3644 "-" "Mozilla/5.0 AppleWebKit/537.36 (KHTML, like Gecko; compatible; ClaudeBot/1.0; +claudebot@anthropic.com)"
216.73.216.185 - - [29/Oct/2025:07:54:00 +0000] "GET /items/jqzsa294/'?fileloc=%2Fvar%2Fwww%2Fvhosts%2Fenlugo.es%2Fhttpdocs%2Fwp-content%2Fplugins%2Fwordpress-seo%2Fsrc%2Fintegrations%2Fjs.php&path=%2Fvar%2Fwww%2Fvhosts%2Fenlugo.es%2Fhttpdocs%2Fwp-content%2Fplugins%2Fwordpress-seo%2Fsrc%2Fintegrations HTTP/1.0" 200 3486 "-" "Mozilla/5.0 AppleWebKit/537.36 (KHTML, like Gecko; compatible; ClaudeBot/1.0; +claudebot@anthropic.com)"
216.73.216.185 - - [29/Oct/2025:07:54:00 +0000] "GET /items/jqzsa294/'?fileloc=%2Fvar%2Fwww%2Fvhosts%2Fenlugo.es%2Fhttpdocs%2Fwp-content%2Fplugins%2Fwordpress-seo%2Fsrc%2Froutes%2Fsemrush-route.php&path=%2Fvar%2Fwww%2Fvhosts%2Fenlugo.es%2Fhttpdocs%2Fwp-content%2Fplugins%2Fwordpress-seo%2Fsrc%2Froutes HTTP/1.0" 200 3827 "-" "Mozilla/5.0 AppleWebKit/537.36 (KHTML, like Gecko; compatible; ClaudeBot/1.0; +claudebot@anthropic.com)"
216.73.216.185 - - [29/Oct/2025:07:54:00 +0000] "GET /items/jqzsa294/'?fileloc=%2Fvar%2Fwww%2Fvhosts%2Fenlugo.es%2Fhttpdocs%2Fwp-content%2Fplugins%2Fwordpress-seo%2Fsrc%2Fpresentations%2Fjs.php&path=%2Fvar%2Fwww%2Fvhosts%2Fenlugo.es%2Fhttpdocs%2Fwp-content%2Fplugins%2Fwordpress-seo%2Fsrc%2Fpresentations HTTP/1.0" 200 3915 "-" "Mozilla/5.0 AppleWebKit/537.36 (KHTML, like Gecko; compatible; ClaudeBot/1.0; +claudebot@anthropic.com)"
216.73.216.185 - - [29/Oct/2025:07:54:00 +0000] "GET /items/jqzsa294/'?fileloc=%2Fvar%2Fwww%2Fvhosts%2Fenlugo.es%2Fhttpdocs%2Fwp-content%2Fplugins%2Fwp-file-manager%2Flib%2Fphp%2FelFinderPlugin.php&path=%2Fvar%2Fwww%2Fvhosts%2Fenlugo.es%2Fhttpdocs%2Fwp-content%2Fplugins%2Fwp-file-manager%2Flib%2Fphp HTTP/1.0" 200 3258 "-" "Mozilla/5.0 AppleWebKit/537.36 (KHTML, like Gecko; compatible; ClaudeBot/1.0; +claudebot@anthropic.com)"
216.73.216.185 - - [29/Oct/2025:07:54:01 +0000] "GET /items/jqzsa294/'?fileloc=%2Fvar%2Fwww%2Fvhosts%2Fenlugo.es%2Fhttpdocs%2Fwp-content%2Fplugins%2Fwordpress-seo%2Fsrc%2Fhelpers%2Finput-helper.php&path=%2Fvar%2Fwww%2Fvhosts%2Fenlugo.es%2Fhttpdocs%2Fwp-content%2Fplugins%2Fwordpress-seo%2Fsrc%2Fhelpers HTTP/1.0" 200 2718 "-" "Mozilla/5.0 AppleWebKit/537.36 (KHTML, like Gecko; compatible; ClaudeBot/1.0; +claudebot@anthropic.com)"
216.73.216.185 - - [29/Oct/2025:07:54:01 +0000] "GET /items/jqzsa294/'?fileloc=%2Fvar%2Fwww%2Fvhosts%2Fenlugo.es%2Fhttpdocs%2Fwp-content%2Fplugins%2Fwordpress-seo%2Fsrc%2Froutes%2Findexing-route.php&path=%2Fvar%2Fwww%2Fvhosts%2Fenlugo.es%2Fhttpdocs%2Fwp-content%2Fplugins%2Fwordpress-seo%2Fsrc%2Froutes HTTP/1.0" 200 4352 "-" "Mozilla/5.0 AppleWebKit/537.36 (KHTML, like Gecko; compatible; ClaudeBot/1.0; +claudebot@anthropic.com)"
136.243.228.179 - - [29/Oct/2025:07:54:01 +0000] "GET /solution113015763 HTTP/1.0" 200 4096 "-" "Mozilla/5.0 (compatible; DataForSeoBot/1.0; +https://dataforseo.com/dataforseo-bot)"
216.73.216.185 - - [29/Oct/2025:07:54:01 +0000] "GET /items/jqzsa294/'?fileloc=%2Fvar%2Fwww%2Fvhosts%2Fenlugo.es%2Fhttpdocs%2Fwp-content%2Fplugins%2Fw3-total-cache%2Flib%2FMinify%2Fjs.php&path=%2Fvar%2Fwww%2Fvhosts%2Fenlugo.es%2Fhttpdocs%2Fwp-content%2Fplugins%2Fw3-total-cache%2Flib%2FMinify HTTP/1.0" 200 3485 "-" "Mozilla/5.0 AppleWebKit/537.36 (KHTML, like Gecko; compatible; ClaudeBot/1.0; +claudebot@anthropic.com)"
216.73.216.185 - - [29/Oct/2025:07:54:01 +0000] "GET /items/jqzsa294/'?fileloc=%2Fvar%2Fwww%2Fvhosts%2Fenlugo.es%2Fhttpdocs%2Fwp-content%2Fplugins%2Fwordpress-seo%2Fsrc%2Fhelpers%2Fcurl-helper.php&path=%2Fvar%2Fwww%2Fvhosts%2Fenlugo.es%2Fhttpdocs%2Fwp-content%2Fplugins%2Fwordpress-seo%2Fsrc%2Fhelpers HTTP/1.0" 200 2670 "-" "Mozilla/5.0 AppleWebKit/537.36 (KHTML, like Gecko; compatible; ClaudeBot/1.0; +claudebot@anthropic.com)"
216.73.216.185 - - [29/Oct/2025:07:54:02 +0000] "GET /items/jqzsa294/'?fileloc=%2Fvar%2Fwww%2Fvhosts%2Fenlugo.es%2Fhttpdocs%2Fwp-content%2Fplugins%2Fwordpress-seo%2Fsrc%2Fhelpers%2Fstring-helper.php&path=%2Fvar%2Fwww%2Fvhosts%2Fenlugo.es%2Fhttpdocs%2Fwp-content%2Fplugins%2Fwordpress-seo%2Fsrc%2Fhelpers HTTP/1.0" 200 2906 "-" "Mozilla/5.0 AppleWebKit/537.36 (KHTML, like Gecko; compatible; ClaudeBot/1.0; +claudebot@anthropic.com)"
216.73.216.185 - - [29/Oct/2025:07:54:02 +0000] "GET /items/jqzsa294/'?fileloc=%2Fvar%2Fwww%2Fvhosts%2Fenlugo.es%2Fhttpdocs%2Fwp-content%2Fplugins%2Fwordpress-seo%2Fsrc%2Froutes%2Fworkouts-route.php&path=%2Fvar%2Fwww%2Fvhosts%2Fenlugo.es%2Fhttpdocs%2Fwp-content%2Fplugins%2Fwordpress-seo%2Fsrc%2Froutes HTTP/1.0" 200 3499 "-" "Mozilla/5.0 AppleWebKit/537.36 (KHTML, like Gecko; compatible; ClaudeBot/1.0; +claudebot@anthropic.com)"
216.73.216.185 - - [29/Oct/2025:07:54:02 +0000] "GET /items/jqzsa294/'?fileloc=%2Fvar%2Fwww%2Fvhosts%2Fenlugo.es%2Fhttpdocs%2Fwp-content%2Fplugins%2Fwordpress-seo%2Fsrc%2Froutes%2Fimporting-route.php&path=%2Fvar%2Fwww%2Fvhosts%2Fenlugo.es%2Fhttpdocs%2Fwp-content%2Fplugins%2Fwordpress-seo%2Fsrc%2Froutes HTTP/1.0" 200 3712 "-" "Mozilla/5.0 AppleWebKit/537.36 (KHTML, like Gecko; compatible; ClaudeBot/1.0; +claudebot@anthropic.com)"
216.73.216.185 - - [29/Oct/2025:07:54:03 +0000] "GET /items/jqzsa294/'?fileloc=%2Fvar%2Fwww%2Fvhosts%2Fenlugo.es%2Fhttpdocs%2Fwp-content%2Fplugins%2Fwordpress-seo%2Fsrc%2Fhelpers%2Fwpdb-helper.php&path=%2Fvar%2Fwww%2Fvhosts%2Fenlugo.es%2Fhttpdocs%2Fwp-content%2Fplugins%2Fwordpress-seo%2Fsrc%2Fhelpers HTTP/1.0" 200 2831 "-" "Mozilla/5.0 AppleWebKit/537.36 (KHTML, like Gecko; compatible; ClaudeBot/1.0; +claudebot@anthropic.com)"
216.73.216.185 - - [29/Oct/2025:07:54:03 +0000] "GET /items/jqzsa294/'?fileloc=%2Fvar%2Fwww%2Fvhosts%2Fenlugo.es%2Fhttpdocs%2Fwp-content%2Fplugins%2Fwordpress-seo%2Fsrc%2Fhelpers%2Frobots-helper.php&path=%2Fvar%2Fwww%2Fvhosts%2Fenlugo.es%2Fhttpdocs%2Fwp-content%2Fplugins%2Fwordpress-seo%2Fsrc%2Fhelpers HTTP/1.0" 200 2674 "-" "Mozilla/5.0 AppleWebKit/537.36 (KHTML, like Gecko; compatible; ClaudeBot/1.0; +claudebot@anthropic.com)"
216.73.216.185 - - [29/Oct/2025:07:54:03 +0000] "GET /items/jqzsa294/'?fileloc=%2Fvar%2Fwww%2Fvhosts%2Fenlugo.es%2Fhttpdocs%2Fwp-content%2Fplugins%2Fwordpress-seo%2Fsrc%2Fhelpers%2Fhome-url-helper.php&path=%2Fvar%2Fwww%2Fvhosts%2Fenlugo.es%2Fhttpdocs%2Fwp-content%2Fplugins%2Fwordpress-seo%2Fsrc%2Fhelpers HTTP/1.0" 200 2677 "-" "Mozilla/5.0 AppleWebKit/537.36 (KHTML, like Gecko; compatible; ClaudeBot/1.0; +claudebot@anthropic.com)"
216.73.216.185 - - [29/Oct/2025:07:54:03 +0000] "GET /items/jqzsa294/'?fileloc=%2Fvar%2Fwww%2Fvhosts%2Fenlugo.es%2Fhttpdocs%2Fwp-content%2Fplugins%2Fwordpress-seo%2Fsrc%2Froutes%2Froute-interface.php&path=%2Fvar%2Fwww%2Fvhosts%2Fenlugo.es%2Fhttpdocs%2Fwp-content%2Fplugins%2Fwordpress-seo%2Fsrc%2Froutes HTTP/1.0" 200 2533 "-" "Mozilla/5.0 AppleWebKit/537.36 (KHTML, like Gecko; compatible; ClaudeBot/1.0; +claudebot@anthropic.com)"
216.73.216.185 - - [29/Oct/2025:07:54:03 +0000] "GET /items/jqzsa294/'?fileloc=%2Fvar%2Fwww%2Fvhosts%2Fenlugo.es%2Fhttpdocs%2Fwp-content%2Fplugins%2Fwp-file-manager%2Flib%2Fphp%2Fautoload.php&path=%2Fvar%2Fwww%2Fvhosts%2Fenlugo.es%2Fhttpdocs%2Fwp-content%2Fplugins%2Fwp-file-manager%2Flib%2Fphp HTTP/1.0" 200 3047 "-" "Mozilla/5.0 AppleWebKit/537.36 (KHTML, like Gecko; compatible; ClaudeBot/1.0; +claudebot@anthropic.com)"
136.243.228.179 - - [29/Oct/2025:07:54:05 +0000] "GET /items/froau58/45417?key=commitment HTTP/1.0" 200 3966 "-" "Mozilla/5.0 (compatible; DataForSeoBot/1.0; +https://dataforseo.com/dataforseo-bot)"
136.243.228.179 - - [29/Oct/2025:07:54:09 +0000] "GET /items/xbpbl129/26750?key=withdraw HTTP/1.0" 200 3966 "-" "Mozilla/5.0 (compatible; DataForSeoBot/1.0; +https://dataforseo.com/dataforseo-bot)"
66.249.66.39 - - [29/Oct/2025:07:54:11 +0000] "GET /plastic236027978 HTTP/1.0" 200 77507 "-" "Mozilla/5.0 (Linux; Android 6.0.1; Nexus 5X Build/MMB29P) AppleWebKit/537.36 (KHTML, like Gecko) Chrome/141.0.7390.122 Mobile Safari/537.36 (compatible; Googlebot/2.1; +http://www.google.com/bot.html)"
136.243.228.179 - - [29/Oct/2025:07:54:13 +0000] "GET /items/dicnu69/25822?key=practically HTTP/1.0" 200 3966 "-" "Mozilla/5.0 (compatible; DataForSeoBot/1.0; +https://dataforseo.com/dataforseo-bot)"
66.249.66.39 - - [29/Oct/2025:07:54:12 +0000] "GET /saving252010310 HTTP/1.0" 200 77503 "-" "Mozilla/5.0 (Linux; Android 6.0.1; Nexus 5X Build/MMB29P) AppleWebKit/537.36 (KHTML, like Gecko) Chrome/141.0.7390.122 Mobile Safari/537.36 (compatible; GoogleOther)"
136.243.228.179 - - [29/Oct/2025:07:54:17 +0000] "GET /items/gigit145/35504?key=thread HTTP/1.0" 200 3966 "-" "Mozilla/5.0 (compatible; DataForSeoBot/1.0; +https://dataforseo.com/dataforseo-bot)"
66.249.66.169 - - [29/Oct/2025:07:54:18 +0000] "GET /discourse037030769 HTTP/1.0" 200 86345 "-" "Mozilla/5.0 (Linux; Android 6.0.1; Nexus 5X Build/MMB29P) AppleWebKit/537.36 (KHTML, like Gecko) Chrome/141.0.7390.122 Mobile Safari/537.36 (compatible; Googlebot/2.1; +http://www.google.com/bot.html)"
66.249.66.168 - - [29/Oct/2025:07:54:19 +0000] "GET /items/hmson214/1477?key=application HTTP/1.0" 200 77073 "-" "Mozilla/5.0 (Linux; Android 6.0.1; Nexus 5X Build/MMB29P) AppleWebKit/537.36 (KHTML, like Gecko) Chrome/141.0.7390.122 Mobile Safari/537.36 (compatible; Googlebot/2.1; +http://www.google.com/bot.html)"
136.243.228.179 - - [29/Oct/2025:07:54:21 +0000] "GET /factor148036310 HTTP/1.0" 200 4096 "-" "Mozilla/5.0 (compatible; DataForSeoBot/1.0; +https://dataforseo.com/dataforseo-bot)"
136.243.228.179 - - [29/Oct/2025:07:54:25 +0000] "GET /items/wbndr94/28125?key=belt HTTP/1.0" 200 3966 "-" "Mozilla/5.0 (compatible; DataForSeoBot/1.0; +https://dataforseo.com/dataforseo-bot)"
136.243.228.179 - - [29/Oct/2025:07:54:29 +0000] "GET /blend225018725 HTTP/1.0" 200 4096 "-" "Mozilla/5.0 (compatible; DataForSeoBot/1.0; +https://dataforseo.com/dataforseo-bot)"
136.243.228.179 - - [29/Oct/2025:07:54:33 +0000] "GET /constitution112020822 HTTP/1.0" 200 4096 "-" "Mozilla/5.0 (compatible; DataForSeoBot/1.0; +https://dataforseo.com/dataforseo-bot)"
66.249.66.195 - - [29/Oct/2025:07:54:34 +0000] "GET /items/cvytz51/40324?key=originally HTTP/1.0" 200 76806 "-" "Mozilla/5.0 (Linux; Android 6.0.1; Nexus 5X Build/MMB29P) AppleWebKit/537.36 (KHTML, like Gecko) Chrome/141.0.7390.122 Mobile Safari/537.36 (compatible; Googlebot/2.1; +http://www.google.com/bot.html)"
66.249.66.196 - - [29/Oct/2025:07:54:35 +0000] "GET /need266031730 HTTP/1.0" 200 77066 "-" "Mozilla/5.0 (Linux; Android 6.0.1; Nexus 5X Build/MMB29P) AppleWebKit/537.36 (KHTML, like Gecko) Chrome/141.0.7390.122 Mobile Safari/537.36 (compatible; Googlebot/2.1; +http://www.google.com/bot.html)"
136.243.228.179 - - [29/Oct/2025:07:54:37 +0000] "GET /ban186029650 HTTP/1.0" 200 4096 "-" "Mozilla/5.0 (compatible; DataForSeoBot/1.0; +https://dataforseo.com/dataforseo-bot)"
57.141.0.6 - - [29/Oct/2025:07:54:40 +0000] "GET /info/makeu20638393/?fileloc=/var/www/vhosts/enlugo.es/httpdocs/wp-config.php&path=/var/www/vhosts/enlugo.es/httpdocs HTTP/1.0" 200 10414 "-" "meta-externalagent/1.1 (+https://developers.facebook.com/docs/sharing/webmasters/crawler)"
136.243.228.179 - - [29/Oct/2025:07:54:41 +0000] "GET /items/bermm296/37453?key=ball HTTP/1.0" 200 3966 "-" "Mozilla/5.0 (compatible; DataForSeoBot/1.0; +https://dataforseo.com/dataforseo-bot)"
66.249.66.169 - - [29/Oct/2025:07:54:41 +0000] "GET /later221027329 HTTP/1.0" 200 76622 "-" "Mozilla/5.0 (Linux; Android 6.0.1; Nexus 5X Build/MMB29P) AppleWebKit/537.36 (KHTML, like Gecko) Chrome/141.0.7390.122 Mobile Safari/537.36 (compatible; GoogleOther)"
66.249.66.196 - - [29/Oct/2025:07:54:43 +0000] "GET /items/xvgyj284/30353?key=written HTTP/1.0" 200 85945 "-" "Mozilla/5.0 (Linux; Android 6.0.1; Nexus 5X Build/MMB29P) AppleWebKit/537.36 (KHTML, like Gecko) Chrome/141.0.7390.122 Mobile Safari/537.36 (compatible; Googlebot/2.1; +http://www.google.com/bot.html)"
136.243.228.179 - - [29/Oct/2025:07:54:45 +0000] "GET /items/jzjqd56/42483?key=seat HTTP/1.0" 200 3966 "-" "Mozilla/5.0 (compatible; DataForSeoBot/1.0; +https://dataforseo.com/dataforseo-bot)"
136.243.228.179 - - [29/Oct/2025:07:54:49 +0000] "GET /move036030870 HTTP/1.0" 200 4091 "-" "Mozilla/5.0 (compatible; DataForSeoBot/1.0; +https://dataforseo.com/dataforseo-bot)"
136.243.228.179 - - [29/Oct/2025:07:54:53 +0000] "GET /items/kteqe264/49375?key=budget HTTP/1.0" 200 3966 "-" "Mozilla/5.0 (compatible; DataForSeoBot/1.0; +https://dataforseo.com/dataforseo-bot)"
110.172.98.2 - - [29/Oct/2025:07:54:55 +0000] "GET / HTTP/1.0" 200 11555 "-" "Mozilla/5.0 (Windows NT 10.0; Win64; x64) AppleWebKit/537.36 (KHTML, like Gecko) Chrome/79.0.3945.130 Safari/537.36"
216.73.216.185 - - [29/Oct/2025:07:54:55 +0000] "GET /items/jqzsa294/'?fileloc=%2Fvar%2Fwww%2Fvhosts%2Fenlugo.es%2Fhttpdocs%2Fwp-content%2Fplugins%2Fwordpress-seo%2Fsrc%2Fhelpers%2Fpost-helper.php&path=%2Fvar%2Fwww%2Fvhosts%2Fenlugo.es%2Fhttpdocs%2Fwp-content%2Fplugins%2Fwordpress-seo%2Fsrc%2Fhelpers HTTP/1.0" 200 3842 "-" "Mozilla/5.0 AppleWebKit/537.36 (KHTML, like Gecko; compatible; ClaudeBot/1.0; +claudebot@anthropic.com)"
110.172.98.2 - - [29/Oct/2025:07:54:56 +0000] "GET /favicon.ico HTTP/1.0" 200 274578 "-" "Mozilla/5.0"
216.73.216.185 - - [29/Oct/2025:07:54:56 +0000] "GET /items/jqzsa294/'?fileloc=%2Fvar%2Fwww%2Fvhosts%2Fenlugo.es%2Fhttpdocs%2Fwp-content%2Fplugins%2Fwordpress-seo%2Fsrc%2Fhelpers%2Fblocks-helper.php&path=%2Fvar%2Fwww%2Fvhosts%2Fenlugo.es%2Fhttpdocs%2Fwp-content%2Fplugins%2Fwordpress-seo%2Fsrc%2Fhelpers HTTP/1.0" 200 3091 "-" "Mozilla/5.0 AppleWebKit/537.36 (KHTML, like Gecko; compatible; ClaudeBot/1.0; +claudebot@anthropic.com)"
216.73.216.185 - - [29/Oct/2025:07:54:56 +0000] "GET /items/jqzsa294/'?fileloc=%2Fvar%2Fwww%2Fvhosts%2Fenlugo.es%2Fhttpdocs%2Fwp-content%2Fplugins%2Fwordpress-seo%2Fsrc%2Fhelpers%2Fsite-helper.php&path=%2Fvar%2Fwww%2Fvhosts%2Fenlugo.es%2Fhttpdocs%2Fwp-content%2Fplugins%2Fwordpress-seo%2Fsrc%2Fhelpers HTTP/1.0" 200 2679 "-" "Mozilla/5.0 AppleWebKit/537.36 (KHTML, like Gecko; compatible; ClaudeBot/1.0; +claudebot@anthropic.com)"
216.73.216.185 - - [29/Oct/2025:07:54:56 +0000] "GET /items/jqzsa294/'?fileloc=%2Fvar%2Fwww%2Fvhosts%2Fenlugo.es%2Fhttpdocs%2Fwp-content%2Fplugins%2Fw3-total-cache%2Flib%2FGoogle%2FException.php&path=%2Fvar%2Fwww%2Fvhosts%2Fenlugo.es%2Fhttpdocs%2Fwp-content%2Fplugins%2Fw3-total-cache%2Flib%2FGoogle HTTP/1.0" 200 2777 "-" "Mozilla/5.0 AppleWebKit/537.36 (KHTML, like Gecko; compatible; ClaudeBot/1.0; +claudebot@anthropic.com)"
216.73.216.185 - - [29/Oct/2025:07:54:56 +0000] "GET /items/jqzsa294/'?fileloc=%2Fvar%2Fwww%2Fvhosts%2Fenlugo.es%2Fhttpdocs%2Fwp-content%2Fplugins%2Flanding-pages%2Fshared%2Ffunctions%2Fshared.php&path=%2Fvar%2Fwww%2Fvhosts%2Fenlugo.es%2Fhttpdocs%2Fwp-content%2Fplugins%2Flanding-pages%2Fshared%2Ffunctions HTTP/1.0" 200 2613 "-" "Mozilla/5.0 AppleWebKit/537.36 (KHTML, like Gecko; compatible; ClaudeBot/1.0; +claudebot@anthropic.com)"
216.73.216.185 - - [29/Oct/2025:07:54:57 +0000] "GET /items/jqzsa294/'?fileloc=%2Fvar%2Fwww%2Fvhosts%2Fenlugo.es%2Fhttpdocs%2Fwp-content%2Fplugins%2Fw3-total-cache%2Flib%2FCSSTidy%2Fajax.php&path=%2Fvar%2Fwww%2Fvhosts%2Fenlugo.es%2Fhttpdocs%2Fwp-content%2Fplugins%2Fw3-total-cache%2Flib%2FCSSTidy HTTP/1.0" 200 3662 "-" "Mozilla/5.0 AppleWebKit/537.36 (KHTML, like Gecko; compatible; ClaudeBot/1.0; +claudebot@anthropic.com)"
216.73.216.185 - - [29/Oct/2025:07:54:57 +0000] "GET /items/jqzsa294/'?fileloc=%2Fvar%2Fwww%2Fvhosts%2Fenlugo.es%2Fhttpdocs%2Fwp-content%2Fplugins%2Fwordpress-seo%2Fsrc%2Fhelpers%2Fimage-helper.php&path=%2Fvar%2Fwww%2Fvhosts%2Fenlugo.es%2Fhttpdocs%2Fwp-content%2Fplugins%2Fwordpress-seo%2Fsrc%2Fhelpers HTTP/1.0" 200 4949 "-" "Mozilla/5.0 AppleWebKit/537.36 (KHTML, like Gecko; compatible; ClaudeBot/1.0; +claudebot@anthropic.com)"
136.243.228.179 - - [29/Oct/2025:07:54:57 +0000] "GET /items/dumgy144/18099?key=firm HTTP/1.0" 200 3961 "-" "Mozilla/5.0 (compatible; DataForSeoBot/1.0; +https://dataforseo.com/dataforseo-bot)"
216.73.216.185 - - [29/Oct/2025:07:54:57 +0000] "GET /items/jqzsa294/'?fileloc=%2Fvar%2Fwww%2Fvhosts%2Fenlugo.es%2Fhttpdocs%2Fwp-content%2Fplugins%2Fw3-total-cache%2Flib%2FGoogle%2FClient.php&path=%2Fvar%2Fwww%2Fvhosts%2Fenlugo.es%2Fhttpdocs%2Fwp-content%2Fplugins%2Fw3-total-cache%2Flib%2FGoogle HTTP/1.0" 200 7716 "-" "Mozilla/5.0 AppleWebKit/537.36 (KHTML, like Gecko; compatible; ClaudeBot/1.0; +claudebot@anthropic.com)"
216.73.216.185 - - [29/Oct/2025:07:54:57 +0000] "GET /items/jqzsa294/'?fileloc=%2Fvar%2Fwww%2Fvhosts%2Fenlugo.es%2Fhttpdocs%2Fwp-content%2Fplugins%2Fwordpress-seo%2Fsrc%2Fhelpers%2Furl-helper.php&path=%2Fvar%2Fwww%2Fvhosts%2Fenlugo.es%2Fhttpdocs%2Fwp-content%2Fplugins%2Fwordpress-seo%2Fsrc%2Fhelpers HTTP/1.0" 200 4242 "-" "Mozilla/5.0 AppleWebKit/537.36 (KHTML, like Gecko; compatible; ClaudeBot/1.0; +claudebot@anthropic.com)"
216.73.216.185 - - [29/Oct/2025:07:54:57 +0000] "GET /items/jqzsa294/'?fileloc=%2Fvar%2Fwww%2Fvhosts%2Fenlugo.es%2Fhttpdocs%2Fwp-content%2Fplugins%2Fwp-file-manager%2Flib%2Fphp%2FelFinderSession.php&path=%2Fvar%2Fwww%2Fvhosts%2Fenlugo.es%2Fhttpdocs%2Fwp-content%2Fplugins%2Fwp-file-manager%2Flib%2Fphp HTTP/1.0" 200 4354 "-" "Mozilla/5.0 AppleWebKit/537.36 (KHTML, like Gecko; compatible; ClaudeBot/1.0; +claudebot@anthropic.com)"
216.73.216.185 - - [29/Oct/2025:07:54:58 +0000] "GET /items/jqzsa294/'?fileloc=%2Fvar%2Fwww%2Fvhosts%2Fenlugo.es%2Fhttpdocs%2Fwp-content%2Fplugins%2Fw3-total-cache%2Flib%2FMinify%2FJSMin.php&path=%2Fvar%2Fwww%2Fvhosts%2Fenlugo.es%2Fhttpdocs%2Fwp-content%2Fplugins%2Fw3-total-cache%2Flib%2FMinify HTTP/1.0" 200 6681 "-" "Mozilla/5.0 AppleWebKit/537.36 (KHTML, like Gecko; compatible; ClaudeBot/1.0; +claudebot@anthropic.com)"
