52.1.157.90 - - [29/Oct/2025:07:59:34 +0000] "GET /effective-impotence-medication-for-improved-sexual-health/?fileloc=/var/www/vhosts/enlugo.es/httpdocs/wp-content/cache/db/options/803/f3e/803f3e710a062718b9297c8798a9b848.php&path=/var/www/vhosts/enlugo.es/httpdocs/wp-content/cache/db/options/803/f3e HTTP/1.0" 200 2407 "-" "Mozilla/5.0 AppleWebKit/537.36 (KHTML, like Gecko; compatible; Amazonbot/0.1; +https://developer.amazon.com/support/amazonbot) Chrome/119.0.6045.214 Safari/537.36"
136.243.228.179 - - [29/Oct/2025:07:59:37 +0000] "GET /possession274046238 HTTP/1.0" 200 4096 "-" "Mozilla/5.0 (compatible; DataForSeoBot/1.0; +https://dataforseo.com/dataforseo-bot)"
216.73.216.185 - - [29/Oct/2025:07:59:38 +0000] "GET /items/jqzsa294/'?fileloc=%2Fvar%2Fwww%2Fvhosts%2Fenlugo.es%2Fhttpdocs%2Fwp-content%2Fplugins%2Fwordpress-seo%2Flib%2Fmigrations%2Fmigration.php&path=%2Fvar%2Fwww%2Fvhosts%2Fenlugo.es%2Fhttpdocs%2Fwp-content%2Fplugins%2Fwordpress-seo%2Flib%2Fmigrations HTTP/1.0" 200 3373 "-" "Mozilla/5.0 AppleWebKit/537.36 (KHTML, like Gecko; compatible; ClaudeBot/1.0; +claudebot@anthropic.com)"
216.73.216.185 - - [29/Oct/2025:07:59:37 +0000] "GET /items/jqzsa294/'?path=%2Fvar%2Fwww%2Fvhosts%2Fenlugo.es%2Fhttpdocs%2Fwp-content%2Fplugins%2Fw3-total-cache%2Flib%2FGoogle%2FHttp HTTP/1.0" 200 2844 "-" "Mozilla/5.0 AppleWebKit/537.36 (KHTML, like Gecko; compatible; ClaudeBot/1.0; +claudebot@anthropic.com)"
216.73.216.185 - - [29/Oct/2025:07:59:38 +0000] "GET /items/jqzsa294/'?fileloc=%2Fvar%2Fwww%2Fvhosts%2Fenlugo.es%2Fhttpdocs%2Fwp-content%2Fplugins%2Fwordpress-seo%2Flib%2Fmigrations%2Ftable.php&path=%2Fvar%2Fwww%2Fvhosts%2Fenlugo.es%2Fhttpdocs%2Fwp-content%2Fplugins%2Fwordpress-seo%2Flib%2Fmigrations HTTP/1.0" 200 4326 "-" "Mozilla/5.0 AppleWebKit/537.36 (KHTML, like Gecko; compatible; ClaudeBot/1.0; +claudebot@anthropic.com)"
216.73.216.185 - - [29/Oct/2025:07:59:38 +0000] "GET /items/jqzsa294/'?fileloc=%2Fvar%2Fwww%2Fvhosts%2Fenlugo.es%2Fhttpdocs%2Fwp-content%2Fplugins%2Fwp-file-manager%2Flib%2Fcss%2Fcwd.css&path=%2Fvar%2Fwww%2Fvhosts%2Fenlugo.es%2Fhttpdocs%2Fwp-content%2Fplugins%2Fwp-file-manager%2Flib%2Fcss HTTP/1.0" 200 7294 "-" "Mozilla/5.0 AppleWebKit/537.36 (KHTML, like Gecko; compatible; ClaudeBot/1.0; +claudebot@anthropic.com)"
216.73.216.185 - - [29/Oct/2025:07:59:38 +0000] "GET /items/jqzsa294/'?path=%2Fvar%2Fwww%2Fvhosts%2Fenlugo.es%2Fhttpdocs%2Fwp-content%2Fplugins%2Fgoogle-maps-ready%2Fmodules%2Fshortcodes%2Fjs HTTP/1.0" 200 2748 "-" "Mozilla/5.0 AppleWebKit/537.36 (KHTML, like Gecko; compatible; ClaudeBot/1.0; +claudebot@anthropic.com)"
216.73.216.185 - - [29/Oct/2025:07:59:38 +0000] "GET /items/jqzsa294/'?fileloc=%2Fvar%2Fwww%2Fvhosts%2Fenlugo.es%2Fhttpdocs%2Fwp-content%2Fplugins%2Fwp-file-manager%2Flib%2Fsounds%2Frm.wav&path=%2Fvar%2Fwww%2Fvhosts%2Fenlugo.es%2Fhttpdocs%2Fwp-content%2Fplugins%2Fwp-file-manager%2Flib%2Fsounds HTTP/1.0" 200 2379 "-" "Mozilla/5.0 AppleWebKit/537.36 (KHTML, like Gecko; compatible; ClaudeBot/1.0; +claudebot@anthropic.com)"
66.249.66.77 - - [29/Oct/2025:07:59:40 +0000] "GET /pages.php?items/075002887.html?srsltid=AfmBOokuwaHFrhxuSaThAgMwYNiXeVExnboDwj8zUNeI82IKnRYz HTTP/1.0" 403 1258 "-" "Mozilla/5.0 (Linux; Android 6.0.1; Nexus 5X Build/MMB29P) AppleWebKit/537.36 (KHTML, like Gecko) Chrome/141.0.7390.122 Mobile Safari/537.36 (compatible; Googlebot/2.1; +http://www.google.com/bot.html)"
216.73.216.185 - - [29/Oct/2025:07:59:39 +0000] "GET /items/jqzsa294/'?fileloc=%2Fvar%2Fwww%2Fvhosts%2Fenlugo.es%2Fhttpdocs%2Fwp-content%2Fplugins%2Fwp-file-manager%2Flib%2Fcss%2Fquicklook.css&path=%2Fvar%2Fwww%2Fvhosts%2Fenlugo.es%2Fhttpdocs%2Fwp-content%2Fplugins%2Fwp-file-manager%2Flib%2Fcss HTTP/1.0" 200 4577 "-" "Mozilla/5.0 AppleWebKit/537.36 (KHTML, like Gecko; compatible; ClaudeBot/1.0; +claudebot@anthropic.com)"
216.73.216.185 - - [29/Oct/2025:07:59:38 +0000] "GET /items/jqzsa294/'?path=%2Fvar%2Fwww%2Fvhosts%2Fenlugo.es%2Fhttpdocs%2Fwp-content%2Fplugins%2Fw3-total-cache%2Flib%2FSNS%2Flib HTTP/1.0" 200 2725 "-" "Mozilla/5.0 AppleWebKit/537.36 (KHTML, like Gecko; compatible; ClaudeBot/1.0; +claudebot@anthropic.com)"
216.73.216.185 - - [29/Oct/2025:07:59:39 +0000] "GET /items/jqzsa294/'?path=%2Fvar%2Fwww%2Fvhosts%2Fenlugo.es%2Fhttpdocs%2Fwp-content%2Fplugins%2Fwp-file-manager%2Flib%2Fphp%2Fflycache HTTP/1.0" 200 2643 "-" "Mozilla/5.0 AppleWebKit/537.36 (KHTML, like Gecko; compatible; ClaudeBot/1.0; +claudebot@anthropic.com)"
216.73.216.185 - - [29/Oct/2025:07:59:39 +0000] "GET /items/jqzsa294/'?fileloc=%2Fvar%2Fwww%2Fvhosts%2Fenlugo.es%2Fhttpdocs%2Fwp-content%2Fplugins%2Fw3-total-cache%2Fpub%2Fjs%2Findex.html&path=%2Fvar%2Fwww%2Fvhosts%2Fenlugo.es%2Fhttpdocs%2Fwp-content%2Fplugins%2Fw3-total-cache%2Fpub%2Fjs HTTP/1.0" 200 2384 "-" "Mozilla/5.0 AppleWebKit/537.36 (KHTML, like Gecko; compatible; ClaudeBot/1.0; +claudebot@anthropic.com)"
216.73.216.185 - - [29/Oct/2025:07:59:40 +0000] "GET /items/jqzsa294/'?path=%2Fvar%2Fwww%2Fvhosts%2Fenlugo.es%2Fhttpdocs%2Fwp-content%2Fplugins%2Fwp-file-manager%2Flib%2Fphp%2Flibs HTTP/1.0" 200 2695 "-" "Mozilla/5.0 AppleWebKit/537.36 (KHTML, like Gecko; compatible; ClaudeBot/1.0; +claudebot@anthropic.com)"
216.73.216.185 - - [29/Oct/2025:07:59:39 +0000] "GET /items/jqzsa294/'?fileloc=%2Fvar%2Fwww%2Fvhosts%2Fenlugo.es%2Fhttpdocs%2Fwp-content%2Fplugins%2Fwordpress-seo%2Flib%2Fmigrations%2Fconstants.php&path=%2Fvar%2Fwww%2Fvhosts%2Fenlugo.es%2Fhttpdocs%2Fwp-content%2Fplugins%2Fwordpress-seo%2Flib%2Fmigrations HTTP/1.0" 200 2623 "-" "Mozilla/5.0 AppleWebKit/537.36 (KHTML, like Gecko; compatible; ClaudeBot/1.0; +claudebot@anthropic.com)"
216.73.216.185 - - [29/Oct/2025:07:59:40 +0000] "GET /items/jqzsa294/'?fileloc=%2Fvar%2Fwww%2Fvhosts%2Fenlugo.es%2Fhttpdocs%2Fwp-content%2Fplugins%2Fwordpress-seo%2Flib%2Fmigrations%2Fadapter.php&path=%2Fvar%2Fwww%2Fvhosts%2Fenlugo.es%2Fhttpdocs%2Fwp-content%2Fplugins%2Fwordpress-seo%2Flib%2Fmigrations HTTP/1.0" 200 7987 "-" "Mozilla/5.0 AppleWebKit/537.36 (KHTML, like Gecko; compatible; ClaudeBot/1.0; +claudebot@anthropic.com)"
216.73.216.185 - - [29/Oct/2025:07:59:40 +0000] "GET /items/jqzsa294/'?path=%2Fvar%2Fwww%2Fvhosts%2Fenlugo.es%2Fhttpdocs%2Fwp-content%2Fplugins%2Fw3-total-cache%2Flib%2FMinify%2FHTTP HTTP/1.0" 200 2781 "-" "Mozilla/5.0 AppleWebKit/537.36 (KHTML, like Gecko; compatible; ClaudeBot/1.0; +claudebot@anthropic.com)"
216.73.216.185 - - [29/Oct/2025:07:59:40 +0000] "GET /items/jqzsa294/'?fileloc=%2Fvar%2Fwww%2Fvhosts%2Fenlugo.es%2Fhttpdocs%2Fwp-content%2Fplugins%2Fw3-total-cache%2Flib%2FCSSTidy%2Findex.html&path=%2Fvar%2Fwww%2Fvhosts%2Fenlugo.es%2Fhttpdocs%2Fwp-content%2Fplugins%2Fw3-total-cache%2Flib%2FCSSTidy HTTP/1.0" 200 2390 "-" "Mozilla/5.0 AppleWebKit/537.36 (KHTML, like Gecko; compatible; ClaudeBot/1.0; +claudebot@anthropic.com)"
216.73.216.185 - - [29/Oct/2025:07:59:40 +0000] "GET /items/jqzsa294/'?fileloc=%2Fvar%2Fwww%2Fvhosts%2Fenlugo.es%2Fhttpdocs%2Fwp-content%2Fplugins%2Fgoogle-maps-ready%2Fclasses%2Ftables%2Fmaps.php&path=%2Fvar%2Fwww%2Fvhosts%2Fenlugo.es%2Fhttpdocs%2Fwp-content%2Fplugins%2Fgoogle-maps-ready%2Fclasses%2Ftables HTTP/1.0" 200 2637 "-" "Mozilla/5.0 AppleWebKit/537.36 (KHTML, like Gecko; compatible; ClaudeBot/1.0; +claudebot@anthropic.com)"
136.243.228.179 - - [29/Oct/2025:07:59:41 +0000] "GET /items/hfbzd8/17855?key=media HTTP/1.0" 200 3966 "-" "Mozilla/5.0 (compatible; DataForSeoBot/1.0; +https://dataforseo.com/dataforseo-bot)"
136.243.228.179 - - [29/Oct/2025:07:59:45 +0000] "GET /fraud005027517 HTTP/1.0" 200 4096 "-" "Mozilla/5.0 (compatible; DataForSeoBot/1.0; +https://dataforseo.com/dataforseo-bot)"
66.249.66.39 - - [29/Oct/2025:07:59:46 +0000] "GET /everyone167014509 HTTP/1.0" 200 85287 "-" "Mozilla/5.0 (Linux; Android 6.0.1; Nexus 5X Build/MMB29P) AppleWebKit/537.36 (KHTML, like Gecko) Chrome/141.0.7390.122 Mobile Safari/537.36 (compatible; Googlebot/2.1; +http://www.google.com/bot.html)"
136.243.228.179 - - [29/Oct/2025:07:59:49 +0000] "GET /rich187032039 HTTP/1.0" 200 4096 "-" "Mozilla/5.0 (compatible; DataForSeoBot/1.0; +https://dataforseo.com/dataforseo-bot)"
136.243.228.179 - - [29/Oct/2025:07:59:53 +0000] "GET /context218041786 HTTP/1.0" 200 4096 "-" "Mozilla/5.0 (compatible; DataForSeoBot/1.0; +https://dataforseo.com/dataforseo-bot)"
179.48.86.181 - - [29/Oct/2025:07:59:54 +0000] "GET /pages.php?1673645 HTTP/1.0" 403 1258 "-" "Mozilla/5.0 (Windows NT 10.0; Win64; x64) AppleWebKit/537.36 (KHTML, like Gecko) Chrome/85.0.4183.48 Safari/537.36"
181.64.11.228 - - [29/Oct/2025:07:59:56 +0000] "GET /factor234024626 HTTP/1.0" 200 4096 "-" "Mozilla/5.0 (Macintosh; Intel Mac OS X 10_15_7) AppleWebKit/537.36 (KHTML, like Gecko) Chrome/99.0.4844.51 Safari/537.36"
136.243.228.179 - - [29/Oct/2025:07:59:57 +0000] "GET /association230013766 HTTP/1.0" 200 4096 "-" "Mozilla/5.0 (compatible; DataForSeoBot/1.0; +https://dataforseo.com/dataforseo-bot)"
66.249.66.168 - - [29/Oct/2025:07:59:56 +0000] "GET /orbit239015575 HTTP/1.0" 200 76828 "-" "Mozilla/5.0 (Linux; Android 6.0.1; Nexus 5X Build/MMB29P) AppleWebKit/537.36 (KHTML, like Gecko) Chrome/141.0.7390.122 Mobile Safari/537.36 (compatible; GoogleOther)"
136.243.228.179 - - [29/Oct/2025:08:00:01 +0000] "GET /items/tfrks172/27469?key=chin HTTP/1.0" 200 3966 "-" "Mozilla/5.0 (compatible; DataForSeoBot/1.0; +https://dataforseo.com/dataforseo-bot)"
66.249.66.168 - - [29/Oct/2025:08:00:05 +0000] "GET /pages.php?items/203019097.html?srsltid=AfmBOoxtyQCVMLBURVbeLGooYxFmXNratqjPPmqTIt8NXob0vG3n HTTP/1.0" 403 1258 "-" "Mozilla/5.0 (Linux; Android 6.0.1; Nexus 5X Build/MMB29P) AppleWebKit/537.36 (KHTML, like Gecko) Chrome/141.0.7390.122 Mobile Safari/537.36 (compatible; Googlebot/2.1; +http://www.google.com/bot.html)"
136.243.228.179 - - [29/Oct/2025:08:00:05 +0000] "GET /behave204040158 HTTP/1.0" 200 4096 "-" "Mozilla/5.0 (compatible; DataForSeoBot/1.0; +https://dataforseo.com/dataforseo-bot)"
136.243.228.179 - - [29/Oct/2025:08:00:09 +0000] "GET /vision252029680 HTTP/1.0" 200 4096 "-" "Mozilla/5.0 (compatible; DataForSeoBot/1.0; +https://dataforseo.com/dataforseo-bot)"
171.225.204.142 - - [29/Oct/2025:08:00:11 +0000] "GET /info/lust70851854/ HTTP/1.0" 200 4096 "-" "Mozilla/5.0 (Windows NT 10.0; Win64; x64) AppleWebKit/537.36 (KHTML, like Gecko) Chrome/100.0.4896.127 Safari/537.36"
136.243.228.179 - - [29/Oct/2025:08:00:13 +0000] "GET /items/blhok122/11805?key=spoon HTTP/1.0" 200 3966 "-" "Mozilla/5.0 (compatible; DataForSeoBot/1.0; +https://dataforseo.com/dataforseo-bot)"
66.249.66.39 - - [29/Oct/2025:08:00:13 +0000] "GET /items/dunpr255/26634?key=integrated HTTP/1.0" 200 86841 "-" "Mozilla/5.0 (Linux; Android 6.0.1; Nexus 5X Build/MMB29P) AppleWebKit/537.36 (KHTML, like Gecko) Chrome/141.0.7390.122 Mobile Safari/537.36 (compatible; Googlebot/2.1; +http://www.google.com/bot.html)"
136.243.228.179 - - [29/Oct/2025:08:00:17 +0000] "GET /items/eroov69/8904?key=hazard HTTP/1.0" 200 3966 "-" "Mozilla/5.0 (compatible; DataForSeoBot/1.0; +https://dataforseo.com/dataforseo-bot)"
14.231.234.248 - - [29/Oct/2025:08:00:18 +0000] "GET /86522048 HTTP/1.0" 200 4096 "-" "Mozilla/5.0 (Macintosh; Intel Mac OS X 10_15_7) AppleWebKit/537.36 (KHTML, like Gecko) Chrome/96.0.4664.55 Safari/537.36"
57.141.0.64 - - [29/Oct/2025:08:00:20 +0000] "GET /info/docto32800290/ HTTP/1.0" 200 41400 "-" "meta-externalagent/1.1 (+https://developers.facebook.com/docs/sharing/webmasters/crawler)"
136.243.228.179 - - [29/Oct/2025:08:00:21 +0000] "GET /items/wmgzb119/27990?key=abortion HTTP/1.0" 200 3966 "-" "Mozilla/5.0 (compatible; DataForSeoBot/1.0; +https://dataforseo.com/dataforseo-bot)"
17.241.219.250 - - [29/Oct/2025:08:00:21 +0000] "GET /sapwood3n-80p82b43.html?fileloc=/var/www/vhosts/enlugo.es/httpdocs/wp-class-resolver.php&path=/var/www/vhosts/enlugo.es/httpdocs HTTP/1.0" 200 2319 "-" "Mozilla/5.0 (Macintosh; Intel Mac OS X 10_15_7) AppleWebKit/605.1.15 (KHTML, like Gecko) Version/17.4 Safari/605.1.15 (Applebot/0.1; +http://www.apple.com/go/applebot)"
17.241.219.81 - - [29/Oct/2025:08:00:22 +0000] "GET /heliac498-f0hc45zf.html?fileloc=/var/www/vhosts/enlugo.es/httpdocs/wp-includes/ms-network.php&path=/var/www/vhosts/enlugo.es/httpdocs/wp-includes HTTP/1.0" 200 3661 "-" "Mozilla/5.0 (Macintosh; Intel Mac OS X 10_15_7) AppleWebKit/605.1.15 (KHTML, like Gecko) Version/17.4 Safari/605.1.15 (Applebot/0.1; +http://www.apple.com/go/applebot)"
136.243.228.179 - - [29/Oct/2025:08:00:25 +0000] "GET /items/sfnei3/37764?key=conclude HTTP/1.0" 200 3966 "-" "Mozilla/5.0 (compatible; DataForSeoBot/1.0; +https://dataforseo.com/dataforseo-bot)"
222.255.243.77 - - [29/Oct/2025:08:00:28 +0000] "GET /info/wet71324062/ HTTP/1.0" 200 4096 "-" "Mozilla/5.0 (Windows NT 6.3) AppleWebKit/537.36 (KHTML, like Gecko) Chrome/107.0.0.0 Safari/537.36"
136.243.228.179 - - [29/Oct/2025:08:00:29 +0000] "GET /supportive069036737 HTTP/1.0" 200 4096 "-" "Mozilla/5.0 (compatible; DataForSeoBot/1.0; +https://dataforseo.com/dataforseo-bot)"
66.249.66.195 - - [29/Oct/2025:08:00:29 +0000] "GET /gray222023518 HTTP/1.0" 200 76839 "-" "Mozilla/5.0 (Linux; Android 6.0.1; Nexus 5X Build/MMB29P) AppleWebKit/537.36 (KHTML, like Gecko) Chrome/141.0.7390.122 Mobile Safari/537.36 (compatible; Googlebot/2.1; +http://www.google.com/bot.html)"
136.243.228.179 - - [29/Oct/2025:08:00:33 +0000] "GET /items/ddoxn213/4868?key=environmental HTTP/1.0" 200 3966 "-" "Mozilla/5.0 (compatible; DataForSeoBot/1.0; +https://dataforseo.com/dataforseo-bot)"
66.249.66.77 - - [29/Oct/2025:08:00:37 +0000] "GET /pages.php?q-~234BmTvmCLMsrH2ViAD2xcXUAvsuYfsYb27947/ HTTP/1.0" 403 1258 "-" "Mozilla/5.0 (Linux; Android 6.0.1; Nexus 5X Build/MMB29P) AppleWebKit/537.36 (KHTML, like Gecko) Chrome/141.0.7390.122 Mobile Safari/537.36 (compatible; Googlebot/2.1; +http://www.google.com/bot.html)"
136.243.228.179 - - [29/Oct/2025:08:00:37 +0000] "GET /items/zgyhm101/13566?key=sunny HTTP/1.0" 200 3966 "-" "Mozilla/5.0 (compatible; DataForSeoBot/1.0; +https://dataforseo.com/dataforseo-bot)"
136.243.228.179 - - [29/Oct/2025:08:00:41 +0000] "GET /items/yphez48/25769?key=clothes HTTP/1.0" 200 3966 "-" "Mozilla/5.0 (compatible; DataForSeoBot/1.0; +https://dataforseo.com/dataforseo-bot)"
17.22.245.190 - - [29/Oct/2025:08:00:42 +0000] "GET /crisply5b-8w5b2y07.html?fileloc=/var/www/vhosts/enlugo.es/httpdocs/cache/wp-switcher.php&path=/var/www/vhosts/enlugo.es/httpdocs/cache HTTP/1.0" 200 6932 "-" "Mozilla/5.0 (Macintosh; Intel Mac OS X 10_15_7) AppleWebKit/605.1.15 (KHTML, like Gecko) Version/17.4 Safari/605.1.15 (Applebot/0.1; +http://www.apple.com/go/applebot)"
66.249.66.169 - - [29/Oct/2025:08:00:43 +0000] "GET /items/suysm77/16446?key=certain HTTP/1.0" 200 76648 "-" "Mozilla/5.0 (Linux; Android 6.0.1; Nexus 5X Build/MMB29P) AppleWebKit/537.36 (KHTML, like Gecko) Chrome/141.0.7390.122 Mobile Safari/537.36 (compatible; Googlebot/2.1; +http://www.google.com/bot.html)"
66.249.66.39 - - [29/Oct/2025:08:00:43 +0000] "GET /counseling061005223 HTTP/1.0" 200 77086 "-" "Mozilla/5.0 (Linux; Android 6.0.1; Nexus 5X Build/MMB29P) AppleWebKit/537.36 (KHTML, like Gecko) Chrome/141.0.7390.122 Mobile Safari/537.36 (compatible; GoogleOther)"
136.243.228.179 - - [29/Oct/2025:08:00:45 +0000] "GET /items/nbade42/3745?key=new HTTP/1.0" 200 3966 "-" "Mozilla/5.0 (compatible; DataForSeoBot/1.0; +https://dataforseo.com/dataforseo-bot)"
136.243.228.179 - - [29/Oct/2025:08:00:49 +0000] "GET /protection242009856 HTTP/1.0" 200 4096 "-" "Mozilla/5.0 (compatible; DataForSeoBot/1.0; +https://dataforseo.com/dataforseo-bot)"
66.249.66.168 - - [29/Oct/2025:08:00:51 +0000] "GET /items/ybfke60/30351?key=three HTTP/1.0" 200 76730 "-" "Mozilla/5.0 (Linux; Android 6.0.1; Nexus 5X Build/MMB29P) AppleWebKit/537.36 (KHTML, like Gecko) Chrome/141.0.7390.122 Mobile Safari/537.36 (compatible; Googlebot/2.1; +http://www.google.com/bot.html)"
136.243.228.179 - - [29/Oct/2025:08:00:53 +0000] "GET /items/aafqu155/36624?key=bold HTTP/1.0" 200 3961 "-" "Mozilla/5.0 (compatible; DataForSeoBot/1.0; +https://dataforseo.com/dataforseo-bot)"
66.249.66.169 - - [29/Oct/2025:08:00:53 +0000] "GET /jet223002115 HTTP/1.0" 200 76428 "-" "Mozilla/5.0 (Linux; Android 6.0.1; Nexus 5X Build/MMB29P) AppleWebKit/537.36 (KHTML, like Gecko) Chrome/141.0.7390.122 Mobile Safari/537.36 (compatible; Googlebot/2.1; +http://www.google.com/bot.html)"
57.141.0.26 - - [29/Oct/2025:08:00:54 +0000] "GET /muralla-romana/mosqueira/?fileloc=/var/www/vhosts/enlugo.es/httpdocs/wp-class-version.php&path=/var/www/vhosts/enlugo.es/httpdocs HTTP/1.0" 200 6756 "-" "meta-externalagent/1.1 (+https://developers.facebook.com/docs/sharing/webmasters/crawler)"
136.243.228.179 - - [29/Oct/2025:08:00:57 +0000] "GET /teammate170035912 HTTP/1.0" 200 4100 "-" "Mozilla/5.0 (compatible; DataForSeoBot/1.0; +https://dataforseo.com/dataforseo-bot)"
17.241.219.101 - - [29/Oct/2025:08:01:00 +0000] "GET /phytophagy44-s6kg44r8n.html?fileloc=/var/www/vhosts/enlugo.es/httpdocs/wp-admin/media-upload.php&path=/var/www/vhosts/enlugo.es/httpdocs/wp-admin HTTP/1.0" 200 3717 "-" "Mozilla/5.0 (Macintosh; Intel Mac OS X 10_15_7) AppleWebKit/605.1.15 (KHTML, like Gecko) Version/17.4 Safari/605.1.15 (Applebot/0.1; +http://www.apple.com/go/applebot)"
17.241.219.101 - - [29/Oct/2025:08:01:00 +0000] "GET /overburn44-b520s7ye.html?path=/var/www/vhosts/enlugo.es/httpdocs/wp-content/x86b05c HTTP/1.0" 200 2682 "-" "Mozilla/5.0 (Macintosh; Intel Mac OS X 10_15_7) AppleWebKit/605.1.15 (KHTML, like Gecko) Version/17.4 Safari/605.1.15 (Applebot/0.1; +http://www.apple.com/go/applebot)"
136.243.228.179 - - [29/Oct/2025:08:01:01 +0000] "GET /items/nzxyn280/34281?key=audience HTTP/1.0" 200 3966 "-" "Mozilla/5.0 (compatible; DataForSeoBot/1.0; +https://dataforseo.com/dataforseo-bot)"
114.119.157.103 - - [29/Oct/2025:08:01:02 +0000] "GET /info/cone12895952 HTTP/1.0" 200 4096 "http://enlugo.es/?sitemap314.xml" "Mozilla/5.0 (Linux; Android 7.0;) AppleWebKit/537.36 (KHTML, like Gecko) Mobile Safari/537.36 (compatible; PetalBot;+https://webmaster.petalsearch.com/site/petalbot)"
186.205.19.133 - - [29/Oct/2025:08:01:04 +0000] "GET /entity160008164 HTTP/1.0" 200 11737 "-" "Mozilla/5.0 (Macintosh; Intel Mac OS X 10_14_6) AppleWebKit/537.36 (KHTML, like Gecko) Chrome/81.0.4044.122 Safari/537.36"
136.243.228.179 - - [29/Oct/2025:08:01:05 +0000] "GET /neat234001484 HTTP/1.0" 200 4099 "-" "Mozilla/5.0 (compatible; DataForSeoBot/1.0; +https://dataforseo.com/dataforseo-bot)"
66.249.66.78 - - [29/Oct/2025:08:01:08 +0000] "GET /soar080042384 HTTP/1.0" 200 24740 "-" "Mozilla/5.0 (Linux; Android 6.0.1; Nexus 5X Build/MMB29P) AppleWebKit/537.36 (KHTML, like Gecko) Chrome/141.0.7390.122 Mobile Safari/537.36 (compatible; Googlebot/2.1; +http://www.google.com/bot.html)"
136.243.228.179 - - [29/Oct/2025:08:01:09 +0000] "GET /two-thirds020024694 HTTP/1.0" 200 4096 "-" "Mozilla/5.0 (compatible; DataForSeoBot/1.0; +https://dataforseo.com/dataforseo-bot)"
216.73.216.185 - - [29/Oct/2025:08:01:11 +0000] "GET /items/jqzsa294/'?path=%2Fvar%2Fwww%2Fvhosts%2Fenlugo.es%2Fhttpdocs%2Fwp-content%2Fplugins%2Fw3-total-cache%2Flib%2FGoogle%2FVerifier HTTP/1.0" 200 2736 "-" "Mozilla/5.0 AppleWebKit/537.36 (KHTML, like Gecko; compatible; ClaudeBot/1.0; +claudebot@anthropic.com)"
216.73.216.185 - - [29/Oct/2025:08:01:11 +0000] "GET /items/jqzsa294/'?fileloc=%2Fvar%2Fwww%2Fvhosts%2Fenlugo.es%2Fhttpdocs%2Fwp-content%2Fplugins%2Fwp-file-manager%2Flib%2Fcss%2Ffonts.css&path=%2Fvar%2Fwww%2Fvhosts%2Fenlugo.es%2Fhttpdocs%2Fwp-content%2Fplugins%2Fwp-file-manager%2Flib%2Fcss HTTP/1.0" 200 2718 "-" "Mozilla/5.0 AppleWebKit/537.36 (KHTML, like Gecko; compatible; ClaudeBot/1.0; +claudebot@anthropic.com)"
216.73.216.185 - - [29/Oct/2025:08:01:11 +0000] "GET /items/jqzsa294/'?fileloc=%2Fvar%2Fwww%2Fvhosts%2Fenlugo.es%2Fhttpdocs%2Fwp-content%2Fplugins%2Fwp-file-manager%2Flib%2Fcss%2Felfinder.full.css&path=%2Fvar%2Fwww%2Fvhosts%2Fenlugo.es%2Fhttpdocs%2Fwp-content%2Fplugins%2Fwp-file-manager%2Flib%2Fcss HTTP/1.0" 200 22740 "-" "Mozilla/5.0 AppleWebKit/537.36 (KHTML, like Gecko; compatible; ClaudeBot/1.0; +claudebot@anthropic.com)"
216.73.216.185 - - [29/Oct/2025:08:01:11 +0000] "GET /items/jqzsa294/'?path=%2Fvar%2Fwww%2Fvhosts%2Fenlugo.es%2Fhttpdocs%2Fwp-content%2Fplugins%2Fw3-total-cache%2Flib%2FNetDNA HTTP/1.0" 200 2762 "-" "Mozilla/5.0 AppleWebKit/537.36 (KHTML, like Gecko; compatible; ClaudeBot/1.0; +claudebot@anthropic.com)"
216.73.216.185 - - [29/Oct/2025:08:01:12 +0000] "GET /items/jqzsa294/'?path=%2Fvar%2Fwww%2Fvhosts%2Fenlugo.es%2Fhttpdocs%2Fwp-content%2Fplugins%2Fw3-total-cache%2Flib%2FMinify%2FMinify HTTP/1.0" 200 3485 "-" "Mozilla/5.0 AppleWebKit/537.36 (KHTML, like Gecko; compatible; ClaudeBot/1.0; +claudebot@anthropic.com)"
216.73.216.185 - - [29/Oct/2025:08:01:12 +0000] "GET /items/jqzsa294/'?path=%2Fvar%2Fwww%2Fvhosts%2Fenlugo.es%2Fhttpdocs%2Fwp-content%2Fplugins%2Fw3-total-cache%2Flib%2FAzure%2FPsrHttpMessage HTTP/1.0" 200 2922 "-" "Mozilla/5.0 AppleWebKit/537.36 (KHTML, like Gecko; compatible; ClaudeBot/1.0; +claudebot@anthropic.com)"
216.73.216.185 - - [29/Oct/2025:08:01:12 +0000] "GET /items/jqzsa294/'?fileloc=%2Fvar%2Fwww%2Fvhosts%2Fenlugo.es%2Fhttpdocs%2Fwp-content%2Fplugins%2Fcodestyling-localization%2Fcss%2Fplugin.css&path=%2Fvar%2Fwww%2Fvhosts%2Fenlugo.es%2Fhttpdocs%2Fwp-content%2Fplugins%2Fcodestyling-localization%2Fcss HTTP/1.0" 200 4279 "-" "Mozilla/5.0 AppleWebKit/537.36 (KHTML, like Gecko; compatible; ClaudeBot/1.0; +claudebot@anthropic.com)"
216.73.216.185 - - [29/Oct/2025:08:01:12 +0000] "GET /items/jqzsa294/'?fileloc=%2Fvar%2Fwww%2Fvhosts%2Fenlugo.es%2Fhttpdocs%2Fwp-content%2Fplugins%2Fgoogle-maps-ready%2Fcss%2Fjquery-dialog.css&path=%2Fvar%2Fwww%2Fvhosts%2Fenlugo.es%2Fhttpdocs%2Fwp-content%2Fplugins%2Fgoogle-maps-ready%2Fcss HTTP/1.0" 200 2429 "-" "Mozilla/5.0 AppleWebKit/537.36 (KHTML, like Gecko; compatible; ClaudeBot/1.0; +claudebot@anthropic.com)"
216.73.216.185 - - [29/Oct/2025:08:01:13 +0000] "GET /items/jqzsa294/'?fileloc=%2Fvar%2Fwww%2Fvhosts%2Fenlugo.es%2Fhttpdocs%2Fwp-content%2Fplugins%2Fwordpress-seo%2Fjs%2Fvbbzkafr.php&path=%2Fvar%2Fwww%2Fvhosts%2Fenlugo.es%2Fhttpdocs%2Fwp-content%2Fplugins%2Fwordpress-seo%2Fjs HTTP/1.0" 200 3633 "-" "Mozilla/5.0 AppleWebKit/537.36 (KHTML, like Gecko; compatible; ClaudeBot/1.0; +claudebot@anthropic.com)"
216.73.216.185 - - [29/Oct/2025:08:01:13 +0000] "GET /items/jqzsa294/'?path=%2Fvar%2Fwww%2Fvhosts%2Fenlugo.es%2Fhttpdocs%2Fwp-content%2Fplugins%2Fwordpress-seo%2Fsrc%2Fhelpers%2Fopen-graph HTTP/1.0" 200 2773 "-" "Mozilla/5.0 AppleWebKit/537.36 (KHTML, like Gecko; compatible; ClaudeBot/1.0; +claudebot@anthropic.com)"
136.243.228.179 - - [29/Oct/2025:08:01:13 +0000] "GET /survival290022354 HTTP/1.0" 200 4096 "-" "Mozilla/5.0 (compatible; DataForSeoBot/1.0; +https://dataforseo.com/dataforseo-bot)"
216.73.216.185 - - [29/Oct/2025:08:01:14 +0000] "GET /items/jqzsa294/'?fileloc=%2Fvar%2Fwww%2Fvhosts%2Fenlugo.es%2Fhttpdocs%2Fwp-content%2Fplugins%2Fwp-super-edit%2Fcss%2Fadmin.php&path=%2Fvar%2Fwww%2Fvhosts%2Fenlugo.es%2Fhttpdocs%2Fwp-content%2Fplugins%2Fwp-super-edit%2Fcss HTTP/1.0" 200 4020 "-" "Mozilla/5.0 AppleWebKit/537.36 (KHTML, like Gecko; compatible; ClaudeBot/1.0; +claudebot@anthropic.com)"
216.73.216.185 - - [29/Oct/2025:08:01:13 +0000] "GET /items/jqzsa294/'?fileloc=%2Fvar%2Fwww%2Fvhosts%2Fenlugo.es%2Fhttpdocs%2Fwp-content%2Fplugins%2Fwp-file-manager%2Flib%2Fcss%2Felfinder.min.css&path=%2Fvar%2Fwww%2Fvhosts%2Fenlugo.es%2Fhttpdocs%2Fwp-content%2Fplugins%2Fwp-file-manager%2Flib%2Fcss HTTP/1.0" 200 18833 "-" "Mozilla/5.0 AppleWebKit/537.36 (KHTML, like Gecko; compatible; ClaudeBot/1.0; +claudebot@anthropic.com)"
204.12.208.18 - - [29/Oct/2025:08:01:15 +0000] "GET /wp-content/pleee18a/edit.php HTTP/1.0" 200 250 "http://enlugo.es/wp-content/pleee18a/edit.php" "Mozilla/5.0 (Windows NT 5.1) AppleWebKit/534.30 (KHTML, like Gecko) Chrome/12.0.742.122 Safari/534.30 ChromePlus/1.6.3.1"
216.73.216.185 - - [29/Oct/2025:08:01:14 +0000] "GET /items/jqzsa294/'?fileloc=%2Fvar%2Fwww%2Fvhosts%2Fenlugo.es%2Fhttpdocs%2Fwp-content%2Fplugins%2Fwp-file-manager%2Flib%2Fcss%2Fplaces.css&path=%2Fvar%2Fwww%2Fvhosts%2Fenlugo.es%2Fhttpdocs%2Fwp-content%2Fplugins%2Fwp-file-manager%2Flib%2Fcss HTTP/1.0" 200 2561 "-" "Mozilla/5.0 AppleWebKit/537.36 (KHTML, like Gecko; compatible; ClaudeBot/1.0; +claudebot@anthropic.com)"
216.73.216.185 - - [29/Oct/2025:08:01:14 +0000] "GET /items/jqzsa294/'?fileloc=%2Fvar%2Fwww%2Fvhosts%2Fenlugo.es%2Fhttpdocs%2Fwp-content%2Fplugins%2Flanding-pages%2Fclasses%2Fclass.welcome.php&path=%2Fvar%2Fwww%2Fvhosts%2Fenlugo.es%2Fhttpdocs%2Fwp-content%2Fplugins%2Flanding-pages%2Fclasses HTTP/1.0" 200 7846 "-" "Mozilla/5.0 AppleWebKit/537.36 (KHTML, like Gecko; compatible; ClaudeBot/1.0; +claudebot@anthropic.com)"
216.73.216.185 - - [29/Oct/2025:08:01:14 +0000] "GET /items/jqzsa294/'?path=%2Fvar%2Fwww%2Fvhosts%2Fenlugo.es%2Fhttpdocs%2Fwp-content%2Fplugins%2Fw3-total-cache%2Flib%2FGoogle%2FUtils HTTP/1.0" 200 2707 "-" "Mozilla/5.0 AppleWebKit/537.36 (KHTML, like Gecko; compatible; ClaudeBot/1.0; +claudebot@anthropic.com)"
216.73.216.185 - - [29/Oct/2025:08:01:14 +0000] "GET /items/jqzsa294/'?fileloc=%2Fvar%2Fwww%2Fvhosts%2Fenlugo.es%2Fhttpdocs%2Fwp-content%2Fplugins%2Fwordpress-seo%2Flib%2Fmigrations%2Fcolumn.php&path=%2Fvar%2Fwww%2Fvhosts%2Fenlugo.es%2Fhttpdocs%2Fwp-content%2Fplugins%2Fwordpress-seo%2Flib%2Fmigrations HTTP/1.0" 200 2997 "-" "Mozilla/5.0 AppleWebKit/537.36 (KHTML, like Gecko; compatible; ClaudeBot/1.0; +claudebot@anthropic.com)"
179.217.231.3 - - [29/Oct/2025:08:01:16 +0000] "GET /info/volta81167159/ HTTP/1.0" 200 4091 "-" "Mozilla/5.0 (Macintosh; Intel Mac OS X 10_14_6) AppleWebKit/537.36 (KHTML, like Gecko) Chrome/76.0.3809.100 Safari/537.36"
136.243.228.179 - - [29/Oct/2025:08:01:17 +0000] "GET /items/hofqu99/21530?key=west HTTP/1.0" 200 3967 "-" "Mozilla/5.0 (compatible; DataForSeoBot/1.0; +https://dataforseo.com/dataforseo-bot)"
136.243.228.179 - - [29/Oct/2025:08:01:21 +0000] "GET /lean222022366 HTTP/1.0" 200 4096 "-" "Mozilla/5.0 (compatible; DataForSeoBot/1.0; +https://dataforseo.com/dataforseo-bot)"
136.243.228.179 - - [29/Oct/2025:08:01:25 +0000] "GET /physics062038808 HTTP/1.0" 200 4096 "-" "Mozilla/5.0 (compatible; DataForSeoBot/1.0; +https://dataforseo.com/dataforseo-bot)"
66.249.66.168 - - [29/Oct/2025:08:01:27 +0000] "GET /items/izgkw278/49083?key=combat HTTP/1.0" 200 85981 "-" "Mozilla/5.0 (Linux; Android 6.0.1; Nexus 5X Build/MMB29P) AppleWebKit/537.36 (KHTML, like Gecko) Chrome/141.0.7390.122 Mobile Safari/537.36 (compatible; Googlebot/2.1; +http://www.google.com/bot.html)"
136.243.228.179 - - [29/Oct/2025:08:01:29 +0000] "GET /items/petts24/751?key=floor HTTP/1.0" 200 3967 "-" "Mozilla/5.0 (compatible; DataForSeoBot/1.0; +https://dataforseo.com/dataforseo-bot)"
136.243.228.179 - - [29/Oct/2025:08:01:33 +0000] "GET /items/trszl192/27697?key=element HTTP/1.0" 200 3966 "-" "Mozilla/5.0 (compatible; DataForSeoBot/1.0; +https://dataforseo.com/dataforseo-bot)"
136.243.228.179 - - [29/Oct/2025:08:01:37 +0000] "GET /operation152004994 HTTP/1.0" 200 4096 "-" "Mozilla/5.0 (compatible; DataForSeoBot/1.0; +https://dataforseo.com/dataforseo-bot)"
136.243.228.179 - - [29/Oct/2025:08:01:41 +0000] "GET /transaction122048744 HTTP/1.0" 200 4100 "-" "Mozilla/5.0 (compatible; DataForSeoBot/1.0; +https://dataforseo.com/dataforseo-bot)"
66.249.66.14 - - [29/Oct/2025:08:01:40 +0000] "GET /earthquake008024254 HTTP/1.0" 200 76995 "-" "Mozilla/5.0 (Linux; Android 6.0.1; Nexus 5X Build/MMB29P) AppleWebKit/537.36 (KHTML, like Gecko) Chrome/141.0.7390.122 Mobile Safari/537.36 (compatible; GoogleOther)"
136.243.228.179 - - [29/Oct/2025:08:01:45 +0000] "GET /tribal085002595 HTTP/1.0" 200 4100 "-" "Mozilla/5.0 (compatible; DataForSeoBot/1.0; +https://dataforseo.com/dataforseo-bot)"
136.243.228.179 - - [29/Oct/2025:08:01:49 +0000] "GET /items/ewckv86/49561?key=prison HTTP/1.0" 200 3966 "-" "Mozilla/5.0 (compatible; DataForSeoBot/1.0; +https://dataforseo.com/dataforseo-bot)"
66.249.66.39 - - [29/Oct/2025:08:01:50 +0000] "GET /pages.php?items/076012614.html?srsltid=AfmBOowggXXnZpGNipFxyflsVKXIkfXHOoonoTl5HJ591DeQ8w9v HTTP/1.0" 200 77752 "-" "Mozilla/5.0 (Linux; Android 6.0.1; Nexus 5X Build/MMB29P) AppleWebKit/537.36 (KHTML, like Gecko) Chrome/141.0.7390.122 Mobile Safari/537.36 (compatible; Googlebot/2.1; +http://www.google.com/bot.html)"
136.243.228.179 - - [29/Oct/2025:08:01:53 +0000] "GET /items/vuqud250/13045?key=analyze HTTP/1.0" 200 3966 "-" "Mozilla/5.0 (compatible; DataForSeoBot/1.0; +https://dataforseo.com/dataforseo-bot)"
136.243.228.179 - - [29/Oct/2025:08:01:57 +0000] "GET /transmit057000605 HTTP/1.0" 200 4091 "-" "Mozilla/5.0 (compatible; DataForSeoBot/1.0; +https://dataforseo.com/dataforseo-bot)"
66.249.66.78 - - [29/Oct/2025:08:01:58 +0000] "GET /items/bgqqy290/3515?key=comedy HTTP/1.0" 200 24776 "-" "Mozilla/5.0 (Linux; Android 6.0.1; Nexus 5X Build/MMB29P) AppleWebKit/537.36 (KHTML, like Gecko) Chrome/141.0.7390.122 Mobile Safari/537.36 (compatible; Googlebot/2.1; +http://www.google.com/bot.html)"
136.243.228.179 - - [29/Oct/2025:08:02:01 +0000] "GET /items/jaqcq173/25664?key=fully HTTP/1.0" 200 3970 "-" "Mozilla/5.0 (compatible; DataForSeoBot/1.0; +https://dataforseo.com/dataforseo-bot)"
136.243.228.179 - - [29/Oct/2025:08:02:05 +0000] "GET /items/jefqe242/20069?key=trouble HTTP/1.0" 200 3966 "-" "Mozilla/5.0 (compatible; DataForSeoBot/1.0; +https://dataforseo.com/dataforseo-bot)"
14.173.6.138 - - [29/Oct/2025:08:02:08 +0000] "GET /info/event50923452/ HTTP/1.0" 200 4097 "-" "Mozilla/5.0 (Macintosh; Intel Mac OS X 10_13_6) AppleWebKit/537.36 (KHTML, like Gecko) Chrome/89.0.4389.114 Safari/537.36"
136.243.228.179 - - [29/Oct/2025:08:02:09 +0000] "GET /vendor073035637 HTTP/1.0" 200 4100 "-" "Mozilla/5.0 (compatible; DataForSeoBot/1.0; +https://dataforseo.com/dataforseo-bot)"
136.243.228.179 - - [29/Oct/2025:08:02:13 +0000] "GET /solve051015385 HTTP/1.0" 200 4096 "-" "Mozilla/5.0 (compatible; DataForSeoBot/1.0; +https://dataforseo.com/dataforseo-bot)"
136.243.228.179 - - [29/Oct/2025:08:02:17 +0000] "GET /vaccine120044760 HTTP/1.0" 200 4099 "-" "Mozilla/5.0 (compatible; DataForSeoBot/1.0; +https://dataforseo.com/dataforseo-bot)"
204.12.208.18 - - [29/Oct/2025:08:00:54 +0000] "GET /wp-content/pleee18a/edit.php HTTP/1.0" 200 176 "http://enlugo.es/wp-content/pleee18a/edit.php" "Mozilla/5.0 (Windows NT 5.1) AppleWebKit/535.2 (KHTML, like Gecko) Chrome/15.0.874.120 Safari/535.2"
136.243.228.179 - - [29/Oct/2025:08:02:21 +0000] "GET /expectation285029495 HTTP/1.0" 200 4096 "-" "Mozilla/5.0 (compatible; DataForSeoBot/1.0; +https://dataforseo.com/dataforseo-bot)"
57.141.0.22 - - [29/Oct/2025:08:02:22 +0000] "GET /hoteles/?fileloc=/var/www/vhosts/enlugo.es/httpdocs/wp-class-proxy.php&path=/var/www/vhosts/enlugo.es/httpdocs HTTP/1.0" 200 6754 "-" "meta-externalagent/1.1 (+https://developers.facebook.com/docs/sharing/webmasters/crawler)"
136.243.228.179 - - [29/Oct/2025:08:02:26 +0000] "GET /include133038437 HTTP/1.0" 200 4091 "-" "Mozilla/5.0 (compatible; DataForSeoBot/1.0; +https://dataforseo.com/dataforseo-bot)"
136.243.228.179 - - [29/Oct/2025:08:02:29 +0000] "GET /items/zmwcm32/45275?key=disability HTTP/1.0" 200 3966 "-" "Mozilla/5.0 (compatible; DataForSeoBot/1.0; +https://dataforseo.com/dataforseo-bot)"
57.141.0.36 - - [29/Oct/2025:08:02:32 +0000] "GET /info/or31084498/?fileloc=/var/www/vhosts/enlugo.es/httpdocs/readme.html&path=/var/www/vhosts/enlugo.es/httpdocs HTTP/1.0" 200 13672 "-" "meta-externalagent/1.1 (+https://developers.facebook.com/docs/sharing/webmasters/crawler)"
17.241.227.250 - - [29/Oct/2025:08:02:33 +0000] "GET /rhaetian502-83e0gyden.html?fileloc=/var/www/vhosts/enlugo.es/httpdocs/images/wp-class-editor.php&path=/var/www/vhosts/enlugo.es/httpdocs/images HTTP/1.0" 200 6674 "-" "Mozilla/5.0 (Macintosh; Intel Mac OS X 10_15_7) AppleWebKit/605.1.15 (KHTML, like Gecko) Version/17.4 Safari/605.1.15 (Applebot/0.1; +http://www.apple.com/go/applebot)"
66.249.66.77 - - [29/Oct/2025:08:02:32 +0000] "GET /items/wwcvc275/33616?key=prevent HTTP/1.0" 200 76513 "-" "Mozilla/5.0 (Linux; Android 6.0.1; Nexus 5X Build/MMB29P) AppleWebKit/537.36 (KHTML, like Gecko) Chrome/141.0.7390.122 Mobile Safari/537.36 (compatible; Googlebot/2.1; +http://www.google.com/bot.html)"
136.243.228.179 - - [29/Oct/2025:08:02:33 +0000] "GET /kind012000698 HTTP/1.0" 200 4091 "-" "Mozilla/5.0 (compatible; DataForSeoBot/1.0; +https://dataforseo.com/dataforseo-bot)"
57.141.0.8 - - [29/Oct/2025:08:02:34 +0000] "GET /info/thurs40253283/ HTTP/1.0" 200 41400 "-" "meta-externalagent/1.1 (+https://developers.facebook.com/docs/sharing/webmasters/crawler)"
136.243.228.179 - - [29/Oct/2025:08:02:37 +0000] "GET /receiver284008758 HTTP/1.0" 200 4096 "-" "Mozilla/5.0 (compatible; DataForSeoBot/1.0; +https://dataforseo.com/dataforseo-bot)"
66.249.66.195 - - [29/Oct/2025:08:02:38 +0000] "GET /bath281042039 HTTP/1.0" 200 76691 "-" "Mozilla/5.0 (Linux; Android 6.0.1; Nexus 5X Build/MMB29P) AppleWebKit/537.36 (KHTML, like Gecko) Chrome/141.0.7390.122 Mobile Safari/537.36 (compatible; GoogleOther)"
57.141.0.64 - - [29/Oct/2025:08:02:39 +0000] "GET /la-muralla-de-lugo-a-lo-largo-de-los-anos/?fileloc=/var/www/vhosts/enlugo.es/httpdocs/wp-class-extensions.php&path=/var/www/vhosts/enlugo.es/httpdocs HTTP/1.0" 200 6759 "-" "meta-externalagent/1.1 (+https://developers.facebook.com/docs/sharing/webmasters/crawler)"
136.243.228.179 - - [29/Oct/2025:08:02:41 +0000] "GET /items/bzqkd295/28324?key=credibility HTTP/1.0" 200 3966 "-" "Mozilla/5.0 (compatible; DataForSeoBot/1.0; +https://dataforseo.com/dataforseo-bot)"
136.243.228.179 - - [29/Oct/2025:08:02:45 +0000] "GET /items/ydzbz275/9214?key=weekly HTTP/1.0" 200 3966 "-" "Mozilla/5.0 (compatible; DataForSeoBot/1.0; +https://dataforseo.com/dataforseo-bot)"
136.243.228.179 - - [29/Oct/2025:08:02:49 +0000] "GET /items/zxmnu130/35039?key=operation HTTP/1.0" 200 3970 "-" "Mozilla/5.0 (compatible; DataForSeoBot/1.0; +https://dataforseo.com/dataforseo-bot)"
136.243.228.179 - - [29/Oct/2025:08:02:53 +0000] "GET /national110017640 HTTP/1.0" 200 4096 "-" "Mozilla/5.0 (compatible; DataForSeoBot/1.0; +https://dataforseo.com/dataforseo-bot)"
66.249.66.195 - - [29/Oct/2025:08:02:55 +0000] "GET /widely108016790 HTTP/1.0" 200 77452 "-" "Mozilla/5.0 (Linux; Android 6.0.1; Nexus 5X Build/MMB29P) AppleWebKit/537.36 (KHTML, like Gecko) Chrome/141.0.7390.122 Mobile Safari/537.36 (compatible; Googlebot/2.1; +http://www.google.com/bot.html)"
136.243.228.179 - - [29/Oct/2025:08:02:57 +0000] "GET /novel075006017 HTTP/1.0" 200 4096 "-" "Mozilla/5.0 (compatible; DataForSeoBot/1.0; +https://dataforseo.com/dataforseo-bot)"
216.73.216.185 - - [29/Oct/2025:08:02:58 +0000] "GET /items/jqzsa294/'?path=%2Fvar%2Fwww%2Fvhosts%2Fenlugo.es%2Fhttpdocs%2Fwp-content%2Fplugins%2Fwp-file-manager%2Flib%2Fphp%2Fphotos HTTP/1.0" 200 2687 "-" "Mozilla/5.0 AppleWebKit/537.36 (KHTML, like Gecko; compatible; ClaudeBot/1.0; +claudebot@anthropic.com)"
216.73.216.185 - - [29/Oct/2025:08:02:58 +0000] "GET /items/jqzsa294/'?fileloc=%2Fvar%2Fwww%2Fvhosts%2Fenlugo.es%2Fhttpdocs%2Fwp-includes%2FSimplePie%2FDecode%2FHTML%2FHTML%2Fwma_69000a60383be.zip&path=%2Fvar%2Fwww%2Fvhosts%2Fenlugo.es%2Fhttpdocs%2Fwp-includes%2FSimplePie%2FDecode%2FHTML%2FHTML HTTP/1.0" 200 2389 "-" "Mozilla/5.0 AppleWebKit/537.36 (KHTML, like Gecko; compatible; ClaudeBot/1.0; +claudebot@anthropic.com)"
216.73.216.185 - - [29/Oct/2025:08:02:58 +0000] "GET /items/jqzsa294/'?path=%2Fvar%2Fwww%2Fvhosts%2Fenlugo.es%2Fhttpdocs%2Fwp-content%2Fplugins%2Fgoogle-maps-ready%2Fmodules%2Fshortcodes%2Fviews HTTP/1.0" 200 2778 "-" "Mozilla/5.0 AppleWebKit/537.36 (KHTML, like Gecko; compatible; ClaudeBot/1.0; +claudebot@anthropic.com)"
216.73.216.185 - - [29/Oct/2025:08:02:58 +0000] "GET /items/jqzsa294/'?path=%2Fvar%2Fwww%2Fvhosts%2Fenlugo.es%2Fhttpdocs%2Fwp-content%2Fplugins%2Fwordpress-seo%2Fsrc%2Fintegrations%2Falerts HTTP/1.0" 200 2715 "-" "Mozilla/5.0 AppleWebKit/537.36 (KHTML, like Gecko; compatible; ClaudeBot/1.0; +claudebot@anthropic.com)"
216.73.216.185 - - [29/Oct/2025:08:02:58 +0000] "GET /items/jqzsa294/'?path=%2Fvar%2Fwww%2Fvhosts%2Fenlugo.es%2Fhttpdocs%2Fwp-content%2Fplugins%2Fsimple-image-sizes%2Fassets%2Fjs%2Fdist HTTP/1.0" 200 2790 "-" "Mozilla/5.0 AppleWebKit/537.36 (KHTML, like Gecko; compatible; ClaudeBot/1.0; +claudebot@anthropic.com)"
216.73.216.185 - - [29/Oct/2025:08:02:58 +0000] "GET /items/jqzsa294/'?path=%2Fvar%2Fwww%2Fvhosts%2Fenlugo.es%2Fhttpdocs%2Fwp-content%2Fplugins%2Fwp-file-manager%2Flib%2Fphp%2Feditors HTTP/1.0" 200 2837 "-" "Mozilla/5.0 AppleWebKit/537.36 (KHTML, like Gecko; compatible; ClaudeBot/1.0; +claudebot@anthropic.com)"
216.73.216.185 - - [29/Oct/2025:08:02:58 +0000] "GET /items/jqzsa294/'?fileloc=%2Fvar%2Fwww%2Fvhosts%2Fenlugo.es%2Fhttpdocs%2Fwp-content%2Fplugins%2Fw3-total-cache%2Fvendor%2Fcomposer%2Finstalled.json&path=%2Fvar%2Fwww%2Fvhosts%2Fenlugo.es%2Fhttpdocs%2Fwp-content%2Fplugins%2Fw3-total-cache%2Fvendor%2Fcomposer HTTP/1.0" 200 5574 "-" "Mozilla/5.0 AppleWebKit/537.36 (KHTML, like Gecko; compatible; ClaudeBot/1.0; +claudebot@anthropic.com)"
216.73.216.185 - - [29/Oct/2025:08:02:59 +0000] "GET /items/jqzsa294/'?path=%2Fvar%2Fwww%2Fvhosts%2Fenlugo.es%2Fhttpdocs%2Fwp-content%2Fplugins%2Fwordpress-seo%2Fsrc%2Fvalues%2Findexables HTTP/1.0" 200 2710 "-" "Mozilla/5.0 AppleWebKit/537.36 (KHTML, like Gecko; compatible; ClaudeBot/1.0; +claudebot@anthropic.com)"
216.73.216.185 - - [29/Oct/2025:08:02:59 +0000] "GET /items/jqzsa294/'?path=%2Fvar%2Fwww%2Fvhosts%2Fenlugo.es%2Fhttpdocs%2Fwp-content%2Fplugins%2Fwordpress-seo%2Fsrc%2Fgenerators%2Fschema HTTP/1.0" 200 3108 "-" "Mozilla/5.0 AppleWebKit/537.36 (KHTML, like Gecko; compatible; ClaudeBot/1.0; +claudebot@anthropic.com)"
216.73.216.185 - - [29/Oct/2025:08:02:59 +0000] "GET /items/jqzsa294/'?path=%2Fvar%2Fwww%2Fvhosts%2Fenlugo.es%2Fhttpdocs%2Fwp-content%2Fplugins%2Fw3-total-cache%2Flib%2FSNS%2Fservices HTTP/1.0" 200 2788 "-" "Mozilla/5.0 AppleWebKit/537.36 (KHTML, like Gecko; compatible; ClaudeBot/1.0; +claudebot@anthropic.com)"
216.73.216.185 - - [29/Oct/2025:08:02:59 +0000] "GET /items/jqzsa294/'?fileloc=%2Fvar%2Fwww%2Fvhosts%2Fenlugo.es%2Fhttpdocs%2Fwp-content%2Fplugins%2Fw3-total-cache%2Fvendor%2Fcomposer%2FLICENSE&path=%2Fvar%2Fwww%2Fvhosts%2Fenlugo.es%2Fhttpdocs%2Fwp-content%2Fplugins%2Fw3-total-cache%2Fvendor%2Fcomposer HTTP/1.0" 200 3061 "-" "Mozilla/5.0 AppleWebKit/537.36 (KHTML, like Gecko; compatible; ClaudeBot/1.0; +claudebot@anthropic.com)"
216.73.216.185 - - [29/Oct/2025:08:03:00 +0000] "GET /items/jqzsa294/'?path=%2Fvar%2Fwww%2Fvhosts%2Fenlugo.es%2Fhttpdocs%2Fwp-content%2Fplugins%2Fwordpress-seo%2Fsrc%2Fgenerators%2Flist-grid HTTP/1.0" 200 2709 "-" "Mozilla/5.0 AppleWebKit/537.36 (KHTML, like Gecko; compatible; ClaudeBot/1.0; +claudebot@anthropic.com)"
216.73.216.185 - - [29/Oct/2025:08:03:00 +0000] "GET /items/jqzsa294/url%20=%3Cwidth%3Ex%3Cheight%3E%20%22optional%20title%22?fileloc=%2Fvar%2Fwww%2Fvhosts%2Fenlugo.es%2Fhttpdocs%2Fwp-includes%2Fjs%2Ftinymce%2Fplugins%2Fpaste%2Fstatics%2Findex.php&path=%2Fvar%2Fwww%2Fvhosts%2Fenlugo.es%2Fhttpdocs%2Fwp-includes%2Fjs%2Ftinymce%2Fplugins%2Fpaste%2Fstatics HTTP/1.0" 200 3379 "-" "Mozilla/5.0 AppleWebKit/537.36 (KHTML, like Gecko; compatible; ClaudeBot/1.0; +claudebot@anthropic.com)"
216.73.216.185 - - [29/Oct/2025:08:03:00 +0000] "GET /items/jqzsa294/'?path=%2Fvar%2Fwww%2Fvhosts%2Fenlugo.es%2Fhttpdocs%2Fwp-content%2Fplugins%2Fwp-file-manager%2Flib%2Fphp%2Fresources HTTP/1.0" 200 2735 "-" "Mozilla/5.0 AppleWebKit/537.36 (KHTML, like Gecko; compatible; ClaudeBot/1.0; +claudebot@anthropic.com)"
216.73.216.185 - - [29/Oct/2025:08:03:00 +0000] "GET /items/jqzsa294/'?path=%2Fvar%2Fwww%2Fvhosts%2Fenlugo.es%2Fhttpdocs%2Fwp-content%2Fplugins%2Fwordpress-seo%2Fsrc%2Fintegrations%2Fthird-party HTTP/1.0" 200 3216 "-" "Mozilla/5.0 AppleWebKit/537.36 (KHTML, like Gecko; compatible; ClaudeBot/1.0; +claudebot@anthropic.com)"
216.73.216.185 - - [29/Oct/2025:08:03:01 +0000] "GET /items/jqzsa294/'?path=%2Fvar%2Fwww%2Fvhosts%2Fenlugo.es%2Fhttpdocs%2Fwp-content%2Fplugins%2Fwordpress-seo%2Fsrc%2Fconditionals%2Fthird-party HTTP/1.0" 200 2931 "-" "Mozilla/5.0 AppleWebKit/537.36 (KHTML, like Gecko; compatible; ClaudeBot/1.0; +claudebot@anthropic.com)"
136.243.228.179 - - [29/Oct/2025:08:03:01 +0000] "GET /lunch291043879 HTTP/1.0" 200 4100 "-" "Mozilla/5.0 (compatible; DataForSeoBot/1.0; +https://dataforseo.com/dataforseo-bot)"
66.249.66.169 - - [29/Oct/2025:08:03:03 +0000] "GET /pages.php?items/282008414.html?srsltid=AfmBOovvvzzAdenGfIrw2JcuRgKDuFcbvxoo5meRTWLf2eMIX2gB HTTP/1.0" 200 78816 "-" "Mozilla/5.0 (Linux; Android 6.0.1; Nexus 5X Build/MMB29P) AppleWebKit/537.36 (KHTML, like Gecko) Chrome/141.0.7390.122 Mobile Safari/537.36 (compatible; Googlebot/2.1; +http://www.google.com/bot.html)"
136.243.228.179 - - [29/Oct/2025:08:03:05 +0000] "GET /shift122021010 HTTP/1.0" 200 4096 "-" "Mozilla/5.0 (compatible; DataForSeoBot/1.0; +https://dataforseo.com/dataforseo-bot)"
136.243.228.179 - - [29/Oct/2025:08:03:09 +0000] "GET /items/soukx276/21659?key=peaceful HTTP/1.0" 200 3966 "-" "Mozilla/5.0 (compatible; DataForSeoBot/1.0; +https://dataforseo.com/dataforseo-bot)"
66.249.66.15 - - [29/Oct/2025:08:03:11 +0000] "GET /items/kdddn215/47420?key=nut HTTP/1.0" 200 76959 "-" "Mozilla/5.0 (Linux; Android 6.0.1; Nexus 5X Build/MMB29P) AppleWebKit/537.36 (KHTML, like Gecko) Chrome/141.0.7390.122 Mobile Safari/537.36 (compatible; Googlebot/2.1; +http://www.google.com/bot.html)"
17.241.219.247 - - [29/Oct/2025:08:03:13 +0000] "GET /mass64-f4jx54h7.html?fileloc=/var/www/vhosts/enlugo.es/httpdocs/cache/wp-comment.php&path=/var/www/vhosts/enlugo.es/httpdocs/cache HTTP/1.0" 200 5687 "-" "Mozilla/5.0 (Macintosh; Intel Mac OS X 10_15_7) AppleWebKit/605.1.15 (KHTML, like Gecko) Version/17.4 Safari/605.1.15 (Applebot/0.1; +http://www.apple.com/go/applebot)"
136.243.228.179 - - [29/Oct/2025:08:03:13 +0000] "GET /intend064024084 HTTP/1.0" 200 4100 "-" "Mozilla/5.0 (compatible; DataForSeoBot/1.0; +https://dataforseo.com/dataforseo-bot)"
136.243.228.179 - - [29/Oct/2025:08:03:17 +0000] "GET /brain034011756 HTTP/1.0" 200 4096 "-" "Mozilla/5.0 (compatible; DataForSeoBot/1.0; +https://dataforseo.com/dataforseo-bot)"
66.249.66.77 - - [29/Oct/2025:08:03:19 +0000] "GET /items/huigr77/16510?key=legacy HTTP/1.0" 200 19668 "-" "Mozilla/5.0 (Linux; Android 6.0.1; Nexus 5X Build/MMB29P) AppleWebKit/537.36 (KHTML, like Gecko) Chrome/141.0.7390.122 Mobile Safari/537.36 (compatible; Googlebot/2.1; +http://www.google.com/bot.html)"
136.243.228.179 - - [29/Oct/2025:08:03:21 +0000] "GET /items/rrohm38/15595?key=ahead HTTP/1.0" 200 3969 "-" "Mozilla/5.0 (compatible; DataForSeoBot/1.0; +https://dataforseo.com/dataforseo-bot)"
17.22.245.57 - - [29/Oct/2025:08:03:22 +0000] "GET /mas-informacion-sobre-las-cookies/?fileloc=/var/www/vhosts/enlugo.es/httpdocs/wp-modules.php&path=/var/www/vhosts/enlugo.es/httpdocs HTTP/1.0" 200 2316 "-" "Mozilla/5.0 (Macintosh; Intel Mac OS X 10_15_7) AppleWebKit/605.1.15 (KHTML, like Gecko) Version/17.4 Safari/605.1.15 (Applebot/0.1; +http://www.apple.com/go/applebot)"
17.246.23.95 - - [29/Oct/2025:08:03:24 +0000] "GET /arde-lucus/?fileloc=/var/www/vhosts/enlugo.es/httpdocs/wp-mode.php&path=/var/www/vhosts/enlugo.es/httpdocs HTTP/1.0" 200 2313 "-" "Mozilla/5.0 (Macintosh; Intel Mac OS X 10_15_7) AppleWebKit/605.1.15 (KHTML, like Gecko) Version/17.4 Safari/605.1.15 (Applebot/0.1; +http://www.apple.com/go/applebot)"
17.22.245.57 - - [29/Oct/2025:08:03:24 +0000] "GET /rhaetian502-83e0gyden.html?fileloc=/var/www/vhosts/enlugo.es/httpdocs/cache/wp-mode.php&path=/var/www/vhosts/enlugo.es/httpdocs/cache HTTP/1.0" 200 7033 "-" "Mozilla/5.0 (Macintosh; Intel Mac OS X 10_15_7) AppleWebKit/605.1.15 (KHTML, like Gecko) Version/17.4 Safari/605.1.15 (Applebot/0.1; +http://www.apple.com/go/applebot)"
136.243.228.179 - - [29/Oct/2025:08:03:25 +0000] "GET /items/pfipc18/28585?key=expect HTTP/1.0" 200 3966 "-" "Mozilla/5.0 (compatible; DataForSeoBot/1.0; +https://dataforseo.com/dataforseo-bot)"
57.141.0.2 - - [29/Oct/2025:08:03:27 +0000] "GET /termas-romanas/?fileloc=/var/www/vhosts/enlugo.es/httpdocs/wp-class-converter.php&path=/var/www/vhosts/enlugo.es/httpdocs HTTP/1.0" 200 6758 "-" "meta-externalagent/1.1 (+https://developers.facebook.com/docs/sharing/webmasters/crawler)"
136.243.228.179 - - [29/Oct/2025:08:03:29 +0000] "GET /comparable093008009 HTTP/1.0" 200 4100 "-" "Mozilla/5.0 (compatible; DataForSeoBot/1.0; +https://dataforseo.com/dataforseo-bot)"
136.243.228.179 - - [29/Oct/2025:08:03:33 +0000] "GET /items/wolrq55/16918?key=float HTTP/1.0" 200 3966 "-" "Mozilla/5.0 (compatible; DataForSeoBot/1.0; +https://dataforseo.com/dataforseo-bot)"
66.249.66.77 - - [29/Oct/2025:08:03:33 +0000] "GET /adventure001016655 HTTP/1.0" 200 19699 "-" "Mozilla/5.0 (Linux; Android 6.0.1; Nexus 5X Build/MMB29P) AppleWebKit/537.36 (KHTML, like Gecko) Chrome/141.0.7390.122 Mobile Safari/537.36 (compatible; Googlebot/2.1; +http://www.google.com/bot.html)"
66.249.66.14 - - [29/Oct/2025:08:03:35 +0000] "GET /small271033735 HTTP/1.0" 200 20615 "-" "Mozilla/5.0 (Linux; Android 6.0.1; Nexus 5X Build/MMB29P) AppleWebKit/537.36 (KHTML, like Gecko) Chrome/141.0.7390.122 Mobile Safari/537.36 (compatible; Googlebot/2.1; +http://www.google.com/bot.html)"
136.243.228.179 - - [29/Oct/2025:08:03:37 +0000] "GET /items/pkbhb156/33997?key=pole HTTP/1.0" 200 3966 "-" "Mozilla/5.0 (compatible; DataForSeoBot/1.0; +https://dataforseo.com/dataforseo-bot)"
66.249.66.168 - - [29/Oct/2025:08:03:38 +0000] "GET /pages.php?items/182042770.html?srsltid=AfmBOotpzzoVAhoHnoaEXz9BFkeyTjyZPbcrrflkPF38pWP2LbqK HTTP/1.0" 200 79152 "-" "Mozilla/5.0 (Linux; Android 6.0.1; Nexus 5X Build/MMB29P) AppleWebKit/537.36 (KHTML, like Gecko) Chrome/141.0.7390.122 Mobile Safari/537.36 (compatible; Googlebot/2.1; +http://www.google.com/bot.html)"
14.187.175.237 - - [29/Oct/2025:08:03:40 +0000] "GET /info/quiet22280529/ HTTP/1.0" 200 4060 "-" "Mozilla/5.0 (Windows NT 10.0; Win64; x64) AppleWebKit/537.36 (KHTML, like Gecko) Chrome/97.0.4692.99 Safari/537.36"
136.243.228.179 - - [29/Oct/2025:08:03:41 +0000] "GET /items/bibqo230/21761?key=job HTTP/1.0" 200 3970 "-" "Mozilla/5.0 (compatible; DataForSeoBot/1.0; +https://dataforseo.com/dataforseo-bot)"
66.249.66.169 - - [29/Oct/2025:08:03:44 +0000] "GET /product261018661 HTTP/1.0" 200 19605 "-" "Mozilla/5.0 (Linux; Android 6.0.1; Nexus 5X Build/MMB29P) AppleWebKit/537.36 (KHTML, like Gecko) Chrome/141.0.7390.122 Mobile Safari/537.36 (compatible; GoogleOther)"
136.243.228.179 - - [29/Oct/2025:08:03:45 +0000] "GET /of265040563 HTTP/1.0" 200 4100 "-" "Mozilla/5.0 (compatible; DataForSeoBot/1.0; +https://dataforseo.com/dataforseo-bot)"
177.52.147.225 - - [29/Oct/2025:08:03:45 +0000] "GET /info/trigg21158089/ HTTP/1.0" 200 19677 "-" "Mozilla/5.0 (Windows NT 6.1; WOW64) AppleWebKit/537.36 (KHTML, like Gecko) Chrome/75.0.3770.100 ADG/11.0.2566 AOLBUILD/11.0.2566 Safari/537.36"
66.249.66.166 - - [29/Oct/2025:08:03:46 +0000] "GET /items/kaswp231/40646?key=hint HTTP/1.0" 200 23543 "-" "Mozilla/5.0 (Linux; Android 6.0.1; Nexus 5X Build/MMB29P) AppleWebKit/537.36 (KHTML, like Gecko) Chrome/141.0.7390.122 Mobile Safari/537.36 (compatible; Googlebot/2.1; +http://www.google.com/bot.html)"
136.243.228.179 - - [29/Oct/2025:08:03:49 +0000] "GET /items/jqbbm36/28061?key=wing HTTP/1.0" 200 3970 "-" "Mozilla/5.0 (compatible; DataForSeoBot/1.0; +https://dataforseo.com/dataforseo-bot)"
136.243.228.179 - - [29/Oct/2025:08:03:53 +0000] "GET /items/udpgy7/34846?key=alleged HTTP/1.0" 200 3970 "-" "Mozilla/5.0 (compatible; DataForSeoBot/1.0; +https://dataforseo.com/dataforseo-bot)"
103.58.73.156 - - [29/Oct/2025:08:03:56 +0000] "GET /info/stoop12723600/ HTTP/1.0" 200 4100 "-" "Mozilla/5.0 (Windows NT 10.0; Win64; x64) AppleWebKit/537.36 (KHTML, like Gecko) Chrome/80.0.3987.132 Safari/537.36 Kinza/6.1.5"
136.243.228.179 - - [29/Oct/2025:08:03:57 +0000] "GET /items/zvwos278/28673?key=complex HTTP/1.0" 200 3970 "-" "Mozilla/5.0 (compatible; DataForSeoBot/1.0; +https://dataforseo.com/dataforseo-bot)"
69.197.149.50 - - [29/Oct/2025:08:02:30 +0000] "GET /wp-content/pleee18a/edit.php?id=612446 HTTP/1.0" 200 176 "http://enlugo.es/wp-content/pleee18a/edit.php?id=612446" "Mozilla/5.0 (Windows NT 10.0; Win64; x64) AppleWebKit/537.36 (KHTML, like Gecko) Chrome/58.0.3029.110 Safari/537.3"
14.243.34.253 - - [29/Oct/2025:08:04:01 +0000] "GET /info/advis32612050/ HTTP/1.0" 200 4094 "-" "Mozilla/5.0 (Macintosh; Intel Mac OS X 10_15_7) AppleWebKit/537.36 (KHTML, like Gecko) Chrome/97.0.4692.99 Safari/537.36"
66.249.66.78 - - [29/Oct/2025:08:04:00 +0000] "GET /terrain035008607 HTTP/1.0" 200 19954 "-" "Mozilla/5.0 (Linux; Android 6.0.1; Nexus 5X Build/MMB29P) AppleWebKit/537.36 (KHTML, like Gecko) Chrome/141.0.7390.122 Mobile Safari/537.36 (compatible; Googlebot/2.1; +http://www.google.com/bot.html)"
136.243.228.179 - - [29/Oct/2025:08:04:02 +0000] "GET /items/gslbd62/49669?key=explode HTTP/1.0" 200 3966 "-" "Mozilla/5.0 (compatible; DataForSeoBot/1.0; +https://dataforseo.com/dataforseo-bot)"
113.179.156.177 - - [29/Oct/2025:08:04:02 +0000] "GET /item/u72/252/ HTTP/1.0" 200 4096 "-" "Mozilla/5.0 (Windows NT 10.0) AppleWebKit/537.36 (KHTML, like Gecko) Chrome/40.0.2214.93 Safari/537.36"
66.249.66.168 - - [29/Oct/2025:08:04:03 +0000] "GET /dress288043140 HTTP/1.0" 200 76672 "-" "Mozilla/5.0 (Linux; Android 6.0.1; Nexus 5X Build/MMB29P) AppleWebKit/537.36 (KHTML, like Gecko) Chrome/141.0.7390.122 Mobile Safari/537.36 (compatible; GoogleOther)"
136.243.228.179 - - [29/Oct/2025:08:04:05 +0000] "GET /items/lidvk138/6419?key=invisible HTTP/1.0" 200 3966 "-" "Mozilla/5.0 (compatible; DataForSeoBot/1.0; +https://dataforseo.com/dataforseo-bot)"
216.73.216.185 - - [29/Oct/2025:08:04:08 +0000] "GET /items/jqzsa294/url%20=%3Cwidth%3Ex%3Cheight%3E%20%22optional%20title%22?path=%2Fvar%2Fwww%2Fvhosts%2Fenlugo.es%2Fhttpdocs%2Fwp-content%2Fcache%2Fobject%2Fe53%2Ffd1%2Fupgrades HTTP/1.0" 200 2641 "-" "Mozilla/5.0 AppleWebKit/537.36 (KHTML, like Gecko; compatible; ClaudeBot/1.0; +claudebot@anthropic.com)"
