216.73.216.185 - - [29/Oct/2025:07:14:13 +0000] "GET /plazas-importantes/pl_santo_domingo?fileloc=%2Fvar%2Fwww%2Fvhosts%2Fenlugo.es%2Fhttpdocs%2Fwp-content%2Fthemes%2Ftwentyfourteen%2Fgenericons%2FLICENSE.txt&path=%2Fvar%2Fwww%2Fvhosts%2Fenlugo.es%2Fhttpdocs%2Fwp-content%2Fthemes%2Ftwentyfourteen%2Fgenericons HTTP/1.0" 200 9260 "-" "Mozilla/5.0 AppleWebKit/537.36 (KHTML, like Gecko; compatible; ClaudeBot/1.0; +claudebot@anthropic.com)"
216.73.216.185 - - [29/Oct/2025:07:14:13 +0000] "GET /items/jqzsa294/'?fileloc=%2Fvar%2Fwww%2Fvhosts%2Fenlugo.es%2Fhttpdocs%2Fwp-content%2Fthemes%2Ftwentyfourteen%2Fimages%2Fclouds.jpg&path=%2Fvar%2Fwww%2Fvhosts%2Fenlugo.es%2Fhttpdocs%2Fwp-content%2Fthemes%2Ftwentyfourteen%2Fimages HTTP/1.0" 200 2375 "-" "Mozilla/5.0 AppleWebKit/537.36 (KHTML, like Gecko; compatible; ClaudeBot/1.0; +claudebot@anthropic.com)"
136.243.228.179 - - [29/Oct/2025:07:14:15 +0000] "GET /items/shriw292/12483?key=sensor HTTP/1.0" 200 3966 "-" "Mozilla/5.0 (compatible; DataForSeoBot/1.0; +https://dataforseo.com/dataforseo-bot)"
136.243.228.179 - - [29/Oct/2025:07:14:19 +0000] "GET /items/rsmxj128/9597?key=bulk HTTP/1.0" 200 3966 "-" "Mozilla/5.0 (compatible; DataForSeoBot/1.0; +https://dataforseo.com/dataforseo-bot)"
184.154.76.20 - - [29/Oct/2025:07:14:21 +0000] "GET /?path=/ HTTP/1.0" 200 483 "http://www.google.com/url?url=enlugo.es&yahoo.com" "Mozilla/5.0 (compatible; MSIE 9.0; Windows NT 6.1; WOW64; Trident/6.0)"
45.230.194.251 - - [29/Oct/2025:07:14:22 +0000] "GET /info/icky51867844/ HTTP/1.0" 200 4113 "-" "Mozilla/5.0 (Windows NT 10.0; Win64; x64) AppleWebKit/537.36 (KHTML, like Gecko) Brave Chrome/77.0.3865.90 Safari/537.36"
69.197.149.50 - - [29/Oct/2025:07:12:55 +0000] "GET /wp-content/pleee18a/edit.php?id=612446 HTTP/1.0" 200 176 "http://enlugo.es/wp-content/pleee18a/edit.php?id=612446" "Mozilla/5.0 (Windows NT 10.0; Win64; x64) AppleWebKit/537.36 (KHTML, like Gecko) Chrome/58.0.3029.110 Safari/537.3"
136.243.228.179 - - [29/Oct/2025:07:14:23 +0000] "GET /items/prspg31/48712?key=treat HTTP/1.0" 200 3966 "-" "Mozilla/5.0 (compatible; DataForSeoBot/1.0; +https://dataforseo.com/dataforseo-bot)"
57.141.0.4 - - [29/Oct/2025:07:14:24 +0000] "GET /plazas-importantes/?fileloc=/var/www/vhosts/enlugo.es/httpdocs/wp-fatal.php&path=/var/www/vhosts/enlugo.es/httpdocs HTTP/1.0" 200 6748 "-" "meta-externalagent/1.1 (+https://developers.facebook.com/docs/sharing/webmasters/crawler)"
184.154.76.20 - - [29/Oct/2025:07:14:25 +0000] "GET / HTTP/1.0" 200 274578 "-" "SiteLockSpider [en] (WinNT; I ;Nav)"
136.243.228.179 - - [29/Oct/2025:07:14:27 +0000] "GET /items/sjpmm164/3373?key=red HTTP/1.0" 200 3966 "-" "Mozilla/5.0 (compatible; DataForSeoBot/1.0; +https://dataforseo.com/dataforseo-bot)"
136.243.228.179 - - [29/Oct/2025:07:14:31 +0000] "GET /items/remhn32/18617?key=freedom HTTP/1.0" 200 3970 "-" "Mozilla/5.0 (compatible; DataForSeoBot/1.0; +https://dataforseo.com/dataforseo-bot)"
136.243.228.179 - - [29/Oct/2025:07:14:35 +0000] "GET /hers280040108 HTTP/1.0" 200 4096 "-" "Mozilla/5.0 (compatible; DataForSeoBot/1.0; +https://dataforseo.com/dataforseo-bot)"
136.243.228.179 - - [29/Oct/2025:07:14:39 +0000] "GET /items/cnazw63/3684?key=anyone HTTP/1.0" 200 3969 "-" "Mozilla/5.0 (compatible; DataForSeoBot/1.0; +https://dataforseo.com/dataforseo-bot)"
136.243.228.179 - - [29/Oct/2025:07:14:43 +0000] "GET /items/tkipt72/21387?key=throw HTTP/1.0" 200 3966 "-" "Mozilla/5.0 (compatible; DataForSeoBot/1.0; +https://dataforseo.com/dataforseo-bot)"
136.243.228.179 - - [29/Oct/2025:07:14:47 +0000] "GET /items/pqcpx97/47644?key=invade HTTP/1.0" 200 3970 "-" "Mozilla/5.0 (compatible; DataForSeoBot/1.0; +https://dataforseo.com/dataforseo-bot)"
136.243.228.179 - - [29/Oct/2025:07:14:51 +0000] "GET /items/eqeng62/4439?key=football HTTP/1.0" 200 3970 "-" "Mozilla/5.0 (compatible; DataForSeoBot/1.0; +https://dataforseo.com/dataforseo-bot)"
57.141.0.4 - - [29/Oct/2025:07:14:53 +0000] "GET /hostales/?fileloc=/var/www/vhosts/enlugo.es/httpdocs/wp-class-fatal.php&path=/var/www/vhosts/enlugo.es/httpdocs HTTP/1.0" 200 6754 "-" "meta-externalagent/1.1 (+https://developers.facebook.com/docs/sharing/webmasters/crawler)"
136.243.228.179 - - [29/Oct/2025:07:14:55 +0000] "GET /flood230032348 HTTP/1.0" 200 4096 "-" "Mozilla/5.0 (compatible; DataForSeoBot/1.0; +https://dataforseo.com/dataforseo-bot)"
14.173.22.129 - - [29/Oct/2025:07:14:56 +0000] "GET /?shop%2Fpg%2F1howto%2F HTTP/1.0" 200 3966 "-" "Mozilla/5.0 (Windows NT 10.0; Win64; x64) AppleWebKit/537.36 (KHTML, like Gecko) Chrome/68.0.3409.85 Safari/537.36"
17.241.219.108 - - [29/Oct/2025:07:14:58 +0000] "GET /mass64-f4jx54h7.html?path=/var/www/vhosts/enlugo.es/httpdocs/wp-includes/SimplePie HTTP/1.0" 200 3558 "-" "Mozilla/5.0 (Macintosh; Intel Mac OS X 10_15_7) AppleWebKit/605.1.15 (KHTML, like Gecko) Version/17.4 Safari/605.1.15 (Applebot/0.1; +http://www.apple.com/go/applebot)"
123.21.83.88 - - [29/Oct/2025:07:14:59 +0000] "GET /item/u40/5036/ HTTP/1.0" 200 4096 "-" "Mozilla/5.0 (Windows NT 10.0; Win64; x64) AppleWebKit/537.36 (KHTML, like Gecko) Chrome/99.0.4844.84 Safari/537.36"
136.243.228.179 - - [29/Oct/2025:07:14:59 +0000] "GET /items/cobcs186/33339?key=widespread HTTP/1.0" 200 3970 "-" "Mozilla/5.0 (compatible; DataForSeoBot/1.0; +https://dataforseo.com/dataforseo-bot)"
136.243.228.179 - - [29/Oct/2025:07:15:03 +0000] "GET /items/ykbis77/3336?key=massive HTTP/1.0" 200 3966 "-" "Mozilla/5.0 (compatible; DataForSeoBot/1.0; +https://dataforseo.com/dataforseo-bot)"
57.141.0.20 - - [29/Oct/2025:07:15:04 +0000] "GET /mas-informacion-sobre-las-cookies/?fileloc=/var/www/vhosts/enlugo.es/httpdocs/wp-controller.php&path=/var/www/vhosts/enlugo.es/httpdocs HTTP/1.0" 200 6753 "-" "meta-externalagent/1.1 (+https://developers.facebook.com/docs/sharing/webmasters/crawler)"
136.243.228.179 - - [29/Oct/2025:07:15:07 +0000] "GET /items/sysfj283/13856?key=restaurant HTTP/1.0" 200 3970 "-" "Mozilla/5.0 (compatible; DataForSeoBot/1.0; +https://dataforseo.com/dataforseo-bot)"
136.243.228.179 - - [29/Oct/2025:07:15:11 +0000] "GET /items/arvsv181/12076?key=medication HTTP/1.0" 200 3966 "-" "Mozilla/5.0 (compatible; DataForSeoBot/1.0; +https://dataforseo.com/dataforseo-bot)"
136.243.228.179 - - [29/Oct/2025:07:15:15 +0000] "GET /items/ksupf231/4938?key=salt HTTP/1.0" 200 3966 "-" "Mozilla/5.0 (compatible; DataForSeoBot/1.0; +https://dataforseo.com/dataforseo-bot)"
136.243.228.179 - - [29/Oct/2025:07:15:19 +0000] "GET /items/ccyiv181/39486?key=strip HTTP/1.0" 200 3967 "-" "Mozilla/5.0 (compatible; DataForSeoBot/1.0; +https://dataforseo.com/dataforseo-bot)"
136.243.228.179 - - [29/Oct/2025:07:15:23 +0000] "GET /partly223008673 HTTP/1.0" 200 4096 "-" "Mozilla/5.0 (compatible; DataForSeoBot/1.0; +https://dataforseo.com/dataforseo-bot)"
136.243.228.179 - - [29/Oct/2025:07:15:27 +0000] "GET /politician300035772 HTTP/1.0" 200 4096 "-" "Mozilla/5.0 (compatible; DataForSeoBot/1.0; +https://dataforseo.com/dataforseo-bot)"
136.243.228.179 - - [29/Oct/2025:07:15:31 +0000] "GET /items/zhaqh99/31778?key=decrease HTTP/1.0" 200 3970 "-" "Mozilla/5.0 (compatible; DataForSeoBot/1.0; +https://dataforseo.com/dataforseo-bot)"
17.22.245.10 - - [29/Oct/2025:07:15:32 +0000] "GET /hoteles/?fileloc=/var/www/vhosts/enlugo.es/httpdocs/cache/wp-locale.php&path=/var/www/vhosts/enlugo.es/httpdocs/cache HTTP/1.0" 200 8014 "-" "Mozilla/5.0 (Macintosh; Intel Mac OS X 10_15_7) AppleWebKit/605.1.15 (KHTML, like Gecko) Version/17.4 Safari/605.1.15 (Applebot/0.1; +http://www.apple.com/go/applebot)"
17.22.245.10 - - [29/Oct/2025:07:15:33 +0000] "GET /paseo-rio-mino/?fileloc=/var/www/vhosts/enlugo.es/httpdocs/wp-client.php&path=/var/www/vhosts/enlugo.es/httpdocs HTTP/1.0" 200 2315 "-" "Mozilla/5.0 (Macintosh; Intel Mac OS X 10_15_7) AppleWebKit/605.1.15 (KHTML, like Gecko) Version/17.4 Safari/605.1.15 (Applebot/0.1; +http://www.apple.com/go/applebot)"
216.73.216.185 - - [29/Oct/2025:07:15:35 +0000] "GET /san-froilan-2015/siniestro-total?fileloc=%2Fvar%2Fwww%2Fvhosts%2Fenlugo.es%2Fhttpdocs%2Fwp-content%2Fplugins%2Fwordpress-seo%2Fcss%2Fdist%2Fmonorepo-1870.css&path=%2Fvar%2Fwww%2Fvhosts%2Fenlugo.es%2Fhttpdocs%2Fwp-content%2Fplugins%2Fwordpress-seo%2Fcss%2Fdist HTTP/1.0" 200 9908 "-" "Mozilla/5.0 AppleWebKit/537.36 (KHTML, like Gecko; compatible; ClaudeBot/1.0; +claudebot@anthropic.com)"
216.73.216.185 - - [29/Oct/2025:07:15:35 +0000] "GET /san-froilan-2015/siniestro-total?path=%2Fvar%2Fwww%2Fvhosts%2Fenlugo.es%2Fhttpdocs%2Fwp-content%2Fplugins%2Flanding-pages%2Fshared%2Fassets HTTP/1.0" 200 2845 "-" "Mozilla/5.0 AppleWebKit/537.36 (KHTML, like Gecko; compatible; ClaudeBot/1.0; +claudebot@anthropic.com)"
216.73.216.185 - - [29/Oct/2025:07:15:35 +0000] "GET /san-froilan-2015/siniestro-total?fileloc=%2Fvar%2Fwww%2Fvhosts%2Fenlugo.es%2Fhttpdocs%2Fwp-content%2Fplugins%2Fwordpress-seo%2Fcss%2Fdist%2Fworkouts-1870.css&path=%2Fvar%2Fwww%2Fvhosts%2Fenlugo.es%2Fhttpdocs%2Fwp-content%2Fplugins%2Fwordpress-seo%2Fcss%2Fdist HTTP/1.0" 200 5000 "-" "Mozilla/5.0 AppleWebKit/537.36 (KHTML, like Gecko; compatible; ClaudeBot/1.0; +claudebot@anthropic.com)"
136.243.228.179 - - [29/Oct/2025:07:15:35 +0000] "GET /plant125038875 HTTP/1.0" 200 4096 "-" "Mozilla/5.0 (compatible; DataForSeoBot/1.0; +https://dataforseo.com/dataforseo-bot)"
216.73.216.185 - - [29/Oct/2025:07:15:35 +0000] "GET /plazas-importantes/pl_santo_domingo?path=%2Fvar%2Fwww%2Fvhosts%2Fenlugo.es%2Fhttpdocs%2Fwp-content%2Fplugins%2Fw3-total-cache%2Fextension-example HTTP/1.0" 200 2794 "-" "Mozilla/5.0 AppleWebKit/537.36 (KHTML, like Gecko; compatible; ClaudeBot/1.0; +claudebot@anthropic.com)"
216.73.216.185 - - [29/Oct/2025:07:15:35 +0000] "GET /san-froilan-2015/siniestro-total?fileloc=%2Fvar%2Fwww%2Fvhosts%2Fenlugo.es%2Fhttpdocs%2Fwp-content%2Fplugins%2Fwordpress-seo%2Fcss%2Fdist%2Fedit-page-1870.css&path=%2Fvar%2Fwww%2Fvhosts%2Fenlugo.es%2Fhttpdocs%2Fwp-content%2Fplugins%2Fwordpress-seo%2Fcss%2Fdist HTTP/1.0" 200 2564 "-" "Mozilla/5.0 AppleWebKit/537.36 (KHTML, like Gecko; compatible; ClaudeBot/1.0; +claudebot@anthropic.com)"
216.73.216.185 - - [29/Oct/2025:07:15:35 +0000] "GET /san-froilan-2015/siniestro-total?path=%2Fvar%2Fwww%2Fvhosts%2Fenlugo.es%2Fhttpdocs%2Fwp-content%2Fcache%2Fobject%2Fa85%2Fc5f%2Fjquery3 HTTP/1.0" 200 2645 "-" "Mozilla/5.0 AppleWebKit/537.36 (KHTML, like Gecko; compatible; ClaudeBot/1.0; +claudebot@anthropic.com)"
216.73.216.185 - - [29/Oct/2025:07:15:35 +0000] "GET /san-froilan-2015/siniestro-total?fileloc=%2Fvar%2Fwww%2Fvhosts%2Fenlugo.es%2Fhttpdocs%2Fwp-content%2Fplugins%2Fwordpress-seo%2Fcss%2Fdist%2Fdashboard-1870.css&path=%2Fvar%2Fwww%2Fvhosts%2Fenlugo.es%2Fhttpdocs%2Fwp-content%2Fplugins%2Fwordpress-seo%2Fcss%2Fdist HTTP/1.0" 200 2841 "-" "Mozilla/5.0 AppleWebKit/537.36 (KHTML, like Gecko; compatible; ClaudeBot/1.0; +claudebot@anthropic.com)"
216.73.216.185 - - [29/Oct/2025:07:15:35 +0000] "GET /san-froilan-2015/siniestro-total?path=%2Fvar%2Fwww%2Fvhosts%2Fenlugo.es%2Fhttpdocs%2Fwp-content%2Fcache%2Fobject%2Ff67%2F24e%2Fcomment-editor HTTP/1.0" 200 2648 "-" "Mozilla/5.0 AppleWebKit/537.36 (KHTML, like Gecko; compatible; ClaudeBot/1.0; +claudebot@anthropic.com)"
216.73.216.185 - - [29/Oct/2025:07:15:35 +0000] "GET /san-froilan-2015/siniestro-total?path=%2Fvar%2Fwww%2Fvhosts%2Fenlugo.es%2Fhttpdocs%2Fwp-content%2Fplugins%2Fwordpress-seo%2Fjs%2Fdist HTTP/1.0" 200 3825 "-" "Mozilla/5.0 AppleWebKit/537.36 (KHTML, like Gecko; compatible; ClaudeBot/1.0; +claudebot@anthropic.com)"
216.73.216.185 - - [29/Oct/2025:07:15:36 +0000] "GET /san-froilan-2015/siniestro-total?fileloc=%2Fvar%2Fwww%2Fvhosts%2Fenlugo.es%2Fhttpdocs%2Fwp-content%2Fplugins%2Fwordpress-seo%2Fcss%2Fdist%2Ficons-1870-rtl.css&path=%2Fvar%2Fwww%2Fvhosts%2Fenlugo.es%2Fhttpdocs%2Fwp-content%2Fplugins%2Fwordpress-seo%2Fcss%2Fdist HTTP/1.0" 200 4312 "-" "Mozilla/5.0 AppleWebKit/537.36 (KHTML, like Gecko; compatible; ClaudeBot/1.0; +claudebot@anthropic.com)"
216.73.216.185 - - [29/Oct/2025:07:15:36 +0000] "GET /san-froilan-2015/siniestro-total?fileloc=%2Fvar%2Fwww%2Fvhosts%2Fenlugo.es%2Fhttpdocs%2Fwp-content%2Fplugins%2Fwordpress-seo%2Fcss%2Fdist%2Fmodal-1870-rtl.css&path=%2Fvar%2Fwww%2Fvhosts%2Fenlugo.es%2Fhttpdocs%2Fwp-content%2Fplugins%2Fwordpress-seo%2Fcss%2Fdist HTTP/1.0" 200 4180 "-" "Mozilla/5.0 AppleWebKit/537.36 (KHTML, like Gecko; compatible; ClaudeBot/1.0; +claudebot@anthropic.com)"
216.73.216.185 - - [29/Oct/2025:07:15:37 +0000] "GET /san-froilan-2015/siniestro-total?fileloc=%2Fvar%2Fwww%2Fvhosts%2Fenlugo.es%2Fhttpdocs%2Fwp-content%2Fplugins%2Fwordpress-seo%2Fcss%2Fdist%2Fmetabox-1870-rtl.css&path=%2Fvar%2Fwww%2Fvhosts%2Fenlugo.es%2Fhttpdocs%2Fwp-content%2Fplugins%2Fwordpress-seo%2Fcss%2Fdist HTTP/1.0" 200 9664 "-" "Mozilla/5.0 AppleWebKit/537.36 (KHTML, like Gecko; compatible; ClaudeBot/1.0; +claudebot@anthropic.com)"
216.73.216.185 - - [29/Oct/2025:07:15:37 +0000] "GET /san-froilan-2015/siniestro-total?fileloc=%2Fvar%2Fwww%2Fvhosts%2Fenlugo.es%2Fhttpdocs%2Fwp-content%2Fplugins%2Fwordpress-seo%2Fcss%2Fdist%2Fnotifications-1870.css&path=%2Fvar%2Fwww%2Fvhosts%2Fenlugo.es%2Fhttpdocs%2Fwp-content%2Fplugins%2Fwordpress-seo%2Fcss%2Fdist HTTP/1.0" 200 5659 "-" "Mozilla/5.0 AppleWebKit/537.36 (KHTML, like Gecko; compatible; ClaudeBot/1.0; +claudebot@anthropic.com)"
216.73.216.185 - - [29/Oct/2025:07:15:37 +0000] "GET /san-froilan-2015/siniestro-total?fileloc=%2Fvar%2Fwww%2Fvhosts%2Fenlugo.es%2Fhttpdocs%2Fwp-content%2Fplugins%2Fwordpress-seo%2Fcss%2Fdist%2Falerts-1870-rtl.css&path=%2Fvar%2Fwww%2Fvhosts%2Fenlugo.es%2Fhttpdocs%2Fwp-content%2Fplugins%2Fwordpress-seo%2Fcss%2Fdist HTTP/1.0" 200 2554 "-" "Mozilla/5.0 AppleWebKit/537.36 (KHTML, like Gecko; compatible; ClaudeBot/1.0; +claudebot@anthropic.com)"
216.73.216.185 - - [29/Oct/2025:07:15:37 +0000] "GET /plazas-importantes/pl_santo_domingo?path=%2Fvar%2Fwww%2Fvhosts%2Fenlugo.es%2Fhttpdocs%2Fwp-content%2Fplugins%2Fw3-total-cache%2Finc HTTP/1.0" 200 2983 "-" "Mozilla/5.0 AppleWebKit/537.36 (KHTML, like Gecko; compatible; ClaudeBot/1.0; +claudebot@anthropic.com)"
216.73.216.185 - - [29/Oct/2025:07:15:37 +0000] "GET /san-froilan-2015/siniestro-total?fileloc=%2Fvar%2Fwww%2Fvhosts%2Fenlugo.es%2Fhttpdocs%2Fwp-content%2Fplugins%2Fwordpress-seo%2Fcss%2Fdist%2Fadmin-global-1870.css&path=%2Fvar%2Fwww%2Fvhosts%2Fenlugo.es%2Fhttpdocs%2Fwp-content%2Fplugins%2Fwordpress-seo%2Fcss%2Fdist HTTP/1.0" 200 7637 "-" "Mozilla/5.0 AppleWebKit/537.36 (KHTML, like Gecko; compatible; ClaudeBot/1.0; +claudebot@anthropic.com)"
216.73.216.185 - - [29/Oct/2025:07:15:37 +0000] "GET /plazas-importantes/pl_santo_domingo?path=%2Fvar%2Fwww%2Fvhosts%2Fenlugo.es%2Fhttpdocs%2Fwp-content%2Fplugins%2Fsimple-image-sizes%2Ftemplates HTTP/1.0" 200 2681 "-" "Mozilla/5.0 AppleWebKit/537.36 (KHTML, like Gecko; compatible; ClaudeBot/1.0; +claudebot@anthropic.com)"
136.243.228.179 - - [29/Oct/2025:07:15:39 +0000] "GET /items/mukxz69/31858?key=transmission HTTP/1.0" 200 3970 "-" "Mozilla/5.0 (compatible; DataForSeoBot/1.0; +https://dataforseo.com/dataforseo-bot)"
136.243.228.179 - - [29/Oct/2025:07:15:43 +0000] "GET /items/dbnes93/42700?key=schedule HTTP/1.0" 200 3966 "-" "Mozilla/5.0 (compatible; DataForSeoBot/1.0; +https://dataforseo.com/dataforseo-bot)"
136.243.228.179 - - [29/Oct/2025:07:15:47 +0000] "GET /items/ycqks245/2560?key=mud HTTP/1.0" 200 3970 "-" "Mozilla/5.0 (compatible; DataForSeoBot/1.0; +https://dataforseo.com/dataforseo-bot)"
69.197.149.50 - - [29/Oct/2025:07:14:24 +0000] "GET /wp-content/pleee18a/edit.php?id=612446 HTTP/1.0" 200 176 "http://enlugo.es/wp-content/pleee18a/edit.php?id=612446" "Mozilla/5.0 (Windows NT 10.0; Win64; x64) AppleWebKit/537.36 (KHTML, like Gecko) Chrome/58.0.3029.110 Safari/537.3"
136.243.228.179 - - [29/Oct/2025:07:15:51 +0000] "GET /desk155002335 HTTP/1.0" 200 4096 "-" "Mozilla/5.0 (compatible; DataForSeoBot/1.0; +https://dataforseo.com/dataforseo-bot)"
136.243.228.179 - - [29/Oct/2025:07:15:55 +0000] "GET /strike287025873 HTTP/1.0" 200 4096 "-" "Mozilla/5.0 (compatible; DataForSeoBot/1.0; +https://dataforseo.com/dataforseo-bot)"
136.243.228.179 - - [29/Oct/2025:07:15:59 +0000] "GET /items/vnuga87/6772?key=distinguish HTTP/1.0" 200 3966 "-" "Mozilla/5.0 (compatible; DataForSeoBot/1.0; +https://dataforseo.com/dataforseo-bot)"
136.243.228.179 - - [29/Oct/2025:07:16:03 +0000] "GET /suite154017530 HTTP/1.0" 200 4096 "-" "Mozilla/5.0 (compatible; DataForSeoBot/1.0; +https://dataforseo.com/dataforseo-bot)"
66.249.66.39 - - [29/Oct/2025:07:16:02 +0000] "GET /items/ywpiv122/31113?key=mate HTTP/1.0" 200 86829 "-" "Mozilla/5.0 (Linux; Android 6.0.1; Nexus 5X Build/MMB29P) AppleWebKit/537.36 (KHTML, like Gecko) Chrome/141.0.7390.122 Mobile Safari/537.36 (compatible; Googlebot/2.1; +http://www.google.com/bot.html)"
136.243.228.179 - - [29/Oct/2025:07:16:07 +0000] "GET /endless006023454 HTTP/1.0" 200 4096 "-" "Mozilla/5.0 (compatible; DataForSeoBot/1.0; +https://dataforseo.com/dataforseo-bot)"
31.15.23.105 - - [29/Oct/2025:07:16:09 +0000] "GET /info/downw21222481/ HTTP/1.0" 200 4089 "-" "Mozilla/5.0 (Macintosh; Intel Mac OS X 10_15_0) AppleWebKit/537.36 (KHTML, like Gecko) Chrome/89.0.4389.114 Safari/537.36"
136.243.228.179 - - [29/Oct/2025:07:16:11 +0000] "GET /items/qvljt67/44482?key=fourth HTTP/1.0" 200 3967 "-" "Mozilla/5.0 (compatible; DataForSeoBot/1.0; +https://dataforseo.com/dataforseo-bot)"
216.73.216.185 - - [29/Oct/2025:07:16:12 +0000] "GET /plazas-importantes/pl_santo_domingo?fileloc=%2Fvar%2Fwww%2Fvhosts%2Fenlugo.es%2Fhttpdocs%2Fwp-content%2Fthemes%2Ftwentyfifteen%2Finc%2Fcustomizer.php&path=%2Fvar%2Fwww%2Fvhosts%2Fenlugo.es%2Fhttpdocs%2Fwp-content%2Fthemes%2Ftwentyfifteen%2Finc HTTP/1.0" 200 6246 "-" "Mozilla/5.0 AppleWebKit/537.36 (KHTML, like Gecko; compatible; ClaudeBot/1.0; +claudebot@anthropic.com)"
216.73.216.185 - - [29/Oct/2025:07:16:12 +0000] "GET /plazas-importantes/pl_santo_domingo?fileloc=%2Fvar%2Fwww%2Fvhosts%2Fenlugo.es%2Fhttpdocs%2Fwp-content%2Fthemes%2Ftwentyfourteen%2Finc%2Fcustom-header.php&path=%2Fvar%2Fwww%2Fvhosts%2Fenlugo.es%2Fhttpdocs%2Fwp-content%2Fthemes%2Ftwentyfourteen%2Finc HTTP/1.0" 200 3772 "-" "Mozilla/5.0 AppleWebKit/537.36 (KHTML, like Gecko; compatible; ClaudeBot/1.0; +claudebot@anthropic.com)"
216.73.216.185 - - [29/Oct/2025:07:16:12 +0000] "GET /san-froilan-2015/siniestro-total?path=%2Fvar%2Fwww%2Fvhosts%2Fenlugo.es%2Fhttpdocs%2Fwp-content%2Fcache%2Fobject%2F95c%2F307 HTTP/1.0" 200 2654 "-" "Mozilla/5.0 AppleWebKit/537.36 (KHTML, like Gecko; compatible; ClaudeBot/1.0; +claudebot@anthropic.com)"
17.22.253.111 - - [29/Oct/2025:07:16:12 +0000] "GET /muralla-romana/?fileloc=/var/www/vhosts/enlugo.es/httpdocs/wp-lazyloader.php&path=/var/www/vhosts/enlugo.es/httpdocs HTTP/1.0" 200 2318 "-" "Mozilla/5.0 (Macintosh; Intel Mac OS X 10_15_7) AppleWebKit/605.1.15 (KHTML, like Gecko) Version/17.4 Safari/605.1.15 (Applebot/0.1; +http://www.apple.com/go/applebot)"
216.73.216.185 - - [29/Oct/2025:07:16:12 +0000] "GET /san-froilan-2015/siniestro-total?path=%2Fvar%2Fwww%2Fvhosts%2Fenlugo.es%2Fhttpdocs%2Fwp-content%2Fcache%2Fobject%2F1fe%2F642%2Fupgrades HTTP/1.0" 200 2640 "-" "Mozilla/5.0 AppleWebKit/537.36 (KHTML, like Gecko; compatible; ClaudeBot/1.0; +claudebot@anthropic.com)"
216.73.216.185 - - [29/Oct/2025:07:16:12 +0000] "GET /items/jqzsa294/'?path=%2Fvar%2Fwww%2Fvhosts%2Fenlugo.es%2Fhttpdocs%2Fwp-content%2Fcache%2Fdb%2Fremaining%2F0d4 HTTP/1.0" 200 2617 "-" "Mozilla/5.0 AppleWebKit/537.36 (KHTML, like Gecko; compatible; ClaudeBot/1.0; +claudebot@anthropic.com)"
216.73.216.185 - - [29/Oct/2025:07:16:13 +0000] "GET /san-froilan-2015/siniestro-total?path=%2Fvar%2Fwww%2Fvhosts%2Fenlugo.es%2Fhttpdocs%2Fwp-content%2Fcache%2Fobject%2Fb6c%2F6e4 HTTP/1.0" 200 2654 "-" "Mozilla/5.0 AppleWebKit/537.36 (KHTML, like Gecko; compatible; ClaudeBot/1.0; +claudebot@anthropic.com)"
216.73.216.185 - - [29/Oct/2025:07:16:13 +0000] "GET /san-froilan-2015/siniestro-total?path=%2Fvar%2Fwww%2Fvhosts%2Fenlugo.es%2Fhttpdocs%2Fwp-content%2Fcache%2Fobject%2Fce5%2F014 HTTP/1.0" 200 2656 "-" "Mozilla/5.0 AppleWebKit/537.36 (KHTML, like Gecko; compatible; ClaudeBot/1.0; +claudebot@anthropic.com)"
216.73.216.185 - - [29/Oct/2025:07:16:13 +0000] "GET /san-froilan-2015/siniestro-total?path=%2Fvar%2Fwww%2Fvhosts%2Fenlugo.es%2Fhttpdocs%2Fwp-content%2Fcache%2Fobject%2F22c%2F275 HTTP/1.0" 200 2655 "-" "Mozilla/5.0 AppleWebKit/537.36 (KHTML, like Gecko; compatible; ClaudeBot/1.0; +claudebot@anthropic.com)"
216.73.216.185 - - [29/Oct/2025:07:16:13 +0000] "GET /san-froilan-2015/siniestro-total?path=%2Fvar%2Fwww%2Fvhosts%2Fenlugo.es%2Fhttpdocs%2Fwp-content%2Fcache%2Fobject%2Ffbe%2Fd36%2Fi18ns HTTP/1.0" 200 2641 "-" "Mozilla/5.0 AppleWebKit/537.36 (KHTML, like Gecko; compatible; ClaudeBot/1.0; +claudebot@anthropic.com)"
216.73.216.185 - - [29/Oct/2025:07:16:14 +0000] "GET /muralla-romana/'?fileloc=%2Fvar%2Fwww%2Fvhosts%2Fenlugo.es%2Fhttpdocs%2Fwp-includes%2Fjs%2Ftinymce%2Fskins%2Flightgray%2Ffonts%2Ftinymce.ttf&path=%2Fvar%2Fwww%2Fvhosts%2Fenlugo.es%2Fhttpdocs%2Fwp-includes%2Fjs%2Ftinymce%2Fskins%2Flightgray%2Ffonts HTTP/1.0" 200 2388 "-" "Mozilla/5.0 AppleWebKit/537.36 (KHTML, like Gecko; compatible; ClaudeBot/1.0; +claudebot@anthropic.com)"
216.73.216.185 - - [29/Oct/2025:07:16:14 +0000] "GET /plazas-importantes/pl_santo_domingo?fileloc=%2Fvar%2Fwww%2Fvhosts%2Fenlugo.es%2Fhttpdocs%2Fwp-content%2Fthemes%2Ftwentyfifteen%2Finc%2Fcustom-header.php&path=%2Fvar%2Fwww%2Fvhosts%2Fenlugo.es%2Fhttpdocs%2Fwp-content%2Fthemes%2Ftwentyfifteen%2Finc HTTP/1.0" 200 4575 "-" "Mozilla/5.0 AppleWebKit/537.36 (KHTML, like Gecko; compatible; ClaudeBot/1.0; +claudebot@anthropic.com)"
216.73.216.185 - - [29/Oct/2025:07:16:14 +0000] "GET /muralla-romana/'?fileloc=%2Fvar%2Fwww%2Fvhosts%2Fenlugo.es%2Fhttpdocs%2Fwp-includes%2Fjs%2Ftinymce%2Fskins%2Flightgray%2Ffonts%2Ftinymce.woff&path=%2Fvar%2Fwww%2Fvhosts%2Fenlugo.es%2Fhttpdocs%2Fwp-includes%2Fjs%2Ftinymce%2Fskins%2Flightgray%2Ffonts HTTP/1.0" 200 2390 "-" "Mozilla/5.0 AppleWebKit/537.36 (KHTML, like Gecko; compatible; ClaudeBot/1.0; +claudebot@anthropic.com)"
216.73.216.185 - - [29/Oct/2025:07:16:15 +0000] "GET /muralla-romana/'?fileloc=%2Fvar%2Fwww%2Fvhosts%2Fenlugo.es%2Fhttpdocs%2Fwp-includes%2Fjs%2Ftinymce%2Fskins%2Flightgray%2Fimg%2Ftrans.gif&path=%2Fvar%2Fwww%2Fvhosts%2Fenlugo.es%2Fhttpdocs%2Fwp-includes%2Fjs%2Ftinymce%2Fskins%2Flightgray%2Fimg HTTP/1.0" 200 2390 "-" "Mozilla/5.0 AppleWebKit/537.36 (KHTML, like Gecko; compatible; ClaudeBot/1.0; +claudebot@anthropic.com)"
216.73.216.185 - - [29/Oct/2025:07:16:14 +0000] "GET /muralla-romana/'?fileloc=%2Fvar%2Fwww%2Fvhosts%2Fenlugo.es%2Fhttpdocs%2Fwp-includes%2Fjs%2Ftinymce%2Fskins%2Flightgray%2Fimg%2Fanchor.gif&path=%2Fvar%2Fwww%2Fvhosts%2Fenlugo.es%2Fhttpdocs%2Fwp-includes%2Fjs%2Ftinymce%2Fskins%2Flightgray%2Fimg HTTP/1.0" 200 2392 "-" "Mozilla/5.0 AppleWebKit/537.36 (KHTML, like Gecko; compatible; ClaudeBot/1.0; +claudebot@anthropic.com)"
216.73.216.185 - - [29/Oct/2025:07:16:14 +0000] "GET /plazas-importantes/pl_santo_domingo?fileloc=%2Fvar%2Fwww%2Fvhosts%2Fenlugo.es%2Fhttpdocs%2Fwp-content%2Fthemes%2Ftwentyfourteen%2Finc%2Fblock-patterns.php&path=%2Fvar%2Fwww%2Fvhosts%2Fenlugo.es%2Fhttpdocs%2Fwp-content%2Fthemes%2Ftwentyfourteen%2Finc HTTP/1.0" 200 4360 "-" "Mozilla/5.0 AppleWebKit/537.36 (KHTML, like Gecko; compatible; ClaudeBot/1.0; +claudebot@anthropic.com)"
136.243.228.179 - - [29/Oct/2025:07:16:15 +0000] "GET /representation011022847 HTTP/1.0" 200 4094 "-" "Mozilla/5.0 (compatible; DataForSeoBot/1.0; +https://dataforseo.com/dataforseo-bot)"
216.73.216.185 - - [29/Oct/2025:07:16:15 +0000] "GET /plazas-importantes/pl_santo_domingo?fileloc=%2Fvar%2Fwww%2Fvhosts%2Fenlugo.es%2Fhttpdocs%2Fwp-content%2Fthemes%2Ftwentyfourteen%2Fcss%2Fcss.php&path=%2Fvar%2Fwww%2Fvhosts%2Fenlugo.es%2Fhttpdocs%2Fwp-content%2Fthemes%2Ftwentyfourteen%2Fcss HTTP/1.0" 200 5499 "-" "Mozilla/5.0 AppleWebKit/537.36 (KHTML, like Gecko; compatible; ClaudeBot/1.0; +claudebot@anthropic.com)"
216.73.216.185 - - [29/Oct/2025:07:16:15 +0000] "GET /san-froilan-2015/siniestro-total?path=%2Fvar%2Fwww%2Fvhosts%2Fenlugo.es%2Fhttpdocs%2Fwp-content%2Fcache%2Fobject%2Fce5%2F120 HTTP/1.0" 200 2655 "-" "Mozilla/5.0 AppleWebKit/537.36 (KHTML, like Gecko; compatible; ClaudeBot/1.0; +claudebot@anthropic.com)"
136.243.228.179 - - [29/Oct/2025:07:16:19 +0000] "GET /array146005908 HTTP/1.0" 200 4100 "-" "Mozilla/5.0 (compatible; DataForSeoBot/1.0; +https://dataforseo.com/dataforseo-bot)"
14.191.11.61 - - [29/Oct/2025:07:16:19 +0000] "GET /info/lie10688240/ HTTP/1.0" 200 4100 "-" "Mozilla/5.0 (Macintosh; Intel Mac OS X 10_15_7) AppleWebKit/537.36 (KHTML, like Gecko) Chrome/101.0.0.0 Safari/537.36"
136.243.228.179 - - [29/Oct/2025:07:16:23 +0000] "GET /items/clily135/46930?key=hazard HTTP/1.0" 200 3970 "-" "Mozilla/5.0 (compatible; DataForSeoBot/1.0; +https://dataforseo.com/dataforseo-bot)"
136.243.228.179 - - [29/Oct/2025:07:16:27 +0000] "GET /highlight077009081 HTTP/1.0" 200 4100 "-" "Mozilla/5.0 (compatible; DataForSeoBot/1.0; +https://dataforseo.com/dataforseo-bot)"
136.243.228.179 - - [29/Oct/2025:07:16:31 +0000] "GET /items/rzfay173/13012?key=vehicle HTTP/1.0" 200 3970 "-" "Mozilla/5.0 (compatible; DataForSeoBot/1.0; +https://dataforseo.com/dataforseo-bot)"
136.243.228.179 - - [29/Oct/2025:07:16:35 +0000] "GET /items/qvkph205/10064?key=cancel HTTP/1.0" 200 3970 "-" "Mozilla/5.0 (compatible; DataForSeoBot/1.0; +https://dataforseo.com/dataforseo-bot)"
136.243.228.179 - - [29/Oct/2025:07:16:39 +0000] "GET /items/thvxj64/30923?key=girl HTTP/1.0" 200 3967 "-" "Mozilla/5.0 (compatible; DataForSeoBot/1.0; +https://dataforseo.com/dataforseo-bot)"
136.243.228.179 - - [29/Oct/2025:07:16:43 +0000] "GET /items/pgldl87/23046?key=serve HTTP/1.0" 200 3970 "-" "Mozilla/5.0 (compatible; DataForSeoBot/1.0; +https://dataforseo.com/dataforseo-bot)"
136.243.228.179 - - [29/Oct/2025:07:16:47 +0000] "GET /items/myvso200/29935?key=inner HTTP/1.0" 200 3970 "-" "Mozilla/5.0 (compatible; DataForSeoBot/1.0; +https://dataforseo.com/dataforseo-bot)"
136.243.228.179 - - [29/Oct/2025:07:16:51 +0000] "GET /rather269041201 HTTP/1.0" 200 4096 "-" "Mozilla/5.0 (compatible; DataForSeoBot/1.0; +https://dataforseo.com/dataforseo-bot)"
136.243.228.179 - - [29/Oct/2025:07:16:55 +0000] "GET /publish175025077 HTTP/1.0" 200 4096 "-" "Mozilla/5.0 (compatible; DataForSeoBot/1.0; +https://dataforseo.com/dataforseo-bot)"
123.28.131.2 - - [29/Oct/2025:07:16:59 +0000] "GET /info/regre10748664/ HTTP/1.0" 200 4100 "-" "Mozilla/5.0 (Macintosh; Intel Mac OS X 11_1_0) AppleWebKit/537.36 (KHTML, like Gecko) Brave Chrome/88.0.4324.96 Safari/537.36"
136.243.228.179 - - [29/Oct/2025:07:16:59 +0000] "GET /items/fdyoq48/2313?key=plastic HTTP/1.0" 200 3970 "-" "Mozilla/5.0 (compatible; DataForSeoBot/1.0; +https://dataforseo.com/dataforseo-bot)"
17.241.219.227 - - [29/Oct/2025:07:17:03 +0000] "GET /entrevista-a-milesios/?fileloc=/var/www/vhosts/enlugo.es/httpdocs/license.txt&path=/var/www/vhosts/enlugo.es/httpdocs HTTP/1.0" 200 9536 "-" "Mozilla/5.0 (Macintosh; Intel Mac OS X 10_15_7) AppleWebKit/605.1.15 (KHTML, like Gecko) Version/17.4 Safari/605.1.15 (Applebot/0.1; +http://www.apple.com/go/applebot)"
136.243.228.179 - - [29/Oct/2025:07:17:03 +0000] "GET /deep069006579 HTTP/1.0" 200 4096 "-" "Mozilla/5.0 (compatible; DataForSeoBot/1.0; +https://dataforseo.com/dataforseo-bot)"
17.241.219.227 - - [29/Oct/2025:07:17:04 +0000] "GET /comments/feed/?fileloc=/var/www/vhosts/enlugo.es/httpdocs/wp-revision.php&path=/var/www/vhosts/enlugo.es/httpdocs HTTP/1.0" 200 2315 "-" "Mozilla/5.0 (Macintosh; Intel Mac OS X 10_15_7) AppleWebKit/605.1.15 (KHTML, like Gecko) Version/17.4 Safari/605.1.15 (Applebot/0.1; +http://www.apple.com/go/applebot)"
17.241.219.227 - - [29/Oct/2025:07:17:05 +0000] "GET /category/1/?fileloc=/var/www/vhosts/enlugo.es/httpdocs/.htaccess&path=/var/www/vhosts/enlugo.es/httpdocs HTTP/1.0" 200 2812 "-" "Mozilla/5.0 (Macintosh; Intel Mac OS X 10_15_7) AppleWebKit/605.1.15 (KHTML, like Gecko) Version/17.4 Safari/605.1.15 (Applebot/0.1; +http://www.apple.com/go/applebot)"
136.243.228.179 - - [29/Oct/2025:07:17:07 +0000] "GET /frame088043318 HTTP/1.0" 200 4096 "-" "Mozilla/5.0 (compatible; DataForSeoBot/1.0; +https://dataforseo.com/dataforseo-bot)"
136.243.228.179 - - [29/Oct/2025:07:17:11 +0000] "GET /replacement177031251 HTTP/1.0" 200 4097 "-" "Mozilla/5.0 (compatible; DataForSeoBot/1.0; +https://dataforseo.com/dataforseo-bot)"
136.243.228.179 - - [29/Oct/2025:07:17:15 +0000] "GET /norm084038838 HTTP/1.0" 200 4096 "-" "Mozilla/5.0 (compatible; DataForSeoBot/1.0; +https://dataforseo.com/dataforseo-bot)"
66.249.66.77 - - [29/Oct/2025:07:17:17 +0000] "GET /guard201010387 HTTP/1.0" 200 77935 "-" "Mozilla/5.0 (Linux; Android 6.0.1; Nexus 5X Build/MMB29P) AppleWebKit/537.36 (KHTML, like Gecko) Chrome/141.0.7390.122 Mobile Safari/537.36 (compatible; GoogleOther)"
136.243.228.179 - - [29/Oct/2025:07:17:19 +0000] "GET /breast245023867 HTTP/1.0" 200 4096 "-" "Mozilla/5.0 (compatible; DataForSeoBot/1.0; +https://dataforseo.com/dataforseo-bot)"
69.197.149.50 - - [29/Oct/2025:07:15:55 +0000] "GET /wp-content/pleee18a/edit.php?id=612446 HTTP/1.0" 200 176 "http://enlugo.es/wp-content/pleee18a/edit.php?id=612446" "Mozilla/5.0 (Windows NT 10.0; Win64; x64) AppleWebKit/537.36 (KHTML, like Gecko) Chrome/58.0.3029.110 Safari/537.3"
136.243.228.179 - - [29/Oct/2025:07:17:23 +0000] "GET /able011013069 HTTP/1.0" 200 4096 "-" "Mozilla/5.0 (compatible; DataForSeoBot/1.0; +https://dataforseo.com/dataforseo-bot)"
136.243.228.179 - - [29/Oct/2025:07:17:27 +0000] "GET /metaphor045043823 HTTP/1.0" 200 4096 "-" "Mozilla/5.0 (compatible; DataForSeoBot/1.0; +https://dataforseo.com/dataforseo-bot)"
17.246.15.185 - - [29/Oct/2025:07:17:30 +0000] "GET /juvenileness4ki-o807z0d5.html?fileloc=/var/www/vhosts/enlugo.es/httpdocs/wp-admin/menu.php&path=/var/www/vhosts/enlugo.es/httpdocs/wp-admin HTTP/1.0" 200 6596 "-" "Mozilla/5.0 (Macintosh; Intel Mac OS X 10_15_7) AppleWebKit/605.1.15 (KHTML, like Gecko) Version/17.4 Safari/605.1.15 (Applebot/0.1; +http://www.apple.com/go/applebot)"
136.243.228.179 - - [29/Oct/2025:07:17:31 +0000] "GET /teenager268011244 HTTP/1.0" 200 4099 "-" "Mozilla/5.0 (compatible; DataForSeoBot/1.0; +https://dataforseo.com/dataforseo-bot)"
66.249.66.77 - - [29/Oct/2025:07:17:33 +0000] "GET /extension193034571 HTTP/1.0" 200 76294 "-" "Mozilla/5.0 (Linux; Android 6.0.1; Nexus 5X Build/MMB29P) AppleWebKit/537.36 (KHTML, like Gecko) Chrome/141.0.7390.122 Mobile Safari/537.36 (compatible; GoogleOther)"
136.243.228.179 - - [29/Oct/2025:07:17:35 +0000] "GET /items/uyvtz95/10496?key=riot HTTP/1.0" 200 3970 "-" "Mozilla/5.0 (compatible; DataForSeoBot/1.0; +https://dataforseo.com/dataforseo-bot)"
17.22.253.103 - - [29/Oct/2025:07:17:39 +0000] "GET /sapwood3n-80p82b43.html?fileloc=/var/www/vhosts/enlugo.es/httpdocs/wp-class-category.php&path=/var/www/vhosts/enlugo.es/httpdocs HTTP/1.0" 200 2319 "-" "Mozilla/5.0 (Macintosh; Intel Mac OS X 10_15_7) AppleWebKit/605.1.15 (KHTML, like Gecko) Version/17.4 Safari/605.1.15 (Applebot/0.1; +http://www.apple.com/go/applebot)"
136.243.228.179 - - [29/Oct/2025:07:17:40 +0000] "GET /toll251009201 HTTP/1.0" 200 4096 "-" "Mozilla/5.0 (compatible; DataForSeoBot/1.0; +https://dataforseo.com/dataforseo-bot)"
17.22.253.103 - - [29/Oct/2025:07:17:40 +0000] "GET /author/jorge-m/feed/?fileloc=/var/www/vhosts/enlugo.es/httpdocs/wp-admin/options-reading.php&path=/var/www/vhosts/enlugo.es/httpdocs/wp-admin HTTP/1.0" 200 5367 "-" "Mozilla/5.0 (Macintosh; Intel Mac OS X 10_15_7) AppleWebKit/605.1.15 (KHTML, like Gecko) Version/17.4 Safari/605.1.15 (Applebot/0.1; +http://www.apple.com/go/applebot)"
17.22.253.103 - - [29/Oct/2025:07:17:41 +0000] "GET /wp-login.php?fileloc=/var/www/vhosts/enlugo.es/httpdocs/wp-includes/class-wp-recovery-mode.php&path=/var/www/vhosts/enlugo.es/httpdocs/wp-includes HTTP/1.0" 200 8031 "-" "Mozilla/5.0 (Macintosh; Intel Mac OS X 10_15_7) AppleWebKit/605.1.15 (KHTML, like Gecko) Version/17.4 Safari/605.1.15 (Applebot/0.1; +http://www.apple.com/go/applebot)"
136.243.228.179 - - [29/Oct/2025:07:17:43 +0000] "GET /items/qpfzs149/42844?key=chemistry HTTP/1.0" 200 3966 "-" "Mozilla/5.0 (compatible; DataForSeoBot/1.0; +https://dataforseo.com/dataforseo-bot)"
136.243.228.179 - - [29/Oct/2025:07:17:47 +0000] "GET /items/uxosd42/20101?key=imply HTTP/1.0" 200 3966 "-" "Mozilla/5.0 (compatible; DataForSeoBot/1.0; +https://dataforseo.com/dataforseo-bot)"
66.249.66.14 - - [29/Oct/2025:07:17:48 +0000] "GET /vertical191039851 HTTP/1.0" 200 25785 "-" "Mozilla/5.0 (Linux; Android 6.0.1; Nexus 5X Build/MMB29P) AppleWebKit/537.36 (KHTML, like Gecko) Chrome/141.0.7390.122 Mobile Safari/537.36 (compatible; GoogleOther)"
136.243.228.179 - - [29/Oct/2025:07:17:51 +0000] "GET /comply199047555 HTTP/1.0" 200 4099 "-" "Mozilla/5.0 (compatible; DataForSeoBot/1.0; +https://dataforseo.com/dataforseo-bot)"
17.241.219.227 - - [29/Oct/2025:07:17:55 +0000] "GET /entrevista-a-arrhythmia/?fileloc=/var/www/vhosts/enlugo.es/httpdocs/wp-thumbnail.php&path=/var/www/vhosts/enlugo.es/httpdocs HTTP/1.0" 200 2317 "-" "Mozilla/5.0 (Macintosh; Intel Mac OS X 10_15_7) AppleWebKit/605.1.15 (KHTML, like Gecko) Version/17.4 Safari/605.1.15 (Applebot/0.1; +http://www.apple.com/go/applebot)"
136.243.228.179 - - [29/Oct/2025:07:17:55 +0000] "GET /plain290022394 HTTP/1.0" 200 4091 "-" "Mozilla/5.0 (compatible; DataForSeoBot/1.0; +https://dataforseo.com/dataforseo-bot)"
17.241.75.106 - - [29/Oct/2025:07:17:56 +0000] "GET /donde-comer/?fileloc=/var/www/vhosts/enlugo.es/httpdocs/cache/wp-class-image.php&path=/var/www/vhosts/enlugo.es/httpdocs/cache HTTP/1.0" 200 10892 "-" "Mozilla/5.0 (Macintosh; Intel Mac OS X 10_15_7) AppleWebKit/605.1.15 (KHTML, like Gecko) Version/17.4 Safari/605.1.15 (Applebot/0.1; +http://www.apple.com/go/applebot)"
57.141.0.14 - - [29/Oct/2025:07:17:57 +0000] "GET /info/tall20816073/ HTTP/1.0" 200 41400 "-" "meta-externalagent/1.1 (+https://developers.facebook.com/docs/sharing/webmasters/crawler)"
17.241.227.36 - - [29/Oct/2025:07:17:57 +0000] "GET /mass64-f4jx54h7.html?fileloc=/var/www/vhosts/enlugo.es/httpdocs/wp-load.php&path=/var/www/vhosts/enlugo.es/httpdocs HTTP/1.0" 200 4085 "-" "Mozilla/5.0 (Macintosh; Intel Mac OS X 10_15_7) AppleWebKit/605.1.15 (KHTML, like Gecko) Version/17.4 Safari/605.1.15 (Applebot/0.1; +http://www.apple.com/go/applebot)"
136.243.228.179 - - [29/Oct/2025:07:17:59 +0000] "GET /consensus044029680 HTTP/1.0" 200 4096 "-" "Mozilla/5.0 (compatible; DataForSeoBot/1.0; +https://dataforseo.com/dataforseo-bot)"
14.187.214.8 - - [29/Oct/2025:07:18:01 +0000] "GET /info/happy32256698/ HTTP/1.0" 200 4096 "-" "Mozilla/5.0 (Windows NT 10.0; Win64; x64) AppleWebKit/537.36 (KHTML, like Gecko) Chrome/80.0.3987.132 Safari/537.36"
136.243.228.179 - - [29/Oct/2025:07:18:03 +0000] "GET /items/bdfsj275/11948?key=serious HTTP/1.0" 200 3970 "-" "Mozilla/5.0 (compatible; DataForSeoBot/1.0; +https://dataforseo.com/dataforseo-bot)"
136.243.228.179 - - [29/Oct/2025:07:18:07 +0000] "GET /items/vhaia252/18605?key=disk HTTP/1.0" 200 3970 "-" "Mozilla/5.0 (compatible; DataForSeoBot/1.0; +https://dataforseo.com/dataforseo-bot)"
136.243.228.179 - - [29/Oct/2025:07:18:11 +0000] "GET /speed141020893 HTTP/1.0" 200 4096 "-" "Mozilla/5.0 (compatible; DataForSeoBot/1.0; +https://dataforseo.com/dataforseo-bot)"
66.249.66.168 - - [29/Oct/2025:07:18:14 +0000] "GET /items/xpdfn202/42311?key=tight HTTP/1.0" 200 24513 "-" "Mozilla/5.0 (Linux; Android 6.0.1; Nexus 5X Build/MMB29P) AppleWebKit/537.36 (KHTML, like Gecko) Chrome/141.0.7390.122 Mobile Safari/537.36 (compatible; GoogleOther)"
136.243.228.179 - - [29/Oct/2025:07:18:16 +0000] "GET /items/zvvwj217/17002?key=fleet HTTP/1.0" 200 3966 "-" "Mozilla/5.0 (compatible; DataForSeoBot/1.0; +https://dataforseo.com/dataforseo-bot)"
136.243.228.179 - - [29/Oct/2025:07:18:19 +0000] "GET /items/mkaeg155/22476?key=AM HTTP/1.0" 200 3970 "-" "Mozilla/5.0 (compatible; DataForSeoBot/1.0; +https://dataforseo.com/dataforseo-bot)"
136.243.228.179 - - [29/Oct/2025:07:18:23 +0000] "GET /items/jsizf84/21815?key=only HTTP/1.0" 200 3967 "-" "Mozilla/5.0 (compatible; DataForSeoBot/1.0; +https://dataforseo.com/dataforseo-bot)"
66.249.66.168 - - [29/Oct/2025:07:18:26 +0000] "GET /van272037824 HTTP/1.0" 200 19999 "-" "Mozilla/5.0 (Linux; Android 6.0.1; Nexus 5X Build/MMB29P) AppleWebKit/537.36 (KHTML, like Gecko) Chrome/141.0.7390.122 Mobile Safari/537.36 (compatible; GoogleOther)"
136.243.228.179 - - [29/Oct/2025:07:18:27 +0000] "GET /ruling297049887 HTTP/1.0" 200 4100 "-" "Mozilla/5.0 (compatible; DataForSeoBot/1.0; +https://dataforseo.com/dataforseo-bot)"
136.243.228.179 - - [29/Oct/2025:07:18:31 +0000] "GET /items/kwgfz51/40142?key=staff HTTP/1.0" 200 3966 "-" "Mozilla/5.0 (compatible; DataForSeoBot/1.0; +https://dataforseo.com/dataforseo-bot)"
177.234.232.117 - - [29/Oct/2025:07:18:34 +0000] "GET /info/gestu70794302/ HTTP/1.0" 200 4100 "-" "Mozilla/5.0 (Windows NT 6.1) AppleWebKit/537.36 (KHTML, like Gecko) Chrome/97.0.4692.99 Safari/537.36"
66.249.66.168 - - [29/Oct/2025:07:18:34 +0000] "GET /?i=2449742438785&channel=135e58&from=http://enlugo.es/super.html?knock202038702 HTTP/1.0" 200 87387 "-" "Mozilla/5.0 (Linux; Android 6.0.1; Nexus 5X Build/MMB29P) AppleWebKit/537.36 (KHTML, like Gecko) Chrome/141.0.7390.122 Mobile Safari/537.36 (compatible; Googlebot/2.1; +http://www.google.com/bot.html)"
17.22.237.168 - - [29/Oct/2025:07:18:35 +0000] "GET /recur41-f4to2q18n.html?fileloc=/var/www/vhosts/enlugo.es/httpdocs/wp-class-util.php&path=/var/www/vhosts/enlugo.es/httpdocs HTTP/1.0" 200 2316 "-" "Mozilla/5.0 (Macintosh; Intel Mac OS X 10_15_7) AppleWebKit/605.1.15 (KHTML, like Gecko) Version/17.4 Safari/605.1.15 (Applebot/0.1; +http://www.apple.com/go/applebot)"
136.243.228.179 - - [29/Oct/2025:07:18:35 +0000] "GET /items/wazwv151/7190?key=testify HTTP/1.0" 200 3970 "-" "Mozilla/5.0 (compatible; DataForSeoBot/1.0; +https://dataforseo.com/dataforseo-bot)"
17.22.237.168 - - [29/Oct/2025:07:18:36 +0000] "GET /sapwood3n-80p82b43.html?fileloc=/var/www/vhosts/enlugo.es/httpdocs/wp-class-sitemaps.php&path=/var/www/vhosts/enlugo.es/httpdocs HTTP/1.0" 200 2319 "-" "Mozilla/5.0 (Macintosh; Intel Mac OS X 10_15_7) AppleWebKit/605.1.15 (KHTML, like Gecko) Version/17.4 Safari/605.1.15 (Applebot/0.1; +http://www.apple.com/go/applebot)"
17.22.237.168 - - [29/Oct/2025:07:18:37 +0000] "GET /entrevista-a-delorean/?fileloc=/var/www/vhosts/enlugo.es/httpdocs/readme.html&path=/var/www/vhosts/enlugo.es/httpdocs HTTP/1.0" 200 4085 "-" "Mozilla/5.0 (Macintosh; Intel Mac OS X 10_15_7) AppleWebKit/605.1.15 (KHTML, like Gecko) Version/17.4 Safari/605.1.15 (Applebot/0.1; +http://www.apple.com/go/applebot)"
136.243.228.179 - - [29/Oct/2025:07:18:39 +0000] "GET /teacher102025144 HTTP/1.0" 200 4100 "-" "Mozilla/5.0 (compatible; DataForSeoBot/1.0; +https://dataforseo.com/dataforseo-bot)"
136.243.228.179 - - [29/Oct/2025:07:18:43 +0000] "GET /tool058022190 HTTP/1.0" 200 4096 "-" "Mozilla/5.0 (compatible; DataForSeoBot/1.0; +https://dataforseo.com/dataforseo-bot)"
136.243.228.179 - - [29/Oct/2025:07:18:47 +0000] "GET /items/tziif124/45501?key=during HTTP/1.0" 200 3966 "-" "Mozilla/5.0 (compatible; DataForSeoBot/1.0; +https://dataforseo.com/dataforseo-bot)"
17.22.253.239 - - [29/Oct/2025:07:18:50 +0000] "GET /author/jorge-m/feed/?fileloc=/var/www/vhosts/enlugo.es/httpdocs/wp-factory.php&path=/var/www/vhosts/enlugo.es/httpdocs HTTP/1.0" 200 2316 "-" "Mozilla/5.0 (Macintosh; Intel Mac OS X 10_15_7) AppleWebKit/605.1.15 (KHTML, like Gecko) Version/17.4 Safari/605.1.15 (Applebot/0.1; +http://www.apple.com/go/applebot)"
69.197.149.50 - - [29/Oct/2025:07:17:23 +0000] "GET /wp-content/pleee18a/edit.php?id=612446 HTTP/1.0" 200 176 "http://enlugo.es/wp-content/pleee18a/edit.php?id=612446" "Mozilla/5.0 (Windows NT 10.0; Win64; x64) AppleWebKit/537.36 (KHTML, like Gecko) Chrome/58.0.3029.110 Safari/537.3"
17.22.253.239 - - [29/Oct/2025:07:18:51 +0000] "GET /san-froilan-2015/anni-b-sweet-2/feed/?fileloc=/var/www/vhosts/enlugo.es/httpdocs/uzwom.php&path=/var/www/vhosts/enlugo.es/httpdocs HTTP/1.0" 200 2313 "-" "Mozilla/5.0 (Macintosh; Intel Mac OS X 10_15_7) AppleWebKit/605.1.15 (KHTML, like Gecko) Version/17.4 Safari/605.1.15 (Applebot/0.1; +http://www.apple.com/go/applebot)"
17.22.253.239 - - [29/Oct/2025:07:18:51 +0000] "GET /concurso-tapas-2015/?fileloc=/var/www/vhosts/enlugo.es/httpdocs/wp-class-modules.php&path=/var/www/vhosts/enlugo.es/httpdocs HTTP/1.0" 200 2318 "-" "Mozilla/5.0 (Macintosh; Intel Mac OS X 10_15_7) AppleWebKit/605.1.15 (KHTML, like Gecko) Version/17.4 Safari/605.1.15 (Applebot/0.1; +http://www.apple.com/go/applebot)"
136.243.228.179 - - [29/Oct/2025:07:18:52 +0000] "GET /items/wbvgh276/9657?key=disagree HTTP/1.0" 200 3966 "-" "Mozilla/5.0 (compatible; DataForSeoBot/1.0; +https://dataforseo.com/dataforseo-bot)"
136.243.228.179 - - [29/Oct/2025:07:18:55 +0000] "GET /items/ikdyf62/43507?key=shortage HTTP/1.0" 200 3961 "-" "Mozilla/5.0 (compatible; DataForSeoBot/1.0; +https://dataforseo.com/dataforseo-bot)"
14.169.179.215 - - [29/Oct/2025:07:18:55 +0000] "GET /info/hasty32591482/ HTTP/1.0" 200 4096 "-" "Mozilla/5.0 (Macintosh; Intel Mac OS X 10_15_7) AppleWebKit/537.36 (KHTML, like Gecko) Chrome/86.0.4240.198 Safari/537.36"
102.157.101.167 - - [29/Oct/2025:07:18:56 +0000] "GET /info/shake41121595/ HTTP/1.0" 200 77124 "-" "Mozilla/5.0 (Windows NT 10.0; WOW64) AppleWebKit/537.36 (KHTML, like Gecko) Chrome/63.0.3239.132 AOL/11.0 AOLBUILD/11.0.1839 Safari/537.36"
136.243.228.179 - - [29/Oct/2025:07:18:59 +0000] "GET /entrance203044749 HTTP/1.0" 200 4096 "-" "Mozilla/5.0 (compatible; DataForSeoBot/1.0; +https://dataforseo.com/dataforseo-bot)"
66.249.66.195 - - [29/Oct/2025:07:18:59 +0000] "GET /pleasant211015169 HTTP/1.0" 200 76507 "-" "Mozilla/5.0 (Linux; Android 6.0.1; Nexus 5X Build/MMB29P) AppleWebKit/537.36 (KHTML, like Gecko) Chrome/141.0.7390.122 Mobile Safari/537.36 (compatible; GoogleOther)"
66.249.66.39 - - [29/Oct/2025:07:19:00 +0000] "GET /special229023425 HTTP/1.0" 200 76434 "-" "Mozilla/5.0 (Linux; Android 6.0.1; Nexus 5X Build/MMB29P) AppleWebKit/537.36 (KHTML, like Gecko) Chrome/141.0.7390.122 Mobile Safari/537.36 (compatible; Googlebot/2.1; +http://www.google.com/bot.html)"
216.73.216.185 - - [29/Oct/2025:07:19:03 +0000] "GET /muralla-romana/'?fileloc=%2Fvar%2Fwww%2Fvhosts%2Fenlugo.es%2Fhttpdocs%2Fwp-includes%2Fjs%2Ftinymce%2Fskins%2Flightgray%2Ffonts%2Ftinymce-small.ttf&path=%2Fvar%2Fwww%2Fvhosts%2Fenlugo.es%2Fhttpdocs%2Fwp-includes%2Fjs%2Ftinymce%2Fskins%2Flightgray%2Ffonts HTTP/1.0" 200 2392 "-" "Mozilla/5.0 AppleWebKit/537.36 (KHTML, like Gecko; compatible; ClaudeBot/1.0; +claudebot@anthropic.com)"
216.73.216.185 - - [29/Oct/2025:07:19:03 +0000] "GET /san-froilan-2015/siniestro-total?path=%2Fvar%2Fwww%2Fvhosts%2Fenlugo.es%2Fhttpdocs%2Fwp-content%2Fcache%2Fobject%2F74c%2F788 HTTP/1.0" 200 2656 "-" "Mozilla/5.0 AppleWebKit/537.36 (KHTML, like Gecko; compatible; ClaudeBot/1.0; +claudebot@anthropic.com)"
216.73.216.185 - - [29/Oct/2025:07:19:03 +0000] "GET /muralla-romana/'?fileloc=%2Fvar%2Fwww%2Fvhosts%2Fenlugo.es%2Fhttpdocs%2Fwp-includes%2Fjs%2Ftinymce%2Fskins%2Flightgray%2Ffonts%2Ftinymce.eot&path=%2Fvar%2Fwww%2Fvhosts%2Fenlugo.es%2Fhttpdocs%2Fwp-includes%2Fjs%2Ftinymce%2Fskins%2Flightgray%2Ffonts HTTP/1.0" 200 2389 "-" "Mozilla/5.0 AppleWebKit/537.36 (KHTML, like Gecko; compatible; ClaudeBot/1.0; +claudebot@anthropic.com)"
216.73.216.185 - - [29/Oct/2025:07:19:03 +0000] "GET /muralla-romana/'?fileloc=%2Fvar%2Fwww%2Fvhosts%2Fenlugo.es%2Fhttpdocs%2Fwp-includes%2Fjs%2Ftinymce%2Fskins%2Flightgray%2Ffonts%2Ftinymce-small.woff&path=%2Fvar%2Fwww%2Fvhosts%2Fenlugo.es%2Fhttpdocs%2Fwp-includes%2Fjs%2Ftinymce%2Fskins%2Flightgray%2Ffonts HTTP/1.0" 200 2394 "-" "Mozilla/5.0 AppleWebKit/537.36 (KHTML, like Gecko; compatible; ClaudeBot/1.0; +claudebot@anthropic.com)"
216.73.216.185 - - [29/Oct/2025:07:19:03 +0000] "GET /san-froilan-2015/siniestro-total?path=%2Fvar%2Fwww%2Fvhosts%2Fenlugo.es%2Fhttpdocs%2Fwp-content%2Fcache%2Fobject%2Fff9%2Fd98 HTTP/1.0" 200 2653 "-" "Mozilla/5.0 AppleWebKit/537.36 (KHTML, like Gecko; compatible; ClaudeBot/1.0; +claudebot@anthropic.com)"
216.73.216.185 - - [29/Oct/2025:07:19:03 +0000] "GET /san-froilan-2015/siniestro-total?path=%2Fvar%2Fwww%2Fvhosts%2Fenlugo.es%2Fhttpdocs%2Fwp-content%2Fcache%2Fobject%2Fe6f%2F3e1%2Frequests HTTP/1.0" 200 2644 "-" "Mozilla/5.0 AppleWebKit/537.36 (KHTML, like Gecko; compatible; ClaudeBot/1.0; +claudebot@anthropic.com)"
216.73.216.185 - - [29/Oct/2025:07:19:03 +0000] "GET /san-froilan-2015/siniestro-total?path=%2Fvar%2Fwww%2Fvhosts%2Fenlugo.es%2Fhttpdocs%2Fwp-content%2Fcache%2Fobject%2F84d%2Fd33 HTTP/1.0" 200 2655 "-" "Mozilla/5.0 AppleWebKit/537.36 (KHTML, like Gecko; compatible; ClaudeBot/1.0; +claudebot@anthropic.com)"
216.73.216.185 - - [29/Oct/2025:07:19:03 +0000] "GET /san-froilan-2015/siniestro-total?path=%2Fvar%2Fwww%2Fvhosts%2Fenlugo.es%2Fhttpdocs%2Fwp-content%2Fcache%2Fobject%2F18f%2F7e6 HTTP/1.0" 200 2656 "-" "Mozilla/5.0 AppleWebKit/537.36 (KHTML, like Gecko; compatible; ClaudeBot/1.0; +claudebot@anthropic.com)"
216.73.216.185 - - [29/Oct/2025:07:19:04 +0000] "GET /muralla-romana/'?fileloc=%2Fvar%2Fwww%2Fvhosts%2Fenlugo.es%2Fhttpdocs%2Fwp-includes%2Fjs%2Ftinymce%2Fskins%2Flightgray%2Fimg%2Floader.gif&path=%2Fvar%2Fwww%2Fvhosts%2Fenlugo.es%2Fhttpdocs%2Fwp-includes%2Fjs%2Ftinymce%2Fskins%2Flightgray%2Fimg HTTP/1.0" 200 2391 "-" "Mozilla/5.0 AppleWebKit/537.36 (KHTML, like Gecko; compatible; ClaudeBot/1.0; +claudebot@anthropic.com)"
216.73.216.185 - - [29/Oct/2025:07:19:05 +0000] "GET /san-froilan-2015/siniestro-total?path=%2Fvar%2Fwww%2Fvhosts%2Fenlugo.es%2Fhttpdocs%2Fwp-content%2Fcache%2Fobject%2F74c%2Fdd6 HTTP/1.0" 200 2655 "-" "Mozilla/5.0 AppleWebKit/537.36 (KHTML, like Gecko; compatible; ClaudeBot/1.0; +claudebot@anthropic.com)"
136.243.228.179 - - [29/Oct/2025:07:19:04 +0000] "GET /initially055027323 HTTP/1.0" 200 4100 "-" "Mozilla/5.0 (compatible; DataForSeoBot/1.0; +https://dataforseo.com/dataforseo-bot)"
216.73.216.185 - - [29/Oct/2025:07:19:05 +0000] "GET /san-froilan-2015/siniestro-total?path=%2Fvar%2Fwww%2Fvhosts%2Fenlugo.es%2Fhttpdocs%2Fwp-content%2Fcache%2Fobject%2Fffb%2F23e HTTP/1.0" 200 2655 "-" "Mozilla/5.0 AppleWebKit/537.36 (KHTML, like Gecko; compatible; ClaudeBot/1.0; +claudebot@anthropic.com)"
216.73.216.185 - - [29/Oct/2025:07:19:05 +0000] "GET /san-froilan-2015/siniestro-total?path=%2Fvar%2Fwww%2Fvhosts%2Fenlugo.es%2Fhttpdocs%2Fwp-content%2Fcache%2Fobject%2F78f%2Fa0a HTTP/1.0" 200 2655 "-" "Mozilla/5.0 AppleWebKit/537.36 (KHTML, like Gecko; compatible; ClaudeBot/1.0; +claudebot@anthropic.com)"
216.73.216.185 - - [29/Oct/2025:07:19:05 +0000] "GET /san-froilan-2015/siniestro-total?path=%2Fvar%2Fwww%2Fvhosts%2Fenlugo.es%2Fhttpdocs%2Fwp-content%2Fcache%2Fobject%2F0fb%2Fc63 HTTP/1.0" 200 2655 "-" "Mozilla/5.0 AppleWebKit/537.36 (KHTML, like Gecko; compatible; ClaudeBot/1.0; +claudebot@anthropic.com)"
216.73.216.185 - - [29/Oct/2025:07:19:05 +0000] "GET /muralla-romana/'?fileloc=%2Fvar%2Fwww%2Fvhosts%2Fenlugo.es%2Fhttpdocs%2Fwp-includes%2Fjs%2Ftinymce%2Fskins%2Flightgray%2Ffonts%2Ftinymce-small.eot&path=%2Fvar%2Fwww%2Fvhosts%2Fenlugo.es%2Fhttpdocs%2Fwp-includes%2Fjs%2Ftinymce%2Fskins%2Flightgray%2Ffonts HTTP/1.0" 200 2393 "-" "Mozilla/5.0 AppleWebKit/537.36 (KHTML, like Gecko; compatible; ClaudeBot/1.0; +claudebot@anthropic.com)"
216.73.216.185 - - [29/Oct/2025:07:19:05 +0000] "GET /san-froilan-2015/siniestro-total?path=%2Fvar%2Fwww%2Fvhosts%2Fenlugo.es%2Fhttpdocs%2Fwp-content%2Fcache%2Fobject%2Feb3%2F9d2 HTTP/1.0" 200 2654 "-" "Mozilla/5.0 AppleWebKit/537.36 (KHTML, like Gecko; compatible; ClaudeBot/1.0; +claudebot@anthropic.com)"
216.73.216.185 - - [29/Oct/2025:07:19:06 +0000] "GET /muralla-romana/'?fileloc=%2Fvar%2Fwww%2Fvhosts%2Fenlugo.es%2Fhttpdocs%2Fwp-includes%2Fjs%2Ftinymce%2Fskins%2Flightgray%2Fimg%2F.htaccess&path=%2Fvar%2Fwww%2Fvhosts%2Fenlugo.es%2Fhttpdocs%2Fwp-includes%2Fjs%2Ftinymce%2Fskins%2Flightgray%2Fimg HTTP/1.0" 200 2481 "-" "Mozilla/5.0 AppleWebKit/537.36 (KHTML, like Gecko; compatible; ClaudeBot/1.0; +claudebot@anthropic.com)"
216.73.216.185 - - [29/Oct/2025:07:19:06 +0000] "GET /san-froilan-2015/siniestro-total?path=%2Fvar%2Fwww%2Fvhosts%2Fenlugo.es%2Fhttpdocs%2Fwp-content%2Fcache%2Fobject%2F03e%2Fd89 HTTP/1.0" 200 2653 "-" "Mozilla/5.0 AppleWebKit/537.36 (KHTML, like Gecko; compatible; ClaudeBot/1.0; +claudebot@anthropic.com)"
136.243.228.179 - - [29/Oct/2025:07:19:07 +0000] "GET /items/dcxww105/19774?key=language HTTP/1.0" 200 3967 "-" "Mozilla/5.0 (compatible; DataForSeoBot/1.0; +https://dataforseo.com/dataforseo-bot)"
66.249.66.39 - - [29/Oct/2025:07:19:10 +0000] "GET /thanks181014709 HTTP/1.0" 200 20101 "-" "Mozilla/5.0 (Linux; Android 6.0.1; Nexus 5X Build/MMB29P) AppleWebKit/537.36 (KHTML, like Gecko) Chrome/141.0.7390.122 Mobile Safari/537.36 (compatible; GoogleOther)"
136.243.228.179 - - [29/Oct/2025:07:19:11 +0000] "GET /shorts165037595 HTTP/1.0" 200 4100 "-" "Mozilla/5.0 (compatible; DataForSeoBot/1.0; +https://dataforseo.com/dataforseo-bot)"
57.141.0.10 - - [29/Oct/2025:07:19:11 +0000] "GET /hostales/?fileloc=/var/www/vhosts/enlugo.es/httpdocs/wp-class-snoopy.php&path=/var/www/vhosts/enlugo.es/httpdocs HTTP/1.0" 200 6755 "-" "meta-externalagent/1.1 (+https://developers.facebook.com/docs/sharing/webmasters/crawler)"
136.243.228.179 - - [29/Oct/2025:07:19:15 +0000] "GET /items/rdsav242/41717?key=friend HTTP/1.0" 200 3970 "-" "Mozilla/5.0 (compatible; DataForSeoBot/1.0; +https://dataforseo.com/dataforseo-bot)"
136.243.228.179 - - [29/Oct/2025:07:19:19 +0000] "GET /recipient261043165 HTTP/1.0" 200 4100 "-" "Mozilla/5.0 (compatible; DataForSeoBot/1.0; +https://dataforseo.com/dataforseo-bot)"
136.243.228.179 - - [29/Oct/2025:07:19:23 +0000] "GET /items/ocgam112/40847?key=widow HTTP/1.0" 200 3966 "-" "Mozilla/5.0 (compatible; DataForSeoBot/1.0; +https://dataforseo.com/dataforseo-bot)"
136.243.228.179 - - [29/Oct/2025:07:19:27 +0000] "GET /items/tkkfh168/29033?key=weigh HTTP/1.0" 200 3970 "-" "Mozilla/5.0 (compatible; DataForSeoBot/1.0; +https://dataforseo.com/dataforseo-bot)"
