216.73.216.185 - - [29/Oct/2025:08:08:52 +0000] "GET /items/jqzsa294/'?fileloc=%2Fvar%2Fwww%2Fvhosts%2Fenlugo.es%2Fhttpdocs%2Fwp-content%2Fplugins%2Fw3-total-cache%2Fpub%2Fjs%2Flazyload.version.txt&path=%2Fvar%2Fwww%2Fvhosts%2Fenlugo.es%2Fhttpdocs%2Fwp-content%2Fplugins%2Fw3-total-cache%2Fpub%2Fjs HTTP/1.0" 200 2440 "-" "Mozilla/5.0 AppleWebKit/537.36 (KHTML, like Gecko; compatible; ClaudeBot/1.0; +claudebot@anthropic.com)"
216.73.216.185 - - [29/Oct/2025:08:08:52 +0000] "GET /items/jqzsa294/'?path=%2Fvar%2Fwww%2Fvhosts%2Fenlugo.es%2Fhttpdocs%2Fwp-content%2Fplugins%2Fwordpress-seo%2Fsrc%2Fvalues%2Foauth HTTP/1.0" 200 2703 "-" "Mozilla/5.0 AppleWebKit/537.36 (KHTML, like Gecko; compatible; ClaudeBot/1.0; +claudebot@anthropic.com)"
216.73.216.185 - - [29/Oct/2025:08:08:52 +0000] "GET /items/jqzsa294/'?path=%2Fvar%2Fwww%2Fvhosts%2Fenlugo.es%2Fhttpdocs%2Fwp-content%2Fplugins%2Fw3-total-cache%2Flib%2FGoogle%2FCache HTTP/1.0" 200 2859 "-" "Mozilla/5.0 AppleWebKit/537.36 (KHTML, like Gecko; compatible; ClaudeBot/1.0; +claudebot@anthropic.com)"
216.73.216.185 - - [29/Oct/2025:08:08:53 +0000] "GET /items/jqzsa294/'?path=%2Fvar%2Fwww%2Fvhosts%2Fenlugo.es%2Fhttpdocs%2Fwp-content%2Fplugins%2Fw3-total-cache%2Flib%2FGoogle%2FSigner HTTP/1.0" 200 2734 "-" "Mozilla/5.0 AppleWebKit/537.36 (KHTML, like Gecko; compatible; ClaudeBot/1.0; +claudebot@anthropic.com)"
216.73.216.185 - - [29/Oct/2025:08:08:53 +0000] "GET /items/jqzsa294/'?path=%2Fvar%2Fwww%2Fvhosts%2Fenlugo.es%2Fhttpdocs%2Fwp-content%2Fplugins%2Fw3-total-cache%2Flib%2FSNS%2Futilities HTTP/1.0" 200 2809 "-" "Mozilla/5.0 AppleWebKit/537.36 (KHTML, like Gecko; compatible; ClaudeBot/1.0; +claudebot@anthropic.com)"
136.243.228.179 - - [29/Oct/2025:08:08:53 +0000] "GET /bench055029117 HTTP/1.0" 200 4100 "-" "Mozilla/5.0 (compatible; DataForSeoBot/1.0; +https://dataforseo.com/dataforseo-bot)"
136.243.228.179 - - [29/Oct/2025:08:08:58 +0000] "GET /competitor168024028 HTTP/1.0" 200 4100 "-" "Mozilla/5.0 (compatible; DataForSeoBot/1.0; +https://dataforseo.com/dataforseo-bot)"
136.243.228.179 - - [29/Oct/2025:08:09:01 +0000] "GET /items/effrg57/47214?key=chase HTTP/1.0" 200 3969 "-" "Mozilla/5.0 (compatible; DataForSeoBot/1.0; +https://dataforseo.com/dataforseo-bot)"
136.243.228.179 - - [29/Oct/2025:08:09:05 +0000] "GET /publicity256016726 HTTP/1.0" 200 4096 "-" "Mozilla/5.0 (compatible; DataForSeoBot/1.0; +https://dataforseo.com/dataforseo-bot)"
17.241.75.163 - - [29/Oct/2025:08:09:09 +0000] "GET /plazas-importantes/plaza_espana/feed/?fileloc=/var/www/vhosts/enlugo.es/httpdocs/wp-class-category.php&path=/var/www/vhosts/enlugo.es/httpdocs HTTP/1.0" 200 2319 "-" "Mozilla/5.0 (Macintosh; Intel Mac OS X 10_15_7) AppleWebKit/605.1.15 (KHTML, like Gecko) Version/17.4 Safari/605.1.15 (Applebot/0.1; +http://www.apple.com/go/applebot)"
136.243.228.179 - - [29/Oct/2025:08:09:09 +0000] "GET /items/fiqre184/10331?key=sweet HTTP/1.0" 200 3966 "-" "Mozilla/5.0 (compatible; DataForSeoBot/1.0; +https://dataforseo.com/dataforseo-bot)"
66.249.66.195 - - [29/Oct/2025:08:09:09 +0000] "GET /democracy049010235 HTTP/1.0" 200 25029 "-" "Mozilla/5.0 (Linux; Android 6.0.1; Nexus 5X Build/MMB29P) AppleWebKit/537.36 (KHTML, like Gecko) Chrome/141.0.7390.122 Mobile Safari/537.36 (compatible; Googlebot/2.1; +http://www.google.com/bot.html)"
136.243.228.179 - - [29/Oct/2025:08:09:13 +0000] "GET /items/zqvrg131/47268?key=determine HTTP/1.0" 200 3970 "-" "Mozilla/5.0 (compatible; DataForSeoBot/1.0; +https://dataforseo.com/dataforseo-bot)"
136.243.228.179 - - [29/Oct/2025:08:09:17 +0000] "GET /items/xjigp23/6136?key=juice HTTP/1.0" 200 3970 "-" "Mozilla/5.0 (compatible; DataForSeoBot/1.0; +https://dataforseo.com/dataforseo-bot)"
66.249.66.14 - - [29/Oct/2025:08:09:20 +0000] "GET /items/jfglk125/32398?key=variable HTTP/1.0" 200 76569 "-" "Mozilla/5.0 (Linux; Android 6.0.1; Nexus 5X Build/MMB29P) AppleWebKit/537.36 (KHTML, like Gecko) Chrome/141.0.7390.122 Mobile Safari/537.36 (compatible; Googlebot/2.1; +http://www.google.com/bot.html)"
136.243.228.179 - - [29/Oct/2025:08:09:21 +0000] "GET /items/nkjzm190/45813?key=salt HTTP/1.0" 200 3970 "-" "Mozilla/5.0 (compatible; DataForSeoBot/1.0; +https://dataforseo.com/dataforseo-bot)"
17.246.15.107 - - [29/Oct/2025:08:09:23 +0000] "GET /author/jorge-m/feed/?fileloc=/var/www/vhosts/enlugo.es/httpdocs/wp-admin/widgets-form-blocks.php&path=/var/www/vhosts/enlugo.es/httpdocs/wp-admin HTTP/1.0" 200 3315 "-" "Mozilla/5.0 (Macintosh; Intel Mac OS X 10_15_7) AppleWebKit/605.1.15 (KHTML, like Gecko) Version/17.4 Safari/605.1.15 (Applebot/0.1; +http://www.apple.com/go/applebot)"
17.22.237.182 - - [29/Oct/2025:08:09:24 +0000] "GET /puente-romano/?fileloc=/var/www/vhosts/enlugo.es/httpdocs/wp-admin/options-reading.php&path=/var/www/vhosts/enlugo.es/httpdocs/wp-admin HTTP/1.0" 200 5367 "-" "Mozilla/5.0 (Macintosh; Intel Mac OS X 10_15_7) AppleWebKit/605.1.15 (KHTML, like Gecko) Version/17.4 Safari/605.1.15 (Applebot/0.1; +http://www.apple.com/go/applebot)"
17.22.237.182 - - [29/Oct/2025:08:09:25 +0000] "GET /whose586-no99vh8dn.html?fileloc=/var/www/vhosts/enlugo.es/httpdocs/wp-class-snoopy.php&path=/var/www/vhosts/enlugo.es/httpdocs HTTP/1.0" 200 2318 "-" "Mozilla/5.0 (Macintosh; Intel Mac OS X 10_15_7) AppleWebKit/605.1.15 (KHTML, like Gecko) Version/17.4 Safari/605.1.15 (Applebot/0.1; +http://www.apple.com/go/applebot)"
136.243.228.179 - - [29/Oct/2025:08:09:25 +0000] "GET /items/uhfvb103/33524?key=excessive HTTP/1.0" 200 3970 "-" "Mozilla/5.0 (compatible; DataForSeoBot/1.0; +https://dataforseo.com/dataforseo-bot)"
136.243.228.179 - - [29/Oct/2025:08:09:29 +0000] "GET /items/ezbbw135/22372?key=quickly HTTP/1.0" 200 3970 "-" "Mozilla/5.0 (compatible; DataForSeoBot/1.0; +https://dataforseo.com/dataforseo-bot)"
136.243.228.179 - - [29/Oct/2025:08:09:33 +0000] "GET /items/haack169/656?key=offense HTTP/1.0" 200 3966 "-" "Mozilla/5.0 (compatible; DataForSeoBot/1.0; +https://dataforseo.com/dataforseo-bot)"
66.249.66.14 - - [29/Oct/2025:08:09:35 +0000] "GET /fraud068004068 HTTP/1.0" 200 88033 "-" "Mozilla/5.0 (Linux; Android 6.0.1; Nexus 5X Build/MMB29P) AppleWebKit/537.36 (KHTML, like Gecko) Chrome/141.0.7390.122 Mobile Safari/537.36 (compatible; Googlebot/2.1; +http://www.google.com/bot.html)"
136.243.228.179 - - [29/Oct/2025:08:09:37 +0000] "GET /items/jxnbd46/10625?key=how HTTP/1.0" 200 3966 "-" "Mozilla/5.0 (compatible; DataForSeoBot/1.0; +https://dataforseo.com/dataforseo-bot)"
57.141.0.74 - - [29/Oct/2025:08:09:41 +0000] "GET /info/equat62035213/?fileloc=/var/www/vhosts/enlugo.es/httpdocs/mah.php&path=/var/www/vhosts/enlugo.es/httpdocs HTTP/1.0" 200 9101 "-" "meta-externalagent/1.1 (+https://developers.facebook.com/docs/sharing/webmasters/crawler)"
136.243.228.179 - - [29/Oct/2025:08:09:41 +0000] "GET /dare229011171 HTTP/1.0" 200 4100 "-" "Mozilla/5.0 (compatible; DataForSeoBot/1.0; +https://dataforseo.com/dataforseo-bot)"
66.249.66.168 - - [29/Oct/2025:08:09:43 +0000] "GET /items/bmgbz264/11457?key=kit HTTP/1.0" 200 76550 "-" "Mozilla/5.0 (Linux; Android 6.0.1; Nexus 5X Build/MMB29P) AppleWebKit/537.36 (KHTML, like Gecko) Chrome/141.0.7390.122 Mobile Safari/537.36 (compatible; Googlebot/2.1; +http://www.google.com/bot.html)"
57.141.0.13 - - [29/Oct/2025:08:09:44 +0000] "GET /info/wave80049407/?fileloc=/var/www/vhosts/enlugo.es/httpdocs/.htaccess&path=/var/www/vhosts/enlugo.es/httpdocs HTTP/1.0" 200 6993 "-" "meta-externalagent/1.1 (+https://developers.facebook.com/docs/sharing/webmasters/crawler)"
136.243.228.179 - - [29/Oct/2025:08:09:46 +0000] "GET /items/boqxc294/20337?key=pasta HTTP/1.0" 200 3970 "-" "Mozilla/5.0 (compatible; DataForSeoBot/1.0; +https://dataforseo.com/dataforseo-bot)"
66.249.66.15 - - [29/Oct/2025:08:09:45 +0000] "GET /plus179046335 HTTP/1.0" 200 19698 "-" "Mozilla/5.0 (Linux; Android 6.0.1; Nexus 5X Build/MMB29P) AppleWebKit/537.36 (KHTML, like Gecko) Chrome/141.0.7390.122 Mobile Safari/537.36 (compatible; Googlebot/2.1; +http://www.google.com/bot.html)"
45.181.39.31 - - [29/Oct/2025:08:09:47 +0000] "GET /info/popco82477583/ HTTP/1.0" 200 4092 "-" "Mozilla/5.0 (Windows NT 10.0; Win64; x64) AppleWebKit/537.36 (KHTML, like Gecko) Chrome/99.0.4844.84 Safari/537.36"
57.141.0.6 - - [29/Oct/2025:08:09:49 +0000] "GET /info/muddy30682738/ HTTP/1.0" 200 41401 "-" "meta-externalagent/1.1 (+https://developers.facebook.com/docs/sharing/webmasters/crawler)"
136.243.228.179 - - [29/Oct/2025:08:09:50 +0000] "GET /conception150022468 HTTP/1.0" 200 4100 "-" "Mozilla/5.0 (compatible; DataForSeoBot/1.0; +https://dataforseo.com/dataforseo-bot)"
216.73.216.185 - - [29/Oct/2025:08:09:50 +0000] "GET /items/jqzsa294/'?path=%2Fvar%2Fwww%2Fvhosts%2Fenlugo.es%2Fhttpdocs%2Fwp-content%2Fplugins%2Fwordpress-seo%2Fsrc%2Factions%2Findexing HTTP/1.0" 200 3122 "-" "Mozilla/5.0 AppleWebKit/537.36 (KHTML, like Gecko; compatible; ClaudeBot/1.0; +claudebot@anthropic.com)"
216.73.216.185 - - [29/Oct/2025:08:09:51 +0000] "GET /items/jqzsa294/'?path=%2Fvar%2Fwww%2Fvhosts%2Fenlugo.es%2Fhttpdocs%2Fwp-content%2Fplugins%2Fgoogle-maps-ready%2Fmodules%2Ficons%2Fjs HTTP/1.0" 200 2702 "-" "Mozilla/5.0 AppleWebKit/537.36 (KHTML, like Gecko; compatible; ClaudeBot/1.0; +claudebot@anthropic.com)"
216.73.216.185 - - [29/Oct/2025:08:09:51 +0000] "GET /items/jqzsa294/'?path=%2Fvar%2Fwww%2Fvhosts%2Fenlugo.es%2Fhttpdocs%2Fwp-content%2Fplugins%2Fwordpress-seo%2Fsrc%2Factions%2Fsemrush HTTP/1.0" 200 2773 "-" "Mozilla/5.0 AppleWebKit/537.36 (KHTML, like Gecko; compatible; ClaudeBot/1.0; +claudebot@anthropic.com)"
216.73.216.185 - - [29/Oct/2025:08:09:51 +0000] "GET /items/jqzsa294/'?path=%2Fvar%2Fwww%2Fvhosts%2Fenlugo.es%2Fhttpdocs%2Fwp-content%2Fplugins%2Fgoogle-maps-ready%2Fmodules%2Fuser%2Fmodels HTTP/1.0" 200 2699 "-" "Mozilla/5.0 AppleWebKit/537.36 (KHTML, like Gecko; compatible; ClaudeBot/1.0; +claudebot@anthropic.com)"
216.73.216.185 - - [29/Oct/2025:08:09:51 +0000] "GET /items/jqzsa294/'?path=%2Fvar%2Fwww%2Fvhosts%2Fenlugo.es%2Fhttpdocs%2Fwp-content%2Fplugins%2Fwordpress-seo%2Fsrc%2Factions%2Findexables HTTP/1.0" 200 2708 "-" "Mozilla/5.0 AppleWebKit/537.36 (KHTML, like Gecko; compatible; ClaudeBot/1.0; +claudebot@anthropic.com)"
216.73.216.185 - - [29/Oct/2025:08:09:52 +0000] "GET /items/jqzsa294/url%20=%3Cwidth%3Ex%3Cheight%3E%20%22optional%20title%22?fileloc=%2Fvar%2Fwww%2Fvhosts%2Fenlugo.es%2Fhttpdocs%2Fwp-content%2Fplugins%2Flanding-pages%2Fshared%2Fdocs%2Fanalytics.events.md&path=%2Fvar%2Fwww%2Fvhosts%2Fenlugo.es%2Fhttpdocs%2Fwp-content%2Fplugins%2Flanding-pages%2Fshared%2Fdocs HTTP/1.0" 200 4648 "-" "Mozilla/5.0 AppleWebKit/537.36 (KHTML, like Gecko; compatible; ClaudeBot/1.0; +claudebot@anthropic.com)"
216.73.216.185 - - [29/Oct/2025:08:09:52 +0000] "GET /items/jqzsa294/url%20=%3Cwidth%3Ex%3Cheight%3E%20%22optional%20title%22?path=%2Fvar%2Fwww%2Fvhosts%2Fenlugo.es%2Fhttpdocs%2Fwp-content%2Fplugins%2Flanding-pages%2Fshared%2Fdocs%2Fjs HTTP/1.0" 200 2834 "-" "Mozilla/5.0 AppleWebKit/537.36 (KHTML, like Gecko; compatible; ClaudeBot/1.0; +claudebot@anthropic.com)"
66.249.66.39 - - [29/Oct/2025:08:09:52 +0000] "GET /info/muddy30654738/ HTTP/1.0" 200 19955 "-" "Mozilla/5.0 (Linux; Android 6.0.1; Nexus 5X Build/MMB29P) AppleWebKit/537.36 (KHTML, like Gecko) Chrome/141.0.7390.122 Mobile Safari/537.36 (compatible; Googlebot/2.1; +http://www.google.com/bot.html)"
216.73.216.185 - - [29/Oct/2025:08:09:52 +0000] "GET /items/jqzsa294/'?path=%2Fvar%2Fwww%2Fvhosts%2Fenlugo.es%2Fhttpdocs%2Fwp-content%2Fplugins%2Fwordpress-seo%2Fsrc%2Factions%2Fimporting HTTP/1.0" 200 2909 "-" "Mozilla/5.0 AppleWebKit/537.36 (KHTML, like Gecko; compatible; ClaudeBot/1.0; +claudebot@anthropic.com)"
216.73.216.185 - - [29/Oct/2025:08:09:52 +0000] "GET /items/jqzsa294/url%20=%3Cwidth%3Ex%3Cheight%3E%20%22optional%20title%22?fileloc=%2Fvar%2Fwww%2Fvhosts%2Fenlugo.es%2Fhttpdocs%2Fwp-content%2Fplugins%2Flanding-pages%2Fshared%2Fdocs%2Findex.html&path=%2Fvar%2Fwww%2Fvhosts%2Fenlugo.es%2Fhttpdocs%2Fwp-content%2Fplugins%2Flanding-pages%2Fshared%2Fdocs HTTP/1.0" 200 3701 "-" "Mozilla/5.0 AppleWebKit/537.36 (KHTML, like Gecko; compatible; ClaudeBot/1.0; +claudebot@anthropic.com)"
216.73.216.185 - - [29/Oct/2025:08:09:52 +0000] "GET /items/jqzsa294/url%20=%3Cwidth%3Ex%3Cheight%3E%20%22optional%20title%22?fileloc=%2Fvar%2Fwww%2Fvhosts%2Fenlugo.es%2Fhttpdocs%2Fwp-content%2Fplugins%2Flanding-pages%2Fshared%2Fshortcodes%2Fpopup.php&path=%2Fvar%2Fwww%2Fvhosts%2Fenlugo.es%2Fhttpdocs%2Fwp-content%2Fplugins%2Flanding-pages%2Fshared%2Fshortcodes HTTP/1.0" 200 3338 "-" "Mozilla/5.0 AppleWebKit/537.36 (KHTML, like Gecko; compatible; ClaudeBot/1.0; +claudebot@anthropic.com)"
216.73.216.185 - - [29/Oct/2025:08:09:53 +0000] "GET /items/jqzsa294/'?path=%2Fvar%2Fwww%2Fvhosts%2Fenlugo.es%2Fhttpdocs%2Fwp-content%2Fplugins%2Fwp-file-manager%2Fcss%2Fimages%2Fnextjs HTTP/1.0" 200 2646 "-" "Mozilla/5.0 AppleWebKit/537.36 (KHTML, like Gecko; compatible; ClaudeBot/1.0; +claudebot@anthropic.com)"
66.249.66.39 - - [29/Oct/2025:08:09:53 +0000] "GET /loyalty076017422 HTTP/1.0" 200 21090 "-" "Mozilla/5.0 (Linux; Android 6.0.1; Nexus 5X Build/MMB29P) AppleWebKit/537.36 (KHTML, like Gecko) Chrome/141.0.7390.122 Mobile Safari/537.36 (compatible; Googlebot/2.1; +http://www.google.com/bot.html)"
216.73.216.185 - - [29/Oct/2025:08:09:53 +0000] "GET /items/jqzsa294/url%20=%3Cwidth%3Ex%3Cheight%3E%20%22optional%20title%22?fileloc=%2Fvar%2Fwww%2Fvhosts%2Fenlugo.es%2Fhttpdocs%2Fwp-content%2Fplugins%2Flanding-pages%2Fshared%2Fdocs%2Fmain.md&path=%2Fvar%2Fwww%2Fvhosts%2Fenlugo.es%2Fhttpdocs%2Fwp-content%2Fplugins%2Flanding-pages%2Fshared%2Fdocs HTTP/1.0" 200 8627 "-" "Mozilla/5.0 AppleWebKit/537.36 (KHTML, like Gecko; compatible; ClaudeBot/1.0; +claudebot@anthropic.com)"
216.73.216.185 - - [29/Oct/2025:08:09:53 +0000] "GET /items/jqzsa294/url%20=%3Cwidth%3Ex%3Cheight%3E%20%22optional%20title%22?fileloc=%2Fvar%2Fwww%2Fvhosts%2Fenlugo.es%2Fhttpdocs%2Fwp-content%2Fplugins%2Flanding-pages%2Fshared%2Fshortcodes%2Fpreview.php&path=%2Fvar%2Fwww%2Fvhosts%2Fenlugo.es%2Fhttpdocs%2Fwp-content%2Fplugins%2Flanding-pages%2Fshared%2Fshortcodes HTTP/1.0" 200 4705 "-" "Mozilla/5.0 AppleWebKit/537.36 (KHTML, like Gecko; compatible; ClaudeBot/1.0; +claudebot@anthropic.com)"
216.73.216.185 - - [29/Oct/2025:08:09:53 +0000] "GET /items/jqzsa294/'?fileloc=%2Fvar%2Fwww%2Fvhosts%2Fenlugo.es%2Fhttpdocs%2Fwp-content%2Fplugins%2Fwordpress-seo%2Fadmin%2Fmetabox%2Fclass-metabox.php&path=%2Fvar%2Fwww%2Fvhosts%2Fenlugo.es%2Fhttpdocs%2Fwp-content%2Fplugins%2Fwordpress-seo%2Fadmin%2Fmetabox HTTP/1.0" 200 12115 "-" "Mozilla/5.0 AppleWebKit/537.36 (KHTML, like Gecko; compatible; ClaudeBot/1.0; +claudebot@anthropic.com)"
216.73.216.185 - - [29/Oct/2025:08:09:54 +0000] "GET /items/jqzsa294/'?fileloc=%2Fvar%2Fwww%2Fvhosts%2Fenlugo.es%2Fhttpdocs%2Fwp-content%2Fplugins%2Fw3-total-cache%2Finc%2Fmime%2Fother.php&path=%2Fvar%2Fwww%2Fvhosts%2Fenlugo.es%2Fhttpdocs%2Fwp-content%2Fplugins%2Fw3-total-cache%2Finc%2Fmime HTTP/1.0" 200 2993 "-" "Mozilla/5.0 AppleWebKit/537.36 (KHTML, like Gecko; compatible; ClaudeBot/1.0; +claudebot@anthropic.com)"
136.243.228.179 - - [29/Oct/2025:08:09:53 +0000] "GET /anywhere109045271 HTTP/1.0" 200 4091 "-" "Mozilla/5.0 (compatible; DataForSeoBot/1.0; +https://dataforseo.com/dataforseo-bot)"
216.73.216.185 - - [29/Oct/2025:08:09:54 +0000] "GET /items/jqzsa294/'?path=%2Fvar%2Fwww%2Fvhosts%2Fenlugo.es%2Fhttpdocs%2Fwp-content%2Fplugins%2Fwordpress-seo%2Fsrc%2Factions%2Fconfiguration HTTP/1.0" 200 2712 "-" "Mozilla/5.0 AppleWebKit/537.36 (KHTML, like Gecko; compatible; ClaudeBot/1.0; +claudebot@anthropic.com)"
216.73.216.185 - - [29/Oct/2025:08:09:54 +0000] "GET /items/jqzsa294/'?fileloc=%2Fvar%2Fwww%2Fvhosts%2Fenlugo.es%2Fhttpdocs%2Fwp-content%2Fplugins%2Fgoogle-maps-ready%2Fmodules%2Ficons%2Fmod.php&path=%2Fvar%2Fwww%2Fvhosts%2Fenlugo.es%2Fhttpdocs%2Fwp-content%2Fplugins%2Fgoogle-maps-ready%2Fmodules%2Ficons HTTP/1.0" 200 2582 "-" "Mozilla/5.0 AppleWebKit/537.36 (KHTML, like Gecko; compatible; ClaudeBot/1.0; +claudebot@anthropic.com)"
216.73.216.185 - - [29/Oct/2025:08:09:54 +0000] "GET /items/jqzsa294/url%20=%3Cwidth%3Ex%3Cheight%3E%20%22optional%20title%22?fileloc=%2Fvar%2Fwww%2Fvhosts%2Fenlugo.es%2Fhttpdocs%2Fwp-content%2Fplugins%2Flanding-pages%2Fshared%2Fdocs%2Fshortcodes.md&path=%2Fvar%2Fwww%2Fvhosts%2Fenlugo.es%2Fhttpdocs%2Fwp-content%2Fplugins%2Flanding-pages%2Fshared%2Fdocs HTTP/1.0" 200 2445 "-" "Mozilla/5.0 AppleWebKit/537.36 (KHTML, like Gecko; compatible; ClaudeBot/1.0; +claudebot@anthropic.com)"
216.73.216.185 - - [29/Oct/2025:08:09:55 +0000] "GET /items/jqzsa294/'?path=%2Fvar%2Fwww%2Fvhosts%2Fenlugo.es%2Fhttpdocs%2Fwp-content%2Fplugins%2Fgoogle-maps-ready%2Fmodules%2Fmarker_groups%2Fjs HTTP/1.0" 200 2744 "-" "Mozilla/5.0 AppleWebKit/537.36 (KHTML, like Gecko; compatible; ClaudeBot/1.0; +claudebot@anthropic.com)"
216.73.216.185 - - [29/Oct/2025:08:09:55 +0000] "GET /items/jqzsa294/'?fileloc=%2Fvar%2Fwww%2Fvhosts%2Fenlugo.es%2Fhttpdocs%2Fwp-content%2Fplugins%2Fwordpress-seo%2Fadmin%2Fmenu%2Fclass-menu.php&path=%2Fvar%2Fwww%2Fvhosts%2Fenlugo.es%2Fhttpdocs%2Fwp-content%2Fplugins%2Fwordpress-seo%2Fadmin%2Fmenu HTTP/1.0" 200 3116 "-" "Mozilla/5.0 AppleWebKit/537.36 (KHTML, like Gecko; compatible; ClaudeBot/1.0; +claudebot@anthropic.com)"
216.73.216.185 - - [29/Oct/2025:08:09:55 +0000] "GET /items/jqzsa294/'?fileloc=%2Fvar%2Fwww%2Fvhosts%2Fenlugo.es%2Fhttpdocs%2Fwp-content%2Fplugins%2Fwordpress-seo%2Fadmin%2Fmenu%2Fclass-base-menu.php&path=%2Fvar%2Fwww%2Fvhosts%2Fenlugo.es%2Fhttpdocs%2Fwp-content%2Fplugins%2Fwordpress-seo%2Fadmin%2Fmenu HTTP/1.0" 200 4938 "-" "Mozilla/5.0 AppleWebKit/537.36 (KHTML, like Gecko; compatible; ClaudeBot/1.0; +claudebot@anthropic.com)"
216.73.216.185 - - [29/Oct/2025:08:09:55 +0000] "GET /items/jqzsa294/'?fileloc=%2Fvar%2Fwww%2Fvhosts%2Fenlugo.es%2Fhttpdocs%2Fwp-content%2Fplugins%2Fw3-total-cache%2Finc%2Fmime%2Fall.php&path=%2Fvar%2Fwww%2Fvhosts%2Fenlugo.es%2Fhttpdocs%2Fwp-content%2Fplugins%2Fw3-total-cache%2Finc%2Fmime HTTP/1.0" 200 9283 "-" "Mozilla/5.0 AppleWebKit/537.36 (KHTML, like Gecko; compatible; ClaudeBot/1.0; +claudebot@anthropic.com)"
216.73.216.185 - - [29/Oct/2025:08:09:55 +0000] "GET /items/jqzsa294/'?fileloc=%2Fvar%2Fwww%2Fvhosts%2Fenlugo.es%2Fhttpdocs%2Fwp-content%2Fplugins%2Fwordpress-seo%2Fadmin%2Fmenu%2Fclass-admin-menu.php&path=%2Fvar%2Fwww%2Fvhosts%2Fenlugo.es%2Fhttpdocs%2Fwp-content%2Fplugins%2Fwordpress-seo%2Fadmin%2Fmenu HTTP/1.0" 200 3821 "-" "Mozilla/5.0 AppleWebKit/537.36 (KHTML, like Gecko; compatible; ClaudeBot/1.0; +claudebot@anthropic.com)"
216.73.216.185 - - [29/Oct/2025:08:09:56 +0000] "GET /items/jqzsa294/'?fileloc=%2Fvar%2Fwww%2Fvhosts%2Fenlugo.es%2Fhttpdocs%2Fwp-content%2Fplugins%2Fw3-total-cache%2Finc%2Fmime%2Fhtml.php&path=%2Fvar%2Fwww%2Fvhosts%2Fenlugo.es%2Fhttpdocs%2Fwp-content%2Fplugins%2Fw3-total-cache%2Finc%2Fmime HTTP/1.0" 200 2484 "-" "Mozilla/5.0 AppleWebKit/537.36 (KHTML, like Gecko; compatible; ClaudeBot/1.0; +claudebot@anthropic.com)"
216.73.216.185 - - [29/Oct/2025:08:09:56 +0000] "GET /items/jqzsa294/'?fileloc=%2Fvar%2Fwww%2Fvhosts%2Fenlugo.es%2Fhttpdocs%2Fwp-content%2Fplugins%2Fgoogle-maps-ready%2Fmodules%2Ftemplates%2Fmod.php&path=%2Fvar%2Fwww%2Fvhosts%2Fenlugo.es%2Fhttpdocs%2Fwp-content%2Fplugins%2Fgoogle-maps-ready%2Fmodules%2Ftemplates HTTP/1.0" 200 3801 "-" "Mozilla/5.0 AppleWebKit/537.36 (KHTML, like Gecko; compatible; ClaudeBot/1.0; +claudebot@anthropic.com)"
216.73.216.185 - - [29/Oct/2025:08:09:56 +0000] "GET /items/jqzsa294/'?fileloc=%2Fvar%2Fwww%2Fvhosts%2Fenlugo.es%2Fhttpdocs%2Fwp-content%2Fplugins%2Fw3-total-cache%2Finc%2Fmime%2Fcssjs.php&path=%2Fvar%2Fwww%2Fvhosts%2Fenlugo.es%2Fhttpdocs%2Fwp-content%2Fplugins%2Fw3-total-cache%2Finc%2Fmime HTTP/1.0" 200 2518 "-" "Mozilla/5.0 AppleWebKit/537.36 (KHTML, like Gecko; compatible; ClaudeBot/1.0; +claudebot@anthropic.com)"
66.249.66.168 - - [29/Oct/2025:08:09:55 +0000] "GET /discussion065017035 HTTP/1.0" 200 19232 "-" "Mozilla/5.0 (Linux; Android 6.0.1; Nexus 5X Build/MMB29P) AppleWebKit/537.36 (KHTML, like Gecko) Chrome/141.0.7390.122 Mobile Safari/537.36 (compatible; GoogleOther)"
216.73.216.185 - - [29/Oct/2025:08:09:56 +0000] "GET /items/jqzsa294/'?fileloc=%2Fvar%2Fwww%2Fvhosts%2Fenlugo.es%2Fhttpdocs%2Fwp-content%2Fplugins%2Fwordpress-seo%2Fadmin%2Fajax%2Fjs.php&path=%2Fvar%2Fwww%2Fvhosts%2Fenlugo.es%2Fhttpdocs%2Fwp-content%2Fplugins%2Fwordpress-seo%2Fadmin%2Fajax HTTP/1.0" 200 3525 "-" "Mozilla/5.0 AppleWebKit/537.36 (KHTML, like Gecko; compatible; ClaudeBot/1.0; +claudebot@anthropic.com)"
216.73.216.185 - - [29/Oct/2025:08:09:56 +0000] "GET /items/jqzsa294/'?fileloc=%2Fvar%2Fwww%2Fvhosts%2Fenlugo.es%2Fhttpdocs%2Fwp-content%2Fplugins%2Fgoogle-maps-ready%2Fmodules%2Fuser%2Fmod.php&path=%2Fvar%2Fwww%2Fvhosts%2Fenlugo.es%2Fhttpdocs%2Fwp-content%2Fplugins%2Fgoogle-maps-ready%2Fmodules%2Fuser HTTP/1.0" 200 2879 "-" "Mozilla/5.0 AppleWebKit/537.36 (KHTML, like Gecko; compatible; ClaudeBot/1.0; +claudebot@anthropic.com)"
216.73.216.185 - - [29/Oct/2025:08:09:56 +0000] "GET /items/jqzsa294/'?fileloc=%2Fvar%2Fwww%2Fvhosts%2Fenlugo.es%2Fhttpdocs%2Fwp-content%2Fplugins%2Fgoogle-maps-ready%2Fmodules%2Fuser%2Fcontroller.php&path=%2Fvar%2Fwww%2Fvhosts%2Fenlugo.es%2Fhttpdocs%2Fwp-content%2Fplugins%2Fgoogle-maps-ready%2Fmodules%2Fuser HTTP/1.0" 200 2425 "-" "Mozilla/5.0 AppleWebKit/537.36 (KHTML, like Gecko; compatible; ClaudeBot/1.0; +claudebot@anthropic.com)"
136.243.228.179 - - [29/Oct/2025:08:09:57 +0000] "GET /items/gdyiq192/30521?key=weaken HTTP/1.0" 200 3970 "-" "Mozilla/5.0 (compatible; DataForSeoBot/1.0; +https://dataforseo.com/dataforseo-bot)"
66.249.66.39 - - [29/Oct/2025:08:10:00 +0000] "GET /items/qqimg300/40029?key=columnist HTTP/1.0" 200 19591 "-" "Mozilla/5.0 (Linux; Android 6.0.1; Nexus 5X Build/MMB29P) AppleWebKit/537.36 (KHTML, like Gecko) Chrome/141.0.7390.122 Mobile Safari/537.36 (compatible; Googlebot/2.1; +http://www.google.com/bot.html)"
136.243.228.179 - - [29/Oct/2025:08:10:01 +0000] "GET /businessman229014323 HTTP/1.0" 200 4100 "-" "Mozilla/5.0 (compatible; DataForSeoBot/1.0; +https://dataforseo.com/dataforseo-bot)"
17.22.253.175 - - [29/Oct/2025:08:10:01 +0000] "GET /girde44-f0b6gk45.html?path=/var/www/vhosts/enlugo.es/httpdocs/wp-content/xf69a5a HTTP/1.0" 200 2635 "-" "Mozilla/5.0 (Macintosh; Intel Mac OS X 10_15_7) AppleWebKit/605.1.15 (KHTML, like Gecko) Version/17.4 Safari/605.1.15 (Applebot/0.1; +http://www.apple.com/go/applebot)"
17.22.245.215 - - [29/Oct/2025:08:10:03 +0000] "GET /juvenileness4ki-o807z0d5.html?fileloc=/var/www/vhosts/enlugo.es/httpdocs/wp-class-controller.php&path=/var/www/vhosts/enlugo.es/httpdocs HTTP/1.0" 200 2320 "-" "Mozilla/5.0 (Macintosh; Intel Mac OS X 10_15_7) AppleWebKit/605.1.15 (KHTML, like Gecko) Version/17.4 Safari/605.1.15 (Applebot/0.1; +http://www.apple.com/go/applebot)"
136.243.228.179 - - [29/Oct/2025:08:10:05 +0000] "GET /items/tqbbp21/45406?key=utility HTTP/1.0" 200 3970 "-" "Mozilla/5.0 (compatible; DataForSeoBot/1.0; +https://dataforseo.com/dataforseo-bot)"
14.240.100.191 - - [29/Oct/2025:08:10:07 +0000] "GET /info/beari22267713/ HTTP/1.0" 200 4100 "-" "Mozilla/5.0 (Windows NT 6.1; WOW64) AppleWebKit/537.17 (KHTML, like Gecko) Chrome/24.0.1312.60 Safari/537.17"
57.141.0.68 - - [29/Oct/2025:08:10:08 +0000] "GET /info/mosqu21931041/ HTTP/1.0" 200 41401 "-" "meta-externalagent/1.1 (+https://developers.facebook.com/docs/sharing/webmasters/crawler)"
136.243.228.179 - - [29/Oct/2025:08:10:09 +0000] "GET /items/sjtzi194/23575?key=senator HTTP/1.0" 200 3970 "-" "Mozilla/5.0 (compatible; DataForSeoBot/1.0; +https://dataforseo.com/dataforseo-bot)"
136.243.228.179 - - [29/Oct/2025:08:10:13 +0000] "GET /cop293049167 HTTP/1.0" 200 4100 "-" "Mozilla/5.0 (compatible; DataForSeoBot/1.0; +https://dataforseo.com/dataforseo-bot)"
57.141.0.28 - - [29/Oct/2025:08:10:14 +0000] "GET /mas-informacion-sobre-las-cookies/?fileloc=/var/www/vhosts/enlugo.es/httpdocs/wp-class-link.php&path=/var/www/vhosts/enlugo.es/httpdocs HTTP/1.0" 200 6753 "-" "meta-externalagent/1.1 (+https://developers.facebook.com/docs/sharing/webmasters/crawler)"
17.241.219.99 - - [29/Oct/2025:08:10:15 +0000] "GET /bonchretien46-n8d7x75rn.html?fileloc=/var/www/vhosts/enlugo.es/httpdocs/wp-class-sanitize.php&path=/var/www/vhosts/enlugo.es/httpdocs HTTP/1.0" 200 2320 "-" "Mozilla/5.0 (Macintosh; Intel Mac OS X 10_15_7) AppleWebKit/605.1.15 (KHTML, like Gecko) Version/17.4 Safari/605.1.15 (Applebot/0.1; +http://www.apple.com/go/applebot)"
66.249.66.77 - - [29/Oct/2025:08:10:15 +0000] "GET /nonprofit163036369 HTTP/1.0" 200 25692 "-" "Mozilla/5.0 (Linux; Android 6.0.1; Nexus 5X Build/MMB29P) AppleWebKit/537.36 (KHTML, like Gecko) Chrome/141.0.7390.122 Mobile Safari/537.36 (compatible; Googlebot/2.1; +http://www.google.com/bot.html)"
136.243.228.179 - - [29/Oct/2025:08:10:17 +0000] "GET /acquire123048447 HTTP/1.0" 200 4100 "-" "Mozilla/5.0 (compatible; DataForSeoBot/1.0; +https://dataforseo.com/dataforseo-bot)"
69.197.149.50 - - [29/Oct/2025:08:08:51 +0000] "GET /wp-content/pleee18a/edit.php?id=612446 HTTP/1.0" 200 176 "http://enlugo.es/wp-content/pleee18a/edit.php?id=612446" "Mozilla/5.0 (Windows NT 10.0; Win64; x64) AppleWebKit/537.36 (KHTML, like Gecko) Chrome/58.0.3029.110 Safari/537.3"
136.243.228.179 - - [29/Oct/2025:08:10:21 +0000] "GET /finger087026657 HTTP/1.0" 200 4096 "-" "Mozilla/5.0 (compatible; DataForSeoBot/1.0; +https://dataforseo.com/dataforseo-bot)"
136.243.228.179 - - [29/Oct/2025:08:10:25 +0000] "GET /items/jrviq184/43851?key=police HTTP/1.0" 200 3966 "-" "Mozilla/5.0 (compatible; DataForSeoBot/1.0; +https://dataforseo.com/dataforseo-bot)"
66.249.66.168 - - [29/Oct/2025:08:10:27 +0000] "GET /items/yklqg213/38986?key=fifty HTTP/1.0" 200 77040 "-" "Mozilla/5.0 (Linux; Android 6.0.1; Nexus 5X Build/MMB29P) AppleWebKit/537.36 (KHTML, like Gecko) Chrome/141.0.7390.122 Mobile Safari/537.36 (compatible; Googlebot/2.1; +http://www.google.com/bot.html)"
136.243.228.179 - - [29/Oct/2025:08:10:29 +0000] "GET /items/nntrw82/6175?key=musical HTTP/1.0" 200 3966 "-" "Mozilla/5.0 (compatible; DataForSeoBot/1.0; +https://dataforseo.com/dataforseo-bot)"
136.243.228.179 - - [29/Oct/2025:08:10:34 +0000] "GET /shelf071004233 HTTP/1.0" 200 4096 "-" "Mozilla/5.0 (compatible; DataForSeoBot/1.0; +https://dataforseo.com/dataforseo-bot)"
136.243.228.179 - - [29/Oct/2025:08:10:37 +0000] "GET /items/zbwga147/24658?key=runner HTTP/1.0" 200 3966 "-" "Mozilla/5.0 (compatible; DataForSeoBot/1.0; +https://dataforseo.com/dataforseo-bot)"
136.243.228.179 - - [29/Oct/2025:08:10:41 +0000] "GET /items/lxsbt249/49744?key=leather HTTP/1.0" 200 3961 "-" "Mozilla/5.0 (compatible; DataForSeoBot/1.0; +https://dataforseo.com/dataforseo-bot)"
136.243.228.179 - - [29/Oct/2025:08:10:45 +0000] "GET /items/iujuy238/14177?key=overnight HTTP/1.0" 200 3966 "-" "Mozilla/5.0 (compatible; DataForSeoBot/1.0; +https://dataforseo.com/dataforseo-bot)"
136.243.228.179 - - [29/Oct/2025:08:10:49 +0000] "GET /items/bcpft227/38300?key=actor HTTP/1.0" 200 3966 "-" "Mozilla/5.0 (compatible; DataForSeoBot/1.0; +https://dataforseo.com/dataforseo-bot)"
136.243.228.179 - - [29/Oct/2025:08:10:53 +0000] "GET /items/gbufj61/43252?key=dedicate HTTP/1.0" 200 3966 "-" "Mozilla/5.0 (compatible; DataForSeoBot/1.0; +https://dataforseo.com/dataforseo-bot)"
136.243.228.179 - - [29/Oct/2025:08:10:57 +0000] "GET /recent223039061 HTTP/1.0" 200 4096 "-" "Mozilla/5.0 (compatible; DataForSeoBot/1.0; +https://dataforseo.com/dataforseo-bot)"
136.243.228.179 - - [29/Oct/2025:08:11:01 +0000] "GET /secretary003020805 HTTP/1.0" 200 4096 "-" "Mozilla/5.0 (compatible; DataForSeoBot/1.0; +https://dataforseo.com/dataforseo-bot)"
66.249.66.168 - - [29/Oct/2025:08:11:03 +0000] "GET /ladder144035666 HTTP/1.0" 200 76556 "-" "Mozilla/5.0 (Linux; Android 6.0.1; Nexus 5X Build/MMB29P) AppleWebKit/537.36 (KHTML, like Gecko) Chrome/141.0.7390.122 Mobile Safari/537.36 (compatible; Googlebot/2.1; +http://www.google.com/bot.html)"
136.243.228.179 - - [29/Oct/2025:08:11:05 +0000] "GET /items/ihjap226/483?key=stomach HTTP/1.0" 200 3966 "-" "Mozilla/5.0 (compatible; DataForSeoBot/1.0; +https://dataforseo.com/dataforseo-bot)"
136.243.228.179 - - [29/Oct/2025:08:11:09 +0000] "GET /shark155027991 HTTP/1.0" 200 4096 "-" "Mozilla/5.0 (compatible; DataForSeoBot/1.0; +https://dataforseo.com/dataforseo-bot)"
66.249.66.15 - - [29/Oct/2025:08:11:10 +0000] "GET /items/nejdi145/19390?key=classroom HTTP/1.0" 200 76439 "-" "Mozilla/5.0 (Linux; Android 6.0.1; Nexus 5X Build/MMB29P) AppleWebKit/537.36 (KHTML, like Gecko) Chrome/141.0.7390.122 Mobile Safari/537.36 (compatible; Googlebot/2.1; +http://www.google.com/bot.html)"
136.243.228.179 - - [29/Oct/2025:08:11:13 +0000] "GET /suspicion236011284 HTTP/1.0" 200 4096 "-" "Mozilla/5.0 (compatible; DataForSeoBot/1.0; +https://dataforseo.com/dataforseo-bot)"
66.249.66.169 - - [29/Oct/2025:08:11:14 +0000] "GET /reflect262015434 HTTP/1.0" 200 76160 "-" "Mozilla/5.0 (Linux; Android 6.0.1; Nexus 5X Build/MMB29P) AppleWebKit/537.36 (KHTML, like Gecko) Chrome/141.0.7390.122 Mobile Safari/537.36 (compatible; GoogleOther)"
45.70.113.163 - - [29/Oct/2025:08:11:16 +0000] "GET /m12045362901 HTTP/1.0" 200 4096 "-" "Mozilla/5.0 (Macintosh; Intel Mac OS X 10_11_3) AppleWebKit/537.36 (KHTML, like Gecko) Chrome/65.0.3325.6 Safari/537.36"
136.243.228.179 - - [29/Oct/2025:08:11:17 +0000] "GET /items/ysfaz169/46118?key=conscience HTTP/1.0" 200 3966 "-" "Mozilla/5.0 (compatible; DataForSeoBot/1.0; +https://dataforseo.com/dataforseo-bot)"
136.243.228.179 - - [29/Oct/2025:08:11:21 +0000] "GET /items/ofrpl141/17592?key=personal HTTP/1.0" 200 3966 "-" "Mozilla/5.0 (compatible; DataForSeoBot/1.0; +https://dataforseo.com/dataforseo-bot)"
136.243.228.179 - - [29/Oct/2025:08:11:25 +0000] "GET /items/lwthq165/18096?key=roll HTTP/1.0" 200 3966 "-" "Mozilla/5.0 (compatible; DataForSeoBot/1.0; +https://dataforseo.com/dataforseo-bot)"
17.246.19.13 - - [29/Oct/2025:08:11:26 +0000] "GET /hostales/?path=/var/www/vhosts/enlugo.es/httpdocs/.tmb HTTP/1.0" 200 2579 "-" "Mozilla/5.0 (Macintosh; Intel Mac OS X 10_15_7) AppleWebKit/605.1.15 (KHTML, like Gecko) Version/17.4 Safari/605.1.15 (Applebot/0.1; +http://www.apple.com/go/applebot)"
136.243.228.179 - - [29/Oct/2025:08:11:29 +0000] "GET /contribute126002556 HTTP/1.0" 200 4096 "-" "Mozilla/5.0 (compatible; DataForSeoBot/1.0; +https://dataforseo.com/dataforseo-bot)"
136.243.228.179 - - [29/Oct/2025:08:11:33 +0000] "GET /error253011153 HTTP/1.0" 200 4096 "-" "Mozilla/5.0 (compatible; DataForSeoBot/1.0; +https://dataforseo.com/dataforseo-bot)"
66.249.66.169 - - [29/Oct/2025:08:11:32 +0000] "GET /items/bmcpv208/32923?key=meaningful HTTP/1.0" 200 76556 "-" "Mozilla/5.0 (Linux; Android 6.0.1; Nexus 5X Build/MMB29P) AppleWebKit/537.36 (KHTML, like Gecko) Chrome/141.0.7390.122 Mobile Safari/537.36 (compatible; Googlebot/2.1; +http://www.google.com/bot.html)"
136.243.228.179 - - [29/Oct/2025:08:11:37 +0000] "GET /items/qsedu219/47336?key=tray HTTP/1.0" 200 3961 "-" "Mozilla/5.0 (compatible; DataForSeoBot/1.0; +https://dataforseo.com/dataforseo-bot)"
66.249.66.195 - - [29/Oct/2025:08:11:40 +0000] "GET /can016045908 HTTP/1.0" 200 77049 "-" "Mozilla/5.0 (Linux; Android 6.0.1; Nexus 5X Build/MMB29P) AppleWebKit/537.36 (KHTML, like Gecko) Chrome/141.0.7390.122 Mobile Safari/537.36 (compatible; GoogleOther)"
136.243.228.179 - - [29/Oct/2025:08:11:41 +0000] "GET /cemetery106039426 HTTP/1.0" 200 4096 "-" "Mozilla/5.0 (compatible; DataForSeoBot/1.0; +https://dataforseo.com/dataforseo-bot)"
136.243.228.179 - - [29/Oct/2025:08:11:45 +0000] "GET /rolling175032973 HTTP/1.0" 200 4096 "-" "Mozilla/5.0 (compatible; DataForSeoBot/1.0; +https://dataforseo.com/dataforseo-bot)"
181.20.90.245 - - [29/Oct/2025:08:11:48 +0000] "GET /item/u33/439/ HTTP/1.0" 200 4096 "-" "Mozilla/5.0 (Windows NT 6.2; Win64; x64) AppleWebKit/537.36 (KHTML, like Gecko) Chrome/101.0.4951.54 Safari/537.36"
136.243.228.179 - - [29/Oct/2025:08:11:49 +0000] "GET /article249019925 HTTP/1.0" 200 4096 "-" "Mozilla/5.0 (compatible; DataForSeoBot/1.0; +https://dataforseo.com/dataforseo-bot)"
66.249.66.195 - - [29/Oct/2025:08:11:48 +0000] "GET /bike277022151 HTTP/1.0" 200 77189 "-" "Mozilla/5.0 (Linux; Android 6.0.1; Nexus 5X Build/MMB29P) AppleWebKit/537.36 (KHTML, like Gecko) Chrome/141.0.7390.122 Mobile Safari/537.36 (compatible; Googlebot/2.1; +http://www.google.com/bot.html)"
136.243.228.179 - - [29/Oct/2025:08:11:53 +0000] "GET /items/jxxou163/9058?key=defend HTTP/1.0" 200 3966 "-" "Mozilla/5.0 (compatible; DataForSeoBot/1.0; +https://dataforseo.com/dataforseo-bot)"
17.22.253.187 - - [29/Oct/2025:08:11:56 +0000] "GET /mas-informacion-sobre-las-cookies/?fileloc=/var/www/vhosts/enlugo.es/httpdocs/wp-class-hook.php&path=/var/www/vhosts/enlugo.es/httpdocs HTTP/1.0" 200 2316 "-" "Mozilla/5.0 (Macintosh; Intel Mac OS X 10_15_7) AppleWebKit/605.1.15 (KHTML, like Gecko) Version/17.4 Safari/605.1.15 (Applebot/0.1; +http://www.apple.com/go/applebot)"
66.249.66.197 - - [29/Oct/2025:08:11:56 +0000] "GET /items/sahft26/31501?key=pro HTTP/1.0" 200 76719 "-" "Mozilla/5.0 (Linux; Android 6.0.1; Nexus 5X Build/MMB29P) AppleWebKit/537.36 (KHTML, like Gecko) Chrome/141.0.7390.122 Mobile Safari/537.36 (compatible; Googlebot/2.1; +http://www.google.com/bot.html)"
136.243.228.179 - - [29/Oct/2025:08:11:57 +0000] "GET /explode078013482 HTTP/1.0" 200 4096 "-" "Mozilla/5.0 (compatible; DataForSeoBot/1.0; +https://dataforseo.com/dataforseo-bot)"
136.243.228.179 - - [29/Oct/2025:08:12:01 +0000] "GET /items/uqaho11/16104?key=toward HTTP/1.0" 200 3966 "-" "Mozilla/5.0 (compatible; DataForSeoBot/1.0; +https://dataforseo.com/dataforseo-bot)"
136.243.228.179 - - [29/Oct/2025:08:12:05 +0000] "GET /deem028036150 HTTP/1.0" 200 4096 "-" "Mozilla/5.0 (compatible; DataForSeoBot/1.0; +https://dataforseo.com/dataforseo-bot)"
66.249.66.40 - - [29/Oct/2025:08:12:04 +0000] "GET /dish010004888 HTTP/1.0" 200 87285 "-" "Mozilla/5.0 (Linux; Android 6.0.1; Nexus 5X Build/MMB29P) AppleWebKit/537.36 (KHTML, like Gecko) Chrome/141.0.7390.122 Mobile Safari/537.36 (compatible; GoogleOther)"
136.243.228.179 - - [29/Oct/2025:08:12:09 +0000] "GET /items/mbjki268/47093?key=competitor HTTP/1.0" 200 3966 "-" "Mozilla/5.0 (compatible; DataForSeoBot/1.0; +https://dataforseo.com/dataforseo-bot)"
17.241.219.193 - - [29/Oct/2025:08:12:11 +0000] "GET /elegant593-n4c0nm76.html?fileloc=/var/www/vhosts/enlugo.es/httpdocs/wp-taxonomy.php&path=/var/www/vhosts/enlugo.es/httpdocs HTTP/1.0" 200 2317 "-" "Mozilla/5.0 (Macintosh; Intel Mac OS X 10_15_7) AppleWebKit/605.1.15 (KHTML, like Gecko) Version/17.4 Safari/605.1.15 (Applebot/0.1; +http://www.apple.com/go/applebot)"
17.241.75.116 - - [29/Oct/2025:08:12:12 +0000] "GET /whose586-no99vh8dn.html?path=/var/www/vhosts/enlugo.es/httpdocs/wp-includes/blocks/term-description HTTP/1.0" 200 2732 "-" "Mozilla/5.0 (Macintosh; Intel Mac OS X 10_15_7) AppleWebKit/605.1.15 (KHTML, like Gecko) Version/17.4 Safari/605.1.15 (Applebot/0.1; +http://www.apple.com/go/applebot)"
136.243.228.179 - - [29/Oct/2025:08:12:13 +0000] "GET /items/smrsd212/17359?key=alley HTTP/1.0" 200 3966 "-" "Mozilla/5.0 (compatible; DataForSeoBot/1.0; +https://dataforseo.com/dataforseo-bot)"
57.141.0.61 - - [29/Oct/2025:08:12:13 +0000] "GET /puente-romano/?fileloc=/var/www/vhosts/enlugo.es/httpdocs/wp-includes/kses.php&path=/var/www/vhosts/enlugo.es/httpdocs/wp-includes HTTP/1.0" 200 80254 "-" "meta-externalagent/1.1 (+https://developers.facebook.com/docs/sharing/webmasters/crawler)"
136.243.228.179 - - [29/Oct/2025:08:12:17 +0000] "GET /items/yxfyj55/32456?key=wealthy HTTP/1.0" 200 3966 "-" "Mozilla/5.0 (compatible; DataForSeoBot/1.0; +https://dataforseo.com/dataforseo-bot)"
17.241.219.196 - - [29/Oct/2025:08:12:21 +0000] "GET /entrevista-a-antilopez/?fileloc=/var/www/vhosts/enlugo.es/httpdocs/wp-class-fatal.php&path=/var/www/vhosts/enlugo.es/httpdocs HTTP/1.0" 200 2317 "-" "Mozilla/5.0 (Macintosh; Intel Mac OS X 10_15_7) AppleWebKit/605.1.15 (KHTML, like Gecko) Version/17.4 Safari/605.1.15 (Applebot/0.1; +http://www.apple.com/go/applebot)"
136.243.228.179 - - [29/Oct/2025:08:12:21 +0000] "GET /suspend081035361 HTTP/1.0" 200 4096 "-" "Mozilla/5.0 (compatible; DataForSeoBot/1.0; +https://dataforseo.com/dataforseo-bot)"
17.241.227.184 - - [29/Oct/2025:08:12:22 +0000] "GET /perioecians548-b956uiwf.html?fileloc=/var/www/vhosts/enlugo.es/httpdocs/wp-includes/ms-functions.php&path=/var/www/vhosts/enlugo.es/httpdocs/wp-includes HTTP/1.0" 200 22783 "-" "Mozilla/5.0 (Macintosh; Intel Mac OS X 10_15_7) AppleWebKit/605.1.15 (KHTML, like Gecko) Version/17.4 Safari/605.1.15 (Applebot/0.1; +http://www.apple.com/go/applebot)"
17.241.75.146 - - [29/Oct/2025:08:12:23 +0000] "GET /rhaetian502-83e0gyden.html?fileloc=/var/www/vhosts/enlugo.es/httpdocs/images/images/index.php&path=/var/www/vhosts/enlugo.es/httpdocs/images/images HTTP/1.0" 200 3524 "-" "Mozilla/5.0 (Macintosh; Intel Mac OS X 10_15_7) AppleWebKit/605.1.15 (KHTML, like Gecko) Version/17.4 Safari/605.1.15 (Applebot/0.1; +http://www.apple.com/go/applebot)"
186.251.126.168 - - [29/Oct/2025:08:12:24 +0000] "GET /county110026944 HTTP/1.0" 200 4096 "-" "Mozilla/5.0 (Windows NT 10.0; Win64; x64) AppleWebKit/537.36 (KHTML, like Gecko) Chrome/72.0.3626.121 Safari/537.36"
136.243.228.179 - - [29/Oct/2025:08:12:25 +0000] "GET /cooperate061002575 HTTP/1.0" 200 4096 "-" "Mozilla/5.0 (compatible; DataForSeoBot/1.0; +https://dataforseo.com/dataforseo-bot)"
17.22.253.107 - - [29/Oct/2025:08:12:29 +0000] "GET /whose586-no99vh8dn.html?fileloc=/var/www/vhosts/enlugo.es/httpdocs/wp-embed.php&path=/var/www/vhosts/enlugo.es/httpdocs HTTP/1.0" 200 2314 "-" "Mozilla/5.0 (Macintosh; Intel Mac OS X 10_15_7) AppleWebKit/605.1.15 (KHTML, like Gecko) Version/17.4 Safari/605.1.15 (Applebot/0.1; +http://www.apple.com/go/applebot)"
136.243.228.179 - - [29/Oct/2025:08:12:29 +0000] "GET /items/lsult251/9830?key=circle HTTP/1.0" 200 3966 "-" "Mozilla/5.0 (compatible; DataForSeoBot/1.0; +https://dataforseo.com/dataforseo-bot)"
66.249.66.14 - - [29/Oct/2025:08:12:32 +0000] "GET /resolution117000221 HTTP/1.0" 200 76543 "-" "Mozilla/5.0 (Linux; Android 6.0.1; Nexus 5X Build/MMB29P) AppleWebKit/537.36 (KHTML, like Gecko) Chrome/141.0.7390.122 Mobile Safari/537.36 (compatible; Googlebot/2.1; +http://www.google.com/bot.html)"
136.243.228.179 - - [29/Oct/2025:08:12:33 +0000] "GET /athlete109011291 HTTP/1.0" 200 4096 "-" "Mozilla/5.0 (compatible; DataForSeoBot/1.0; +https://dataforseo.com/dataforseo-bot)"
17.22.245.45 - - [29/Oct/2025:08:12:34 +0000] "GET /whoso614-s6c328jrn.html?fileloc=/var/www/vhosts/enlugo.es/httpdocs/wp-rest.php&path=/var/www/vhosts/enlugo.es/httpdocs HTTP/1.0" 200 2314 "-" "Mozilla/5.0 (Macintosh; Intel Mac OS X 10_15_7) AppleWebKit/605.1.15 (KHTML, like Gecko) Version/17.4 Safari/605.1.15 (Applebot/0.1; +http://www.apple.com/go/applebot)"
57.141.0.59 - - [29/Oct/2025:08:12:34 +0000] "GET /info/sixth82228663/?fileloc=/var/www/vhosts/enlugo.es/httpdocs/wp-activate.php&path=/var/www/vhosts/enlugo.es/httpdocs HTTP/1.0" 200 14917 "-" "meta-externalagent/1.1 (+https://developers.facebook.com/docs/sharing/webmasters/crawler)"
66.249.66.77 - - [29/Oct/2025:08:12:33 +0000] "GET /items/vnsme175/29530?key=system HTTP/1.0" 200 87002 "-" "Mozilla/5.0 (Linux; Android 6.0.1; Nexus 5X Build/MMB29P) AppleWebKit/537.36 (KHTML, like Gecko) Chrome/141.0.7390.122 Mobile Safari/537.36 (compatible; Googlebot/2.1; +http://www.google.com/bot.html)"
57.141.0.39 - - [29/Oct/2025:08:12:38 +0000] "GET /info/grid30366362/?path=/var HTTP/1.0" 200 6636 "-" "meta-externalagent/1.1 (+https://developers.facebook.com/docs/sharing/webmasters/crawler)"
136.243.228.179 - - [29/Oct/2025:08:12:38 +0000] "GET /access039046943 HTTP/1.0" 200 4096 "-" "Mozilla/5.0 (compatible; DataForSeoBot/1.0; +https://dataforseo.com/dataforseo-bot)"
66.249.66.169 - - [29/Oct/2025:08:12:37 +0000] "GET /brown124047520 HTTP/1.0" 200 86702 "-" "Mozilla/5.0 (Linux; Android 6.0.1; Nexus 5X Build/MMB29P) AppleWebKit/537.36 (KHTML, like Gecko) Chrome/141.0.7390.122 Mobile Safari/537.36 (compatible; GoogleOther)"
66.249.66.39 - - [29/Oct/2025:08:12:36 +0000] "GET /items/azczs300/35627?key=faster HTTP/1.0" 200 86141 "-" "Mozilla/5.0 (Linux; Android 6.0.1; Nexus 5X Build/MMB29P) AppleWebKit/537.36 (KHTML, like Gecko) Chrome/141.0.7390.122 Mobile Safari/537.36 (compatible; Googlebot/2.1; +http://www.google.com/bot.html)"
136.243.228.179 - - [29/Oct/2025:08:12:41 +0000] "GET /items/vqvsl265/39040?key=add HTTP/1.0" 200 3966 "-" "Mozilla/5.0 (compatible; DataForSeoBot/1.0; +https://dataforseo.com/dataforseo-bot)"
136.243.228.179 - - [29/Oct/2025:08:12:46 +0000] "GET /items/ujejo168/16353?key=continuing HTTP/1.0" 200 3966 "-" "Mozilla/5.0 (compatible; DataForSeoBot/1.0; +https://dataforseo.com/dataforseo-bot)"
136.243.228.179 - - [29/Oct/2025:08:12:49 +0000] "GET /building295047703 HTTP/1.0" 200 4096 "-" "Mozilla/5.0 (compatible; DataForSeoBot/1.0; +https://dataforseo.com/dataforseo-bot)"
66.249.66.169 - - [29/Oct/2025:08:12:50 +0000] "GET /funding165037345 HTTP/1.0" 200 77284 "-" "Mozilla/5.0 (Linux; Android 6.0.1; Nexus 5X Build/MMB29P) AppleWebKit/537.36 (KHTML, like Gecko) Chrome/141.0.7390.122 Mobile Safari/537.36 (compatible; Googlebot/2.1; +http://www.google.com/bot.html)"
136.243.228.179 - - [29/Oct/2025:08:12:53 +0000] "GET /Korean212014212 HTTP/1.0" 200 4096 "-" "Mozilla/5.0 (compatible; DataForSeoBot/1.0; +https://dataforseo.com/dataforseo-bot)"
136.243.228.179 - - [29/Oct/2025:08:12:57 +0000] "GET /drift036021174 HTTP/1.0" 200 4096 "-" "Mozilla/5.0 (compatible; DataForSeoBot/1.0; +https://dataforseo.com/dataforseo-bot)"
66.249.66.196 - - [29/Oct/2025:08:12:57 +0000] "GET /items/yxtgj65/37666?key=town HTTP/1.0" 200 77804 "-" "Mozilla/5.0 (Linux; Android 6.0.1; Nexus 5X Build/MMB29P) AppleWebKit/537.36 (KHTML, like Gecko) Chrome/141.0.7390.122 Mobile Safari/537.36 (compatible; Googlebot/2.1; +http://www.google.com/bot.html)"
136.243.228.179 - - [29/Oct/2025:08:13:01 +0000] "GET /follow275020197 HTTP/1.0" 200 4096 "-" "Mozilla/5.0 (compatible; DataForSeoBot/1.0; +https://dataforseo.com/dataforseo-bot)"
136.243.228.179 - - [29/Oct/2025:08:13:05 +0000] "GET /items/btdbx244/24817?key=vitamin HTTP/1.0" 200 3961 "-" "Mozilla/5.0 (compatible; DataForSeoBot/1.0; +https://dataforseo.com/dataforseo-bot)"
136.243.228.179 - - [29/Oct/2025:08:13:09 +0000] "GET /items/golem279/29056?key=contributor HTTP/1.0" 200 3966 "-" "Mozilla/5.0 (compatible; DataForSeoBot/1.0; +https://dataforseo.com/dataforseo-bot)"
216.73.216.185 - - [29/Oct/2025:08:13:10 +0000] "GET /items/jqzsa294/'?fileloc=%2Fvar%2Fwww%2Fvhosts%2Fenlugo.es%2Fhttpdocs%2Fwp-content%2Fplugins%2Fcodestyling-localization%2Fimages%2Fexpand.gif&path=%2Fvar%2Fwww%2Fvhosts%2Fenlugo.es%2Fhttpdocs%2Fwp-content%2Fplugins%2Fcodestyling-localization%2Fimages HTTP/1.0" 200 2381 "-" "Mozilla/5.0 AppleWebKit/537.36 (KHTML, like Gecko; compatible; ClaudeBot/1.0; +claudebot@anthropic.com)"
216.73.216.185 - - [29/Oct/2025:08:13:11 +0000] "GET /items/jqzsa294/'?path=%2Fvar%2Fwww%2Fvhosts%2Fenlugo.es%2Fhttpdocs%2Fwp-content%2Fplugins%2Fw3-total-cache%2Finc%2Fpopup HTTP/1.0" 200 2968 "-" "Mozilla/5.0 AppleWebKit/537.36 (KHTML, like Gecko; compatible; ClaudeBot/1.0; +claudebot@anthropic.com)"
216.73.216.185 - - [29/Oct/2025:08:13:11 +0000] "GET /items/jqzsa294/'?path=%2Fvar%2Fwww%2Fvhosts%2Fenlugo.es%2Fhttpdocs%2Fwp-content%2Fplugins%2Fgoogle-analytics-for-wordpress%2Flite%2Fassets HTTP/1.0" 200 2672 "-" "Mozilla/5.0 AppleWebKit/537.36 (KHTML, like Gecko; compatible; ClaudeBot/1.0; +claudebot@anthropic.com)"
216.73.216.185 - - [29/Oct/2025:08:13:11 +0000] "GET /items/jqzsa294/'?fileloc=%2Fvar%2Fwww%2Fvhosts%2Fenlugo.es%2Fhttpdocs%2Fwp-content%2Fplugins%2Fgoogle-maps-ready%2Flang%2Fsv_SE.mo&path=%2Fvar%2Fwww%2Fvhosts%2Fenlugo.es%2Fhttpdocs%2Fwp-content%2Fplugins%2Fgoogle-maps-ready%2Flang HTTP/1.0" 200 2375 "-" "Mozilla/5.0 AppleWebKit/537.36 (KHTML, like Gecko; compatible; ClaudeBot/1.0; +claudebot@anthropic.com)"
216.73.216.185 - - [29/Oct/2025:08:13:11 +0000] "GET /items/jqzsa294/'?fileloc=%2Fvar%2Fwww%2Fvhosts%2Fenlugo.es%2Fhttpdocs%2Fwp-content%2Fplugins%2Fsimple-custom-css%2Fassets%2Fscreenshot-2.png&path=%2Fvar%2Fwww%2Fvhosts%2Fenlugo.es%2Fhttpdocs%2Fwp-content%2Fplugins%2Fsimple-custom-css%2Fassets HTTP/1.0" 200 2380 "-" "Mozilla/5.0 AppleWebKit/537.36 (KHTML, like Gecko; compatible; ClaudeBot/1.0; +claudebot@anthropic.com)"
216.73.216.185 - - [29/Oct/2025:08:13:11 +0000] "GET /items/jqzsa294/'?fileloc=%2Fvar%2Fwww%2Fvhosts%2Fenlugo.es%2Fhttpdocs%2Fwp-content%2Fplugins%2Fsimple-custom-css%2Fassets%2Fscreenshot-1.png&path=%2Fvar%2Fwww%2Fvhosts%2Fenlugo.es%2Fhttpdocs%2Fwp-content%2Fplugins%2Fsimple-custom-css%2Fassets HTTP/1.0" 200 2380 "-" "Mozilla/5.0 AppleWebKit/537.36 (KHTML, like Gecko; compatible; ClaudeBot/1.0; +claudebot@anthropic.com)"
216.73.216.185 - - [29/Oct/2025:08:13:11 +0000] "GET /items/jqzsa294/url%20=%3Cwidth%3Ex%3Cheight%3E%20%22optional%20title%22?path=%2Fvar%2Fwww%2Fvhosts%2Fenlugo.es%2Fhttpdocs%2Fwp-content%2Fplugins%2Flanding-pages%2Fshared%2Fdocs%2Fshared HTTP/1.0" 200 2721 "-" "Mozilla/5.0 AppleWebKit/537.36 (KHTML, like Gecko; compatible; ClaudeBot/1.0; +claudebot@anthropic.com)"
216.73.216.185 - - [29/Oct/2025:08:13:12 +0000] "GET /items/jqzsa294/'?path=%2Fvar%2Fwww%2Fvhosts%2Fenlugo.es%2Fhttpdocs%2Fwp-content%2Fplugins%2Fw3-total-cache%2Fvendor%2Fbin HTTP/1.0" 200 2425 "-" "Mozilla/5.0 AppleWebKit/537.36 (KHTML, like Gecko; compatible; ClaudeBot/1.0; +claudebot@anthropic.com)"
216.73.216.185 - - [29/Oct/2025:08:13:12 +0000] "GET /items/jqzsa294/'?fileloc=%2Fvar%2Fwww%2Fvhosts%2Fenlugo.es%2Fhttpdocs%2Fwp-content%2Fplugins%2Fcodestyling-localization%2Fimages%2Fflags%2Fph.gif&path=%2Fvar%2Fwww%2Fvhosts%2Fenlugo.es%2Fhttpdocs%2Fwp-content%2Fplugins%2Fcodestyling-localization%2Fimages%2Fflags HTTP/1.0" 200 2391 "-" "Mozilla/5.0 AppleWebKit/537.36 (KHTML, like Gecko; compatible; ClaudeBot/1.0; +claudebot@anthropic.com)"
216.73.216.185 - - [29/Oct/2025:08:13:12 +0000] "GET /items/jqzsa294/'?fileloc=%2Fvar%2Fwww%2Fvhosts%2Fenlugo.es%2Fhttpdocs%2Fwp-content%2Fplugins%2Fcodestyling-localization%2Fimages%2Fflags%2Fdk.gif&path=%2Fvar%2Fwww%2Fvhosts%2Fenlugo.es%2Fhttpdocs%2Fwp-content%2Fplugins%2Fcodestyling-localization%2Fimages%2Fflags HTTP/1.0" 200 2391 "-" "Mozilla/5.0 AppleWebKit/537.36 (KHTML, like Gecko; compatible; ClaudeBot/1.0; +claudebot@anthropic.com)"
66.249.66.169 - - [29/Oct/2025:08:13:11 +0000] "GET /reserve054026372 HTTP/1.0" 200 76885 "-" "Mozilla/5.0 (Linux; Android 6.0.1; Nexus 5X Build/MMB29P) AppleWebKit/537.36 (KHTML, like Gecko) Chrome/141.0.7390.122 Mobile Safari/537.36 (compatible; Googlebot/2.1; +http://www.google.com/bot.html)"
216.73.216.185 - - [29/Oct/2025:08:13:13 +0000] "GET /items/jqzsa294/'?path=%2Fvar%2Fwww%2Fvhosts%2Fenlugo.es%2Fhttpdocs%2Fwp-content%2Fplugins%2Fwp-super-edit%2Ftinymce_plugins%2Fanchor HTTP/1.0" 200 2678 "-" "Mozilla/5.0 AppleWebKit/537.36 (KHTML, like Gecko; compatible; ClaudeBot/1.0; +claudebot@anthropic.com)"
216.73.216.185 - - [29/Oct/2025:08:13:13 +0000] "GET /entrevista-a-antilopez?fileloc=%2Fvar%2Fwww%2Fvhosts%2Fenlugo.es%2Fhttpdocs%2Fwp-includes%2Fwidgets%2Fclass-wp-widget-block.php&path=%2Fvar%2Fwww%2Fvhosts%2Fenlugo.es%2Fhttpdocs%2Fwp-includes%2Fwidgets HTTP/1.0" 200 4251 "-" "Mozilla/5.0 AppleWebKit/537.36 (KHTML, like Gecko; compatible; ClaudeBot/1.0; +claudebot@anthropic.com)"
216.73.216.185 - - [29/Oct/2025:08:13:13 +0000] "GET /items/jqzsa294/'?fileloc=%2Fvar%2Fwww%2Fvhosts%2Fenlugo.es%2Fhttpdocs%2Fwp-content%2Fplugins%2Fcodestyling-localization%2Fimages%2Fuser.gif&path=%2Fvar%2Fwww%2Fvhosts%2Fenlugo.es%2Fhttpdocs%2Fwp-content%2Fplugins%2Fcodestyling-localization%2Fimages HTTP/1.0" 200 2380 "-" "Mozilla/5.0 AppleWebKit/537.36 (KHTML, like Gecko; compatible; ClaudeBot/1.0; +claudebot@anthropic.com)"
216.73.216.185 - - [29/Oct/2025:08:13:13 +0000] "GET /items/jqzsa294/'?fileloc=%2Fvar%2Fwww%2Fvhosts%2Fenlugo.es%2Fhttpdocs%2Fwp-content%2Fplugins%2Fcodestyling-localization%2Fimages%2Fsaving.gif&path=%2Fvar%2Fwww%2Fvhosts%2Fenlugo.es%2Fhttpdocs%2Fwp-content%2Fplugins%2Fcodestyling-localization%2Fimages HTTP/1.0" 200 2380 "-" "Mozilla/5.0 AppleWebKit/537.36 (KHTML, like Gecko; compatible; ClaudeBot/1.0; +claudebot@anthropic.com)"
216.73.216.185 - - [29/Oct/2025:08:13:13 +0000] "GET /items/jqzsa294/'?path=%2Fvar%2Fwww%2Fvhosts%2Fenlugo.es%2Fhttpdocs%2Fwp-content%2Fplugins%2Fgoogle-maps-ready%2Fmodules%2Ftemplates%2Fmodels HTTP/1.0" 200 2699 "-" "Mozilla/5.0 AppleWebKit/537.36 (KHTML, like Gecko; compatible; ClaudeBot/1.0; +claudebot@anthropic.com)"
216.73.216.185 - - [29/Oct/2025:08:13:13 +0000] "GET /items/jqzsa294/'?fileloc=%2Fvar%2Fwww%2Fvhosts%2Fenlugo.es%2Fhttpdocs%2Fwp-includes%2FText%2FDiff%2FRenderer%2Finline.php&path=%2Fvar%2Fwww%2Fvhosts%2Fenlugo.es%2Fhttpdocs%2Fwp-includes%2FText%2FDiff%2FRenderer HTTP/1.0" 200 4000 "-" "Mozilla/5.0 AppleWebKit/537.36 (KHTML, like Gecko; compatible; ClaudeBot/1.0; +claudebot@anthropic.com)"
136.243.228.179 - - [29/Oct/2025:08:13:13 +0000] "GET /disturb197048377 HTTP/1.0" 200 4091 "-" "Mozilla/5.0 (compatible; DataForSeoBot/1.0; +https://dataforseo.com/dataforseo-bot)"
216.73.216.185 - - [29/Oct/2025:08:13:13 +0000] "GET /items/jqzsa294/url%20=%3Cwidth%3Ex%3Cheight%3E%20%22optional%20title%22?path=%2Fvar%2Fwww%2Fvhosts%2Fenlugo.es%2Fhttpdocs%2Fwp-content%2Fplugins%2Flanding-pages%2Fshared%2Fshortcodes%2Fshortcodes HTTP/1.0" 200 3410 "-" "Mozilla/5.0 AppleWebKit/537.36 (KHTML, like Gecko; compatible; ClaudeBot/1.0; +claudebot@anthropic.com)"
216.73.216.185 - - [29/Oct/2025:08:13:14 +0000] "GET /items/jqzsa294/'?fileloc=%2Fvar%2Fwww%2Fvhosts%2Fenlugo.es%2Fhttpdocs%2Fwp-content%2Fplugins%2Fgoogle-maps-ready%2Fimg%2Fzcesyqlp.php&path=%2Fvar%2Fwww%2Fvhosts%2Fenlugo.es%2Fhttpdocs%2Fwp-content%2Fplugins%2Fgoogle-maps-ready%2Fimg HTTP/1.0" 200 4021 "-" "Mozilla/5.0 AppleWebKit/537.36 (KHTML, like Gecko; compatible; ClaudeBot/1.0; +claudebot@anthropic.com)"
