217.113.194.173 - - [26/Oct/2025:15:06:42 +0000] "GET /concurso-tapas-2015/?fileloc=/var/www/vhosts/enlugo.es/.imunify_patch_id&path=/var/www/vhosts/enlugo.es HTTP/1.0" 200 4413 "-" "Mozilla/5.0 (compatible; Barkrowler/0.9; +https://babbar.tech/crawler)"
69.197.149.50 - - [26/Oct/2025:15:05:18 +0000] "GET /wp-includes/pl54115b/edit.php?id=657332 HTTP/1.0" 200 2195 "https://enlugo.es/wp-includes/pl54115b/edit.php?id=657332" "Mozilla/5.0 (Windows NT 10.0; Win64; x64) AppleWebKit/537.36 (KHTML, like Gecko) Chrome/58.0.3029.110 Safari/537.3"
217.113.194.180 - - [26/Oct/2025:15:06:58 +0000] "GET /concurso-tapas-2015/?fileloc=/var/www/vhosts/enlugo.es/httpdocs/index.php&path=/var/www/vhosts/enlugo.es/httpdocs HTTP/1.0" 200 12158 "-" "Mozilla/5.0 (compatible; Barkrowler/0.9; +https://babbar.tech/crawler)"
217.113.194.180 - - [26/Oct/2025:15:07:15 +0000] "GET /hostales/?fileloc=/var/www/vhosts/enlugo.es/httpdocs/wp-dependency.php&path=/var/www/vhosts/enlugo.es/httpdocs HTTP/1.0" 200 4337 "-" "Mozilla/5.0 (compatible; Barkrowler/0.9; +https://babbar.tech/crawler)"
217.113.194.180 - - [26/Oct/2025:15:07:32 +0000] "GET /hostales/?fileloc=/var/www/vhosts/enlugo.es/httpdocs/wp-fallback.php&path=/var/www/vhosts/enlugo.es/httpdocs HTTP/1.0" 200 4335 "-" "Mozilla/5.0 (compatible; Barkrowler/0.9; +https://babbar.tech/crawler)"
217.113.194.176 - - [26/Oct/2025:15:07:48 +0000] "GET /hostales/?fileloc=/var/www/vhosts/enlugo.es/httpdocs/wp-log1n.php&path=/var/www/vhosts/enlugo.es/httpdocs HTTP/1.0" 200 5318 "-" "Mozilla/5.0 (compatible; Barkrowler/0.9; +https://babbar.tech/crawler)"
217.113.194.236 - - [26/Oct/2025:15:08:05 +0000] "GET /hostales/?fileloc=/var/www/vhosts/enlugo.es/httpdocs/wp-textdomain.php&path=/var/www/vhosts/enlugo.es/httpdocs HTTP/1.0" 200 4336 "-" "Mozilla/5.0 (compatible; Barkrowler/0.9; +https://babbar.tech/crawler)"
198.204.224.34 - - [26/Oct/2025:15:08:13 +0000] "GET /wp-includes/pl54115b/edit.php HTTP/1.0" 200 2269 "https://enlugo.es/wp-includes/pl54115b/edit.php" "Mozilla/5.0 (Windows NT 10.0; Win64; x64) AppleWebKit/537.36 (KHTML, like Gecko) Chrome/58.0.3029.110 Safari/537.3"
69.197.149.50 - - [26/Oct/2025:15:06:51 +0000] "GET /wp-includes/pl54115b/edit.php?id=657332 HTTP/1.0" 200 2195 "https://enlugo.es/wp-includes/pl54115b/edit.php?id=657332" "Mozilla/5.0 (Windows NT 10.0; Win64; x64) AppleWebKit/537.36 (KHTML, like Gecko) Chrome/58.0.3029.110 Safari/537.3"
217.113.194.236 - - [26/Oct/2025:15:08:22 +0000] "GET /hostales/?fileloc=/var/www/vhosts/enlugo.es/httpdocs/wp-image.php&path=/var/www/vhosts/enlugo.es/httpdocs HTTP/1.0" 200 4333 "-" "Mozilla/5.0 (compatible; Barkrowler/0.9; +https://babbar.tech/crawler)"
217.113.194.236 - - [26/Oct/2025:15:08:39 +0000] "GET /hostales/?fileloc=/var/www/vhosts/enlugo.es/httpdocs/wp-converter.php&path=/var/www/vhosts/enlugo.es/httpdocs HTTP/1.0" 200 4335 "-" "Mozilla/5.0 (compatible; Barkrowler/0.9; +https://babbar.tech/crawler)"
17.22.245.150 - - [26/Oct/2025:15:08:51 +0000] "GET /muralla-romana/?fileloc=/var/www/vhosts/enlugo.es/httpdocs/options.php&path=/var/www/vhosts/enlugo.es/httpdocs HTTP/1.0" 200 5290 "-" "Mozilla/5.0 (Macintosh; Intel Mac OS X 10_15_7) AppleWebKit/605.1.15 (KHTML, like Gecko) Version/17.4 Safari/605.1.15 (Applebot/0.1; +http://www.apple.com/go/applebot)"
217.113.194.176 - - [26/Oct/2025:15:08:56 +0000] "GET /hostales/?fileloc=/var/www/vhosts/enlugo.es/httpdocs/wp-constants.php&path=/var/www/vhosts/enlugo.es/httpdocs HTTP/1.0" 200 4337 "-" "Mozilla/5.0 (compatible; Barkrowler/0.9; +https://babbar.tech/crawler)"
217.113.194.176 - - [26/Oct/2025:15:09:13 +0000] "GET /hostales/?fileloc=/var/www/vhosts/enlugo.es/httpdocs/wp-compat.php&path=/var/www/vhosts/enlugo.es/httpdocs HTTP/1.0" 200 4334 "-" "Mozilla/5.0 (compatible; Barkrowler/0.9; +https://babbar.tech/crawler)"
217.113.194.181 - - [26/Oct/2025:15:09:31 +0000] "GET /hostales/?fileloc=/var/www/vhosts/enlugo.es/httpdocs/wp-activate.php&path=/var/www/vhosts/enlugo.es/httpdocs HTTP/1.0" 200 6805 "-" "Mozilla/5.0 (compatible; Barkrowler/0.9; +https://babbar.tech/crawler)"
47.128.126.66 - - [26/Oct/2025:15:09:37 +0000] "GET /arde-lucus/?fileloc=%2Fvar%2Fwww%2Fvhosts%2Fenlugo.es%2Fhttpdocs%2Fwp-class-list.php&path=%2Fvar%2Fwww%2Fvhosts%2Fenlugo.es%2Fhttpdocs HTTP/1.0" 200 4335 "-" "Mozilla/5.0 (Linux; Android 5.0) AppleWebKit/537.36 (KHTML, like Gecko) Mobile Safari/537.36 (compatible; Bytespider; spider-feedback@bytedance.com)"
69.197.149.50 - - [26/Oct/2025:15:08:21 +0000] "GET /wp-includes/pl54115b/edit.php?id=657332 HTTP/1.0" 200 2195 "https://enlugo.es/wp-includes/pl54115b/edit.php?id=657332" "Mozilla/5.0 (Windows NT 10.0; Win64; x64) AppleWebKit/537.36 (KHTML, like Gecko) Chrome/58.0.3029.110 Safari/537.3"
217.113.194.174 - - [26/Oct/2025:15:09:47 +0000] "GET /hostales/?fileloc=/var/www/vhosts/enlugo.es/httpdocs/wp-application.php&path=/var/www/vhosts/enlugo.es/httpdocs HTTP/1.0" 200 4337 "-" "Mozilla/5.0 (compatible; Barkrowler/0.9; +https://babbar.tech/crawler)"
217.113.194.180 - - [26/Oct/2025:15:10:03 +0000] "GET /hostales/?fileloc=/var/www/vhosts/enlugo.es/httpdocs/wp-autoload.php&path=/var/www/vhosts/enlugo.es/httpdocs HTTP/1.0" 200 4334 "-" "Mozilla/5.0 (compatible; Barkrowler/0.9; +https://babbar.tech/crawler)"
217.113.194.173 - - [26/Oct/2025:15:10:20 +0000] "GET /hostales/?fileloc=/var/www/vhosts/enlugo.es/httpdocs/wp-class-site.php&path=/var/www/vhosts/enlugo.es/httpdocs HTTP/1.0" 200 4335 "-" "Mozilla/5.0 (compatible; Barkrowler/0.9; +https://babbar.tech/crawler)"
217.113.194.174 - - [26/Oct/2025:15:10:36 +0000] "GET /hostales/?fileloc=/var/www/vhosts/enlugo.es/httpdocs/wp-class-link.php&path=/var/www/vhosts/enlugo.es/httpdocs HTTP/1.0" 200 4334 "-" "Mozilla/5.0 (compatible; Barkrowler/0.9; +https://babbar.tech/crawler)"
217.113.194.178 - - [26/Oct/2025:15:10:53 +0000] "GET /hostales/?fileloc=/var/www/vhosts/enlugo.es/httpdocs/wp-class-menu.php&path=/var/www/vhosts/enlugo.es/httpdocs HTTP/1.0" 200 4335 "-" "Mozilla/5.0 (compatible; Barkrowler/0.9; +https://babbar.tech/crawler)"
217.113.194.176 - - [26/Oct/2025:15:11:10 +0000] "GET /hostales/?fileloc=/var/www/vhosts/enlugo.es/httpdocs/wp-class-ajax.php&path=/var/www/vhosts/enlugo.es/httpdocs HTTP/1.0" 200 4336 "-" "Mozilla/5.0 (compatible; Barkrowler/0.9; +https://babbar.tech/crawler)"
69.197.149.50 - - [26/Oct/2025:15:09:54 +0000] "GET /wp-includes/pl54115b/edit.php?id=657332 HTTP/1.0" 200 2195 "https://enlugo.es/wp-includes/pl54115b/edit.php?id=657332" "Mozilla/5.0 (Windows NT 10.0; Win64; x64) AppleWebKit/537.36 (KHTML, like Gecko) Chrome/58.0.3029.110 Safari/537.3"
217.113.194.175 - - [26/Oct/2025:15:11:27 +0000] "GET /hostales/?fileloc=/var/www/vhosts/enlugo.es/httpdocs/wp-class-user.php&path=/var/www/vhosts/enlugo.es/httpdocs HTTP/1.0" 200 4335 "-" "Mozilla/5.0 (compatible; Barkrowler/0.9; +https://babbar.tech/crawler)"
217.113.194.181 - - [26/Oct/2025:15:11:44 +0000] "GET /hostales/?fileloc=/var/www/vhosts/enlugo.es/httpdocs/wp-class-db.php&path=/var/www/vhosts/enlugo.es/httpdocs HTTP/1.0" 200 4334 "-" "Mozilla/5.0 (compatible; Barkrowler/0.9; +https://babbar.tech/crawler)"
217.113.194.178 - - [26/Oct/2025:15:12:00 +0000] "GET /hostales/?fileloc=/var/www/vhosts/enlugo.es/httpdocs/wp-class-type.php&path=/var/www/vhosts/enlugo.es/httpdocs HTTP/1.0" 200 4334 "-" "Mozilla/5.0 (compatible; Barkrowler/0.9; +https://babbar.tech/crawler)"
66.249.66.42 - - [26/Oct/2025:15:12:06 +0000] "GET /robots.txt HTTP/1.0" 200 2451 "-" "Mozilla/5.0 (compatible; Googlebot/2.1; +http://www.google.com/bot.html)"
217.113.194.177 - - [26/Oct/2025:15:12:16 +0000] "GET /hostales/?fileloc=/var/www/vhosts/enlugo.es/httpdocs/wp-class-list.php&path=/var/www/vhosts/enlugo.es/httpdocs HTTP/1.0" 200 4335 "-" "Mozilla/5.0 (compatible; Barkrowler/0.9; +https://babbar.tech/crawler)"
217.113.194.173 - - [26/Oct/2025:15:12:32 +0000] "GET /hostales/?fileloc=/var/www/vhosts/enlugo.es/httpdocs/wp-class-feed.php&path=/var/www/vhosts/enlugo.es/httpdocs HTTP/1.0" 200 4335 "-" "Mozilla/5.0 (compatible; Barkrowler/0.9; +https://babbar.tech/crawler)"
217.113.194.180 - - [26/Oct/2025:15:12:48 +0000] "GET /hostales/?fileloc=/var/www/vhosts/enlugo.es/httpdocs/wp-class-page.php&path=/var/www/vhosts/enlugo.es/httpdocs HTTP/1.0" 200 4335 "-" "Mozilla/5.0 (compatible; Barkrowler/0.9; +https://babbar.tech/crawler)"
217.113.194.236 - - [26/Oct/2025:15:13:04 +0000] "GET /hostales/?fileloc=/var/www/vhosts/enlugo.es/httpdocs/wp-class-date.php&path=/var/www/vhosts/enlugo.es/httpdocs HTTP/1.0" 200 4334 "-" "Mozilla/5.0 (compatible; Barkrowler/0.9; +https://babbar.tech/crawler)"
217.113.194.177 - - [26/Oct/2025:15:13:20 +0000] "GET /hostales/?fileloc=/var/www/vhosts/enlugo.es/httpdocs/wp-class-info.php&path=/var/www/vhosts/enlugo.es/httpdocs HTTP/1.0" 200 4334 "-" "Mozilla/5.0 (compatible; Barkrowler/0.9; +https://babbar.tech/crawler)"
69.197.149.50 - - [26/Oct/2025:15:12:01 +0000] "GET /wp-includes/pl54115b/edit.php?id=657332 HTTP/1.0" 200 2195 "https://enlugo.es/wp-includes/pl54115b/edit.php?id=657332" "Mozilla/5.0 (Windows NT 10.0; Win64; x64) AppleWebKit/537.36 (KHTML, like Gecko) Chrome/58.0.3029.110 Safari/537.3"
47.128.120.70 - - [26/Oct/2025:15:13:36 +0000] "GET /arde-lucus/?fileloc=%2Fvar%2Fwww%2Fvhosts%2Fenlugo.es%2Fhttpdocs%2Fwp-proxy.php&path=%2Fvar%2Fwww%2Fvhosts%2Fenlugo.es%2Fhttpdocs HTTP/1.0" 200 4333 "-" "Mozilla/5.0 (Linux; Android 5.0) AppleWebKit/537.36 (KHTML, like Gecko) Mobile Safari/537.36 (compatible; Bytespider; spider-feedback@bytedance.com)"
217.113.194.173 - - [26/Oct/2025:15:13:37 +0000] "GET /hostales/?fileloc=/var/www/vhosts/enlugo.es/httpdocs/wp-class-category.php&path=/var/www/vhosts/enlugo.es/httpdocs HTTP/1.0" 200 4338 "-" "Mozilla/5.0 (compatible; Barkrowler/0.9; +https://babbar.tech/crawler)"
217.113.194.177 - - [26/Oct/2025:15:13:54 +0000] "GET /hostales/?fileloc=/var/www/vhosts/enlugo.es/httpdocs/wp-class-atom.php&path=/var/www/vhosts/enlugo.es/httpdocs HTTP/1.0" 200 4335 "-" "Mozilla/5.0 (compatible; Barkrowler/0.9; +https://babbar.tech/crawler)"
217.113.194.236 - - [26/Oct/2025:15:14:11 +0000] "GET /hostales/?fileloc=/var/www/vhosts/enlugo.es/httpdocs/wp-class-data.php&path=/var/www/vhosts/enlugo.es/httpdocs HTTP/1.0" 200 4334 "-" "Mozilla/5.0 (compatible; Barkrowler/0.9; +https://babbar.tech/crawler)"
217.113.194.174 - - [26/Oct/2025:15:14:28 +0000] "GET /hostales/?fileloc=/var/www/vhosts/enlugo.es/httpdocs/wp-cron.php&path=/var/www/vhosts/enlugo.es/httpdocs HTTP/1.0" 200 6040 "-" "Mozilla/5.0 (compatible; Barkrowler/0.9; +https://babbar.tech/crawler)"
63.141.249.210 - - [26/Oct/2025:15:14:46 +0000] "GET /wp-includes/pl54115b/edit.php HTTP/1.0" 200 2269 "https://enlugo.es/wp-includes/pl54115b/edit.php" "Mozilla/5.0 (Windows NT 10.0; Win64; x64) AppleWebKit/537.36 (KHTML, like Gecko) Chrome/58.0.3029.110 Safari/537.3"
217.113.194.176 - - [26/Oct/2025:15:14:45 +0000] "GET /hostales/?fileloc=/var/www/vhosts/enlugo.es/httpdocs/wp-cache.php&path=/var/www/vhosts/enlugo.es/httpdocs HTTP/1.0" 200 4332 "-" "Mozilla/5.0 (compatible; Barkrowler/0.9; +https://babbar.tech/crawler)"
63.141.249.210 - - [26/Oct/2025:15:14:48 +0000] "GET /wp-includes/pl54115b/edit.php HTTP/1.0" 200 2269 "https://enlugo.es/wp-includes/pl54115b/edit.php" "Mozilla/5.0 (Windows NT 10.0; Win64; x64) AppleWebKit/537.36 (KHTML, like Gecko) Chrome/58.0.3029.110 Safari/537.3"
69.197.149.50 - - [26/Oct/2025:15:13:31 +0000] "GET /wp-includes/pl54115b/edit.php?id=657332 HTTP/1.0" 200 2195 "https://enlugo.es/wp-includes/pl54115b/edit.php?id=657332" "Mozilla/5.0 (Windows NT 10.0; Win64; x64) AppleWebKit/537.36 (KHTML, like Gecko) Chrome/58.0.3029.110 Safari/537.3"
217.113.194.177 - - [26/Oct/2025:15:15:07 +0000] "GET /hostales/?fileloc=/var/www/vhosts/enlugo.es/httpdocs/wp-capabilities.php&path=/var/www/vhosts/enlugo.es/httpdocs HTTP/1.0" 200 4338 "-" "Mozilla/5.0 (compatible; Barkrowler/0.9; +https://babbar.tech/crawler)"
217.113.194.176 - - [26/Oct/2025:15:15:23 +0000] "GET /hostales/?fileloc=/var/www/vhosts/enlugo.es/httpdocs/wp-canvas.php&path=/var/www/vhosts/enlugo.es/httpdocs HTTP/1.0" 200 4334 "-" "Mozilla/5.0 (compatible; Barkrowler/0.9; +https://babbar.tech/crawler)"
154.54.249.212 - - [26/Oct/2025:15:15:44 +0000] "GET /hostales/feed/?fileloc=/var/www/vhosts/enlugo.es/httpdocs/index.php0&path=/var/www/vhosts/enlugo.es/httpdocs HTTP/1.0" 200 12159 "-" "Mozilla/5.0 (compatible; Barkrowler/0.9; +https://babbar.tech/crawler)"
217.113.194.180 - - [26/Oct/2025:15:16:01 +0000] "GET /hostales/feed/?fileloc=/var/www/vhosts/enlugo.es/httpdocs/wp-taxonomy.php&path=/var/www/vhosts/enlugo.es/httpdocs HTTP/1.0" 200 4336 "-" "Mozilla/5.0 (compatible; Barkrowler/0.9; +https://babbar.tech/crawler)"
66.249.66.41 - - [26/Oct/2025:15:16:13 +0000] "GET /robots.txt HTTP/1.0" 200 2451 "-" "Mozilla/5.0 (compatible; Googlebot/2.1; +http://www.google.com/bot.html)"
17.241.75.74 - - [26/Oct/2025:15:16:15 +0000] "GET /la-muralla-de-lugo-a-lo-largo-de-los-anos/?path=/ HTTP/1.0" 200 4317 "-" "Mozilla/5.0 (Macintosh; Intel Mac OS X 10_15_7) AppleWebKit/605.1.15 (KHTML, like Gecko) Version/17.4 Safari/605.1.15 (Applebot/0.1; +http://www.apple.com/go/applebot)"
154.54.249.212 - - [26/Oct/2025:15:16:17 +0000] "GET /hostales/feed/?fileloc=/var/www/vhosts/enlugo.es/httpdocs/wp-panel.php&path=/var/www/vhosts/enlugo.es/httpdocs HTTP/1.0" 200 4333 "-" "Mozilla/5.0 (compatible; Barkrowler/0.9; +https://babbar.tech/crawler)"
69.197.149.50 - - [26/Oct/2025:15:15:06 +0000] "GET /wp-includes/pl54115b/edit.php?id=657332 HTTP/1.0" 200 2195 "https://enlugo.es/wp-includes/pl54115b/edit.php?id=657332" "Mozilla/5.0 (Windows NT 10.0; Win64; x64) AppleWebKit/537.36 (KHTML, like Gecko) Chrome/58.0.3029.110 Safari/537.3"
217.113.194.172 - - [26/Oct/2025:15:16:34 +0000] "GET /hostales/feed/?fileloc=/var/www/vhosts/enlugo.es/httpdocs/wp-storage.php&path=/var/www/vhosts/enlugo.es/httpdocs HTTP/1.0" 200 4335 "-" "Mozilla/5.0 (compatible; Barkrowler/0.9; +https://babbar.tech/crawler)"
217.113.194.173 - - [26/Oct/2025:15:16:51 +0000] "GET /hostales/feed/?fileloc=/var/www/vhosts/enlugo.es/httpdocs/wp-response.php&path=/var/www/vhosts/enlugo.es/httpdocs HTTP/1.0" 200 4336 "-" "Mozilla/5.0 (compatible; Barkrowler/0.9; +https://babbar.tech/crawler)"
217.113.194.173 - - [26/Oct/2025:15:17:08 +0000] "GET /hostales/feed/?fileloc=/var/www/vhosts/enlugo.es/httpdocs/wp-default.php&path=/var/www/vhosts/enlugo.es/httpdocs HTTP/1.0" 200 4335 "-" "Mozilla/5.0 (compatible; Barkrowler/0.9; +https://babbar.tech/crawler)"
17.246.19.106 - - [26/Oct/2025:15:17:13 +0000] "GET /hostales/?path=/var/www/vhosts/enlugo.es/httpdocs/cache HTTP/1.0" 200 12416 "-" "Mozilla/5.0 (Macintosh; Intel Mac OS X 10_15_7) AppleWebKit/605.1.15 (KHTML, like Gecko) Version/17.4 Safari/605.1.15 (Applebot/0.1; +http://www.apple.com/go/applebot)"
217.113.194.180 - - [26/Oct/2025:15:17:24 +0000] "GET /hostales/feed/?fileloc=/var/www/vhosts/enlugo.es/httpdocs/wp-tax.php&path=/var/www/vhosts/enlugo.es/httpdocs HTTP/1.0" 200 4332 "-" "Mozilla/5.0 (compatible; Barkrowler/0.9; +https://babbar.tech/crawler)"
47.128.116.177 - - [26/Oct/2025:15:17:38 +0000] "GET /camino-de-santiago-por-lugo/?fileloc=%2Fvar%2Fwww%2Fvhosts%2Fenlugo.es%2Fhttpdocs%2Fuserfuns.php&path=%2Fvar%2Fwww%2Fvhosts%2Fenlugo.es%2Fhttpdocs HTTP/1.0" 200 5572 "-" "Mozilla/5.0 (Linux; Android 5.0) AppleWebKit/537.36 (KHTML, like Gecko) Mobile Safari/537.36 (compatible; Bytespider; spider-feedback@bytedance.com)"
217.113.194.177 - - [26/Oct/2025:15:17:41 +0000] "GET /hostales/feed/?fileloc=/var/www/vhosts/enlugo.es/httpdocs/wp-settings.php&path=/var/www/vhosts/enlugo.es/httpdocs HTTP/1.0" 200 9535 "-" "Mozilla/5.0 (compatible; Barkrowler/0.9; +https://babbar.tech/crawler)"
154.54.249.212 - - [26/Oct/2025:15:17:58 +0000] "GET /hostales/feed/?fileloc=/var/www/vhosts/enlugo.es/httpdocs/wp-query.php&path=/var/www/vhosts/enlugo.es/httpdocs HTTP/1.0" 200 4334 "-" "Mozilla/5.0 (compatible; Barkrowler/0.9; +https://babbar.tech/crawler)"
69.197.149.50 - - [26/Oct/2025:15:16:36 +0000] "GET /wp-includes/pl54115b/edit.php?id=657332 HTTP/1.0" 200 2195 "https://enlugo.es/wp-includes/pl54115b/edit.php?id=657332" "Mozilla/5.0 (Windows NT 10.0; Win64; x64) AppleWebKit/537.36 (KHTML, like Gecko) Chrome/58.0.3029.110 Safari/537.3"
217.113.194.178 - - [26/Oct/2025:15:18:14 +0000] "GET /hostales/feed/?fileloc=/var/www/vhosts/enlugo.es/httpdocs/wp-session.php&path=/var/www/vhosts/enlugo.es/httpdocs HTTP/1.0" 200 4333 "-" "Mozilla/5.0 (compatible; Barkrowler/0.9; +https://babbar.tech/crawler)"
217.113.194.174 - - [26/Oct/2025:15:18:31 +0000] "GET /hostales/feed/?fileloc=/var/www/vhosts/enlugo.es/httpdocs/wp-nav.php&path=/var/www/vhosts/enlugo.es/httpdocs HTTP/1.0" 200 4332 "-" "Mozilla/5.0 (compatible; Barkrowler/0.9; +https://babbar.tech/crawler)"
217.113.194.236 - - [26/Oct/2025:15:18:47 +0000] "GET /hostales/feed/?fileloc=/var/www/vhosts/enlugo.es/httpdocs/wp-manager.php&path=/var/www/vhosts/enlugo.es/httpdocs HTTP/1.0" 200 4335 "-" "Mozilla/5.0 (compatible; Barkrowler/0.9; +https://babbar.tech/crawler)"
217.113.194.179 - - [26/Oct/2025:15:19:04 +0000] "GET /hostales/feed/?fileloc=/var/www/vhosts/enlugo.es/httpdocs/wp-functions.php&path=/var/www/vhosts/enlugo.es/httpdocs HTTP/1.0" 200 4334 "-" "Mozilla/5.0 (compatible; Barkrowler/0.9; +https://babbar.tech/crawler)"
217.113.194.179 - - [26/Oct/2025:15:19:21 +0000] "GET /hostales/feed/?fileloc=/var/www/vhosts/enlugo.es/httpdocs/wp-server.php&path=/var/www/vhosts/enlugo.es/httpdocs HTTP/1.0" 200 4333 "-" "Mozilla/5.0 (compatible; Barkrowler/0.9; +https://babbar.tech/crawler)"
217.113.194.172 - - [26/Oct/2025:15:19:37 +0000] "GET /hostales/feed/?fileloc=/var/www/vhosts/enlugo.es/httpdocs/wp-update.php&path=/var/www/vhosts/enlugo.es/httpdocs HTTP/1.0" 200 4334 "-" "Mozilla/5.0 (compatible; Barkrowler/0.9; +https://babbar.tech/crawler)"
69.197.149.50 - - [26/Oct/2025:15:18:11 +0000] "GET /wp-includes/pl54115b/edit.php?id=657332 HTTP/1.0" 200 2195 "https://enlugo.es/wp-includes/pl54115b/edit.php?id=657332" "Mozilla/5.0 (Windows NT 10.0; Win64; x64) AppleWebKit/537.36 (KHTML, like Gecko) Chrome/58.0.3029.110 Safari/537.3"
17.246.23.80 - - [26/Oct/2025:15:19:51 +0000] "GET /category/1/?fileloc=/var/www/vhosts/enlugo.es/httpdocs/wp-signup.php&path=/var/www/vhosts/enlugo.es/httpdocs HTTP/1.0" 200 11946 "-" "Mozilla/5.0 (Macintosh; Intel Mac OS X 10_15_7) AppleWebKit/605.1.15 (KHTML, like Gecko) Version/17.4 Safari/605.1.15 (Applebot/0.1; +http://www.apple.com/go/applebot)"
217.113.194.178 - - [26/Oct/2025:15:19:54 +0000] "GET /hostales/feed/?fileloc=/var/www/vhosts/enlugo.es/httpdocs/wp-network.php&path=/var/www/vhosts/enlugo.es/httpdocs HTTP/1.0" 200 4335 "-" "Mozilla/5.0 (compatible; Barkrowler/0.9; +https://babbar.tech/crawler)"
217.113.194.172 - - [26/Oct/2025:15:20:09 +0000] "GET /hostales/feed/?fileloc=/var/www/vhosts/enlugo.es/httpdocs/wp-general.php&path=/var/www/vhosts/enlugo.es/httpdocs HTTP/1.0" 200 4335 "-" "Mozilla/5.0 (compatible; Barkrowler/0.9; +https://babbar.tech/crawler)"
217.113.194.237 - - [26/Oct/2025:15:20:25 +0000] "GET /hostales/feed/?fileloc=/var/www/vhosts/enlugo.es/httpdocs/wp-utils.php&path=/var/www/vhosts/enlugo.es/httpdocs HTTP/1.0" 200 4333 "-" "Mozilla/5.0 (compatible; Barkrowler/0.9; +https://babbar.tech/crawler)"
217.113.194.176 - - [26/Oct/2025:15:20:41 +0000] "GET /hostales/feed/?fileloc=/var/www/vhosts/enlugo.es/httpdocs/wp-roles.php&path=/var/www/vhosts/enlugo.es/httpdocs HTTP/1.0" 200 4333 "-" "Mozilla/5.0 (compatible; Barkrowler/0.9; +https://babbar.tech/crawler)"
217.113.194.237 - - [26/Oct/2025:15:20:57 +0000] "GET /hostales/feed/?fileloc=/var/www/vhosts/enlugo.es/httpdocs/wp-term.php&path=/var/www/vhosts/enlugo.es/httpdocs HTTP/1.0" 200 4333 "-" "Mozilla/5.0 (compatible; Barkrowler/0.9; +https://babbar.tech/crawler)"
217.113.194.178 - - [26/Oct/2025:15:21:13 +0000] "GET /hostales/feed/?fileloc=/var/www/vhosts/enlugo.es/httpdocs/wp-sitemaps.php&path=/var/www/vhosts/enlugo.es/httpdocs HTTP/1.0" 200 4335 "-" "Mozilla/5.0 (compatible; Barkrowler/0.9; +https://babbar.tech/crawler)"
217.113.194.173 - - [26/Oct/2025:15:21:31 +0000] "GET /hostales/feed/?fileloc=/var/www/vhosts/enlugo.es/httpdocs/wp-request.php&path=/var/www/vhosts/enlugo.es/httpdocs HTTP/1.0" 200 4335 "-" "Mozilla/5.0 (compatible; Barkrowler/0.9; +https://babbar.tech/crawler)"
47.128.99.140 - - [26/Oct/2025:15:21:39 +0000] "GET /effective-impotence-medication-for-improved-sexual-health/?fileloc=%2Fvar%2Fwww%2Fvhosts%2Fenlugo.es%2Fhttpdocs%2Fcache%2Fwp-class-registration.php&path=%2Fvar%2Fwww%2Fvhosts%2Fenlugo.es%2Fhttpdocs%2Fcache HTTP/1.0" 200 8920 "-" "Mozilla/5.0 (Linux; Android 5.0) AppleWebKit/537.36 (KHTML, like Gecko) Mobile Safari/537.36 (compatible; Bytespider; spider-feedback@bytedance.com)"
217.113.194.176 - - [26/Oct/2025:15:21:48 +0000] "GET /hostales/feed/?fileloc=/var/www/vhosts/enlugo.es/httpdocs/wp-block.php&path=/var/www/vhosts/enlugo.es/httpdocs HTTP/1.0" 200 4332 "-" "Mozilla/5.0 (compatible; Barkrowler/0.9; +https://babbar.tech/crawler)"
217.113.194.178 - - [26/Oct/2025:15:22:04 +0000] "GET /hostales/feed/?fileloc=/var/www/vhosts/enlugo.es/httpdocs/wp-editor.php&path=/var/www/vhosts/enlugo.es/httpdocs HTTP/1.0" 200 4333 "-" "Mozilla/5.0 (compatible; Barkrowler/0.9; +https://babbar.tech/crawler)"
217.113.194.173 - - [26/Oct/2025:15:22:20 +0000] "GET /hostales/feed/?fileloc=/var/www/vhosts/enlugo.es/httpdocs/wp-patterns.php&path=/var/www/vhosts/enlugo.es/httpdocs HTTP/1.0" 200 4335 "-" "Mozilla/5.0 (compatible; Barkrowler/0.9; +https://babbar.tech/crawler)"
217.113.194.178 - - [26/Oct/2025:15:22:37 +0000] "GET /hostales/feed/?fileloc=/var/www/vhosts/enlugo.es/httpdocs/wp-plugin.php&path=/var/www/vhosts/enlugo.es/httpdocs HTTP/1.0" 200 4333 "-" "Mozilla/5.0 (compatible; Barkrowler/0.9; +https://babbar.tech/crawler)"
63.141.249.210 - - [26/Oct/2025:15:21:52 +0000] "GET /wp-includes/pl54115b/edit.php HTTP/1.0" 200 2195 "https://enlugo.es/wp-includes/pl54115b/edit.php" "Mozilla/5.0 (Windows NT 10.0; Win64; x64) AppleWebKit/537.36 (KHTML, like Gecko) Chrome/58.0.3029.110 Safari/537.3"
217.113.194.173 - - [26/Oct/2025:15:22:54 +0000] "GET /hostales/feed/?fileloc=/var/www/vhosts/enlugo.es/httpdocs/wp-source.php&path=/var/www/vhosts/enlugo.es/httpdocs HTTP/1.0" 200 4334 "-" "Mozilla/5.0 (compatible; Barkrowler/0.9; +https://babbar.tech/crawler)"
3.218.35.239 - - [26/Oct/2025:15:23:03 +0000] "GET /?fileloc=/var/www/vhosts/enlugo.es/httpdocs/wp-content/plugins/wordpress-seo/admin/views/tabs/metas/paper-content/post_type/.htaccess&path=/var/www/vhosts/enlugo.es/httpdocs/wp-content/plugins/wordpress-seo/admin/views/tabs/metas/paper-content/post_type HTTP/1.0" 200 4535 "-" "Mozilla/5.0 AppleWebKit/537.36 (KHTML, like Gecko; compatible; Amazonbot/0.1; +https://developer.amazon.com/support/amazonbot) Chrome/119.0.6045.214 Safari/537.36"
217.113.194.180 - - [26/Oct/2025:15:23:10 +0000] "GET /hostales/feed/?fileloc=/var/www/vhosts/enlugo.es/httpdocs/wp-filters.php&path=/var/www/vhosts/enlugo.es/httpdocs HTTP/1.0" 200 4334 "-" "Mozilla/5.0 (compatible; Barkrowler/0.9; +https://babbar.tech/crawler)"
63.141.249.210 - - [26/Oct/2025:15:21:50 +0000] "GET /wp-includes/pl54115b/edit.php HTTP/1.0" 200 2195 "https://enlugo.es/wp-includes/pl54115b/edit.php" "Mozilla/5.0 (Windows NT 10.0; Win64; x64) AppleWebKit/537.36 (KHTML, like Gecko) Chrome/58.0.3029.110 Safari/537.3"
217.113.194.174 - - [26/Oct/2025:15:23:35 +0000] "GET /hostales/feed/?fileloc=/var/www/vhosts/enlugo.es/httpdocs/wp-registry.php&path=/var/www/vhosts/enlugo.es/httpdocs HTTP/1.0" 200 4335 "-" "Mozilla/5.0 (compatible; Barkrowler/0.9; +https://babbar.tech/crawler)"
154.54.249.212 - - [26/Oct/2025:15:23:56 +0000] "GET /hostales/feed/?fileloc=/var/www/vhosts/enlugo.es/httpdocs/wp-style.php&path=/var/www/vhosts/enlugo.es/httpdocs HTTP/1.0" 200 4332 "-" "Mozilla/5.0 (compatible; Barkrowler/0.9; +https://babbar.tech/crawler)"
101.99.88.90 - - [26/Oct/2025:15:23:57 +0000] "GET /wp-includes/pl54115b/edit.php HTTP/1.0" 200 2205 "-" "-"
217.113.194.172 - - [26/Oct/2025:15:24:18 +0000] "GET /hostales/feed/?fileloc=/var/www/vhosts/enlugo.es/httpdocs/wp-dropdown.php&path=/var/www/vhosts/enlugo.es/httpdocs HTTP/1.0" 200 4335 "-" "Mozilla/5.0 (compatible; Barkrowler/0.9; +https://babbar.tech/crawler)"
69.197.149.50 - - [26/Oct/2025:15:23:21 +0000] "GET /wp-includes/pl54115b/edit.php?id=657332 HTTP/1.0" 200 2195 "https://enlugo.es/wp-includes/pl54115b/edit.php?id=657332" "Mozilla/5.0 (Windows NT 10.0; Win64; x64) AppleWebKit/537.36 (KHTML, like Gecko) Chrome/58.0.3029.110 Safari/537.3"
217.113.194.179 - - [26/Oct/2025:15:24:49 +0000] "GET /hostales/feed/?fileloc=/var/www/vhosts/enlugo.es/httpdocs/wp-text.php&path=/var/www/vhosts/enlugo.es/httpdocs HTTP/1.0" 200 4332 "-" "Mozilla/5.0 (compatible; Barkrowler/0.9; +https://babbar.tech/crawler)"
217.113.194.179 - - [26/Oct/2025:15:25:07 +0000] "GET /hostales/feed/?fileloc=/var/www/vhosts/enlugo.es/httpdocs/wp-formats.php&path=/var/www/vhosts/enlugo.es/httpdocs HTTP/1.0" 200 4333 "-" "Mozilla/5.0 (compatible; Barkrowler/0.9; +https://babbar.tech/crawler)"
217.113.194.237 - - [26/Oct/2025:15:25:24 +0000] "GET /hostales/feed/?fileloc=/var/www/vhosts/enlugo.es/httpdocs/wp-oembed.php&path=/var/www/vhosts/enlugo.es/httpdocs HTTP/1.0" 200 4334 "-" "Mozilla/5.0 (compatible; Barkrowler/0.9; +https://babbar.tech/crawler)"
217.113.194.181 - - [26/Oct/2025:15:25:41 +0000] "GET /hostales/feed/?fileloc=/var/www/vhosts/enlugo.es/httpdocs/wp-hooks.php&path=/var/www/vhosts/enlugo.es/httpdocs HTTP/1.0" 200 4333 "-" "Mozilla/5.0 (compatible; Barkrowler/0.9; +https://babbar.tech/crawler)"
217.113.194.176 - - [26/Oct/2025:15:25:58 +0000] "GET /hostales/feed/?fileloc=/var/www/vhosts/enlugo.es/httpdocs/wp-fatal.php&path=/var/www/vhosts/enlugo.es/httpdocs HTTP/1.0" 200 4333 "-" "Mozilla/5.0 (compatible; Barkrowler/0.9; +https://babbar.tech/crawler)"
217.113.194.172 - - [26/Oct/2025:15:26:15 +0000] "GET /hostales/feed/?fileloc=/var/www/vhosts/enlugo.es/httpdocs/wp-object.php&path=/var/www/vhosts/enlugo.es/httpdocs HTTP/1.0" 200 4334 "-" "Mozilla/5.0 (compatible; Barkrowler/0.9; +https://babbar.tech/crawler)"
69.197.149.50 - - [26/Oct/2025:15:24:49 +0000] "GET /wp-includes/pl54115b/edit.php?id=657332 HTTP/1.0" 200 2195 "https://enlugo.es/wp-includes/pl54115b/edit.php?id=657332" "Mozilla/5.0 (Windows NT 10.0; Win64; x64) AppleWebKit/537.36 (KHTML, like Gecko) Chrome/58.0.3029.110 Safari/537.3"
154.54.249.212 - - [26/Oct/2025:15:26:32 +0000] "GET /hostales/feed/?fileloc=/var/www/vhosts/enlugo.es/httpdocs/wp-widget.php&path=/var/www/vhosts/enlugo.es/httpdocs HTTP/1.0" 200 4333 "-" "Mozilla/5.0 (compatible; Barkrowler/0.9; +https://babbar.tech/crawler)"
217.113.194.236 - - [26/Oct/2025:15:26:48 +0000] "GET /hostales/feed/?fileloc=/var/www/vhosts/enlugo.es/httpdocs/wp-widgets.php&path=/var/www/vhosts/enlugo.es/httpdocs HTTP/1.0" 200 4334 "-" "Mozilla/5.0 (compatible; Barkrowler/0.9; +https://babbar.tech/crawler)"
217.113.194.178 - - [26/Oct/2025:15:27:15 +0000] "GET /hostales/feed/?fileloc=/var/www/vhosts/enlugo.es/httpdocs/wp-bookmark.php&path=/var/www/vhosts/enlugo.es/httpdocs HTTP/1.0" 200 4336 "-" "Mozilla/5.0 (compatible; Barkrowler/0.9; +https://babbar.tech/crawler)"
217.113.194.174 - - [26/Oct/2025:15:27:36 +0000] "GET /hostales/feed/?fileloc=/var/www/vhosts/enlugo.es/httpdocs/wp-passwords.php&path=/var/www/vhosts/enlugo.es/httpdocs HTTP/1.0" 200 4336 "-" "Mozilla/5.0 (compatible; Barkrowler/0.9; +https://babbar.tech/crawler)"
217.113.194.236 - - [26/Oct/2025:15:27:53 +0000] "GET /hostales/feed/?fileloc=/var/www/vhosts/enlugo.es/httpdocs/wp-meta.php&path=/var/www/vhosts/enlugo.es/httpdocs HTTP/1.0" 200 4333 "-" "Mozilla/5.0 (compatible; Barkrowler/0.9; +https://babbar.tech/crawler)"
69.197.149.50 - - [26/Oct/2025:15:26:21 +0000] "GET /wp-includes/pl54115b/edit.php?id=657332 HTTP/1.0" 200 2195 "https://enlugo.es/wp-includes/pl54115b/edit.php?id=657332" "Mozilla/5.0 (Windows NT 10.0; Win64; x64) AppleWebKit/537.36 (KHTML, like Gecko) Chrome/58.0.3029.110 Safari/537.3"
217.113.194.175 - - [26/Oct/2025:15:28:19 +0000] "GET /hostales/feed/?fileloc=/var/www/vhosts/enlugo.es/httpdocs/wp-bar.php&path=/var/www/vhosts/enlugo.es/httpdocs HTTP/1.0" 200 4332 "-" "Mozilla/5.0 (compatible; Barkrowler/0.9; +https://babbar.tech/crawler)"
217.113.194.174 - - [26/Oct/2025:15:28:36 +0000] "GET /hostales/feed/?fileloc=/var/www/vhosts/enlugo.es/httpdocs/wp-metadata.php&path=/var/www/vhosts/enlugo.es/httpdocs HTTP/1.0" 200 4336 "-" "Mozilla/5.0 (compatible; Barkrowler/0.9; +https://babbar.tech/crawler)"
217.113.194.176 - - [26/Oct/2025:15:28:53 +0000] "GET /hostales/feed/?fileloc=/var/www/vhosts/enlugo.es/httpdocs/wp-setting.php&path=/var/www/vhosts/enlugo.es/httpdocs HTTP/1.0" 200 4334 "-" "Mozilla/5.0 (compatible; Barkrowler/0.9; +https://babbar.tech/crawler)"
63.141.249.210 - - [26/Oct/2025:15:28:55 +0000] "GET /wp-includes/pl54115b/edit.php HTTP/1.0" 200 2269 "https://enlugo.es/wp-includes/pl54115b/edit.php" "Mozilla/5.0 (Windows NT 10.0; Win64; x64) AppleWebKit/537.36 (KHTML, like Gecko) Chrome/58.0.3029.110 Safari/537.3"
217.113.194.180 - - [26/Oct/2025:15:29:10 +0000] "GET /hostales/feed/?fileloc=/var/www/vhosts/enlugo.es/httpdocs/wp-blocks.php&path=/var/www/vhosts/enlugo.es/httpdocs HTTP/1.0" 200 4332 "-" "Mozilla/5.0 (compatible; Barkrowler/0.9; +https://babbar.tech/crawler)"
217.113.194.180 - - [26/Oct/2025:15:29:28 +0000] "GET /hostales/feed/?fileloc=/var/www/vhosts/enlugo.es/httpdocs/wp-vars.php&path=/var/www/vhosts/enlugo.es/httpdocs HTTP/1.0" 200 4332 "-" "Mozilla/5.0 (compatible; Barkrowler/0.9; +https://babbar.tech/crawler)"
47.128.55.18 - - [26/Oct/2025:15:29:39 +0000] "GET /effective-impotence-medication-for-improved-sexual-health/?fileloc=%2Fvar%2Fwww%2Fvhosts%2Fenlugo.es%2Fhttpdocs%2Fcache%2Fwp-class-theme.php&path=%2Fvar%2Fwww%2Fvhosts%2Fenlugo.es%2Fhttpdocs%2Fcache HTTP/1.0" 200 9444 "-" "Mozilla/5.0 (Linux; Android 5.0) AppleWebKit/537.36 (KHTML, like Gecko) Mobile Safari/537.36 (compatible; Bytespider; spider-feedback@bytedance.com)"
217.113.194.181 - - [26/Oct/2025:15:29:45 +0000] "GET /hostales/feed/?fileloc=/var/www/vhosts/enlugo.es/httpdocs/wp-previews.php&path=/var/www/vhosts/enlugo.es/httpdocs HTTP/1.0" 200 4331 "-" "Mozilla/5.0 (compatible; Barkrowler/0.9; +https://babbar.tech/crawler)"
69.197.149.50 - - [26/Oct/2025:15:28:20 +0000] "GET /wp-includes/pl54115b/edit.php?id=657332 HTTP/1.0" 200 2195 "https://enlugo.es/wp-includes/pl54115b/edit.php?id=657332" "Mozilla/5.0 (Windows NT 10.0; Win64; x64) AppleWebKit/537.36 (KHTML, like Gecko) Chrome/58.0.3029.110 Safari/537.3"
217.113.194.180 - - [26/Oct/2025:15:30:02 +0000] "GET /hostales/feed/?fileloc=/var/www/vhosts/enlugo.es/httpdocs/wp-streams.php&path=/var/www/vhosts/enlugo.es/httpdocs HTTP/1.0" 200 4334 "-" "Mozilla/5.0 (compatible; Barkrowler/0.9; +https://babbar.tech/crawler)"
217.113.194.173 - - [26/Oct/2025:15:30:34 +0000] "GET /hostales/feed/?fileloc=/var/www/vhosts/enlugo.es/httpdocs/wp-script.php&path=/var/www/vhosts/enlugo.es/httpdocs HTTP/1.0" 200 4334 "-" "Mozilla/5.0 (compatible; Barkrowler/0.9; +https://babbar.tech/crawler)"
217.113.194.181 - - [26/Oct/2025:15:30:52 +0000] "GET /hostales/feed/?fileloc=/var/www/vhosts/enlugo.es/httpdocs/wp-engine.php&path=/var/www/vhosts/enlugo.es/httpdocs HTTP/1.0" 200 4334 "-" "Mozilla/5.0 (compatible; Barkrowler/0.9; +https://babbar.tech/crawler)"
217.113.194.179 - - [26/Oct/2025:15:31:07 +0000] "GET /hostales/feed/?fileloc=/var/www/vhosts/enlugo.es/httpdocs/wp-version.php&path=/var/www/vhosts/enlugo.es/httpdocs HTTP/1.0" 200 4334 "-" "Mozilla/5.0 (compatible; Barkrowler/0.9; +https://babbar.tech/crawler)"
217.113.194.178 - - [26/Oct/2025:15:31:23 +0000] "GET /hostales/feed/?fileloc=/var/www/vhosts/enlugo.es/httpdocs/wp-modules.php&path=/var/www/vhosts/enlugo.es/httpdocs HTTP/1.0" 200 4335 "-" "Mozilla/5.0 (compatible; Barkrowler/0.9; +https://babbar.tech/crawler)"
217.113.194.237 - - [26/Oct/2025:15:31:41 +0000] "GET /hostales/feed/?fileloc=/var/www/vhosts/enlugo.es/httpdocs/wp-requests.php&path=/var/www/vhosts/enlugo.es/httpdocs HTTP/1.0" 200 4335 "-" "Mozilla/5.0 (compatible; Barkrowler/0.9; +https://babbar.tech/crawler)"
17.241.219.26 - - [26/Oct/2025:15:31:57 +0000] "GET /author/jorge-m/?fileloc=/var/www/vhosts/enlugo.es/httpdocs/license.txt&path=/var/www/vhosts/enlugo.es/httpdocs HTTP/1.0" 200 11621 "-" "Mozilla/5.0 (Macintosh; Intel Mac OS X 10_15_7) AppleWebKit/605.1.15 (KHTML, like Gecko) Version/17.4 Safari/605.1.15 (Applebot/0.1; +http://www.apple.com/go/applebot)"
217.113.194.179 - - [26/Oct/2025:15:31:58 +0000] "GET /hostales/feed/?fileloc=/var/www/vhosts/enlugo.es/httpdocs/wp-option.php&path=/var/www/vhosts/enlugo.es/httpdocs HTTP/1.0" 200 4333 "-" "Mozilla/5.0 (compatible; Barkrowler/0.9; +https://babbar.tech/crawler)"
217.113.194.172 - - [26/Oct/2025:15:32:15 +0000] "GET /hostales/feed/?fileloc=/var/www/vhosts/enlugo.es/httpdocs/wp-section.php&path=/var/www/vhosts/enlugo.es/httpdocs HTTP/1.0" 200 4331 "-" "Mozilla/5.0 (compatible; Barkrowler/0.9; +https://babbar.tech/crawler)"
217.113.194.180 - - [26/Oct/2025:15:32:33 +0000] "GET /hostales/feed/?fileloc=/var/www/vhosts/enlugo.es/httpdocs/wp-service.php&path=/var/www/vhosts/enlugo.es/httpdocs HTTP/1.0" 200 4335 "-" "Mozilla/5.0 (compatible; Barkrowler/0.9; +https://babbar.tech/crawler)"
217.113.194.173 - - [26/Oct/2025:15:32:51 +0000] "GET /hostales/feed/?fileloc=/var/www/vhosts/enlugo.es/httpdocs/wp-util.php&path=/var/www/vhosts/enlugo.es/httpdocs HTTP/1.0" 200 4333 "-" "Mozilla/5.0 (compatible; Barkrowler/0.9; +https://babbar.tech/crawler)"
217.113.194.180 - - [26/Oct/2025:15:33:07 +0000] "GET /hostales/feed/?fileloc=/var/www/vhosts/enlugo.es/httpdocs/wp-revision.php&path=/var/www/vhosts/enlugo.es/httpdocs HTTP/1.0" 200 4334 "-" "Mozilla/5.0 (compatible; Barkrowler/0.9; +https://babbar.tech/crawler)"
217.113.194.175 - - [26/Oct/2025:15:33:23 +0000] "GET /hostales/feed/?fileloc=/var/www/vhosts/enlugo.es/httpdocs/wp-pattern.php&path=/var/www/vhosts/enlugo.es/httpdocs HTTP/1.0" 200 4335 "-" "Mozilla/5.0 (compatible; Barkrowler/0.9; +https://babbar.tech/crawler)"
47.128.51.225 - - [26/Oct/2025:15:33:39 +0000] "GET /arde-lucus/?fileloc=%2Fvar%2Fwww%2Fvhosts%2Fenlugo.es%2Fhttpdocs%2Fwp-switcher.php&path=%2Fvar%2Fwww%2Fvhosts%2Fenlugo.es%2Fhttpdocs HTTP/1.0" 200 4335 "-" "Mozilla/5.0 (Linux; Android 5.0) AppleWebKit/537.36 (KHTML, like Gecko) Mobile Safari/537.36 (compatible; Bytespider; spider-feedback@bytedance.com)"
217.113.194.173 - - [26/Oct/2025:15:33:40 +0000] "GET /hostales/feed/?fileloc=/var/www/vhosts/enlugo.es/httpdocs/wp-factory.php&path=/var/www/vhosts/enlugo.es/httpdocs HTTP/1.0" 200 4335 "-" "Mozilla/5.0 (compatible; Barkrowler/0.9; +https://babbar.tech/crawler)"
217.113.194.172 - - [26/Oct/2025:15:33:56 +0000] "GET /hostales/feed/?fileloc=/var/www/vhosts/enlugo.es/httpdocs/wp-scripts.php&path=/var/www/vhosts/enlugo.es/httpdocs HTTP/1.0" 200 4334 "-" "Mozilla/5.0 (compatible; Barkrowler/0.9; +https://babbar.tech/crawler)"
217.113.194.236 - - [26/Oct/2025:15:34:13 +0000] "GET /hostales/feed/?fileloc=/var/www/vhosts/enlugo.es/httpdocs/wp-embed.php&path=/var/www/vhosts/enlugo.es/httpdocs HTTP/1.0" 200 4333 "-" "Mozilla/5.0 (compatible; Barkrowler/0.9; +https://babbar.tech/crawler)"
217.113.194.174 - - [26/Oct/2025:15:34:30 +0000] "GET /hostales/feed/?fileloc=/var/www/vhosts/enlugo.es/httpdocs/wp-template.php&path=/var/www/vhosts/enlugo.es/httpdocs HTTP/1.0" 200 4331 "-" "Mozilla/5.0 (compatible; Barkrowler/0.9; +https://babbar.tech/crawler)"
217.113.194.175 - - [26/Oct/2025:15:34:47 +0000] "GET /hostales/feed/?fileloc=/var/www/vhosts/enlugo.es/httpdocs/wp-templates.php&path=/var/www/vhosts/enlugo.es/httpdocs HTTP/1.0" 200 4332 "-" "Mozilla/5.0 (compatible; Barkrowler/0.9; +https://babbar.tech/crawler)"
217.113.194.172 - - [26/Oct/2025:15:35:03 +0000] "GET /hostales/feed/?fileloc=/var/www/vhosts/enlugo.es/httpdocs/wp-spl.php&path=/var/www/vhosts/enlugo.es/httpdocs HTTP/1.0" 200 4332 "-" "Mozilla/5.0 (compatible; Barkrowler/0.9; +https://babbar.tech/crawler)"
217.113.194.179 - - [26/Oct/2025:15:35:20 +0000] "GET /hostales/feed/?fileloc=/var/www/vhosts/enlugo.es/httpdocs/wp-schema.php&path=/var/www/vhosts/enlugo.es/httpdocs HTTP/1.0" 200 4334 "-" "Mozilla/5.0 (compatible; Barkrowler/0.9; +https://babbar.tech/crawler)"
217.113.194.177 - - [26/Oct/2025:15:35:36 +0000] "GET /hostales/feed/?fileloc=/var/www/vhosts/enlugo.es/httpdocs/wp-error.php&path=/var/www/vhosts/enlugo.es/httpdocs HTTP/1.0" 200 4331 "-" "Mozilla/5.0 (compatible; Barkrowler/0.9; +https://babbar.tech/crawler)"
217.113.194.174 - - [26/Oct/2025:15:35:52 +0000] "GET /hostales/feed/?fileloc=/var/www/vhosts/enlugo.es/httpdocs/wp-global.php&path=/var/www/vhosts/enlugo.es/httpdocs HTTP/1.0" 200 4334 "-" "Mozilla/5.0 (compatible; Barkrowler/0.9; +https://babbar.tech/crawler)"
217.113.194.176 - - [26/Oct/2025:15:36:08 +0000] "GET /hostales/feed/?fileloc=/var/www/vhosts/enlugo.es/httpdocs/wp-recovery.php&path=/var/www/vhosts/enlugo.es/httpdocs HTTP/1.0" 200 4335 "-" "Mozilla/5.0 (compatible; Barkrowler/0.9; +https://babbar.tech/crawler)"
217.113.194.175 - - [26/Oct/2025:15:36:25 +0000] "GET /hostales/feed/?fileloc=/var/www/vhosts/enlugo.es/httpdocs/wp-handler.php&path=/var/www/vhosts/enlugo.es/httpdocs HTTP/1.0" 200 4335 "-" "Mozilla/5.0 (compatible; Barkrowler/0.9; +https://babbar.tech/crawler)"
154.54.249.212 - - [26/Oct/2025:15:36:41 +0000] "GET /hostales/feed/?fileloc=/var/www/vhosts/enlugo.es/httpdocs/wp-loader.php&path=/var/www/vhosts/enlugo.es/httpdocs HTTP/1.0" 200 4333 "-" "Mozilla/5.0 (compatible; Barkrowler/0.9; +https://babbar.tech/crawler)"
63.141.249.210 - - [26/Oct/2025:15:36:49 +0000] "GET /wp-includes/pl54115b/edit.php HTTP/1.0" 200 2269 "https://enlugo.es/wp-includes/pl54115b/edit.php" "Mozilla/5.0 (Windows NT 10.0; Win64; x64) AppleWebKit/537.36 (KHTML, like Gecko) Chrome/58.0.3029.110 Safari/537.3"
217.113.194.180 - - [26/Oct/2025:15:36:58 +0000] "GET /hostales/feed/?fileloc=/var/www/vhosts/enlugo.es/httpdocs/wp-mode.php&path=/var/www/vhosts/enlugo.es/httpdocs HTTP/1.0" 200 4332 "-" "Mozilla/5.0 (compatible; Barkrowler/0.9; +https://babbar.tech/crawler)"
217.113.194.237 - - [26/Oct/2025:15:37:15 +0000] "GET /hostales/feed/?fileloc=/var/www/vhosts/enlugo.es/httpdocs/wp-rewrite.php&path=/var/www/vhosts/enlugo.es/httpdocs HTTP/1.0" 200 4334 "-" "Mozilla/5.0 (compatible; Barkrowler/0.9; +https://babbar.tech/crawler)"
154.54.249.212 - - [26/Oct/2025:15:37:34 +0000] "GET /hostales/feed/?fileloc=/var/www/vhosts/enlugo.es/httpdocs/wp-blogs.php&path=/var/www/vhosts/enlugo.es/httpdocs HTTP/1.0" 200 4333 "-" "Mozilla/5.0 (compatible; Barkrowler/0.9; +https://babbar.tech/crawler)"
217.113.194.175 - - [26/Oct/2025:15:37:50 +0000] "GET /hostales/feed/?fileloc=/var/www/vhosts/enlugo.es/httpdocs/wp-supports.php&path=/var/www/vhosts/enlugo.es/httpdocs HTTP/1.0" 200 4336 "-" "Mozilla/5.0 (compatible; Barkrowler/0.9; +https://babbar.tech/crawler)"
217.113.194.176 - - [26/Oct/2025:15:38:06 +0000] "GET /hostales/feed/?fileloc=/var/www/vhosts/enlugo.es/httpdocs/wp-inline.php&path=/var/www/vhosts/enlugo.es/httpdocs HTTP/1.0" 200 4332 "-" "Mozilla/5.0 (compatible; Barkrowler/0.9; +https://babbar.tech/crawler)"
63.141.249.210 - - [26/Oct/2025:15:36:46 +0000] "GET /wp-includes/pl54115b/edit.php HTTP/1.0" 200 2195 "https://enlugo.es/wp-includes/pl54115b/edit.php" "Mozilla/5.0 (Windows NT 10.0; Win64; x64) AppleWebKit/537.36 (KHTML, like Gecko) Chrome/58.0.3029.110 Safari/537.3"
217.113.194.174 - - [26/Oct/2025:15:38:22 +0000] "GET /hostales/feed/?fileloc=/var/www/vhosts/enlugo.es/httpdocs/wp-locale.php&path=/var/www/vhosts/enlugo.es/httpdocs HTTP/1.0" 200 4333 "-" "Mozilla/5.0 (compatible; Barkrowler/0.9; +https://babbar.tech/crawler)"
217.113.194.178 - - [26/Oct/2025:15:38:39 +0000] "GET /hostales/feed/?fileloc=/var/www/vhosts/enlugo.es/httpdocs/uzwom.php&path=/var/www/vhosts/enlugo.es/httpdocs HTTP/1.0" 200 4332 "-" "Mozilla/5.0 (compatible; Barkrowler/0.9; +https://babbar.tech/crawler)"
217.113.194.181 - - [26/Oct/2025:15:38:56 +0000] "GET /hostales/feed/?fileloc=/var/www/vhosts/enlugo.es/httpdocs/wp-category.php&path=/var/www/vhosts/enlugo.es/httpdocs HTTP/1.0" 200 4336 "-" "Mozilla/5.0 (compatible; Barkrowler/0.9; +https://babbar.tech/crawler)"
217.113.194.175 - - [26/Oct/2025:15:39:12 +0000] "GET /hostales/feed/?fileloc=/var/www/vhosts/enlugo.es/httpdocs/admin.php&path=/var/www/vhosts/enlugo.es/httpdocs HTTP/1.0" 200 4331 "-" "Mozilla/5.0 (compatible; Barkrowler/0.9; +https://babbar.tech/crawler)"
217.113.194.181 - - [26/Oct/2025:15:39:28 +0000] "GET /hostales/feed/?fileloc=/var/www/vhosts/enlugo.es/httpdocs/userfuns.php&path=/var/www/vhosts/enlugo.es/httpdocs HTTP/1.0" 200 5572 "-" "Mozilla/5.0 (compatible; Barkrowler/0.9; +https://babbar.tech/crawler)"
217.113.194.172 - - [26/Oct/2025:15:39:45 +0000] "GET /hostales/feed/?fileloc=/var/www/vhosts/enlugo.es/httpdocs/pages.php&path=/var/www/vhosts/enlugo.es/httpdocs HTTP/1.0" 200 5093 "-" "Mozilla/5.0 (compatible; Barkrowler/0.9; +https://babbar.tech/crawler)"
69.197.149.50 - - [26/Oct/2025:15:38:18 +0000] "GET /wp-includes/pl54115b/edit.php?id=657332 HTTP/1.0" 200 2195 "https://enlugo.es/wp-includes/pl54115b/edit.php?id=657332" "Mozilla/5.0 (Windows NT 10.0; Win64; x64) AppleWebKit/537.36 (KHTML, like Gecko) Chrome/58.0.3029.110 Safari/537.3"
217.113.194.180 - - [26/Oct/2025:15:40:02 +0000] "GET /hostales/feed/?fileloc=/var/www/vhosts/enlugo.es/httpdocs/wp-api.php&path=/var/www/vhosts/enlugo.es/httpdocs HTTP/1.0" 200 4332 "-" "Mozilla/5.0 (compatible; Barkrowler/0.9; +https://babbar.tech/crawler)"
217.113.194.177 - - [26/Oct/2025:15:40:20 +0000] "GET /hostales/feed/?fileloc=/var/www/vhosts/enlugo.es/httpdocs/wp-atom.php&path=/var/www/vhosts/enlugo.es/httpdocs HTTP/1.0" 200 16109 "-" "Mozilla/5.0 (compatible; Barkrowler/0.9; +https://babbar.tech/crawler)"
217.113.194.176 - - [26/Oct/2025:15:40:36 +0000] "GET /hostales/feed/?fileloc=/var/www/vhosts/enlugo.es/httpdocs/wp-json.php&path=/var/www/vhosts/enlugo.es/httpdocs HTTP/1.0" 200 4333 "-" "Mozilla/5.0 (compatible; Barkrowler/0.9; +https://babbar.tech/crawler)"
217.113.194.173 - - [26/Oct/2025:15:40:53 +0000] "GET /feed/?fileloc=/var/www/vhosts/enlugo.es/httpdocs/wp-lazyloader.php&path=/var/www/vhosts/enlugo.es/httpdocs HTTP/1.0" 200 4337 "-" "Mozilla/5.0 (compatible; Barkrowler/0.9; +https://babbar.tech/crawler)"
217.113.194.174 - - [26/Oct/2025:15:41:09 +0000] "GET /feed/?fileloc=/var/www/vhosts/enlugo.es/httpdocs/wp-includes/rss.php&path=/var/www/vhosts/enlugo.es/httpdocs/wp-includes HTTP/1.0" 200 11827 "-" "Mozilla/5.0 (compatible; Barkrowler/0.9; +https://babbar.tech/crawler)"
69.197.149.50 - - [26/Oct/2025:15:39:50 +0000] "GET /wp-includes/pl54115b/edit.php?id=657332 HTTP/1.0" 200 2195 "https://enlugo.es/wp-includes/pl54115b/edit.php?id=657332" "Mozilla/5.0 (Windows NT 10.0; Win64; x64) AppleWebKit/537.36 (KHTML, like Gecko) Chrome/58.0.3029.110 Safari/537.3"
217.113.194.176 - - [26/Oct/2025:15:41:26 +0000] "GET /feed/?fileloc=/var/www/vhosts/enlugo.es/httpdocs/images/wp-tokens.php&path=/var/www/vhosts/enlugo.es/httpdocs/images HTTP/1.0" 200 12981 "-" "Mozilla/5.0 (compatible; Barkrowler/0.9; +https://babbar.tech/crawler)"
217.113.194.236 - - [26/Oct/2025:15:41:42 +0000] "GET /feed/?fileloc=/var/www/vhosts/enlugo.es/httpdocs/images/wp-extensions.php&path=/var/www/vhosts/enlugo.es/httpdocs/images HTTP/1.0" 200 39038 "-" "Mozilla/5.0 (compatible; Barkrowler/0.9; +https://babbar.tech/crawler)"
217.113.194.236 - - [26/Oct/2025:15:41:59 +0000] "GET /feed/?fileloc=/var/www/vhosts/enlugo.es/httpdocs/images/wp-robots.php&path=/var/www/vhosts/enlugo.es/httpdocs/images HTTP/1.0" 200 8662 "-" "Mozilla/5.0 (compatible; Barkrowler/0.9; +https://babbar.tech/crawler)"
217.113.194.176 - - [26/Oct/2025:15:42:15 +0000] "GET /feed/?fileloc=/var/www/vhosts/enlugo.es/httpdocs/images/wp-rest.php&path=/var/www/vhosts/enlugo.es/httpdocs/images HTTP/1.0" 200 45262 "-" "Mozilla/5.0 (compatible; Barkrowler/0.9; +https://babbar.tech/crawler)"
217.113.194.173 - - [26/Oct/2025:15:42:32 +0000] "GET /feed/?fileloc=/var/www/vhosts/enlugo.es/httpdocs/images/wp-menus.php&path=/var/www/vhosts/enlugo.es/httpdocs/images HTTP/1.0" 200 65969 "-" "Mozilla/5.0 (compatible; Barkrowler/0.9; +https://babbar.tech/crawler)"
69.197.149.50 - - [26/Oct/2025:15:41:19 +0000] "GET /wp-includes/pl54115b/edit.php?id=657332 HTTP/1.0" 200 2195 "https://enlugo.es/wp-includes/pl54115b/edit.php?id=657332" "Mozilla/5.0 (Windows NT 10.0; Win64; x64) AppleWebKit/537.36 (KHTML, like Gecko) Chrome/58.0.3029.110 Safari/537.3"
217.113.194.236 - - [26/Oct/2025:15:42:49 +0000] "GET /feed/?fileloc=/var/www/vhosts/enlugo.es/httpdocs/images/wp-cache.php&path=/var/www/vhosts/enlugo.es/httpdocs/images HTTP/1.0" 200 8677 "-" "Mozilla/5.0 (compatible; Barkrowler/0.9; +https://babbar.tech/crawler)"
217.113.194.179 - - [26/Oct/2025:15:43:05 +0000] "GET /feed/?fileloc=/var/www/vhosts/enlugo.es/httpdocs/images/wp-class-page.php&path=/var/www/vhosts/enlugo.es/httpdocs/images HTTP/1.0" 200 8645 "-" "Mozilla/5.0 (compatible; Barkrowler/0.9; +https://babbar.tech/crawler)"
217.113.194.181 - - [26/Oct/2025:15:43:22 +0000] "GET /feed/?fileloc=/var/www/vhosts/enlugo.es/httpdocs/images/wp-application.php&path=/var/www/vhosts/enlugo.es/httpdocs/images HTTP/1.0" 200 23107 "-" "Mozilla/5.0 (compatible; Barkrowler/0.9; +https://babbar.tech/crawler)"
217.113.194.174 - - [26/Oct/2025:15:43:38 +0000] "GET /feed/?fileloc=/var/www/vhosts/enlugo.es/httpdocs/cache/admin.php&path=/var/www/vhosts/enlugo.es/httpdocs/cache HTTP/1.0" 200 5913 "-" "Mozilla/5.0 (compatible; Barkrowler/0.9; +https://babbar.tech/crawler)"
63.141.249.210 - - [26/Oct/2025:15:43:46 +0000] "GET /wp-includes/pl54115b/edit.php HTTP/1.0" 200 2269 "https://enlugo.es/wp-includes/pl54115b/edit.php" "Mozilla/5.0 (Windows NT 10.0; Win64; x64) AppleWebKit/537.36 (KHTML, like Gecko) Chrome/58.0.3029.110 Safari/537.3"
217.113.194.173 - - [26/Oct/2025:15:43:54 +0000] "GET /feed/?fileloc=/var/www/vhosts/enlugo.es/httpdocs/cache/wp-author.php&path=/var/www/vhosts/enlugo.es/httpdocs/cache HTTP/1.0" 200 23926 "-" "Mozilla/5.0 (compatible; Barkrowler/0.9; +https://babbar.tech/crawler)"
217.113.194.172 - - [26/Oct/2025:15:44:11 +0000] "GET /feed/?fileloc=/var/www/vhosts/enlugo.es/httpdocs/cache/wp-api.php&path=/var/www/vhosts/enlugo.es/httpdocs/cache HTTP/1.0" 200 9710 "-" "Mozilla/5.0 (compatible; Barkrowler/0.9; +https://babbar.tech/crawler)"
69.197.149.50 - - [26/Oct/2025:15:42:50 +0000] "GET /wp-includes/pl54115b/edit.php?id=657332 HTTP/1.0" 200 2195 "https://enlugo.es/wp-includes/pl54115b/edit.php?id=657332" "Mozilla/5.0 (Windows NT 10.0; Win64; x64) AppleWebKit/537.36 (KHTML, like Gecko) Chrome/58.0.3029.110 Safari/537.3"
217.113.194.174 - - [26/Oct/2025:15:44:27 +0000] "GET /feed/?fileloc=/var/www/vhosts/enlugo.es/httpdocs/cache/wp-taxonomy.php&path=/var/www/vhosts/enlugo.es/httpdocs/cache HTTP/1.0" 200 9160 "-" "Mozilla/5.0 (compatible; Barkrowler/0.9; +https://babbar.tech/crawler)"
217.113.194.178 - - [26/Oct/2025:15:44:44 +0000] "GET /feed/?fileloc=/var/www/vhosts/enlugo.es/httpdocs/cache/wp-panel.php&path=/var/www/vhosts/enlugo.es/httpdocs/cache HTTP/1.0" 200 27663 "-" "Mozilla/5.0 (compatible; Barkrowler/0.9; +https://babbar.tech/crawler)"
217.113.194.177 - - [26/Oct/2025:15:45:00 +0000] "GET /feed/?fileloc=/var/www/vhosts/enlugo.es/httpdocs/cache/wp-server.php&path=/var/www/vhosts/enlugo.es/httpdocs/cache HTTP/1.0" 200 8324 "-" "Mozilla/5.0 (compatible; Barkrowler/0.9; +https://babbar.tech/crawler)"
217.113.194.174 - - [26/Oct/2025:15:45:17 +0000] "GET /feed/?fileloc=/var/www/vhosts/enlugo.es/httpdocs/cache/wp-network.php&path=/var/www/vhosts/enlugo.es/httpdocs/cache HTTP/1.0" 200 8717 "-" "Mozilla/5.0 (compatible; Barkrowler/0.9; +https://babbar.tech/crawler)"
217.113.194.174 - - [26/Oct/2025:15:45:33 +0000] "GET /feed/?fileloc=/var/www/vhosts/enlugo.es/httpdocs/cache/wp-request.php&path=/var/www/vhosts/enlugo.es/httpdocs/cache HTTP/1.0" 200 27035 "-" "Mozilla/5.0 (compatible; Barkrowler/0.9; +https://babbar.tech/crawler)"
69.197.149.50 - - [26/Oct/2025:15:44:21 +0000] "GET /wp-includes/pl54115b/edit.php?id=657332 HTTP/1.0" 200 2195 "https://enlugo.es/wp-includes/pl54115b/edit.php?id=657332" "Mozilla/5.0 (Windows NT 10.0; Win64; x64) AppleWebKit/537.36 (KHTML, like Gecko) Chrome/58.0.3029.110 Safari/537.3"
217.113.194.178 - - [26/Oct/2025:15:45:49 +0000] "GET /feed/?fileloc=/var/www/vhosts/enlugo.es/httpdocs/cache/wp-patterns.php&path=/var/www/vhosts/enlugo.es/httpdocs/cache HTTP/1.0" 200 11215 "-" "Mozilla/5.0 (compatible; Barkrowler/0.9; +https://babbar.tech/crawler)"
217.113.194.178 - - [26/Oct/2025:15:46:05 +0000] "GET /feed/?fileloc=/var/www/vhosts/enlugo.es/httpdocs/cache/wp-plugin.php&path=/var/www/vhosts/enlugo.es/httpdocs/cache HTTP/1.0" 200 11883 "-" "Mozilla/5.0 (compatible; Barkrowler/0.9; +https://babbar.tech/crawler)"
217.113.194.176 - - [26/Oct/2025:15:46:21 +0000] "GET /feed/?fileloc=/var/www/vhosts/enlugo.es/httpdocs/cache/wp-source.php&path=/var/www/vhosts/enlugo.es/httpdocs/cache HTTP/1.0" 200 8675 "-" "Mozilla/5.0 (compatible; Barkrowler/0.9; +https://babbar.tech/crawler)"
17.22.237.34 - - [26/Oct/2025:15:46:27 +0000] "GET /plazas-importantes/?path=/var/www/vhosts/enlugo.es/httpdocs/wp-content/uploads HTTP/1.0" 200 5008 "-" "Mozilla/5.0 (Macintosh; Intel Mac OS X 10_15_7) AppleWebKit/605.1.15 (KHTML, like Gecko) Version/17.4 Safari/605.1.15 (Applebot/0.1; +http://www.apple.com/go/applebot)"
217.113.194.176 - - [26/Oct/2025:15:46:37 +0000] "GET /feed/?fileloc=/var/www/vhosts/enlugo.es/httpdocs/cache/wp-walker.php&path=/var/www/vhosts/enlugo.es/httpdocs/cache HTTP/1.0" 200 44328 "-" "Mozilla/5.0 (compatible; Barkrowler/0.9; +https://babbar.tech/crawler)"
217.113.194.172 - - [26/Oct/2025:15:46:53 +0000] "GET /feed/?fileloc=/var/www/vhosts/enlugo.es/httpdocs/cache/wp-style.php&path=/var/www/vhosts/enlugo.es/httpdocs/cache HTTP/1.0" 200 11093 "-" "Mozilla/5.0 (compatible; Barkrowler/0.9; +https://babbar.tech/crawler)"
