103.133.214.209 - - [26/Oct/2025:17:34:04 +0000] "POST /xmlrpc.php HTTP/1.0" 500 2214 "-" "Mozilla/5.0 (Macintosh; Intel Mac OS X 10_11_6) AppleWebKit/603.3.8 (KHTML, like Gecko) Version/10.1.2 Safari/603.3.8"
217.113.194.172 - - [26/Oct/2025:17:34:08 +0000] "GET /hoteles/feed/?fileloc=/var/www/vhosts/enlugo.es/httpdocs/wp-class-mode.php&path=/var/www/vhosts/enlugo.es/httpdocs HTTP/1.0" 200 4335 "-" "Mozilla/5.0 (compatible; Barkrowler/0.9; +https://babbar.tech/crawler)"
47.128.22.18 - - [26/Oct/2025:17:34:16 +0000] "GET /camino-de-santiago-por-lugo/?fileloc=%2Fvar%2Fwww%2Fvhosts%2Fenlugo.es%2Fhttpdocs%2Fwp-links-opml.php&path=%2Fvar%2Fwww%2Fvhosts%2Fenlugo.es%2Fhttpdocs HTTP/1.0" 200 5445 "-" "Mozilla/5.0 (Linux; Android 5.0) AppleWebKit/537.36 (KHTML, like Gecko) Mobile Safari/537.36 (compatible; Bytespider; spider-feedback@bytedance.com)"
217.113.194.175 - - [26/Oct/2025:17:34:25 +0000] "GET /hoteles/feed/?fileloc=/var/www/vhosts/enlugo.es/httpdocs/wp-class-script.php&path=/var/www/vhosts/enlugo.es/httpdocs HTTP/1.0" 200 4336 "-" "Mozilla/5.0 (compatible; Barkrowler/0.9; +https://babbar.tech/crawler)"
217.113.194.174 - - [26/Oct/2025:17:34:42 +0000] "GET /hoteles/feed/?fileloc=/var/www/vhosts/enlugo.es/httpdocs/wp-class-text.php&path=/var/www/vhosts/enlugo.es/httpdocs HTTP/1.0" 200 4334 "-" "Mozilla/5.0 (compatible; Barkrowler/0.9; +https://babbar.tech/crawler)"
217.113.194.174 - - [26/Oct/2025:17:34:59 +0000] "GET /hoteles/feed/?fileloc=/var/www/vhosts/enlugo.es/httpdocs/wp-class-engine.php&path=/var/www/vhosts/enlugo.es/httpdocs HTTP/1.0" 200 4336 "-" "Mozilla/5.0 (compatible; Barkrowler/0.9; +https://babbar.tech/crawler)"
69.197.149.50 - - [26/Oct/2025:17:33:45 +0000] "GET /wp-includes/pl54115b/edit.php?id=657332 HTTP/1.0" 200 2195 "https://enlugo.es/wp-includes/pl54115b/edit.php?id=657332" "Mozilla/5.0 (Windows NT 10.0; Win64; x64) AppleWebKit/537.36 (KHTML, like Gecko) Chrome/58.0.3029.110 Safari/537.3"
217.113.194.176 - - [26/Oct/2025:17:35:15 +0000] "GET /hoteles/feed/?fileloc=/var/www/vhosts/enlugo.es/httpdocs/wp-class-block.php&path=/var/www/vhosts/enlugo.es/httpdocs HTTP/1.0" 200 4334 "-" "Mozilla/5.0 (compatible; Barkrowler/0.9; +https://babbar.tech/crawler)"
217.113.194.181 - - [26/Oct/2025:17:35:32 +0000] "GET /hoteles/feed/?fileloc=/var/www/vhosts/enlugo.es/httpdocs/wp-class-ajax.php&path=/var/www/vhosts/enlugo.es/httpdocs HTTP/1.0" 200 4336 "-" "Mozilla/5.0 (compatible; Barkrowler/0.9; +https://babbar.tech/crawler)"
217.113.194.178 - - [26/Oct/2025:17:35:48 +0000] "GET /hoteles/feed/?fileloc=/var/www/vhosts/enlugo.es/httpdocs/wp-class-menu.php&path=/var/www/vhosts/enlugo.es/httpdocs HTTP/1.0" 200 4335 "-" "Mozilla/5.0 (compatible; Barkrowler/0.9; +https://babbar.tech/crawler)"
217.113.194.237 - - [26/Oct/2025:17:36:04 +0000] "GET /hoteles/feed/?fileloc=/var/www/vhosts/enlugo.es/httpdocs/wp-class-atom.php&path=/var/www/vhosts/enlugo.es/httpdocs HTTP/1.0" 200 4335 "-" "Mozilla/5.0 (compatible; Barkrowler/0.9; +https://babbar.tech/crawler)"
217.113.194.236 - - [26/Oct/2025:17:36:21 +0000] "GET /hoteles/feed/?fileloc=/var/www/vhosts/enlugo.es/httpdocs/wp-class-date.php&path=/var/www/vhosts/enlugo.es/httpdocs HTTP/1.0" 200 4334 "-" "Mozilla/5.0 (compatible; Barkrowler/0.9; +https://babbar.tech/crawler)"
217.113.194.237 - - [26/Oct/2025:17:36:37 +0000] "GET /hoteles/feed/?fileloc=/var/www/vhosts/enlugo.es/httpdocs/wp-class-type.php&path=/var/www/vhosts/enlugo.es/httpdocs HTTP/1.0" 200 4334 "-" "Mozilla/5.0 (compatible; Barkrowler/0.9; +https://babbar.tech/crawler)"
69.197.149.50 - - [26/Oct/2025:17:35:17 +0000] "GET /wp-includes/pl54115b/edit.php?id=657332 HTTP/1.0" 200 2195 "https://enlugo.es/wp-includes/pl54115b/edit.php?id=657332" "Mozilla/5.0 (Windows NT 10.0; Win64; x64) AppleWebKit/537.36 (KHTML, like Gecko) Chrome/58.0.3029.110 Safari/537.3"
63.141.249.210 - - [26/Oct/2025:17:36:49 +0000] "GET /wp-includes/pl54115b/edit.php HTTP/1.0" 200 2269 "https://enlugo.es/wp-includes/pl54115b/edit.php" "Mozilla/5.0 (Windows NT 10.0; Win64; x64) AppleWebKit/537.36 (KHTML, like Gecko) Chrome/58.0.3029.110 Safari/537.3"
217.113.194.177 - - [26/Oct/2025:17:36:55 +0000] "GET /hoteles/feed/?fileloc=/var/www/vhosts/enlugo.es/httpdocs/wp-class-data.php&path=/var/www/vhosts/enlugo.es/httpdocs HTTP/1.0" 200 4334 "-" "Mozilla/5.0 (compatible; Barkrowler/0.9; +https://babbar.tech/crawler)"
154.54.249.212 - - [26/Oct/2025:17:37:11 +0000] "GET /hoteles/feed/?fileloc=/var/www/vhosts/enlugo.es/httpdocs/wp-canonical.php&path=/var/www/vhosts/enlugo.es/httpdocs HTTP/1.0" 200 4336 "-" "Mozilla/5.0 (compatible; Barkrowler/0.9; +https://babbar.tech/crawler)"
217.113.194.177 - - [26/Oct/2025:17:37:28 +0000] "GET /hoteles/feed/?fileloc=/var/www/vhosts/enlugo.es/httpdocs/wp-capabilities.php&path=/var/www/vhosts/enlugo.es/httpdocs HTTP/1.0" 200 4338 "-" "Mozilla/5.0 (compatible; Barkrowler/0.9; +https://babbar.tech/crawler)"
217.113.194.178 - - [26/Oct/2025:17:37:44 +0000] "GET /hoteles/feed/?fileloc=/var/www/vhosts/enlugo.es/httpdocs/cache/profile.php&path=/var/www/vhosts/enlugo.es/httpdocs/cache HTTP/1.0" 200 6005 "-" "Mozilla/5.0 (compatible; Barkrowler/0.9; +https://babbar.tech/crawler)"
217.113.194.177 - - [26/Oct/2025:17:38:02 +0000] "GET /hoteles/feed/?fileloc=/var/www/vhosts/enlugo.es/httpdocs/cache/themes.php&path=/var/www/vhosts/enlugo.es/httpdocs/cache HTTP/1.0" 200 6002 "-" "Mozilla/5.0 (compatible; Barkrowler/0.9; +https://babbar.tech/crawler)"
66.249.66.41 - - [26/Oct/2025:17:38:10 +0000] "GET /robots.txt HTTP/1.0" 200 2451 "-" "Mozilla/5.0 (compatible; Googlebot/2.1; +http://www.google.com/bot.html)"
63.141.249.210 - - [26/Oct/2025:17:36:47 +0000] "GET /wp-includes/pl54115b/edit.php HTTP/1.0" 200 2195 "https://enlugo.es/wp-includes/pl54115b/edit.php" "Mozilla/5.0 (Windows NT 10.0; Win64; x64) AppleWebKit/537.36 (KHTML, like Gecko) Chrome/58.0.3029.110 Safari/537.3"
47.128.36.248 - - [26/Oct/2025:17:38:16 +0000] "GET /camino-de-santiago-por-lugo/?fileloc=%2Fvar%2Fwww%2Fvhosts%2Fenlugo.es%2Fhttpdocs%2Fwp-log1n.php&path=%2Fvar%2Fwww%2Fvhosts%2Fenlugo.es%2Fhttpdocs HTTP/1.0" 200 5318 "-" "Mozilla/5.0 (Linux; Android 5.0) AppleWebKit/537.36 (KHTML, like Gecko) Mobile Safari/537.36 (compatible; Bytespider; spider-feedback@bytedance.com)"
217.113.194.172 - - [26/Oct/2025:17:38:18 +0000] "GET /hoteles/feed/?fileloc=/var/www/vhosts/enlugo.es/httpdocs/wp-autoload.php&path=/var/www/vhosts/enlugo.es/httpdocs HTTP/1.0" 200 4334 "-" "Mozilla/5.0 (compatible; Barkrowler/0.9; +https://babbar.tech/crawler)"
217.113.194.237 - - [26/Oct/2025:17:38:34 +0000] "GET /hoteles/feed/?fileloc=/var/www/vhosts/enlugo.es/httpdocs/wp-table.php&path=/var/www/vhosts/enlugo.es/httpdocs HTTP/1.0" 200 4331 "-" "Mozilla/5.0 (compatible; Barkrowler/0.9; +https://babbar.tech/crawler)"
217.113.194.173 - - [26/Oct/2025:17:38:51 +0000] "GET /hoteles/feed/?fileloc=/var/www/vhosts/enlugo.es/httpdocs/wp-blog-header.php&path=/var/www/vhosts/enlugo.es/httpdocs HTTP/1.0" 200 4646 "-" "Mozilla/5.0 (compatible; Barkrowler/0.9; +https://babbar.tech/crawler)"
217.113.194.172 - - [26/Oct/2025:17:39:07 +0000] "GET /hoteles/feed/?fileloc=/var/www/vhosts/enlugo.es/httpdocs/wp-image.php&path=/var/www/vhosts/enlugo.es/httpdocs HTTP/1.0" 200 4333 "-" "Mozilla/5.0 (compatible; Barkrowler/0.9; +https://babbar.tech/crawler)"
217.113.194.180 - - [26/Oct/2025:17:39:25 +0000] "GET /hoteles/feed/?fileloc=/var/www/vhosts/enlugo.es/httpdocs/wp-frame.php&path=/var/www/vhosts/enlugo.es/httpdocs HTTP/1.0" 200 4333 "-" "Mozilla/5.0 (compatible; Barkrowler/0.9; +https://babbar.tech/crawler)"
217.113.194.175 - - [26/Oct/2025:17:39:41 +0000] "GET /hoteles/feed/?fileloc=/var/www/vhosts/enlugo.es/httpdocs/wp-media.php&path=/var/www/vhosts/enlugo.es/httpdocs HTTP/1.0" 200 4332 "-" "Mozilla/5.0 (compatible; Barkrowler/0.9; +https://babbar.tech/crawler)"
69.197.149.50 - - [26/Oct/2025:17:38:20 +0000] "GET /wp-includes/pl54115b/edit.php?id=657332 HTTP/1.0" 200 2195 "https://enlugo.es/wp-includes/pl54115b/edit.php?id=657332" "Mozilla/5.0 (Windows NT 10.0; Win64; x64) AppleWebKit/537.36 (KHTML, like Gecko) Chrome/58.0.3029.110 Safari/537.3"
217.113.194.180 - - [26/Oct/2025:17:39:57 +0000] "GET /hoteles/feed/?fileloc=/var/www/vhosts/enlugo.es/httpdocs/wp-files.php&path=/var/www/vhosts/enlugo.es/httpdocs HTTP/1.0" 200 4332 "-" "Mozilla/5.0 (compatible; Barkrowler/0.9; +https://babbar.tech/crawler)"
217.113.194.237 - - [26/Oct/2025:17:40:15 +0000] "GET /hoteles/?fileloc=/var/www/vhosts/enlugo.es/httpdocs/wp-links-opml.php&path=/var/www/vhosts/enlugo.es/httpdocs HTTP/1.0" 200 5445 "-" "Mozilla/5.0 (compatible; Barkrowler/0.9; +https://babbar.tech/crawler)"
217.113.194.180 - - [26/Oct/2025:17:40:32 +0000] "GET /hoteles/?fileloc=/var/www/vhosts/enlugo.es/httpdocs/wp-frame.php&path=/var/www/vhosts/enlugo.es/httpdocs HTTP/1.0" 200 4333 "-" "Mozilla/5.0 (compatible; Barkrowler/0.9; +https://babbar.tech/crawler)"
217.113.194.172 - - [26/Oct/2025:17:40:48 +0000] "GET /hoteles/?fileloc=/var/www/vhosts/enlugo.es/httpdocs/wp-sanitize.php&path=/var/www/vhosts/enlugo.es/httpdocs HTTP/1.0" 200 4337 "-" "Mozilla/5.0 (compatible; Barkrowler/0.9; +https://babbar.tech/crawler)"
217.113.194.174 - - [26/Oct/2025:17:41:05 +0000] "GET /hoteles/?fileloc=/var/www/vhosts/enlugo.es/httpdocs/wp-blog-header.php&path=/var/www/vhosts/enlugo.es/httpdocs HTTP/1.0" 200 4646 "-" "Mozilla/5.0 (compatible; Barkrowler/0.9; +https://babbar.tech/crawler)"
217.113.194.176 - - [26/Oct/2025:17:41:22 +0000] "GET /hoteles/?fileloc=/var/www/vhosts/enlugo.es/httpdocs/wp-dependencies.php&path=/var/www/vhosts/enlugo.es/httpdocs HTTP/1.0" 200 4338 "-" "Mozilla/5.0 (compatible; Barkrowler/0.9; +https://babbar.tech/crawler)"
69.197.149.50 - - [26/Oct/2025:17:39:56 +0000] "GET /wp-includes/pl54115b/edit.php?id=657332 HTTP/1.0" 200 2195 "https://enlugo.es/wp-includes/pl54115b/edit.php?id=657332" "Mozilla/5.0 (Windows NT 10.0; Win64; x64) AppleWebKit/537.36 (KHTML, like Gecko) Chrome/58.0.3029.110 Safari/537.3"
217.113.194.178 - - [26/Oct/2025:17:41:38 +0000] "GET /hoteles/?fileloc=/var/www/vhosts/enlugo.es/httpdocs/wp-pluggable.php&path=/var/www/vhosts/enlugo.es/httpdocs HTTP/1.0" 200 4335 "-" "Mozilla/5.0 (compatible; Barkrowler/0.9; +https://babbar.tech/crawler)"
217.113.194.173 - - [26/Oct/2025:17:41:55 +0000] "GET /hoteles/?fileloc=/var/www/vhosts/enlugo.es/httpdocs/wp-table.php&path=/var/www/vhosts/enlugo.es/httpdocs HTTP/1.0" 200 4331 "-" "Mozilla/5.0 (compatible; Barkrowler/0.9; +https://babbar.tech/crawler)"
217.113.194.237 - - [26/Oct/2025:17:42:11 +0000] "GET /hoteles/?fileloc=/var/www/vhosts/enlugo.es/httpdocs/wp-files.php&path=/var/www/vhosts/enlugo.es/httpdocs HTTP/1.0" 200 4332 "-" "Mozilla/5.0 (compatible; Barkrowler/0.9; +https://babbar.tech/crawler)"
47.128.40.82 - - [26/Oct/2025:17:42:16 +0000] "GET /effective-impotence-medication-for-improved-sexual-health/?fileloc=%2Fvar%2Fwww%2Fvhosts%2Fenlugo.es%2Fhttpdocs%2Fcache%2Fwp-patterns.php&path=%2Fvar%2Fwww%2Fvhosts%2Fenlugo.es%2Fhttpdocs%2Fcache HTTP/1.0" 200 11215 "-" "Mozilla/5.0 (Linux; Android 5.0) AppleWebKit/537.36 (KHTML, like Gecko) Mobile Safari/537.36 (compatible; Bytespider; spider-feedback@bytedance.com)"
217.113.194.236 - - [26/Oct/2025:17:42:29 +0000] "GET /hoteles/?fileloc=/var/www/vhosts/enlugo.es/httpdocs/wp-deprecated.php&path=/var/www/vhosts/enlugo.es/httpdocs HTTP/1.0" 200 4336 "-" "Mozilla/5.0 (compatible; Barkrowler/0.9; +https://babbar.tech/crawler)"
217.113.194.178 - - [26/Oct/2025:17:42:46 +0000] "GET /hoteles/?fileloc=/var/www/vhosts/enlugo.es/httpdocs/wp-theme.php&path=/var/www/vhosts/enlugo.es/httpdocs HTTP/1.0" 200 4333 "-" "Mozilla/5.0 (compatible; Barkrowler/0.9; +https://babbar.tech/crawler)"
69.197.149.50 - - [26/Oct/2025:17:41:27 +0000] "GET /wp-includes/pl54115b/edit.php?id=657332 HTTP/1.0" 200 2195 "https://enlugo.es/wp-includes/pl54115b/edit.php?id=657332" "Mozilla/5.0 (Windows NT 10.0; Win64; x64) AppleWebKit/537.36 (KHTML, like Gecko) Chrome/58.0.3029.110 Safari/537.3"
217.113.194.179 - - [26/Oct/2025:17:43:02 +0000] "GET /hoteles/?fileloc=/var/www/vhosts/enlugo.es/httpdocs/cache/wp-info.php&path=/var/www/vhosts/enlugo.es/httpdocs/cache HTTP/1.0" 200 23530 "-" "Mozilla/5.0 (compatible; Barkrowler/0.9; +https://babbar.tech/crawler)"
217.113.194.172 - - [26/Oct/2025:17:43:18 +0000] "GET /hoteles/?fileloc=/var/www/vhosts/enlugo.es/httpdocs/cache/wp-link.php&path=/var/www/vhosts/enlugo.es/httpdocs/cache HTTP/1.0" 200 25850 "-" "Mozilla/5.0 (compatible; Barkrowler/0.9; +https://babbar.tech/crawler)"
217.113.194.172 - - [26/Oct/2025:17:43:35 +0000] "GET /hoteles/?fileloc=/var/www/vhosts/enlugo.es/httpdocs/cache/wp-feed.php&path=/var/www/vhosts/enlugo.es/httpdocs/cache HTTP/1.0" 200 9763 "-" "Mozilla/5.0 (compatible; Barkrowler/0.9; +https://babbar.tech/crawler)"
63.141.249.210 - - [26/Oct/2025:17:43:46 +0000] "GET /wp-includes/pl54115b/edit.php HTTP/1.0" 200 2269 "https://enlugo.es/wp-includes/pl54115b/edit.php" "Mozilla/5.0 (Windows NT 10.0; Win64; x64) AppleWebKit/537.36 (KHTML, like Gecko) Chrome/58.0.3029.110 Safari/537.3"
217.113.194.173 - - [26/Oct/2025:17:43:52 +0000] "GET /hoteles/?fileloc=/var/www/vhosts/enlugo.es/httpdocs/cache/wp-user.php&path=/var/www/vhosts/enlugo.es/httpdocs/cache HTTP/1.0" 200 30101 "-" "Mozilla/5.0 (compatible; Barkrowler/0.9; +https://babbar.tech/crawler)"
217.113.194.173 - - [26/Oct/2025:17:44:10 +0000] "GET /hoteles/?fileloc=/var/www/vhosts/enlugo.es/httpdocs/cache/wp-db.php&path=/var/www/vhosts/enlugo.es/httpdocs/cache HTTP/1.0" 200 8680 "-" "Mozilla/5.0 (compatible; Barkrowler/0.9; +https://babbar.tech/crawler)"
217.113.194.173 - - [26/Oct/2025:17:44:26 +0000] "GET /hoteles/?fileloc=/var/www/vhosts/enlugo.es/httpdocs/cache/wp-page.php&path=/var/www/vhosts/enlugo.es/httpdocs/cache HTTP/1.0" 200 58226 "-" "Mozilla/5.0 (compatible; Barkrowler/0.9; +https://babbar.tech/crawler)"
69.197.149.50 - - [26/Oct/2025:17:42:59 +0000] "GET /wp-includes/pl54115b/edit.php?id=657332 HTTP/1.0" 200 2195 "https://enlugo.es/wp-includes/pl54115b/edit.php?id=657332" "Mozilla/5.0 (Windows NT 10.0; Win64; x64) AppleWebKit/537.36 (KHTML, like Gecko) Chrome/58.0.3029.110 Safari/537.3"
217.113.194.180 - - [26/Oct/2025:17:44:42 +0000] "GET /hoteles/?fileloc=/var/www/vhosts/enlugo.es/httpdocs/cache/themes.php&path=/var/www/vhosts/enlugo.es/httpdocs/cache HTTP/1.0" 200 6002 "-" "Mozilla/5.0 (compatible; Barkrowler/0.9; +https://babbar.tech/crawler)"
217.113.194.176 - - [26/Oct/2025:17:44:59 +0000] "GET /hoteles/?fileloc=/var/www/vhosts/enlugo.es/httpdocs/wp-config-sample.php&path=/var/www/vhosts/enlugo.es/httpdocs HTTP/1.0" 200 5513 "-" "Mozilla/5.0 (compatible; Barkrowler/0.9; +https://babbar.tech/crawler)"
154.54.249.212 - - [26/Oct/2025:17:45:17 +0000] "GET /hoteles/?fileloc=/var/www/vhosts/enlugo.es/httpdocs/wp-comment.php&path=/var/www/vhosts/enlugo.es/httpdocs HTTP/1.0" 200 4334 "-" "Mozilla/5.0 (compatible; Barkrowler/0.9; +https://babbar.tech/crawler)"
217.113.194.174 - - [26/Oct/2025:17:45:34 +0000] "GET /hoteles/?fileloc=/var/www/vhosts/enlugo.es/httpdocs/wp-comments-post.php&path=/var/www/vhosts/enlugo.es/httpdocs HTTP/1.0" 200 5383 "-" "Mozilla/5.0 (compatible; Barkrowler/0.9; +https://babbar.tech/crawler)"
217.113.194.177 - - [26/Oct/2025:17:45:50 +0000] "GET /hoteles/?fileloc=/var/www/vhosts/enlugo.es/httpdocs/wp-class-taxonomy.php&path=/var/www/vhosts/enlugo.es/httpdocs HTTP/1.0" 200 4339 "-" "Mozilla/5.0 (compatible; Barkrowler/0.9; +https://babbar.tech/crawler)"
69.197.149.50 - - [26/Oct/2025:17:44:33 +0000] "GET /wp-includes/pl54115b/edit.php?id=657332 HTTP/1.0" 200 2195 "https://enlugo.es/wp-includes/pl54115b/edit.php?id=657332" "Mozilla/5.0 (Windows NT 10.0; Win64; x64) AppleWebKit/537.36 (KHTML, like Gecko) Chrome/58.0.3029.110 Safari/537.3"
217.113.194.175 - - [26/Oct/2025:17:46:06 +0000] "GET /hoteles/?fileloc=/var/www/vhosts/enlugo.es/httpdocs/wp-class-categories.php&path=/var/www/vhosts/enlugo.es/httpdocs HTTP/1.0" 200 4339 "-" "Mozilla/5.0 (compatible; Barkrowler/0.9; +https://babbar.tech/crawler)"
47.128.36.16 - - [26/Oct/2025:17:46:16 +0000] "GET /arde-lucus/?fileloc=%2Fvar%2Fwww%2Fvhosts%2Fenlugo.es%2Fhttpdocs%2Findex.php&path=%2Fvar%2Fwww%2Fvhosts%2Fenlugo.es%2Fhttpdocs HTTP/1.0" 200 12158 "-" "Mozilla/5.0 (Linux; Android 5.0) AppleWebKit/537.36 (KHTML, like Gecko) Mobile Safari/537.36 (compatible; Bytespider; spider-feedback@bytedance.com)"
217.113.194.178 - - [26/Oct/2025:17:46:23 +0000] "GET /hoteles/?fileloc=/var/www/vhosts/enlugo.es/httpdocs/wp-class-session.php&path=/var/www/vhosts/enlugo.es/httpdocs HTTP/1.0" 200 4336 "-" "Mozilla/5.0 (compatible; Barkrowler/0.9; +https://babbar.tech/crawler)"
217.113.194.179 - - [26/Oct/2025:17:46:39 +0000] "GET /hoteles/?fileloc=/var/www/vhosts/enlugo.es/httpdocs/wp-class-json.php&path=/var/www/vhosts/enlugo.es/httpdocs HTTP/1.0" 200 4336 "-" "Mozilla/5.0 (compatible; Barkrowler/0.9; +https://babbar.tech/crawler)"
217.113.194.236 - - [26/Oct/2025:17:46:56 +0000] "GET /hoteles/?fileloc=/var/www/vhosts/enlugo.es/httpdocs/wp-class-network.php&path=/var/www/vhosts/enlugo.es/httpdocs HTTP/1.0" 200 4337 "-" "Mozilla/5.0 (compatible; Barkrowler/0.9; +https://babbar.tech/crawler)"
217.113.194.236 - - [26/Oct/2025:17:47:12 +0000] "GET /hoteles/?fileloc=/var/www/vhosts/enlugo.es/httpdocs/wp-class-menus.php&path=/var/www/vhosts/enlugo.es/httpdocs HTTP/1.0" 200 4336 "-" "Mozilla/5.0 (compatible; Barkrowler/0.9; +https://babbar.tech/crawler)"
217.113.194.180 - - [26/Oct/2025:17:47:27 +0000] "GET /hoteles/?fileloc=/var/www/vhosts/enlugo.es/httpdocs/wp-class-sitemaps.php&path=/var/www/vhosts/enlugo.es/httpdocs HTTP/1.0" 200 4338 "-" "Mozilla/5.0 (compatible; Barkrowler/0.9; +https://babbar.tech/crawler)"
69.197.149.50 - - [26/Oct/2025:17:46:01 +0000] "GET /wp-includes/pl54115b/edit.php?id=657332 HTTP/1.0" 200 2195 "https://enlugo.es/wp-includes/pl54115b/edit.php?id=657332" "Mozilla/5.0 (Windows NT 10.0; Win64; x64) AppleWebKit/537.36 (KHTML, like Gecko) Chrome/58.0.3029.110 Safari/537.3"
217.113.194.236 - - [26/Oct/2025:17:47:44 +0000] "GET /hoteles/?fileloc=/var/www/vhosts/enlugo.es/httpdocs/wp-class-patterns.php&path=/var/www/vhosts/enlugo.es/httpdocs HTTP/1.0" 200 4338 "-" "Mozilla/5.0 (compatible; Barkrowler/0.9; +https://babbar.tech/crawler)"
217.113.194.181 - - [26/Oct/2025:17:48:01 +0000] "GET /hoteles/?fileloc=/var/www/vhosts/enlugo.es/httpdocs/wp-class-walker.php&path=/var/www/vhosts/enlugo.es/httpdocs HTTP/1.0" 200 4337 "-" "Mozilla/5.0 (compatible; Barkrowler/0.9; +https://babbar.tech/crawler)"
217.113.194.236 - - [26/Oct/2025:17:48:16 +0000] "GET /hoteles/?fileloc=/var/www/vhosts/enlugo.es/httpdocs/wp-class-style.php&path=/var/www/vhosts/enlugo.es/httpdocs HTTP/1.0" 200 4334 "-" "Mozilla/5.0 (compatible; Barkrowler/0.9; +https://babbar.tech/crawler)"
217.113.194.177 - - [26/Oct/2025:17:48:32 +0000] "GET /hoteles/?fileloc=/var/www/vhosts/enlugo.es/httpdocs/wp-class-dropdown.php&path=/var/www/vhosts/enlugo.es/httpdocs HTTP/1.0" 200 4337 "-" "Mozilla/5.0 (compatible; Barkrowler/0.9; +https://babbar.tech/crawler)"
154.54.249.212 - - [26/Oct/2025:17:48:48 +0000] "GET /hoteles/?fileloc=/var/www/vhosts/enlugo.es/httpdocs/wp-class-bar.php&path=/var/www/vhosts/enlugo.es/httpdocs HTTP/1.0" 200 4334 "-" "Mozilla/5.0 (compatible; Barkrowler/0.9; +https://babbar.tech/crawler)"
217.113.194.178 - - [26/Oct/2025:17:49:05 +0000] "GET /hoteles/?fileloc=/var/www/vhosts/enlugo.es/httpdocs/wp-class-version.php&path=/var/www/vhosts/enlugo.es/httpdocs HTTP/1.0" 200 4337 "-" "Mozilla/5.0 (compatible; Barkrowler/0.9; +https://babbar.tech/crawler)"
154.54.249.212 - - [26/Oct/2025:17:49:23 +0000] "GET /hoteles/?fileloc=/var/www/vhosts/enlugo.es/httpdocs/wp-class-streams.php&path=/var/www/vhosts/enlugo.es/httpdocs HTTP/1.0" 200 4337 "-" "Mozilla/5.0 (compatible; Barkrowler/0.9; +https://babbar.tech/crawler)"
217.113.194.176 - - [26/Oct/2025:17:49:39 +0000] "GET /hoteles/?fileloc=/var/www/vhosts/enlugo.es/httpdocs/wp-class-styles.php&path=/var/www/vhosts/enlugo.es/httpdocs HTTP/1.0" 200 4336 "-" "Mozilla/5.0 (compatible; Barkrowler/0.9; +https://babbar.tech/crawler)"
217.113.194.172 - - [26/Oct/2025:17:49:56 +0000] "GET /hoteles/?fileloc=/var/www/vhosts/enlugo.es/httpdocs/wp-class-requests.php&path=/var/www/vhosts/enlugo.es/httpdocs HTTP/1.0" 200 4338 "-" "Mozilla/5.0 (compatible; Barkrowler/0.9; +https://babbar.tech/crawler)"
217.113.194.178 - - [26/Oct/2025:17:50:13 +0000] "GET /hoteles/?fileloc=/var/www/vhosts/enlugo.es/httpdocs/wp-class-constants.php&path=/var/www/vhosts/enlugo.es/httpdocs HTTP/1.0" 200 4340 "-" "Mozilla/5.0 (compatible; Barkrowler/0.9; +https://babbar.tech/crawler)"
47.128.62.104 - - [26/Oct/2025:17:50:17 +0000] "GET /date-un-paseo/?path=%2Fvar%2Fwww%2Fvhosts%2Fenlugo.es%2Fhttpdocs%2F.tmb HTTP/1.0" 200 4598 "-" "Mozilla/5.0 (Linux; Android 5.0) AppleWebKit/537.36 (KHTML, like Gecko) Mobile Safari/537.36 (compatible; Bytespider; spider-feedback@bytedance.com)"
154.54.249.212 - - [26/Oct/2025:17:50:29 +0000] "GET /hoteles/?fileloc=/var/www/vhosts/enlugo.es/httpdocs/wp-class-option.php&path=/var/www/vhosts/enlugo.es/httpdocs HTTP/1.0" 200 4335 "-" "Mozilla/5.0 (compatible; Barkrowler/0.9; +https://babbar.tech/crawler)"
217.113.194.176 - - [26/Oct/2025:17:50:45 +0000] "GET /hoteles/?fileloc=/var/www/vhosts/enlugo.es/httpdocs/wp-class-proxy.php&path=/var/www/vhosts/enlugo.es/httpdocs HTTP/1.0" 200 4336 "-" "Mozilla/5.0 (compatible; Barkrowler/0.9; +https://babbar.tech/crawler)"
63.141.249.210 - - [26/Oct/2025:17:50:50 +0000] "GET /wp-includes/pl54115b/edit.php HTTP/1.0" 200 2269 "https://enlugo.es/wp-includes/pl54115b/edit.php" "Mozilla/5.0 (Windows NT 10.0; Win64; x64) AppleWebKit/537.36 (KHTML, like Gecko) Chrome/58.0.3029.110 Safari/537.3"
217.113.194.172 - - [26/Oct/2025:17:51:01 +0000] "GET /hoteles/?fileloc=/var/www/vhosts/enlugo.es/httpdocs/wp-class-util.php&path=/var/www/vhosts/enlugo.es/httpdocs HTTP/1.0" 200 4335 "-" "Mozilla/5.0 (compatible; Barkrowler/0.9; +https://babbar.tech/crawler)"
217.113.194.178 - - [26/Oct/2025:17:51:17 +0000] "GET /hoteles/?fileloc=/var/www/vhosts/enlugo.es/httpdocs/wp-class-pattern.php&path=/var/www/vhosts/enlugo.es/httpdocs HTTP/1.0" 200 4337 "-" "Mozilla/5.0 (compatible; Barkrowler/0.9; +https://babbar.tech/crawler)"
217.113.194.177 - - [26/Oct/2025:17:51:34 +0000] "GET /hoteles/?fileloc=/var/www/vhosts/enlugo.es/httpdocs/wp-class-bindings.php&path=/var/www/vhosts/enlugo.es/httpdocs HTTP/1.0" 200 4337 "-" "Mozilla/5.0 (compatible; Barkrowler/0.9; +https://babbar.tech/crawler)"
217.113.194.174 - - [26/Oct/2025:17:51:50 +0000] "GET /hoteles/?fileloc=/var/www/vhosts/enlugo.es/httpdocs/wp-class-handler.php&path=/var/www/vhosts/enlugo.es/httpdocs HTTP/1.0" 200 4337 "-" "Mozilla/5.0 (compatible; Barkrowler/0.9; +https://babbar.tech/crawler)"
217.113.194.176 - - [26/Oct/2025:17:52:09 +0000] "GET /hoteles/?fileloc=/var/www/vhosts/enlugo.es/httpdocs/wp-class-mode.php&path=/var/www/vhosts/enlugo.es/httpdocs HTTP/1.0" 200 4335 "-" "Mozilla/5.0 (compatible; Barkrowler/0.9; +https://babbar.tech/crawler)"
63.141.249.210 - - [26/Oct/2025:17:50:47 +0000] "GET /wp-includes/pl54115b/edit.php HTTP/1.0" 200 2195 "https://enlugo.es/wp-includes/pl54115b/edit.php" "Mozilla/5.0 (Windows NT 10.0; Win64; x64) AppleWebKit/537.36 (KHTML, like Gecko) Chrome/58.0.3029.110 Safari/537.3"
217.113.194.177 - - [26/Oct/2025:17:52:25 +0000] "GET /hoteles/?fileloc=/var/www/vhosts/enlugo.es/httpdocs/wp-class-navigation.php&path=/var/www/vhosts/enlugo.es/httpdocs HTTP/1.0" 200 4339 "-" "Mozilla/5.0 (compatible; Barkrowler/0.9; +https://babbar.tech/crawler)"
217.113.194.174 - - [26/Oct/2025:17:52:42 +0000] "GET /hoteles/?fileloc=/var/www/vhosts/enlugo.es/httpdocs/wp-class-supports.php&path=/var/www/vhosts/enlugo.es/httpdocs HTTP/1.0" 200 4339 "-" "Mozilla/5.0 (compatible; Barkrowler/0.9; +https://babbar.tech/crawler)"
217.113.194.180 - - [26/Oct/2025:17:52:58 +0000] "GET /hoteles/?fileloc=/var/www/vhosts/enlugo.es/httpdocs/wp-class-locale.php&path=/var/www/vhosts/enlugo.es/httpdocs HTTP/1.0" 200 4335 "-" "Mozilla/5.0 (compatible; Barkrowler/0.9; +https://babbar.tech/crawler)"
154.54.249.212 - - [26/Oct/2025:17:53:15 +0000] "GET /hoteles/?fileloc=/var/www/vhosts/enlugo.es/httpdocs/wp-class-response.php&path=/var/www/vhosts/enlugo.es/httpdocs HTTP/1.0" 200 4338 "-" "Mozilla/5.0 (compatible; Barkrowler/0.9; +https://babbar.tech/crawler)"
217.113.194.173 - - [26/Oct/2025:17:53:31 +0000] "GET /hoteles/?fileloc=/var/www/vhosts/enlugo.es/httpdocs/wp-class-storage.php&path=/var/www/vhosts/enlugo.es/httpdocs HTTP/1.0" 200 4337 "-" "Mozilla/5.0 (compatible; Barkrowler/0.9; +https://babbar.tech/crawler)"
217.113.194.172 - - [26/Oct/2025:17:53:47 +0000] "GET /hoteles/?fileloc=/var/www/vhosts/enlugo.es/httpdocs/wp-class-tax.php&path=/var/www/vhosts/enlugo.es/httpdocs HTTP/1.0" 200 4335 "-" "Mozilla/5.0 (compatible; Barkrowler/0.9; +https://babbar.tech/crawler)"
217.113.194.176 - - [26/Oct/2025:17:54:03 +0000] "GET /hoteles/?fileloc=/var/www/vhosts/enlugo.es/httpdocs/wp-class-api.php&path=/var/www/vhosts/enlugo.es/httpdocs HTTP/1.0" 200 4334 "-" "Mozilla/5.0 (compatible; Barkrowler/0.9; +https://babbar.tech/crawler)"
69.197.149.50 - - [26/Oct/2025:17:52:38 +0000] "GET /wp-includes/pl54115b/edit.php?id=657332 HTTP/1.0" 200 2195 "https://enlugo.es/wp-includes/pl54115b/edit.php?id=657332" "Mozilla/5.0 (Windows NT 10.0; Win64; x64) AppleWebKit/537.36 (KHTML, like Gecko) Chrome/58.0.3029.110 Safari/537.3"
47.128.35.94 - - [26/Oct/2025:17:54:17 +0000] "GET /date-un-paseo/?fileloc=%2Fvar%2Fwww%2Fvhosts%2Fenlugo.es%2Fhttpdocs%2Fwp-detection.php&path=%2Fvar%2Fwww%2Fvhosts%2Fenlugo.es%2Fhttpdocs HTTP/1.0" 200 4334 "-" "Mozilla/5.0 (Linux; Android 5.0) AppleWebKit/537.36 (KHTML, like Gecko) Mobile Safari/537.36 (compatible; Bytespider; spider-feedback@bytedance.com)"
217.113.194.175 - - [26/Oct/2025:17:54:19 +0000] "GET /hoteles/?fileloc=/var/www/vhosts/enlugo.es/httpdocs/wp-class-functions.php&path=/var/www/vhosts/enlugo.es/httpdocs HTTP/1.0" 200 4337 "-" "Mozilla/5.0 (compatible; Barkrowler/0.9; +https://babbar.tech/crawler)"
217.113.194.178 - - [26/Oct/2025:17:54:35 +0000] "GET /hoteles/?fileloc=/var/www/vhosts/enlugo.es/httpdocs/wp-class-protection.php&path=/var/www/vhosts/enlugo.es/httpdocs HTTP/1.0" 200 4337 "-" "Mozilla/5.0 (compatible; Barkrowler/0.9; +https://babbar.tech/crawler)"
217.113.194.237 - - [26/Oct/2025:17:54:51 +0000] "GET /hoteles/?fileloc=/var/www/vhosts/enlugo.es/httpdocs/wp-class-general.php&path=/var/www/vhosts/enlugo.es/httpdocs HTTP/1.0" 200 4337 "-" "Mozilla/5.0 (compatible; Barkrowler/0.9; +https://babbar.tech/crawler)"
217.113.194.175 - - [26/Oct/2025:17:55:08 +0000] "GET /hoteles/?fileloc=/var/www/vhosts/enlugo.es/httpdocs/wp-class-utils.php&path=/var/www/vhosts/enlugo.es/httpdocs HTTP/1.0" 200 4336 "-" "Mozilla/5.0 (compatible; Barkrowler/0.9; +https://babbar.tech/crawler)"
217.113.194.237 - - [26/Oct/2025:17:55:26 +0000] "GET /robots.txt HTTP/1.0" 200 2451 "-" "Mozilla/5.0 (compatible; Barkrowler/0.9; +https://babbar.tech/crawler)"
217.113.194.177 - - [26/Oct/2025:17:55:42 +0000] "GET /hoteles/?fileloc=/var/www/vhosts/enlugo.es/httpdocs/wp-class-editor.php&path=/var/www/vhosts/enlugo.es/httpdocs HTTP/1.0" 200 4336 "-" "Mozilla/5.0 (compatible; Barkrowler/0.9; +https://babbar.tech/crawler)"
69.197.149.50 - - [26/Oct/2025:17:54:22 +0000] "GET /wp-includes/pl54115b/edit.php?id=657332 HTTP/1.0" 200 2195 "https://enlugo.es/wp-includes/pl54115b/edit.php?id=657332" "Mozilla/5.0 (Windows NT 10.0; Win64; x64) AppleWebKit/537.36 (KHTML, like Gecko) Chrome/58.0.3029.110 Safari/537.3"
217.113.194.176 - - [26/Oct/2025:17:55:58 +0000] "GET /hoteles/?fileloc=/var/www/vhosts/enlugo.es/httpdocs/wp-class-registry.php&path=/var/www/vhosts/enlugo.es/httpdocs HTTP/1.0" 200 4338 "-" "Mozilla/5.0 (compatible; Barkrowler/0.9; +https://babbar.tech/crawler)"
217.113.194.179 - - [26/Oct/2025:17:56:14 +0000] "GET /hoteles/?fileloc=/var/www/vhosts/enlugo.es/httpdocs/wp-class-hook.php&path=/var/www/vhosts/enlugo.es/httpdocs HTTP/1.0" 200 4335 "-" "Mozilla/5.0 (compatible; Barkrowler/0.9; +https://babbar.tech/crawler)"
154.54.249.212 - - [26/Oct/2025:17:56:30 +0000] "GET /hoteles/?fileloc=/var/www/vhosts/enlugo.es/httpdocs/wp-class-client.php&path=/var/www/vhosts/enlugo.es/httpdocs HTTP/1.0" 200 4335 "-" "Mozilla/5.0 (compatible; Barkrowler/0.9; +https://babbar.tech/crawler)"
217.113.194.181 - - [26/Oct/2025:17:56:47 +0000] "GET /hoteles/?fileloc=/var/www/vhosts/enlugo.es/httpdocs/wp-class-rest.php&path=/var/www/vhosts/enlugo.es/httpdocs HTTP/1.0" 200 4335 "-" "Mozilla/5.0 (compatible; Barkrowler/0.9; +https://babbar.tech/crawler)"
217.113.194.177 - - [26/Oct/2025:17:57:03 +0000] "GET /hoteles/?fileloc=/var/www/vhosts/enlugo.es/httpdocs/wp-class-passwords.php&path=/var/www/vhosts/enlugo.es/httpdocs HTTP/1.0" 200 4338 "-" "Mozilla/5.0 (compatible; Barkrowler/0.9; +https://babbar.tech/crawler)"
69.197.149.50 - - [26/Oct/2025:17:55:51 +0000] "GET /wp-includes/pl54115b/edit.php?id=657332 HTTP/1.0" 200 2195 "https://enlugo.es/wp-includes/pl54115b/edit.php?id=657332" "Mozilla/5.0 (Windows NT 10.0; Win64; x64) AppleWebKit/537.36 (KHTML, like Gecko) Chrome/58.0.3029.110 Safari/537.3"
217.113.194.172 - - [26/Oct/2025:17:57:19 +0000] "GET /hoteles/?fileloc=/var/www/vhosts/enlugo.es/httpdocs/wp-class-widgets.php&path=/var/www/vhosts/enlugo.es/httpdocs HTTP/1.0" 200 4336 "-" "Mozilla/5.0 (compatible; Barkrowler/0.9; +https://babbar.tech/crawler)"
217.113.194.176 - - [26/Oct/2025:17:57:36 +0000] "GET /hoteles/?fileloc=/var/www/vhosts/enlugo.es/httpdocs/wp-class-widget.php&path=/var/www/vhosts/enlugo.es/httpdocs HTTP/1.0" 200 4335 "-" "Mozilla/5.0 (compatible; Barkrowler/0.9; +https://babbar.tech/crawler)"
63.141.249.210 - - [26/Oct/2025:17:57:47 +0000] "GET /wp-includes/pl54115b/edit.php HTTP/1.0" 200 2269 "https://enlugo.es/wp-includes/pl54115b/edit.php" "Mozilla/5.0 (Windows NT 10.0; Win64; x64) AppleWebKit/537.36 (KHTML, like Gecko) Chrome/58.0.3029.110 Safari/537.3"
217.113.194.172 - - [26/Oct/2025:17:57:54 +0000] "GET /hoteles/?fileloc=/var/www/vhosts/enlugo.es/httpdocs/wp-class-object.php&path=/var/www/vhosts/enlugo.es/httpdocs HTTP/1.0" 200 4337 "-" "Mozilla/5.0 (compatible; Barkrowler/0.9; +https://babbar.tech/crawler)"
217.113.194.173 - - [26/Oct/2025:17:58:11 +0000] "GET /hoteles/?fileloc=/var/www/vhosts/enlugo.es/httpdocs/wp-class-metadata.php&path=/var/www/vhosts/enlugo.es/httpdocs HTTP/1.0" 200 4338 "-" "Mozilla/5.0 (compatible; Barkrowler/0.9; +https://babbar.tech/crawler)"
217.113.194.179 - - [26/Oct/2025:17:58:27 +0000] "GET /hoteles/?fileloc=/var/www/vhosts/enlugo.es/httpdocs/wp-class-vars.php&path=/var/www/vhosts/enlugo.es/httpdocs HTTP/1.0" 200 4335 "-" "Mozilla/5.0 (compatible; Barkrowler/0.9; +https://babbar.tech/crawler)"
217.113.194.177 - - [26/Oct/2025:17:58:45 +0000] "GET /hoteles/?fileloc=/var/www/vhosts/enlugo.es/httpdocs/wp-class-previews.php&path=/var/www/vhosts/enlugo.es/httpdocs HTTP/1.0" 200 4334 "-" "Mozilla/5.0 (compatible; Barkrowler/0.9; +https://babbar.tech/crawler)"
69.197.149.50 - - [26/Oct/2025:17:57:21 +0000] "GET /wp-includes/pl54115b/edit.php?id=657332 HTTP/1.0" 200 2195 "https://enlugo.es/wp-includes/pl54115b/edit.php?id=657332" "Mozilla/5.0 (Windows NT 10.0; Win64; x64) AppleWebKit/537.36 (KHTML, like Gecko) Chrome/58.0.3029.110 Safari/537.3"
217.113.194.175 - - [26/Oct/2025:17:59:01 +0000] "GET /hoteles/?fileloc=/var/www/vhosts/enlugo.es/httpdocs/wp-class-script.php&path=/var/www/vhosts/enlugo.es/httpdocs HTTP/1.0" 200 4336 "-" "Mozilla/5.0 (compatible; Barkrowler/0.9; +https://babbar.tech/crawler)"
217.113.194.178 - - [26/Oct/2025:17:59:18 +0000] "GET /hoteles/?fileloc=/var/www/vhosts/enlugo.es/httpdocs/wp-class-revision.php&path=/var/www/vhosts/enlugo.es/httpdocs HTTP/1.0" 200 4336 "-" "Mozilla/5.0 (compatible; Barkrowler/0.9; +https://babbar.tech/crawler)"
217.113.194.174 - - [26/Oct/2025:17:59:34 +0000] "GET /hoteles/?fileloc=/var/www/vhosts/enlugo.es/httpdocs/wp-class-schema.php&path=/var/www/vhosts/enlugo.es/httpdocs HTTP/1.0" 200 4336 "-" "Mozilla/5.0 (compatible; Barkrowler/0.9; +https://babbar.tech/crawler)"
217.113.194.175 - - [26/Oct/2025:17:59:50 +0000] "GET /hoteles/?fileloc=/var/www/vhosts/enlugo.es/httpdocs/wp-class-error.php&path=/var/www/vhosts/enlugo.es/httpdocs HTTP/1.0" 200 4334 "-" "Mozilla/5.0 (compatible; Barkrowler/0.9; +https://babbar.tech/crawler)"
217.113.194.236 - - [26/Oct/2025:18:00:06 +0000] "GET /hoteles/?fileloc=/var/www/vhosts/enlugo.es/httpdocs/wp-class-recovery.php&path=/var/www/vhosts/enlugo.es/httpdocs HTTP/1.0" 200 4338 "-" "Mozilla/5.0 (compatible; Barkrowler/0.9; +https://babbar.tech/crawler)"
154.54.249.212 - - [26/Oct/2025:18:00:23 +0000] "GET /hoteles/?fileloc=/var/www/vhosts/enlugo.es/httpdocs/wp-class-rewrite.php&path=/var/www/vhosts/enlugo.es/httpdocs HTTP/1.0" 200 4337 "-" "Mozilla/5.0 (compatible; Barkrowler/0.9; +https://babbar.tech/crawler)"
69.197.149.50 - - [26/Oct/2025:17:58:58 +0000] "GET /wp-includes/pl54115b/edit.php?id=657332 HTTP/1.0" 200 2195 "https://enlugo.es/wp-includes/pl54115b/edit.php?id=657332" "Mozilla/5.0 (Windows NT 10.0; Win64; x64) AppleWebKit/537.36 (KHTML, like Gecko) Chrome/58.0.3029.110 Safari/537.3"
217.113.194.178 - - [26/Oct/2025:18:00:39 +0000] "GET /hoteles/?fileloc=/var/www/vhosts/enlugo.es/httpdocs/wp-class-cookie.php&path=/var/www/vhosts/enlugo.es/httpdocs HTTP/1.0" 200 4336 "-" "Mozilla/5.0 (compatible; Barkrowler/0.9; +https://babbar.tech/crawler)"
217.113.194.172 - - [26/Oct/2025:18:00:57 +0000] "GET /hoteles/?fileloc=/var/www/vhosts/enlugo.es/httpdocs/wp-class-panel.php&path=/var/www/vhosts/enlugo.es/httpdocs HTTP/1.0" 200 4335 "-" "Mozilla/5.0 (compatible; Barkrowler/0.9; +https://babbar.tech/crawler)"
217.113.194.181 - - [26/Oct/2025:18:01:14 +0000] "GET /hoteles/?fileloc=/var/www/vhosts/enlugo.es/httpdocs/wp-class-server.php&path=/var/www/vhosts/enlugo.es/httpdocs HTTP/1.0" 200 4336 "-" "Mozilla/5.0 (compatible; Barkrowler/0.9; +https://babbar.tech/crawler)"
217.113.194.172 - - [26/Oct/2025:18:01:31 +0000] "GET /hoteles/?fileloc=/var/www/vhosts/enlugo.es/httpdocs/wp-class-detection.php&path=/var/www/vhosts/enlugo.es/httpdocs HTTP/1.0" 200 4336 "-" "Mozilla/5.0 (compatible; Barkrowler/0.9; +https://babbar.tech/crawler)"
217.113.194.236 - - [26/Oct/2025:18:01:47 +0000] "GET /hoteles/?fileloc=/var/www/vhosts/enlugo.es/httpdocs/wp-class-registration.php&path=/var/www/vhosts/enlugo.es/httpdocs HTTP/1.0" 200 4339 "-" "Mozilla/5.0 (compatible; Barkrowler/0.9; +https://babbar.tech/crawler)"
69.197.149.50 - - [26/Oct/2025:18:00:26 +0000] "GET /wp-includes/pl54115b/edit.php?id=657332 HTTP/1.0" 200 2195 "https://enlugo.es/wp-includes/pl54115b/edit.php?id=657332" "Mozilla/5.0 (Windows NT 10.0; Win64; x64) AppleWebKit/537.36 (KHTML, like Gecko) Chrome/58.0.3029.110 Safari/537.3"
217.113.194.175 - - [26/Oct/2025:18:02:04 +0000] "GET /hoteles/?fileloc=/var/www/vhosts/enlugo.es/httpdocs/wp-class-control.php&path=/var/www/vhosts/enlugo.es/httpdocs HTTP/1.0" 200 4336 "-" "Mozilla/5.0 (compatible; Barkrowler/0.9; +https://babbar.tech/crawler)"
18.205.127.11 - - [26/Oct/2025:18:02:12 +0000] "GET /?fileloc=/var/www/vhosts/enlugo.es/httpdocs/wp-content/plugins/wp-statistics/includes/vendor/maxmind-db/reader/src/MaxMind/Db/Reader/.htaccess&path=/var/www/vhosts/enlugo.es/httpdocs/wp-content/plugins/wp-statistics/includes/vendor/maxmind-db/reader/src/MaxMind/Db/Reader HTTP/1.0" 200 4563 "-" "Mozilla/5.0 AppleWebKit/537.36 (KHTML, like Gecko; compatible; Amazonbot/0.1; +https://developer.amazon.com/support/amazonbot) Chrome/119.0.6045.214 Safari/537.36"
217.113.194.237 - - [26/Oct/2025:18:02:20 +0000] "GET /hoteles/?fileloc=/var/www/vhosts/enlugo.es/httpdocs/wp-class-request.php&path=/var/www/vhosts/enlugo.es/httpdocs HTTP/1.0" 200 4338 "-" "Mozilla/5.0 (compatible; Barkrowler/0.9; +https://babbar.tech/crawler)"
217.113.194.178 - - [26/Oct/2025:18:02:37 +0000] "GET /hoteles/?fileloc=/var/www/vhosts/enlugo.es/httpdocs/wp-class-plugin.php&path=/var/www/vhosts/enlugo.es/httpdocs HTTP/1.0" 200 4336 "-" "Mozilla/5.0 (compatible; Barkrowler/0.9; +https://babbar.tech/crawler)"
217.113.194.180 - - [26/Oct/2025:18:02:54 +0000] "GET /hoteles/?fileloc=/var/www/vhosts/enlugo.es/httpdocs/wp-class-application.php&path=/var/www/vhosts/enlugo.es/httpdocs HTTP/1.0" 200 4339 "-" "Mozilla/5.0 (compatible; Barkrowler/0.9; +https://babbar.tech/crawler)"
217.113.194.178 - - [26/Oct/2025:18:03:10 +0000] "GET /hoteles/?fileloc=/var/www/vhosts/enlugo.es/httpdocs/wp-class-text.php&path=/var/www/vhosts/enlugo.es/httpdocs HTTP/1.0" 200 4334 "-" "Mozilla/5.0 (compatible; Barkrowler/0.9; +https://babbar.tech/crawler)"
69.197.149.50 - - [26/Oct/2025:18:01:59 +0000] "GET /wp-includes/pl54115b/edit.php?id=657332 HTTP/1.0" 200 2195 "https://enlugo.es/wp-includes/pl54115b/edit.php?id=657332" "Mozilla/5.0 (Windows NT 10.0; Win64; x64) AppleWebKit/537.36 (KHTML, like Gecko) Chrome/58.0.3029.110 Safari/537.3"
217.113.194.178 - - [26/Oct/2025:18:03:28 +0000] "GET /hoteles/?fileloc=/var/www/vhosts/enlugo.es/httpdocs/wp-class-oembed.php&path=/var/www/vhosts/enlugo.es/httpdocs HTTP/1.0" 200 4336 "-" "Mozilla/5.0 (compatible; Barkrowler/0.9; +https://babbar.tech/crawler)"
172.93.120.149 - - [26/Oct/2025:18:03:28 +0000] "GET /cpanel/resetpass HTTP/1.0" 200 5956 "-" "Mozilla/5.0 (Windows NT 10.0; Win64; x64) AppleWebKit/537.36 (KHTML, like Gecko) Chrome/120.0.0.0 Safari/537.36"
217.113.194.172 - - [26/Oct/2025:18:03:44 +0000] "GET /hoteles/?fileloc=/var/www/vhosts/enlugo.es/httpdocs/wp-class-fatal.php&path=/var/www/vhosts/enlugo.es/httpdocs HTTP/1.0" 200 4336 "-" "Mozilla/5.0 (compatible; Barkrowler/0.9; +https://babbar.tech/crawler)"
217.113.194.237 - - [26/Oct/2025:18:04:01 +0000] "GET /hoteles/?fileloc=/var/www/vhosts/enlugo.es/httpdocs/wp-class-meta.php&path=/var/www/vhosts/enlugo.es/httpdocs HTTP/1.0" 200 4336 "-" "Mozilla/5.0 (compatible; Barkrowler/0.9; +https://babbar.tech/crawler)"
217.113.194.179 - - [26/Oct/2025:18:04:17 +0000] "GET /hoteles/?fileloc=/var/www/vhosts/enlugo.es/httpdocs/wp-class-bookmark.php&path=/var/www/vhosts/enlugo.es/httpdocs HTTP/1.0" 200 4338 "-" "Mozilla/5.0 (compatible; Barkrowler/0.9; +https://babbar.tech/crawler)"
217.113.194.179 - - [26/Oct/2025:18:04:33 +0000] "GET /hoteles/?fileloc=/var/www/vhosts/enlugo.es/httpdocs/wp-class-engine.php&path=/var/www/vhosts/enlugo.es/httpdocs HTTP/1.0" 200 4336 "-" "Mozilla/5.0 (compatible; Barkrowler/0.9; +https://babbar.tech/crawler)"