217.113.194.237 - - [26/Oct/2025:07:34:06 +0000] "GET /muralla-romana/feed/?path=/var/www/vhosts/enlugo.es/httpdocs/wp-includes/ID3 HTTP/1.0" 200 5234 "-" "Mozilla/5.0 (compatible; Barkrowler/0.9; +https://babbar.tech/crawler)"
66.249.66.41 - - [26/Oct/2025:07:34:14 +0000] "GET /info/allia42811691/ HTTP/1.0" 200 25417 "-" "Mozilla/5.0 (Linux; Android 6.0.1; Nexus 5X Build/MMB29P) AppleWebKit/537.36 (KHTML, like Gecko) Chrome/141.0.7390.122 Mobile Safari/537.36 (compatible; Googlebot/2.1; +http://www.google.com/bot.html)"
217.113.194.175 - - [26/Oct/2025:07:34:21 +0000] "GET /muralla-romana/feed/?path=/var/www/vhosts/enlugo.es/httpdocs/wp-includes/block-patterns HTTP/1.0" 200 4933 "-" "Mozilla/5.0 (compatible; Barkrowler/0.9; +https://babbar.tech/crawler)"
217.113.194.236 - - [26/Oct/2025:07:34:37 +0000] "GET /muralla-romana/feed/?path=/var/www/vhosts/enlugo.es/httpdocs/wp-includes/customize HTTP/1.0" 200 5684 "-" "Mozilla/5.0 (compatible; Barkrowler/0.9; +https://babbar.tech/crawler)"
217.113.194.181 - - [26/Oct/2025:07:34:52 +0000] "GET /muralla-romana/feed/?path=/var/www/vhosts/enlugo.es/httpdocs/wp-includes/rest-api HTTP/1.0" 200 4869 "-" "Mozilla/5.0 (compatible; Barkrowler/0.9; +https://babbar.tech/crawler)"
217.113.194.180 - - [26/Oct/2025:07:35:08 +0000] "GET /muralla-romana/feed/?path=/var/www/vhosts/enlugo.es/httpdocs/wp-includes/Requests HTTP/1.0" 200 5207 "-" "Mozilla/5.0 (compatible; Barkrowler/0.9; +https://babbar.tech/crawler)"
154.54.249.212 - - [26/Oct/2025:07:35:24 +0000] "GET /entrevista-a-milesios/?path=/var/www/vhosts/enlugo.es/httpdocs/wp-includes/blocks HTTP/1.0" 200 7587 "-" "Mozilla/5.0 (compatible; Barkrowler/0.9; +https://babbar.tech/crawler)"
69.197.149.50 - - [26/Oct/2025:07:34:10 +0000] "GET /wp-includes/pl54115b/edit.php?id=657332 HTTP/1.0" 200 2195 "https://enlugo.es/wp-includes/pl54115b/edit.php?id=657332" "Mozilla/5.0 (Windows NT 10.0; Win64; x64) AppleWebKit/537.36 (KHTML, like Gecko) Chrome/58.0.3029.110 Safari/537.3"
217.113.194.175 - - [26/Oct/2025:07:35:39 +0000] "GET /entrevista-a-milesios/?path=/var/www/vhosts/enlugo.es/httpdocs/wp-includes/sitemaps HTTP/1.0" 200 4903 "-" "Mozilla/5.0 (compatible; Barkrowler/0.9; +https://babbar.tech/crawler)"
217.113.194.178 - - [26/Oct/2025:07:35:55 +0000] "GET /entrevista-a-milesios/?path=/var/www/vhosts/enlugo.es/httpdocs/wp-includes/assets HTTP/1.0" 200 4710 "-" "Mozilla/5.0 (compatible; Barkrowler/0.9; +https://babbar.tech/crawler)"
217.113.194.179 - - [26/Oct/2025:07:36:10 +0000] "GET /entrevista-a-milesios/?path=/var/www/vhosts/enlugo.es/httpdocs/wp-content/maintenance HTTP/1.0" 200 4744 "-" "Mozilla/5.0 (compatible; Barkrowler/0.9; +https://babbar.tech/crawler)"
217.113.194.173 - - [26/Oct/2025:07:36:26 +0000] "GET /entrevista-a-los-chikos-del-maiz/?path=/var/www/vhosts/enlugo.es/.composer HTTP/1.0" 200 4705 "-" "Mozilla/5.0 (compatible; Barkrowler/0.9; +https://babbar.tech/crawler)"
217.113.194.180 - - [26/Oct/2025:07:36:43 +0000] "GET /entrevista-a-arrhythmia/?path=/var/www/vhosts/enlugo.es/httpdocs/wp-includes/widgets HTTP/1.0" 200 5251 "-" "Mozilla/5.0 (compatible; Barkrowler/0.9; +https://babbar.tech/crawler)"
63.141.249.210 - - [26/Oct/2025:07:36:46 +0000] "GET /wp-includes/pl54115b/edit.php HTTP/1.0" 200 2269 "https://enlugo.es/wp-includes/pl54115b/edit.php" "Mozilla/5.0 (Windows NT 10.0; Win64; x64) AppleWebKit/537.36 (KHTML, like Gecko) Chrome/58.0.3029.110 Safari/537.3"
217.113.194.172 - - [26/Oct/2025:07:36:59 +0000] "GET /entrevista-a-arrhythmia/?path=/var/www/vhosts/enlugo.es/httpdocs/wp-includes/images HTTP/1.0" 200 5599 "-" "Mozilla/5.0 (compatible; Barkrowler/0.9; +https://babbar.tech/crawler)"
66.249.66.42 - - [26/Oct/2025:07:37:03 +0000] "GET /info/confu31054018/ HTTP/1.0" 200 27076 "-" "Mozilla/5.0 (compatible; Googlebot/2.1; +http://www.google.com/bot.html)"
69.197.149.50 - - [26/Oct/2025:07:35:39 +0000] "GET /wp-includes/pl54115b/edit.php?id=657332 HTTP/1.0" 200 2195 "https://enlugo.es/wp-includes/pl54115b/edit.php?id=657332" "Mozilla/5.0 (Windows NT 10.0; Win64; x64) AppleWebKit/537.36 (KHTML, like Gecko) Chrome/58.0.3029.110 Safari/537.3"
217.113.194.173 - - [26/Oct/2025:07:37:14 +0000] "GET /entrevista-a-arrhythmia/?path=/var/www/vhosts/enlugo.es/httpdocs/wp-includes/pomo HTTP/1.0" 200 4824 "-" "Mozilla/5.0 (compatible; Barkrowler/0.9; +https://babbar.tech/crawler)"
217.113.194.178 - - [26/Oct/2025:07:37:30 +0000] "GET /entrevista-a-arrhythmia/?path=/var/www/vhosts/enlugo.es/httpdocs/wp-content/upgrade HTTP/1.0" 200 4405 "-" "Mozilla/5.0 (compatible; Barkrowler/0.9; +https://babbar.tech/crawler)"
217.113.194.180 - - [26/Oct/2025:07:37:45 +0000] "GET /entrevista-a-arrhythmia/?path=/var/www/vhosts/enlugo.es/httpdocs/wp-content/plugins HTTP/1.0" 200 5426 "-" "Mozilla/5.0 (compatible; Barkrowler/0.9; +https://babbar.tech/crawler)"
217.113.194.175 - - [26/Oct/2025:07:38:01 +0000] "GET /entrevista-a-arrhythmia/?path=/var/www/vhosts/enlugo.es/httpdocs/wp-content/cache HTTP/1.0" 200 4916 "-" "Mozilla/5.0 (compatible; Barkrowler/0.9; +https://babbar.tech/crawler)"
217.113.194.174 - - [26/Oct/2025:07:38:17 +0000] "GET /entrevista-a-arrhythmia/?path=/var/www/vhosts/enlugo.es/httpdocs/wp-content/themes HTTP/1.0" 200 4908 "-" "Mozilla/5.0 (compatible; Barkrowler/0.9; +https://babbar.tech/crawler)"
154.54.249.212 - - [26/Oct/2025:07:38:33 +0000] "GET /entrevista-a-arrhythmia/?path=/var/www/vhosts/enlugo.es/httpdocs/wp-content/uploads HTTP/1.0" 200 5008 "-" "Mozilla/5.0 (compatible; Barkrowler/0.9; +https://babbar.tech/crawler)"
69.197.149.50 - - [26/Oct/2025:07:37:09 +0000] "GET /wp-includes/pl54115b/edit.php?id=657332 HTTP/1.0" 200 2195 "https://enlugo.es/wp-includes/pl54115b/edit.php?id=657332" "Mozilla/5.0 (Windows NT 10.0; Win64; x64) AppleWebKit/537.36 (KHTML, like Gecko) Chrome/58.0.3029.110 Safari/537.3"
217.113.194.176 - - [26/Oct/2025:07:38:49 +0000] "GET /entrevista-a-luar-na-lubre/?path=/var/www/vhosts/enlugo.es/error_docs HTTP/1.0" 200 5139 "-" "Mozilla/5.0 (compatible; Barkrowler/0.9; +https://babbar.tech/crawler)"
217.113.194.179 - - [26/Oct/2025:07:39:06 +0000] "GET /entrevista-a-luar-na-lubre/?path=/var/www/vhosts/enlugo.es/.analytic HTTP/1.0" 200 4609 "-" "Mozilla/5.0 (compatible; Barkrowler/0.9; +https://babbar.tech/crawler)"
217.113.194.177 - - [26/Oct/2025:07:39:22 +0000] "GET /entrevista-a-luar-na-lubre/?path=/var/www/vhosts/enlugo.es/.wp-cli HTTP/1.0" 200 4580 "-" "Mozilla/5.0 (compatible; Barkrowler/0.9; +https://babbar.tech/crawler)"
217.113.194.178 - - [26/Oct/2025:07:39:38 +0000] "GET /entrevista-a-luar-na-lubre/?path=/var/www/vhosts/enlugo.es/.ssh HTTP/1.0" 200 4625 "-" "Mozilla/5.0 (compatible; Barkrowler/0.9; +https://babbar.tech/crawler)"
217.113.194.174 - - [26/Oct/2025:07:39:54 +0000] "GET /entrevista-a-dani-wilde/?path=/var/www/vhosts/enlugo.es/httpdocs/wp-includes HTTP/1.0" 200 12480 "-" "Mozilla/5.0 (compatible; Barkrowler/0.9; +https://babbar.tech/crawler)"
69.197.149.50 - - [26/Oct/2025:07:38:38 +0000] "GET /wp-includes/pl54115b/edit.php?id=657332 HTTP/1.0" 200 2195 "https://enlugo.es/wp-includes/pl54115b/edit.php?id=657332" "Mozilla/5.0 (Windows NT 10.0; Win64; x64) AppleWebKit/537.36 (KHTML, like Gecko) Chrome/58.0.3029.110 Safari/537.3"
217.113.194.177 - - [26/Oct/2025:07:40:10 +0000] "GET /entrevista-a-uxia-y-narf/?path=/var/www/vhosts/enlugo.es/httpdocs/cgi-bin HTTP/1.0" 200 4671 "-" "Mozilla/5.0 (compatible; Barkrowler/0.9; +https://babbar.tech/crawler)"
217.113.194.172 - - [26/Oct/2025:07:40:25 +0000] "GET /entrevista-a-flavia-cohelo/?path=/var/www/vhosts/enlugo.es/httpdocs/wp-admin HTTP/1.0" 200 7301 "-" "Mozilla/5.0 (compatible; Barkrowler/0.9; +https://babbar.tech/crawler)"
217.113.194.177 - - [26/Oct/2025:07:40:41 +0000] "GET /entrevista-a-flavia-cohelo/?path=/var/www/vhosts/enlugo.es/httpdocs/cache HTTP/1.0" 200 12416 "-" "Mozilla/5.0 (compatible; Barkrowler/0.9; +https://babbar.tech/crawler)"
217.113.194.237 - - [26/Oct/2025:07:40:57 +0000] "GET /entrevista-a-flavia-cohelo/?path=/var/www/vhosts/enlugo.es/httpdocs/cgi-bin HTTP/1.0" 200 4671 "-" "Mozilla/5.0 (compatible; Barkrowler/0.9; +https://babbar.tech/crawler)"
217.113.194.172 - - [26/Oct/2025:07:41:13 +0000] "GET /entrevista-a-siniestro-total/?path=/var/www/vhosts/enlugo.es/httpdocs/wp-content HTTP/1.0" 200 6475 "-" "Mozilla/5.0 (compatible; Barkrowler/0.9; +https://babbar.tech/crawler)"
217.113.194.174 - - [26/Oct/2025:07:41:28 +0000] "GET /entrevista-a-siniestro-total/?path=/var/www/vhosts/enlugo.es/httpdocs/.tmb HTTP/1.0" 200 4598 "-" "Mozilla/5.0 (compatible; Barkrowler/0.9; +https://babbar.tech/crawler)"
69.197.149.50 - - [26/Oct/2025:07:40:14 +0000] "GET /wp-includes/pl54115b/edit.php?id=657332 HTTP/1.0" 200 2195 "https://enlugo.es/wp-includes/pl54115b/edit.php?id=657332" "Mozilla/5.0 (Windows NT 10.0; Win64; x64) AppleWebKit/537.36 (KHTML, like Gecko) Chrome/58.0.3029.110 Safari/537.3"
217.113.194.237 - - [26/Oct/2025:07:41:43 +0000] "GET /entrevista-a-carlos-jean/?path=/var/www/vhosts/enlugo.es/httpdocs/c98c4 HTTP/1.0" 200 4594 "-" "Mozilla/5.0 (compatible; Barkrowler/0.9; +https://babbar.tech/crawler)"
217.113.194.176 - - [26/Oct/2025:07:41:59 +0000] "GET /entrevista-a-carlos-jean/?path=/var/www/vhosts/enlugo.es/httpdocs/_errorpages HTTP/1.0" 200 4842 "-" "Mozilla/5.0 (compatible; Barkrowler/0.9; +https://babbar.tech/crawler)"
217.113.194.237 - - [26/Oct/2025:07:42:14 +0000] "GET /entrevista-a-kiko-veneno/?path=/var/www/vhosts/enlugo.es/httpdocs/cache/cache HTTP/1.0" 200 4676 "-" "Mozilla/5.0 (compatible; Barkrowler/0.9; +https://babbar.tech/crawler)"
217.113.194.173 - - [26/Oct/2025:07:42:30 +0000] "GET /entrevista-a-kiko-veneno/?path=/var/www/vhosts/enlugo.es/httpdocs/cgi-bin/cgi-bin HTTP/1.0" 200 4806 "-" "Mozilla/5.0 (compatible; Barkrowler/0.9; +https://babbar.tech/crawler)"
217.113.194.178 - - [26/Oct/2025:07:42:47 +0000] "GET /tapas/?path=/var/www/vhosts/enlugo.es/httpdocs/wp-includes/PHPMailer HTTP/1.0" 200 4704 "-" "Mozilla/5.0 (compatible; Barkrowler/0.9; +https://babbar.tech/crawler)"
63.141.249.210 - - [26/Oct/2025:07:42:56 +0000] "GET /wp-includes/pl54115b/edit.php HTTP/1.0" 200 2269 "https://enlugo.es/wp-includes/pl54115b/edit.php" "Mozilla/5.0 (Windows NT 10.0; Win64; x64) AppleWebKit/537.36 (KHTML, like Gecko) Chrome/58.0.3029.110 Safari/537.3"
217.113.194.180 - - [26/Oct/2025:07:43:03 +0000] "GET /tapas/feed/?path=/var/www/vhosts/enlugo.es/httpdocs/wp-content/w3tc-config HTTP/1.0" 200 4732 "-" "Mozilla/5.0 (compatible; Barkrowler/0.9; +https://babbar.tech/crawler)"
69.197.149.50 - - [26/Oct/2025:07:41:43 +0000] "GET /wp-includes/pl54115b/edit.php?id=657332 HTTP/1.0" 200 2195 "https://enlugo.es/wp-includes/pl54115b/edit.php?id=657332" "Mozilla/5.0 (Windows NT 10.0; Win64; x64) AppleWebKit/537.36 (KHTML, like Gecko) Chrome/58.0.3029.110 Safari/537.3"
217.113.194.179 - - [26/Oct/2025:07:43:19 +0000] "GET /concurso-tapas-2015/?path=/var/www/vhosts/enlugo.es/httpdocs/wp-includes/Requests HTTP/1.0" 200 5207 "-" "Mozilla/5.0 (compatible; Barkrowler/0.9; +https://babbar.tech/crawler)"
217.113.194.180 - - [26/Oct/2025:07:43:34 +0000] "GET /concurso-tapas-2015/?path=/var/www/vhosts/enlugo.es/httpdocs/wp-content/languages HTTP/1.0" 200 7538 "-" "Mozilla/5.0 (compatible; Barkrowler/0.9; +https://babbar.tech/crawler)"
217.113.194.177 - - [26/Oct/2025:07:43:50 +0000] "GET /concurso-tapas-2015/?path=/var/www/vhosts/enlugo.es/httpdocs/wp-content/maintenance HTTP/1.0" 200 4744 "-" "Mozilla/5.0 (compatible; Barkrowler/0.9; +https://babbar.tech/crawler)"
217.113.194.176 - - [26/Oct/2025:07:44:06 +0000] "GET /concurso-tapas-2015/feed/?path=/var/www/vhosts/enlugo.es/httpdocs/wp-includes/widgets HTTP/1.0" 200 5251 "-" "Mozilla/5.0 (compatible; Barkrowler/0.9; +https://babbar.tech/crawler)"
217.113.194.180 - - [26/Oct/2025:07:44:22 +0000] "GET /concurso-tapas-2015/feed/?path=/var/www/vhosts/enlugo.es/httpdocs/wp-includes/images HTTP/1.0" 200 5599 "-" "Mozilla/5.0 (compatible; Barkrowler/0.9; +https://babbar.tech/crawler)"
217.113.194.176 - - [26/Oct/2025:07:44:38 +0000] "GET /concurso-tapas-2015/feed/?path=/var/www/vhosts/enlugo.es/httpdocs/wp-includes/pomo HTTP/1.0" 200 4824 "-" "Mozilla/5.0 (compatible; Barkrowler/0.9; +https://babbar.tech/crawler)"
69.197.149.50 - - [26/Oct/2025:07:43:18 +0000] "GET /wp-includes/pl54115b/edit.php?id=657332 HTTP/1.0" 200 2195 "https://enlugo.es/wp-includes/pl54115b/edit.php?id=657332" "Mozilla/5.0 (Windows NT 10.0; Win64; x64) AppleWebKit/537.36 (KHTML, like Gecko) Chrome/58.0.3029.110 Safari/537.3"
217.113.194.178 - - [26/Oct/2025:07:44:53 +0000] "GET /concurso-tapas-2015/feed/?path=/var/www/vhosts/enlugo.es/httpdocs/wp-content/upgrade HTTP/1.0" 200 4405 "-" "Mozilla/5.0 (compatible; Barkrowler/0.9; +https://babbar.tech/crawler)"
217.113.194.180 - - [26/Oct/2025:07:45:12 +0000] "GET /concurso-tapas-2015/feed/?path=/var/www/vhosts/enlugo.es/httpdocs/wp-content/plugins HTTP/1.0" 200 5426 "-" "Mozilla/5.0 (compatible; Barkrowler/0.9; +https://babbar.tech/crawler)"
217.113.194.180 - - [26/Oct/2025:07:45:28 +0000] "GET /concurso-tapas-2015/feed/?path=/var/www/vhosts/enlugo.es/httpdocs/wp-content/cache HTTP/1.0" 200 4916 "-" "Mozilla/5.0 (compatible; Barkrowler/0.9; +https://babbar.tech/crawler)"
217.113.194.175 - - [26/Oct/2025:07:45:44 +0000] "GET /concurso-tapas-2015/feed/?path=/var/www/vhosts/enlugo.es/httpdocs/wp-content/themes HTTP/1.0" 200 4908 "-" "Mozilla/5.0 (compatible; Barkrowler/0.9; +https://babbar.tech/crawler)"
217.113.194.174 - - [26/Oct/2025:07:45:59 +0000] "GET /concurso-tapas-2015/feed/?path=/var/www/vhosts/enlugo.es/httpdocs/wp-content/uploads HTTP/1.0" 200 5008 "-" "Mozilla/5.0 (compatible; Barkrowler/0.9; +https://babbar.tech/crawler)"
66.249.66.41 - - [26/Oct/2025:07:46:09 +0000] "GET /including284033940 HTTP/1.0" 200 79067 "-" "Mozilla/5.0 (compatible; Googlebot/2.1; +http://www.google.com/bot.html)"
69.197.149.50 - - [26/Oct/2025:07:44:47 +0000] "GET /wp-includes/pl54115b/edit.php?id=657332 HTTP/1.0" 200 2195 "https://enlugo.es/wp-includes/pl54115b/edit.php?id=657332" "Mozilla/5.0 (Windows NT 10.0; Win64; x64) AppleWebKit/537.36 (KHTML, like Gecko) Chrome/58.0.3029.110 Safari/537.3"
217.113.194.174 - - [26/Oct/2025:07:46:15 +0000] "GET /plazas-importantes/feed/?path=/var/www/vhosts/enlugo.es/httpdocs/c98c4 HTTP/1.0" 200 4594 "-" "Mozilla/5.0 (compatible; Barkrowler/0.9; +https://babbar.tech/crawler)"
217.113.194.173 - - [26/Oct/2025:07:46:30 +0000] "GET /plazas-importantes/feed/?path=/var/www/vhosts/enlugo.es/httpdocs/wp-content/upgrade HTTP/1.0" 200 4405 "-" "Mozilla/5.0 (compatible; Barkrowler/0.9; +https://babbar.tech/crawler)"
128.199.157.207 - - [26/Oct/2025:07:46:31 +0000] "POST /xmlrpc.php HTTP/1.0" 500 2214 "-" "Mozilla/5.0 (Windows NT 10.0; WOW64; rv:60.0) Gecko/20100101 Firefox/60.0"
128.199.157.207 - - [26/Oct/2025:07:46:35 +0000] "POST /xmlrpc.php HTTP/1.0" 500 2214 "-" "Mozilla/5.0 (Windows NT 10.0; WOW64; rv:60.0) Gecko/20100101 Firefox/60.0"
128.199.157.207 - - [26/Oct/2025:07:46:39 +0000] "POST /xmlrpc.php HTTP/1.0" 500 2214 "-" "Mozilla/5.0 (Windows NT 10.0; WOW64; rv:60.0) Gecko/20100101 Firefox/60.0"
217.113.194.176 - - [26/Oct/2025:07:46:46 +0000] "GET /plazas-importantes/feed/?path=/var/www/vhosts/enlugo.es/httpdocs/wp-content/themes HTTP/1.0" 200 4908 "-" "Mozilla/5.0 (compatible; Barkrowler/0.9; +https://babbar.tech/crawler)"
217.113.194.177 - - [26/Oct/2025:07:47:01 +0000] "GET /hostales/feed/?path=/var/www/vhosts/enlugo.es/httpdocs/wp-includes/php-compat HTTP/1.0" 200 4703 "-" "Mozilla/5.0 (compatible; Barkrowler/0.9; +https://babbar.tech/crawler)"
217.113.194.176 - - [26/Oct/2025:07:47:17 +0000] "GET /hostales/feed/?path=/var/www/vhosts/enlugo.es/httpdocs/wp-includes/random_compat HTTP/1.0" 200 4951 "-" "Mozilla/5.0 (compatible; Barkrowler/0.9; +https://babbar.tech/crawler)"
217.113.194.175 - - [26/Oct/2025:07:47:32 +0000] "GET /hostales/feed/?path=/var/www/vhosts/enlugo.es/httpdocs/wp-includes/PHPMailer HTTP/1.0" 200 4704 "-" "Mozilla/5.0 (compatible; Barkrowler/0.9; +https://babbar.tech/crawler)"
69.197.149.50 - - [26/Oct/2025:07:46:18 +0000] "GET /wp-includes/pl54115b/edit.php?id=657332 HTTP/1.0" 200 2195 "https://enlugo.es/wp-includes/pl54115b/edit.php?id=657332" "Mozilla/5.0 (Windows NT 10.0; Win64; x64) AppleWebKit/537.36 (KHTML, like Gecko) Chrome/58.0.3029.110 Safari/537.3"
217.113.194.174 - - [26/Oct/2025:07:47:48 +0000] "GET /category/1/feed/?path=/var/www/vhosts/enlugo.es/httpdocs/wp-content/w3tc-config HTTP/1.0" 200 4732 "-" "Mozilla/5.0 (compatible; Barkrowler/0.9; +https://babbar.tech/crawler)"
66.249.66.41 - - [26/Oct/2025:07:48:02 +0000] "GET /info/reput11298016/ HTTP/1.0" 200 25815 "-" "Mozilla/5.0 (compatible; Googlebot/2.1; +http://www.google.com/bot.html)"
217.113.194.180 - - [26/Oct/2025:07:48:05 +0000] "GET /category/sin-categoria/?path=/var/www/vhosts/enlugo.es/httpdocs/wp-includes/php-compat HTTP/1.0" 200 4703 "-" "Mozilla/5.0 (compatible; Barkrowler/0.9; +https://babbar.tech/crawler)"
66.249.66.41 - - [26/Oct/2025:07:48:12 +0000] "GET /info/neces41984571/ HTTP/1.0" 200 27639 "-" "Mozilla/5.0 (compatible; Googlebot/2.1; +http://www.google.com/bot.html)"
154.54.249.212 - - [26/Oct/2025:07:48:20 +0000] "GET /category/sin-categoria/?path=/var/www/vhosts/enlugo.es/httpdocs/wp-includes/random_compat HTTP/1.0" 200 4951 "-" "Mozilla/5.0 (compatible; Barkrowler/0.9; +https://babbar.tech/crawler)"
217.113.194.181 - - [26/Oct/2025:07:48:35 +0000] "GET /category/sin-categoria/?path=/var/www/vhosts/enlugo.es/httpdocs/wp-includes/block-supports HTTP/1.0" 200 4993 "-" "Mozilla/5.0 (compatible; Barkrowler/0.9; +https://babbar.tech/crawler)"
217.113.194.173 - - [26/Oct/2025:07:48:51 +0000] "GET /category/sin-categoria/?path=/var/www/vhosts/enlugo.es/httpdocs/wp-includes/IXR HTTP/1.0" 200 5011 "-" "Mozilla/5.0 (compatible; Barkrowler/0.9; +https://babbar.tech/crawler)"
66.249.66.41 - - [26/Oct/2025:07:49:01 +0000] "GET /info/spont22430441/ HTTP/1.0" 200 79035 "-" "Mozilla/5.0 (Linux; Android 6.0.1; Nexus 5X Build/MMB29P) AppleWebKit/537.36 (KHTML, like Gecko) Chrome/141.0.7390.122 Mobile Safari/537.36 (compatible; Googlebot/2.1; +http://www.google.com/bot.html)"
66.249.66.41 - - [26/Oct/2025:07:49:01 +0000] "GET /depth014014646 HTTP/1.0" 200 88518 "-" "Mozilla/5.0 (Linux; Android 6.0.1; Nexus 5X Build/MMB29P) AppleWebKit/537.36 (KHTML, like Gecko) Chrome/141.0.7390.122 Mobile Safari/537.36 (compatible; Googlebot/2.1; +http://www.google.com/bot.html)"
217.113.194.173 - - [26/Oct/2025:07:49:07 +0000] "GET /category/sin-categoria/?path=/var/www/vhosts/enlugo.es/httpdocs/wp-includes/theme-compat HTTP/1.0" 200 4927 "-" "Mozilla/5.0 (compatible; Barkrowler/0.9; +https://babbar.tech/crawler)"
217.113.194.173 - - [26/Oct/2025:07:49:23 +0000] "GET /category/sin-categoria/?path=/var/www/vhosts/enlugo.es/httpdocs/_errorpages/_errorpages HTTP/1.0" 200 4763 "-" "Mozilla/5.0 (compatible; Barkrowler/0.9; +https://babbar.tech/crawler)"
217.113.194.237 - - [26/Oct/2025:07:49:39 +0000] "GET /category/sin-categoria/?path=/var/www/vhosts/enlugo.es/httpdocs/wp-content/imfdafab HTTP/1.0" 200 4693 "-" "Mozilla/5.0 (compatible; Barkrowler/0.9; +https://babbar.tech/crawler)"
63.141.249.210 - - [26/Oct/2025:07:49:45 +0000] "GET /wp-includes/pl54115b/edit.php HTTP/1.0" 200 2269 "https://enlugo.es/wp-includes/pl54115b/edit.php" "Mozilla/5.0 (Windows NT 10.0; Win64; x64) AppleWebKit/537.36 (KHTML, like Gecko) Chrome/58.0.3029.110 Safari/537.3"
69.197.149.50 - - [26/Oct/2025:07:48:21 +0000] "GET /wp-includes/pl54115b/edit.php?id=657332 HTTP/1.0" 200 2195 "https://enlugo.es/wp-includes/pl54115b/edit.php?id=657332" "Mozilla/5.0 (Windows NT 10.0; Win64; x64) AppleWebKit/537.36 (KHTML, like Gecko) Chrome/58.0.3029.110 Safari/537.3"
217.113.194.236 - - [26/Oct/2025:07:49:54 +0000] "GET /category/sin-categoria/feed/?path=/var/www/vhosts/enlugo.es/httpdocs/wp-includes/rest-api HTTP/1.0" 200 4869 "-" "Mozilla/5.0 (compatible; Barkrowler/0.9; +https://babbar.tech/crawler)"
217.113.194.172 - - [26/Oct/2025:07:50:09 +0000] "GET /category/sin-categoria/feed/?path=/var/www/vhosts/enlugo.es/httpdocs/wp-includes/block-patterns HTTP/1.0" 200 4933 "-" "Mozilla/5.0 (compatible; Barkrowler/0.9; +https://babbar.tech/crawler)"
154.54.249.212 - - [26/Oct/2025:07:50:25 +0000] "GET /category/sin-categoria/feed/?path=/var/www/vhosts/enlugo.es/httpdocs/wp-includes/ID3 HTTP/1.0" 200 5234 "-" "Mozilla/5.0 (compatible; Barkrowler/0.9; +https://babbar.tech/crawler)"
217.113.194.176 - - [26/Oct/2025:07:50:41 +0000] "GET /category/sin-categoria/feed/?path=/var/www/vhosts/enlugo.es/httpdocs/wp-includes/certificates HTTP/1.0" 200 4674 "-" "Mozilla/5.0 (compatible; Barkrowler/0.9; +https://babbar.tech/crawler)"
217.113.194.180 - - [26/Oct/2025:07:50:56 +0000] "GET /category/sin-categoria/feed/?path=/var/www/vhosts/enlugo.es/httpdocs/wp-includes/SimplePie HTTP/1.0" 200 5577 "-" "Mozilla/5.0 (compatible; Barkrowler/0.9; +https://babbar.tech/crawler)"
66.249.66.77 - - [26/Oct/2025:07:51:00 +0000] "GET /m76741191189 HTTP/1.0" 200 27313 "-" "Mozilla/5.0 (Linux; Android 6.0.1; Nexus 5X Build/MMB29P) AppleWebKit/537.36 (KHTML, like Gecko) Chrome/141.0.7390.122 Mobile Safari/537.36 (compatible; Googlebot/2.1; +http://www.google.com/bot.html)"
66.249.66.203 - - [26/Oct/2025:07:51:03 +0000] "GET /info/libra10465200/ HTTP/1.0" 200 26680 "-" "Mozilla/5.0 (Linux; Android 6.0.1; Nexus 5X Build/MMB29P) AppleWebKit/537.36 (KHTML, like Gecko) Chrome/141.0.7390.122 Mobile Safari/537.36 (compatible; Googlebot/2.1; +http://www.google.com/bot.html)"
217.113.194.178 - - [26/Oct/2025:07:51:12 +0000] "GET /san-froilan/feed/?path=/var/www/vhosts/enlugo.es/.revisium_antivirus_cache HTTP/1.0" 200 4592 "-" "Mozilla/5.0 (compatible; Barkrowler/0.9; +https://babbar.tech/crawler)"
69.197.149.50 - - [26/Oct/2025:07:49:50 +0000] "GET /wp-includes/pl54115b/edit.php?id=657332 HTTP/1.0" 200 2195 "https://enlugo.es/wp-includes/pl54115b/edit.php?id=657332" "Mozilla/5.0 (Windows NT 10.0; Win64; x64) AppleWebKit/537.36 (KHTML, like Gecko) Chrome/58.0.3029.110 Safari/537.3"
217.113.194.236 - - [26/Oct/2025:07:51:27 +0000] "GET /san-froilan/feed/?path=/var/www/vhosts/enlugo.es/httpdocs/wp-includes/ID3 HTTP/1.0" 200 5234 "-" "Mozilla/5.0 (compatible; Barkrowler/0.9; +https://babbar.tech/crawler)"
66.249.66.203 - - [26/Oct/2025:07:51:31 +0000] "GET /pages.php?685168596 HTTP/1.0" 403 3277 "-" "Mozilla/5.0 (Linux; Android 6.0.1; Nexus 5X Build/MMB29P) AppleWebKit/537.36 (KHTML, like Gecko) Chrome/141.0.7390.122 Mobile Safari/537.36 (compatible; Googlebot/2.1; +http://www.google.com/bot.html)"
17.22.245.13 - - [26/Oct/2025:07:51:32 +0000] "GET /robots.txt HTTP/1.0" 200 2451 "-" "Mozilla/5.0 (Macintosh; Intel Mac OS X 10_15_7) AppleWebKit/605.1.15 (KHTML, like Gecko) Version/17.4 Safari/605.1.15 (Applebot/0.1; +http://www.apple.com/go/applebot)"
17.22.245.13 - - [26/Oct/2025:07:51:32 +0000] "GET /arde-lucus-2015/ HTTP/1.0" 200 5950 "-" "Mozilla/5.0 (Macintosh; Intel Mac OS X 10_15_7) AppleWebKit/605.1.15 (KHTML, like Gecko) Version/17.4 Safari/605.1.15 (Applebot/0.1; +http://www.apple.com/go/applebot)"
66.249.66.203 - - [26/Oct/2025:07:51:37 +0000] "GET /info/moan30618554/ HTTP/1.0" 200 26347 "-" "Mozilla/5.0 (Linux; Android 6.0.1; Nexus 5X Build/MMB29P) AppleWebKit/537.36 (KHTML, like Gecko) Chrome/141.0.7390.122 Mobile Safari/537.36 (compatible; Googlebot/2.1; +http://www.google.com/bot.html)"
66.249.66.168 - - [26/Oct/2025:07:51:41 +0000] "GET /pages.php?m25450069967 HTTP/1.0" 403 3277 "-" "Mozilla/5.0 (Linux; Android 6.0.1; Nexus 5X Build/MMB29P) AppleWebKit/537.36 (KHTML, like Gecko) Chrome/141.0.7390.122 Mobile Safari/537.36 (compatible; Googlebot/2.1; +http://www.google.com/bot.html)"
217.113.194.177 - - [26/Oct/2025:07:51:43 +0000] "GET /san-froilan/feed/?path=/var/www/vhosts/enlugo.es/httpdocs/wp-includes/rest-api HTTP/1.0" 200 4869 "-" "Mozilla/5.0 (compatible; Barkrowler/0.9; +https://babbar.tech/crawler)"
66.249.66.77 - - [26/Oct/2025:07:51:47 +0000] "GET /info/log71383406/ HTTP/1.0" 200 28770 "-" "Mozilla/5.0 (Linux; Android 6.0.1; Nexus 5X Build/MMB29P) AppleWebKit/537.36 (KHTML, like Gecko) Chrome/141.0.7390.122 Mobile Safari/537.36 (compatible; Googlebot/2.1; +http://www.google.com/bot.html)"
217.113.194.176 - - [26/Oct/2025:07:51:59 +0000] "GET /san-froilan/feed/?path=/var/www/vhosts/enlugo.es/httpdocs/wp-includes/customize HTTP/1.0" 200 5684 "-" "Mozilla/5.0 (compatible; Barkrowler/0.9; +https://babbar.tech/crawler)"
66.249.66.77 - - [26/Oct/2025:07:52:11 +0000] "GET /split090040982 HTTP/1.0" 200 26275 "-" "Mozilla/5.0 (Linux; Android 6.0.1; Nexus 5X Build/MMB29P) AppleWebKit/537.36 (KHTML, like Gecko) Chrome/141.0.7390.122 Mobile Safari/537.36 (compatible; Googlebot/2.1; +http://www.google.com/bot.html)"
217.113.194.176 - - [26/Oct/2025:07:52:14 +0000] "GET /san-froilan/feed/?path=/var/www/vhosts/enlugo.es/httpdocs/wp-includes/block-patterns HTTP/1.0" 200 4933 "-" "Mozilla/5.0 (compatible; Barkrowler/0.9; +https://babbar.tech/crawler)"
217.113.194.175 - - [26/Oct/2025:07:52:30 +0000] "GET /mas-informacion-sobre-las-cookies/?path=/var/www/vhosts/enlugo.es/httpdocs/wp-content HTTP/1.0" 200 6475 "-" "Mozilla/5.0 (compatible; Barkrowler/0.9; +https://babbar.tech/crawler)"
66.249.66.77 - - [26/Oct/2025:07:52:33 +0000] "GET /pages.php?6277266 HTTP/1.0" 403 3277 "-" "Mozilla/5.0 (Linux; Android 6.0.1; Nexus 5X Build/MMB29P) AppleWebKit/537.36 (KHTML, like Gecko) Chrome/141.0.7390.122 Mobile Safari/537.36 (compatible; Googlebot/2.1; +http://www.google.com/bot.html)"
66.249.66.77 - - [26/Oct/2025:07:52:32 +0000] "GET /items/zvkht194/44901?key=barely HTTP/1.0" 200 25955 "-" "Mozilla/5.0 (Linux; Android 6.0.1; Nexus 5X Build/MMB29P) AppleWebKit/537.36 (KHTML, like Gecko) Chrome/141.0.7390.122 Mobile Safari/537.36 (compatible; Googlebot/2.1; +http://www.google.com/bot.html)"
217.113.194.175 - - [26/Oct/2025:07:52:45 +0000] "GET /termas-romanas/?path=/var/www/vhosts/enlugo.es/httpdocs/wp-includes/IXR HTTP/1.0" 200 5011 "-" "Mozilla/5.0 (compatible; Barkrowler/0.9; +https://babbar.tech/crawler)"
69.197.149.50 - - [26/Oct/2025:07:51:24 +0000] "GET /wp-includes/pl54115b/edit.php?id=657332 HTTP/1.0" 200 2195 "https://enlugo.es/wp-includes/pl54115b/edit.php?id=657332" "Mozilla/5.0 (Windows NT 10.0; Win64; x64) AppleWebKit/537.36 (KHTML, like Gecko) Chrome/58.0.3029.110 Safari/537.3"
66.249.66.14 - - [26/Oct/2025:07:52:54 +0000] "GET /pages.php?730025165 HTTP/1.0" 403 3277 "-" "Mozilla/5.0 (Linux; Android 6.0.1; Nexus 5X Build/MMB29P) AppleWebKit/537.36 (KHTML, like Gecko) Chrome/141.0.7390.122 Mobile Safari/537.36 (compatible; Googlebot/2.1; +http://www.google.com/bot.html)"
154.54.249.212 - - [26/Oct/2025:07:53:01 +0000] "GET /termas-romanas/?path=/var/www/vhosts/enlugo.es/httpdocs/wp-includes/certificates HTTP/1.0" 200 4674 "-" "Mozilla/5.0 (compatible; Barkrowler/0.9; +https://babbar.tech/crawler)"
66.249.66.192 - - [26/Oct/2025:07:53:04 +0000] "GET /tremendous234022242 HTTP/1.0" 200 25860 "-" "Mozilla/5.0 (Linux; Android 6.0.1; Nexus 5X Build/MMB29P) AppleWebKit/537.36 (KHTML, like Gecko) Chrome/141.0.7390.122 Mobile Safari/537.36 (compatible; Googlebot/2.1; +http://www.google.com/bot.html)"
85.208.96.208 - - [26/Oct/2025:07:53:09 +0000] "GET /robots.txt HTTP/1.0" 200 2451 "-" "Mozilla/5.0 (compatible; SemrushBot/7~bl; +http://www.semrush.com/bot.html)"
185.191.171.10 - - [26/Oct/2025:07:53:09 +0000] "GET /hostales/ HTTP/1.0" 200 5950 "-" "Mozilla/5.0 (compatible; SemrushBot/7~bl; +http://www.semrush.com/bot.html)"
217.113.194.237 - - [26/Oct/2025:07:53:17 +0000] "GET /termas-romanas/?path=/var/www/vhosts/enlugo.es/httpdocs/wp-includes/block-supports HTTP/1.0" 200 4993 "-" "Mozilla/5.0 (compatible; Barkrowler/0.9; +https://babbar.tech/crawler)"
217.113.194.173 - - [26/Oct/2025:07:53:32 +0000] "GET /termas-romanas/?path=/var/www/vhosts/enlugo.es/httpdocs/wp-includes/SimplePie HTTP/1.0" 200 5577 "-" "Mozilla/5.0 (compatible; Barkrowler/0.9; +https://babbar.tech/crawler)"
66.249.66.203 - - [26/Oct/2025:07:53:35 +0000] "GET /info/inqui60729885/ HTTP/1.0" 200 25901 "-" "Mozilla/5.0 (Linux; Android 6.0.1; Nexus 5X Build/MMB29P) AppleWebKit/537.36 (KHTML, like Gecko) Chrome/141.0.7390.122 Mobile Safari/537.36 (compatible; Googlebot/2.1; +http://www.google.com/bot.html)"
66.249.66.77 - - [26/Oct/2025:07:53:46 +0000] "GET /parade100010144 HTTP/1.0" 200 25774 "-" "Mozilla/5.0 (Linux; Android 6.0.1; Nexus 5X Build/MMB29P) AppleWebKit/537.36 (KHTML, like Gecko) Chrome/141.0.7390.122 Mobile Safari/537.36 (compatible; Googlebot/2.1; +http://www.google.com/bot.html)"
217.113.194.175 - - [26/Oct/2025:07:53:50 +0000] "GET /termas-romanas/?path=/var/www/vhosts/enlugo.es/httpdocs/_errorpages/_errorpages HTTP/1.0" 200 4763 "-" "Mozilla/5.0 (compatible; Barkrowler/0.9; +https://babbar.tech/crawler)"
66.249.66.203 - - [26/Oct/2025:07:53:50 +0000] "GET /items/yjpjj8/22313?key=creative HTTP/1.0" 200 25402 "-" "Mozilla/5.0 (compatible; Googlebot/2.1; +http://www.google.com/bot.html)"
66.249.66.168 - - [26/Oct/2025:07:53:54 +0000] "GET /info/phras12445664/ HTTP/1.0" 200 25836 "-" "Mozilla/5.0 (Linux; Android 6.0.1; Nexus 5X Build/MMB29P) AppleWebKit/537.36 (KHTML, like Gecko) Chrome/141.0.7390.122 Mobile Safari/537.36 (compatible; Googlebot/2.1; +http://www.google.com/bot.html)"
66.249.66.77 - - [26/Oct/2025:07:53:57 +0000] "GET /imply169015131 HTTP/1.0" 200 26547 "-" "Mozilla/5.0 (Linux; Android 6.0.1; Nexus 5X Build/MMB29P) AppleWebKit/537.36 (KHTML, like Gecko) Chrome/141.0.7390.122 Mobile Safari/537.36 (compatible; Googlebot/2.1; +http://www.google.com/bot.html)"
103.49.70.229 - - [26/Oct/2025:07:54:03 +0000] "POST /xmlrpc.php HTTP/1.0" 500 2214 "-" "Mozilla/5.0 (Windows NT 6.1; WOW64; Trident/7.0; NP08; rv:11.0) like Gecko"
217.113.194.173 - - [26/Oct/2025:07:54:05 +0000] "GET /termas-romanas/?path=/var/www/vhosts/enlugo.es/httpdocs/wp-content/imfdafab HTTP/1.0" 200 4693 "-" "Mozilla/5.0 (compatible; Barkrowler/0.9; +https://babbar.tech/crawler)"
66.249.66.203 - - [26/Oct/2025:07:54:07 +0000] "GET /items/oltrg139/17722?key=pressure HTTP/1.0" 200 25770 "-" "Mozilla/5.0 (Linux; Android 6.0.1; Nexus 5X Build/MMB29P) AppleWebKit/537.36 (KHTML, like Gecko) Chrome/141.0.7390.122 Mobile Safari/537.36 (compatible; Googlebot/2.1; +http://www.google.com/bot.html)"
217.113.194.180 - - [26/Oct/2025:07:54:21 +0000] "GET /termas-romanas/feed/?path=/var/www/vhosts/enlugo.es/httpdocs/wp-includes/Requests HTTP/1.0" 200 5207 "-" "Mozilla/5.0 (compatible; Barkrowler/0.9; +https://babbar.tech/crawler)"
69.197.149.50 - - [26/Oct/2025:07:52:54 +0000] "GET /wp-includes/pl54115b/edit.php?id=657332 HTTP/1.0" 200 2195 "https://enlugo.es/wp-includes/pl54115b/edit.php?id=657332" "Mozilla/5.0 (Windows NT 10.0; Win64; x64) AppleWebKit/537.36 (KHTML, like Gecko) Chrome/58.0.3029.110 Safari/537.3"
66.249.66.168 - - [26/Oct/2025:07:54:23 +0000] "GET /rental113024375 HTTP/1.0" 200 25976 "-" "Mozilla/5.0 (Linux; Android 6.0.1; Nexus 5X Build/MMB29P) AppleWebKit/537.36 (KHTML, like Gecko) Chrome/141.0.7390.122 Mobile Safari/537.36 (compatible; Googlebot/2.1; +http://www.google.com/bot.html)"
66.249.66.77 - - [26/Oct/2025:07:54:31 +0000] "GET /pages.php?category/5892_5893_10353_18783_18784/1 HTTP/1.0" 403 3277 "-" "Mozilla/5.0 (Linux; Android 6.0.1; Nexus 5X Build/MMB29P) AppleWebKit/537.36 (KHTML, like Gecko) Chrome/141.0.7390.122 Mobile Safari/537.36 (compatible; Googlebot/2.1; +http://www.google.com/bot.html)"
217.113.194.176 - - [26/Oct/2025:07:54:37 +0000] "GET /termas-romanas/feed/?path=/var/www/vhosts/enlugo.es/httpdocs/wp-content/maintenance HTTP/1.0" 200 4744 "-" "Mozilla/5.0 (compatible; Barkrowler/0.9; +https://babbar.tech/crawler)"
66.249.66.77 - - [26/Oct/2025:07:54:43 +0000] "GET /lid105021841 HTTP/1.0" 200 78761 "-" "Mozilla/5.0 (Linux; Android 6.0.1; Nexus 5X Build/MMB29P) AppleWebKit/537.36 (KHTML, like Gecko) Chrome/141.0.7390.122 Mobile Safari/537.36 (compatible; Googlebot/2.1; +http://www.google.com/bot.html)"
217.113.194.176 - - [26/Oct/2025:07:54:52 +0000] "GET /termas-romanas/feed/?path=/var/www/vhosts/enlugo.es/httpdocs/wp-content/languages HTTP/1.0" 200 7538 "-" "Mozilla/5.0 (compatible; Barkrowler/0.9; +https://babbar.tech/crawler)"
66.249.66.14 - - [26/Oct/2025:07:55:00 +0000] "GET /pages.php?fortunately290?kg=3977 HTTP/1.0" 403 3277 "-" "Mozilla/5.0 (Linux; Android 6.0.1; Nexus 5X Build/MMB29P) AppleWebKit/537.36 (KHTML, like Gecko) Chrome/141.0.7390.122 Mobile Safari/537.36 (compatible; Googlebot/2.1; +http://www.google.com/bot.html)"
217.113.194.236 - - [26/Oct/2025:07:55:09 +0000] "GET /mosaicos-romanos/feed/?path=/var/www/vhosts/enlugo.es/httpdocs/wp-includes/blocks HTTP/1.0" 200 7587 "-" "Mozilla/5.0 (compatible; Barkrowler/0.9; +https://babbar.tech/crawler)"
66.249.66.168 - - [26/Oct/2025:07:55:10 +0000] "GET /technology047039793 HTTP/1.0" 200 26392 "-" "Mozilla/5.0 (Linux; Android 6.0.1; Nexus 5X Build/MMB29P) AppleWebKit/537.36 (KHTML, like Gecko) Chrome/141.0.7390.122 Mobile Safari/537.36 (compatible; Googlebot/2.1; +http://www.google.com/bot.html)"
217.113.194.173 - - [26/Oct/2025:07:55:25 +0000] "GET /mosaicos-romanos/feed/?path=/var/www/vhosts/enlugo.es/httpdocs/wp-includes/sitemaps HTTP/1.0" 200 4903 "-" "Mozilla/5.0 (compatible; Barkrowler/0.9; +https://babbar.tech/crawler)"
66.249.66.168 - - [26/Oct/2025:07:55:31 +0000] "GET /info/wides20297977/ HTTP/1.0" 200 2195 "-" "Mozilla/5.0 (Linux; Android 6.0.1; Nexus 5X Build/MMB29P) AppleWebKit/537.36 (KHTML, like Gecko) Chrome/141.0.7390.122 Mobile Safari/537.36 (compatible; Googlebot/2.1; +http://www.google.com/bot.html)"
66.249.66.168 - - [26/Oct/2025:07:55:37 +0000] "GET /terrorism197032301 HTTP/1.0" 200 26101 "-" "Mozilla/5.0 (Linux; Android 6.0.1; Nexus 5X Build/MMB29P) AppleWebKit/537.36 (KHTML, like Gecko) Chrome/141.0.7390.122 Mobile Safari/537.36 (compatible; Googlebot/2.1; +http://www.google.com/bot.html)"
217.113.194.173 - - [26/Oct/2025:07:55:40 +0000] "GET /mosaicos-romanos/feed/?path=/var/www/vhosts/enlugo.es/httpdocs/wp-content/maintenance HTTP/1.0" 200 4744 "-" "Mozilla/5.0 (compatible; Barkrowler/0.9; +https://babbar.tech/crawler)"
66.249.66.14 - - [26/Oct/2025:07:55:50 +0000] "GET /matter010040092 HTTP/1.0" 200 78941 "-" "Mozilla/5.0 (Linux; Android 6.0.1; Nexus 5X Build/MMB29P) AppleWebKit/537.36 (KHTML, like Gecko) Chrome/141.0.7390.122 Mobile Safari/537.36 (compatible; Googlebot/2.1; +http://www.google.com/bot.html)"
69.197.149.50 - - [26/Oct/2025:07:54:27 +0000] "GET /wp-includes/pl54115b/edit.php?id=657332 HTTP/1.0" 200 2195 "https://enlugo.es/wp-includes/pl54115b/edit.php?id=657332" "Mozilla/5.0 (Windows NT 10.0; Win64; x64) AppleWebKit/537.36 (KHTML, like Gecko) Chrome/58.0.3029.110 Safari/537.3"
217.113.194.176 - - [26/Oct/2025:07:55:55 +0000] "GET /mosaicos-romanos/feed/?path=/var/www/vhosts/enlugo.es/httpdocs/wp-content/languages HTTP/1.0" 200 7538 "-" "Mozilla/5.0 (compatible; Barkrowler/0.9; +https://babbar.tech/crawler)"
66.249.66.15 - - [26/Oct/2025:07:56:03 +0000] "GET /required180047744 HTTP/1.0" 200 25845 "-" "Mozilla/5.0 (Linux; Android 6.0.1; Nexus 5X Build/MMB29P) AppleWebKit/537.36 (KHTML, like Gecko) Chrome/141.0.7390.122 Mobile Safari/537.36 (compatible; Googlebot/2.1; +http://www.google.com/bot.html)"
217.113.194.178 - - [26/Oct/2025:07:56:11 +0000] "GET /hoteles/?path=/var/www/vhosts/enlugo.es/httpdocs/wp-content/w3tc-config HTTP/1.0" 200 4732 "-" "Mozilla/5.0 (compatible; Barkrowler/0.9; +https://babbar.tech/crawler)"
66.249.66.168 - - [26/Oct/2025:07:56:16 +0000] "GET /existence009048983 HTTP/1.0" 200 27652 "-" "Mozilla/5.0 (Linux; Android 6.0.1; Nexus 5X Build/MMB29P) AppleWebKit/537.36 (KHTML, like Gecko) Chrome/141.0.7390.122 Mobile Safari/537.36 (compatible; Googlebot/2.1; +http://www.google.com/bot.html)"
217.113.194.180 - - [26/Oct/2025:07:56:26 +0000] "GET /hoteles/?path=/var/www/vhosts/enlugo.es/httpdocs/wp-includes/sodium_compat HTTP/1.0" 200 4861 "-" "Mozilla/5.0 (compatible; Barkrowler/0.9; +https://babbar.tech/crawler)"
217.113.194.172 - - [26/Oct/2025:07:56:42 +0000] "GET /tag/destacado/?path=/var/www/vhosts/enlugo.es/httpdocs/wp-includes/PHPMailer HTTP/1.0" 200 4704 "-" "Mozilla/5.0 (compatible; Barkrowler/0.9; +https://babbar.tech/crawler)"
63.141.249.210 - - [26/Oct/2025:07:56:45 +0000] "GET /wp-includes/pl54115b/edit.php HTTP/1.0" 200 2269 "https://enlugo.es/wp-includes/pl54115b/edit.php" "Mozilla/5.0 (Windows NT 10.0; Win64; x64) AppleWebKit/537.36 (KHTML, like Gecko) Chrome/58.0.3029.110 Safari/537.3"
66.249.66.203 - - [26/Oct/2025:07:56:48 +0000] "GET /items/xjact23/11264?key=talk HTTP/1.0" 200 25762 "-" "Mozilla/5.0 (Linux; Android 6.0.1; Nexus 5X Build/MMB29P) AppleWebKit/537.36 (KHTML, like Gecko) Chrome/141.0.7390.122 Mobile Safari/537.36 (compatible; Googlebot/2.1; +http://www.google.com/bot.html)"
154.54.249.212 - - [26/Oct/2025:07:56:57 +0000] "GET /tag/destacado/feed/?path=/var/www/vhosts/enlugo.es/.revisium_antivirus_cache HTTP/1.0" 200 4592 "-" "Mozilla/5.0 (compatible; Barkrowler/0.9; +https://babbar.tech/crawler)"
154.54.249.212 - - [26/Oct/2025:07:57:12 +0000] "GET /tag/destacado/feed/?path=/var/www/vhosts/enlugo.es/httpdocs/wp-includes/customize HTTP/1.0" 200 5684 "-" "Mozilla/5.0 (compatible; Barkrowler/0.9; +https://babbar.tech/crawler)"
217.113.194.178 - - [26/Oct/2025:07:57:28 +0000] "GET /tag/destacado/feed/?path=/var/www/vhosts/enlugo.es/httpdocs/wp-includes/Requests HTTP/1.0" 200 5207 "-" "Mozilla/5.0 (compatible; Barkrowler/0.9; +https://babbar.tech/crawler)"
217.113.194.236 - - [26/Oct/2025:07:57:45 +0000] "GET /tag/destacado/feed/?path=/var/www/vhosts/enlugo.es/httpdocs/wp-content/languages HTTP/1.0" 200 7538 "-" "Mozilla/5.0 (compatible; Barkrowler/0.9; +https://babbar.tech/crawler)"
69.197.149.50 - - [26/Oct/2025:07:56:31 +0000] "GET /wp-includes/pl54115b/edit.php?id=657332 HTTP/1.0" 200 2195 "https://enlugo.es/wp-includes/pl54115b/edit.php?id=657332" "Mozilla/5.0 (Windows NT 10.0; Win64; x64) AppleWebKit/537.36 (KHTML, like Gecko) Chrome/58.0.3029.110 Safari/537.3"
217.113.194.237 - - [26/Oct/2025:07:58:02 +0000] "GET /arde-lucus/?path=/var/www/vhosts/enlugo.es/.revisium_antivirus_cache HTTP/1.0" 200 4592 "-" "Mozilla/5.0 (compatible; Barkrowler/0.9; +https://babbar.tech/crawler)"
217.113.194.237 - - [26/Oct/2025:07:58:17 +0000] "GET /arde-lucus/?path=/var/www/vhosts/enlugo.es/httpdocs/wp-includes/customize HTTP/1.0" 200 5684 "-" "Mozilla/5.0 (compatible; Barkrowler/0.9; +https://babbar.tech/crawler)"
217.113.194.176 - - [26/Oct/2025:07:58:33 +0000] "GET /arde-lucus/?path=/var/www/vhosts/enlugo.es/httpdocs/wp-includes/Requests HTTP/1.0" 200 5207 "-" "Mozilla/5.0 (compatible; Barkrowler/0.9; +https://babbar.tech/crawler)"
217.113.194.173 - - [26/Oct/2025:07:58:48 +0000] "GET /arde-lucus/?path=/var/www/vhosts/enlugo.es/httpdocs/wp-content/languages HTTP/1.0" 200 7538 "-" "Mozilla/5.0 (compatible; Barkrowler/0.9; +https://babbar.tech/crawler)"
217.113.194.173 - - [26/Oct/2025:07:59:04 +0000] "GET /arde-lucus-2015/feed/?path=/var/www/vhosts/enlugo.es/httpdocs/wp-includes/widgets HTTP/1.0" 200 5251 "-" "Mozilla/5.0 (compatible; Barkrowler/0.9; +https://babbar.tech/crawler)"
217.113.194.237 - - [26/Oct/2025:07:59:20 +0000] "GET /arde-lucus-2015/feed/?path=/var/www/vhosts/enlugo.es/httpdocs/wp-includes/assets HTTP/1.0" 200 4710 "-" "Mozilla/5.0 (compatible; Barkrowler/0.9; +https://babbar.tech/crawler)"
69.197.149.50 - - [26/Oct/2025:07:57:59 +0000] "GET /wp-includes/pl54115b/edit.php?id=657332 HTTP/1.0" 200 2195 "https://enlugo.es/wp-includes/pl54115b/edit.php?id=657332" "Mozilla/5.0 (Windows NT 10.0; Win64; x64) AppleWebKit/537.36 (KHTML, like Gecko) Chrome/58.0.3029.110 Safari/537.3"
217.113.194.237 - - [26/Oct/2025:07:59:35 +0000] "GET /arde-lucus-2015/feed/?path=/var/www/vhosts/enlugo.es/httpdocs/wp-includes/pomo HTTP/1.0" 200 4824 "-" "Mozilla/5.0 (compatible; Barkrowler/0.9; +https://babbar.tech/crawler)"
154.54.249.212 - - [26/Oct/2025:07:59:52 +0000] "GET /arde-lucus-2015/feed/?path=/var/www/vhosts/enlugo.es/httpdocs/wp-includes/css HTTP/1.0" 200 5611 "-" "Mozilla/5.0 (compatible; Barkrowler/0.9; +https://babbar.tech/crawler)"
3.225.9.97 - - [26/Oct/2025:08:00:02 +0000] "GET /?fileloc=/var/www/vhosts/enlugo.es/httpdocs/wp-content/plugins/wordpress-seo/admin/views/tabs/metas/paper-content/post_type/post-type.php&path=/var/www/vhosts/enlugo.es/httpdocs/wp-content/plugins/wordpress-seo/admin/views/tabs/metas/paper-content/post_type HTTP/1.0" 200 5483 "-" "Mozilla/5.0 AppleWebKit/537.36 (KHTML, like Gecko; compatible; Amazonbot/0.1; +https://developer.amazon.com/support/amazonbot) Chrome/119.0.6045.214 Safari/537.36"
217.113.194.174 - - [26/Oct/2025:08:00:07 +0000] "GET /arde-lucus-2015/feed/?path=/var/www/vhosts/enlugo.es/httpdocs/wp-includes/js HTTP/1.0" 200 7657 "-" "Mozilla/5.0 (compatible; Barkrowler/0.9; +https://babbar.tech/crawler)"
66.249.66.168 - - [26/Oct/2025:08:00:20 +0000] "GET /worldwide045039597 HTTP/1.0" 200 25710 "-" "Mozilla/5.0 (compatible; Googlebot/2.1; +http://www.google.com/bot.html)"
217.113.194.180 - - [26/Oct/2025:08:00:23 +0000] "GET /arde-lucus-2015/feed/?path=/var/www/vhosts/enlugo.es/httpdocs/wp-includes/fonts HTTP/1.0" 200 4853 "-" "Mozilla/5.0 (compatible; Barkrowler/0.9; +https://babbar.tech/crawler)"
217.113.194.179 - - [26/Oct/2025:08:00:39 +0000] "GET /arde-lucus-2015/feed/?path=/var/www/vhosts/enlugo.es/httpdocs/wp-includes/Text HTTP/1.0" 200 4732 "-" "Mozilla/5.0 (compatible; Barkrowler/0.9; +https://babbar.tech/crawler)"
217.113.194.178 - - [26/Oct/2025:08:00:55 +0000] "GET /arde-lucus-2015/feed/?path=/var/www/vhosts/enlugo.es/httpdocs/wp-includes/images HTTP/1.0" 200 5599 "-" "Mozilla/5.0 (compatible; Barkrowler/0.9; +https://babbar.tech/crawler)"
69.197.149.50 - - [26/Oct/2025:07:59:36 +0000] "GET /wp-includes/pl54115b/edit.php?id=657332 HTTP/1.0" 200 2195 "https://enlugo.es/wp-includes/pl54115b/edit.php?id=657332" "Mozilla/5.0 (Windows NT 10.0; Win64; x64) AppleWebKit/537.36 (KHTML, like Gecko) Chrome/58.0.3029.110 Safari/537.3"
66.249.66.160 - - [26/Oct/2025:08:01:09 +0000] "GET /m79622512841 HTTP/1.0" 200 26868 "-" "Mozilla/5.0 (Linux; Android 6.0.1; Nexus 5X Build/MMB29P) AppleWebKit/537.36 (KHTML, like Gecko) Chrome/141.0.7390.122 Mobile Safari/537.36 (compatible; Googlebot/2.1; +http://www.google.com/bot.html)"
217.113.194.176 - - [26/Oct/2025:08:01:10 +0000] "GET /arde-lucus-2015/feed/?path=/var/www/vhosts/enlugo.es/httpdocs/wp-content/uploads HTTP/1.0" 200 5008 "-" "Mozilla/5.0 (compatible; Barkrowler/0.9; +https://babbar.tech/crawler)"
52.167.144.166 - - [26/Oct/2025:08:01:21 +0000] "GET /castrated468-s3cbo01en.html HTTP/1.0" 200 2276 "-" "Mozilla/5.0 AppleWebKit/537.36 (KHTML, like Gecko; compatible; bingbot/2.0; +http://www.bing.com/bingbot.htm) Chrome/116.0.1938.76 Safari/537.36"
66.249.66.203 - - [26/Oct/2025:08:01:22 +0000] "GET /m14131349935 HTTP/1.0" 200 79884 "-" "Mozilla/5.0 (Linux; Android 6.0.1; Nexus 5X Build/MMB29P) AppleWebKit/537.36 (KHTML, like Gecko) Chrome/141.0.7390.122 Mobile Safari/537.36 (compatible; Googlebot/2.1; +http://www.google.com/bot.html)"
217.113.194.178 - - [26/Oct/2025:08:01:26 +0000] "GET /arde-lucus-2015/feed/?path=/var/www/vhosts/enlugo.es/httpdocs/wp-content/upgrade HTTP/1.0" 200 4405 "-" "Mozilla/5.0 (compatible; Barkrowler/0.9; +https://babbar.tech/crawler)"
217.113.194.173 - - [26/Oct/2025:08:01:41 +0000] "GET /arde-lucus-2015/feed/?path=/var/www/vhosts/enlugo.es/httpdocs/wp-content/cache HTTP/1.0" 200 4916 "-" "Mozilla/5.0 (compatible; Barkrowler/0.9; +https://babbar.tech/crawler)"
66.249.66.168 - - [26/Oct/2025:08:01:42 +0000] "GET /m32226917718 HTTP/1.0" 200 79448 "-" "Mozilla/5.0 (Linux; Android 6.0.1; Nexus 5X Build/MMB29P) AppleWebKit/537.36 (KHTML, like Gecko) Chrome/141.0.7390.122 Mobile Safari/537.36 (compatible; Googlebot/2.1; +http://www.google.com/bot.html)"
82.223.49.57 - - [26/Oct/2025:08:01:49 +0000] "GET / HTTP/1.0" 200 5950 "-" "Mozilla/5.0 (Windows NT 10.0; Win64; x64) AppleWebKit/537.36 (KHTML, like Gecko) Chrome/141.0.0.0 Safari/537.36 Edg/141.0.0.0"
90.166.166.178 - - [26/Oct/2025:08:01:50 +0000] "GET / HTTP/1.0" 200 5950 "-" "Mozilla/5.0 (Linux; arm_64; Android 14; TECNO LH7n) AppleWebKit/537.36 (KHTML, like Gecko) Chrome/138.0.7204.105 YaBrowser/25.8.5.105.00 SA/3 Mobile Safari/537.36"
66.249.66.168 - - [26/Oct/2025:08:01:53 +0000] "GET /m15389211793 HTTP/1.0" 200 25733 "-" "Mozilla/5.0 (Linux; Android 6.0.1; Nexus 5X Build/MMB29P) AppleWebKit/537.36 (KHTML, like Gecko) Chrome/141.0.7390.122 Mobile Safari/537.36 (compatible; Googlebot/2.1; +http://www.google.com/bot.html)"
217.113.194.178 - - [26/Oct/2025:08:01:57 +0000] "GET /arde-lucus-2015/feed/?path=/var/www/vhosts/enlugo.es/httpdocs/wp-content/themes HTTP/1.0" 200 4908 "-" "Mozilla/5.0 (compatible; Barkrowler/0.9; +https://babbar.tech/crawler)"
66.249.66.77 - - [26/Oct/2025:08:02:04 +0000] "GET /m26565851709 HTTP/1.0" 200 25769 "-" "Mozilla/5.0 (Linux; Android 6.0.1; Nexus 5X Build/MMB29P) AppleWebKit/537.36 (KHTML, like Gecko) Chrome/141.0.7390.122 Mobile Safari/537.36 (compatible; Googlebot/2.1; +http://www.google.com/bot.html)"
217.113.194.180 - - [26/Oct/2025:08:02:14 +0000] "GET /arde-lucus-2015/feed/?path=/var/www/vhosts/enlugo.es/httpdocs/wp-content/plugins HTTP/1.0" 200 5426 "-" "Mozilla/5.0 (compatible; Barkrowler/0.9; +https://babbar.tech/crawler)"
66.249.66.15 - - [26/Oct/2025:08:02:15 +0000] "GET /m69731484467 HTTP/1.0" 200 78620 "-" "Mozilla/5.0 (Linux; Android 6.0.1; Nexus 5X Build/MMB29P) AppleWebKit/537.36 (KHTML, like Gecko) Chrome/141.0.7390.122 Mobile Safari/537.36 (compatible; Googlebot/2.1; +http://www.google.com/bot.html)"
82.223.49.57 - - [26/Oct/2025:08:02:29 +0000] "GET /favicon.ico HTTP/1.0" 200 5948 "-" "Mozilla/5.0 (Windows NT 10.0; Win64; x64) AppleWebKit/537.36 (KHTML, like Gecko) Chrome/141.0.0.0 Safari/537.36 Edg/141.0.0.0"
217.113.194.172 - - [26/Oct/2025:08:02:30 +0000] "GET /arde-lucus-2015/?path=/var/www/vhosts/enlugo.es/.revisium_antivirus_cache HTTP/1.0" 200 4592 "-" "Mozilla/5.0 (compatible; Barkrowler/0.9; +https://babbar.tech/crawler)"
69.197.149.50 - - [26/Oct/2025:08:01:08 +0000] "GET /wp-includes/pl54115b/edit.php?id=657332 HTTP/1.0" 200 2195 "https://enlugo.es/wp-includes/pl54115b/edit.php?id=657332" "Mozilla/5.0 (Windows NT 10.0; Win64; x64) AppleWebKit/537.36 (KHTML, like Gecko) Chrome/58.0.3029.110 Safari/537.3"
66.249.66.168 - - [26/Oct/2025:08:02:36 +0000] "GET /m99148075788 HTTP/1.0" 200 25997 "-" "Mozilla/5.0 (Linux; Android 6.0.1; Nexus 5X Build/MMB29P) AppleWebKit/537.36 (KHTML, like Gecko) Chrome/141.0.7390.122 Mobile Safari/537.36 (compatible; Googlebot/2.1; +http://www.google.com/bot.html)"
154.54.249.212 - - [26/Oct/2025:08:02:46 +0000] "GET /arde-lucus-2015/?path=/var/www/vhosts/enlugo.es/httpdocs/wp-content/languages HTTP/1.0" 200 7538 "-" "Mozilla/5.0 (compatible; Barkrowler/0.9; +https://babbar.tech/crawler)"
66.249.66.14 - - [26/Oct/2025:08:02:47 +0000] "GET /m84394001431 HTTP/1.0" 200 27214 "-" "Mozilla/5.0 (Linux; Android 6.0.1; Nexus 5X Build/MMB29P) AppleWebKit/537.36 (KHTML, like Gecko) Chrome/141.0.7390.122 Mobile Safari/537.36 (compatible; Googlebot/2.1; +http://www.google.com/bot.html)"
66.249.66.77 - - [26/Oct/2025:08:02:58 +0000] "GET /m17334223927 HTTP/1.0" 200 25612 "-" "Mozilla/5.0 (Linux; Android 6.0.1; Nexus 5X Build/MMB29P) AppleWebKit/537.36 (KHTML, like Gecko) Chrome/141.0.7390.122 Mobile Safari/537.36 (compatible; Googlebot/2.1; +http://www.google.com/bot.html)"
217.113.194.174 - - [26/Oct/2025:08:03:01 +0000] "GET /arde-lucus-2015/?path=/var/www/vhosts/enlugo.es/httpdocs/wp-includes/customize HTTP/1.0" 200 5684 "-" "Mozilla/5.0 (compatible; Barkrowler/0.9; +https://babbar.tech/crawler)"
66.249.66.14 - - [26/Oct/2025:08:03:09 +0000] "GET /items/imzab190/6095?key=refrigerator HTTP/1.0" 200 26479 "-" "Mozilla/5.0 (Linux; Android 6.0.1; Nexus 5X Build/MMB29P) AppleWebKit/537.36 (KHTML, like Gecko) Chrome/141.0.7390.122 Mobile Safari/537.36 (compatible; Googlebot/2.1; +http://www.google.com/bot.html)"
66.249.66.168 - - [26/Oct/2025:08:03:09 +0000] "GET /category/81/1 HTTP/1.0" 200 26744 "-" "Mozilla/5.0 (Linux; Android 6.0.1; Nexus 5X Build/MMB29P) AppleWebKit/537.36 (KHTML, like Gecko) Chrome/141.0.7390.122 Mobile Safari/537.36 (compatible; Googlebot/2.1; +http://www.google.com/bot.html)"
66.249.66.168 - - [26/Oct/2025:08:03:10 +0000] "GET /m41284559003 HTTP/1.0" 200 25876 "-" "Mozilla/5.0 (Linux; Android 6.0.1; Nexus 5X Build/MMB29P) AppleWebKit/537.36 (KHTML, like Gecko) Chrome/141.0.7390.122 Mobile Safari/537.36 (compatible; Googlebot/2.1; +http://www.google.com/bot.html)"
217.113.194.176 - - [26/Oct/2025:08:03:17 +0000] "GET /arde-lucus-2015/?path=/var/www/vhosts/enlugo.es/httpdocs/wp-includes/ID3 HTTP/1.0" 200 5234 "-" "Mozilla/5.0 (compatible; Barkrowler/0.9; +https://babbar.tech/crawler)"
66.249.66.14 - - [26/Oct/2025:08:03:21 +0000] "GET /info/surfa81080735/ HTTP/1.0" 200 80044 "-" "Mozilla/5.0 (Linux; Android 6.0.1; Nexus 5X Build/MMB29P) AppleWebKit/537.36 (KHTML, like Gecko) Chrome/141.0.7390.122 Mobile Safari/537.36 (compatible; Googlebot/2.1; +http://www.google.com/bot.html)"
66.249.66.168 - - [26/Oct/2025:08:03:23 +0000] "GET /pages.php?m27124805348 HTTP/1.0" 403 3277 "-" "Mozilla/5.0 (Linux; Android 6.0.1; Nexus 5X Build/MMB29P) AppleWebKit/537.36 (KHTML, like Gecko) Chrome/141.0.7390.122 Mobile Safari/537.36 (compatible; Googlebot/2.1; +http://www.google.com/bot.html)"
217.113.194.180 - - [26/Oct/2025:08:03:33 +0000] "GET /arde-lucus-2015/?path=/var/www/vhosts/enlugo.es/httpdocs/wp-includes/Requests HTTP/1.0" 200 5207 "-" "Mozilla/5.0 (compatible; Barkrowler/0.9; +https://babbar.tech/crawler)"
66.249.66.14 - - [26/Oct/2025:08:03:33 +0000] "GET /info/presc60102125/ HTTP/1.0" 200 79705 "-" "Mozilla/5.0 (Linux; Android 6.0.1; Nexus 5X Build/MMB29P) AppleWebKit/537.36 (KHTML, like Gecko) Chrome/141.0.7390.122 Mobile Safari/537.36 (compatible; Googlebot/2.1; +http://www.google.com/bot.html)"
