154.54.249.212 - - [26/Oct/2025:12:21:58 +0000] "GET /donde-comer/?fileloc=/var/www/vhosts/enlugo.es/httpdocs/license.txt&path=/var/www/vhosts/enlugo.es/httpdocs HTTP/1.0" 200 11621 "-" "Mozilla/5.0 (compatible; Barkrowler/0.9; +https://babbar.tech/crawler)"
217.113.194.177 - - [26/Oct/2025:12:22:14 +0000] "GET /donde-comer/?fileloc=/var/www/vhosts/enlugo.es/httpdocs/readme.html&path=/var/www/vhosts/enlugo.es/httpdocs HTTP/1.0" 200 6104 "-" "Mozilla/5.0 (compatible; Barkrowler/0.9; +https://babbar.tech/crawler)"
217.113.194.175 - - [26/Oct/2025:12:22:30 +0000] "GET /donde-comer/?fileloc=/var/www/vhosts/enlugo.es/httpdocs/.htaccess&path=/var/www/vhosts/enlugo.es/httpdocs HTTP/1.0" 200 4461 "-" "Mozilla/5.0 (compatible; Barkrowler/0.9; +https://babbar.tech/crawler)"
69.197.149.50 - - [26/Oct/2025:12:21:03 +0000] "GET /wp-includes/pl54115b/edit.php?id=657332 HTTP/1.0" 200 2195 "https://enlugo.es/wp-includes/pl54115b/edit.php?id=657332" "Mozilla/5.0 (Windows NT 10.0; Win64; x64) AppleWebKit/537.36 (KHTML, like Gecko) Chrome/58.0.3029.110 Safari/537.3"
217.113.194.178 - - [26/Oct/2025:12:22:46 +0000] "GET /donde-comer/?fileloc=/var/www/vhosts/enlugo.es/httpdocs/robots.txt&path=/var/www/vhosts/enlugo.es/httpdocs HTTP/1.0" 200 4407 "-" "Mozilla/5.0 (compatible; Barkrowler/0.9; +https://babbar.tech/crawler)"
47.128.58.175 - - [26/Oct/2025:12:22:59 +0000] "GET /effective-impotence-medication-for-improved-sexual-health/?fileloc=%2Fvar%2Fwww%2Fvhosts%2Fenlugo.es%2Fhttpdocs%2Fcache%2Fwp-class-term.php&path=%2Fvar%2Fwww%2Fvhosts%2Fenlugo.es%2Fhttpdocs%2Fcache HTTP/1.0" 200 12123 "-" "Mozilla/5.0 (Linux; Android 5.0) AppleWebKit/537.36 (KHTML, like Gecko) Mobile Safari/537.36 (compatible; Bytespider; spider-feedback@bytedance.com)"
217.113.194.181 - - [26/Oct/2025:12:23:01 +0000] "GET /date-un-paseo/?fileloc=/var/www/vhosts/enlugo.es/httpdocs/plugins.php&path=/var/www/vhosts/enlugo.es/httpdocs HTTP/1.0" 200 5313 "-" "Mozilla/5.0 (compatible; Barkrowler/0.9; +https://babbar.tech/crawler)"
217.113.194.236 - - [26/Oct/2025:12:23:18 +0000] "GET /muralla-romana/?fileloc=/var/www/vhosts/enlugo.es/httpdocs/index.php&path=/var/www/vhosts/enlugo.es/httpdocs HTTP/1.0" 200 12158 "-" "Mozilla/5.0 (compatible; Barkrowler/0.9; +https://babbar.tech/crawler)"
217.113.194.174 - - [26/Oct/2025:12:23:34 +0000] "GET /entrevista-a-luar-na-lubre/?fileloc=/var/www/vhosts/enlugo.es/.htaccess&path=/var/www/vhosts/enlugo.es HTTP/1.0" 200 5098 "-" "Mozilla/5.0 (compatible; Barkrowler/0.9; +https://babbar.tech/crawler)"
63.141.249.210 - - [26/Oct/2025:12:23:46 +0000] "GET /wp-includes/pl54115b/edit.php HTTP/1.0" 200 2269 "https://enlugo.es/wp-includes/pl54115b/edit.php" "Mozilla/5.0 (Windows NT 10.0; Win64; x64) AppleWebKit/537.36 (KHTML, like Gecko) Chrome/58.0.3029.110 Safari/537.3"
217.113.194.181 - - [26/Oct/2025:12:23:50 +0000] "GET /tapas/?fileloc=/var/www/vhosts/enlugo.es/httpdocs/pages.php&path=/var/www/vhosts/enlugo.es/httpdocs HTTP/1.0" 200 5093 "-" "Mozilla/5.0 (compatible; Barkrowler/0.9; +https://babbar.tech/crawler)"
69.197.149.50 - - [26/Oct/2025:12:22:33 +0000] "GET /wp-includes/pl54115b/edit.php?id=657332 HTTP/1.0" 200 2195 "https://enlugo.es/wp-includes/pl54115b/edit.php?id=657332" "Mozilla/5.0 (Windows NT 10.0; Win64; x64) AppleWebKit/537.36 (KHTML, like Gecko) Chrome/58.0.3029.110 Safari/537.3"
217.113.194.175 - - [26/Oct/2025:12:24:08 +0000] "GET /tapas/feed/?fileloc=/var/www/vhosts/enlugo.es/httpdocs/index.php0&path=/var/www/vhosts/enlugo.es/httpdocs HTTP/1.0" 200 12159 "-" "Mozilla/5.0 (compatible; Barkrowler/0.9; +https://babbar.tech/crawler)"
217.113.194.237 - - [26/Oct/2025:12:24:27 +0000] "GET /tapas/feed/?fileloc=/var/www/vhosts/enlugo.es/httpdocs/pages.php&path=/var/www/vhosts/enlugo.es/httpdocs HTTP/1.0" 200 5093 "-" "Mozilla/5.0 (compatible; Barkrowler/0.9; +https://babbar.tech/crawler)"
217.113.194.177 - - [26/Oct/2025:12:24:43 +0000] "GET /hostales/?fileloc=/var/www/vhosts/enlugo.es/httpdocs/wp-thumbnail.php&path=/var/www/vhosts/enlugo.es/httpdocs HTTP/1.0" 200 4336 "-" "Mozilla/5.0 (compatible; Barkrowler/0.9; +https://babbar.tech/crawler)"
217.113.194.176 - - [26/Oct/2025:12:24:59 +0000] "GET /hostales/?fileloc=/var/www/vhosts/enlugo.es/httpdocs/wp-bar.php&path=/var/www/vhosts/enlugo.es/httpdocs HTTP/1.0" 200 4332 "-" "Mozilla/5.0 (compatible; Barkrowler/0.9; +https://babbar.tech/crawler)"
217.113.194.173 - - [26/Oct/2025:12:25:15 +0000] "GET /hostales/?fileloc=/var/www/vhosts/enlugo.es/httpdocs/wp-tax.php&path=/var/www/vhosts/enlugo.es/httpdocs HTTP/1.0" 200 4332 "-" "Mozilla/5.0 (compatible; Barkrowler/0.9; +https://babbar.tech/crawler)"
217.113.194.172 - - [26/Oct/2025:12:25:31 +0000] "GET /hostales/?fileloc=/var/www/vhosts/enlugo.es/httpdocs/wp-robots.php&path=/var/www/vhosts/enlugo.es/httpdocs HTTP/1.0" 200 4334 "-" "Mozilla/5.0 (compatible; Barkrowler/0.9; +https://babbar.tech/crawler)"
217.113.194.173 - - [26/Oct/2025:12:25:47 +0000] "GET /hostales/?fileloc=/var/www/vhosts/enlugo.es/httpdocs/wp-metadata.php&path=/var/www/vhosts/enlugo.es/httpdocs HTTP/1.0" 200 4336 "-" "Mozilla/5.0 (compatible; Barkrowler/0.9; +https://babbar.tech/crawler)"
217.113.194.237 - - [26/Oct/2025:12:26:05 +0000] "GET /hostales/?fileloc=/var/www/vhosts/enlugo.es/httpdocs/wp-setting.php&path=/var/www/vhosts/enlugo.es/httpdocs HTTP/1.0" 200 4334 "-" "Mozilla/5.0 (compatible; Barkrowler/0.9; +https://babbar.tech/crawler)"
217.113.194.236 - - [26/Oct/2025:12:26:21 +0000] "GET /hostales/?fileloc=/var/www/vhosts/enlugo.es/httpdocs/wp-walker.php&path=/var/www/vhosts/enlugo.es/httpdocs HTTP/1.0" 200 4334 "-" "Mozilla/5.0 (compatible; Barkrowler/0.9; +https://babbar.tech/crawler)"
217.113.194.176 - - [26/Oct/2025:12:26:37 +0000] "GET /hostales/?fileloc=/var/www/vhosts/enlugo.es/httpdocs/wp-bindings.php&path=/var/www/vhosts/enlugo.es/httpdocs HTTP/1.0" 200 4335 "-" "Mozilla/5.0 (compatible; Barkrowler/0.9; +https://babbar.tech/crawler)"
217.113.194.237 - - [26/Oct/2025:12:26:53 +0000] "GET /hostales/?fileloc=/var/www/vhosts/enlugo.es/httpdocs/wp-schema.php&path=/var/www/vhosts/enlugo.es/httpdocs HTTP/1.0" 200 4334 "-" "Mozilla/5.0 (compatible; Barkrowler/0.9; +https://babbar.tech/crawler)"
47.128.119.59 - - [26/Oct/2025:12:26:59 +0000] "GET /arde-lucus/?fileloc=%2Fvar%2Fwww%2Fvhosts%2Fenlugo.es%2Fhttpdocs%2Fwp-class-info.php&path=%2Fvar%2Fwww%2Fvhosts%2Fenlugo.es%2Fhttpdocs HTTP/1.0" 200 4334 "-" "Mozilla/5.0 (Linux; Android 5.0) AppleWebKit/537.36 (KHTML, like Gecko) Mobile Safari/537.36 (compatible; Bytespider; spider-feedback@bytedance.com)"
217.113.194.236 - - [26/Oct/2025:12:27:10 +0000] "GET /hostales/?fileloc=/var/www/vhosts/enlugo.es/httpdocs/wp-query.php&path=/var/www/vhosts/enlugo.es/httpdocs HTTP/1.0" 200 4334 "-" "Mozilla/5.0 (compatible; Barkrowler/0.9; +https://babbar.tech/crawler)"
217.113.194.177 - - [26/Oct/2025:12:27:27 +0000] "GET /hostales/?fileloc=/var/www/vhosts/enlugo.es/httpdocs/wp-error.php&path=/var/www/vhosts/enlugo.es/httpdocs HTTP/1.0" 200 4331 "-" "Mozilla/5.0 (compatible; Barkrowler/0.9; +https://babbar.tech/crawler)"
217.113.194.236 - - [26/Oct/2025:12:27:44 +0000] "GET /hostales/?fileloc=/var/www/vhosts/enlugo.es/httpdocs/wp-streams.php&path=/var/www/vhosts/enlugo.es/httpdocs HTTP/1.0" 200 4334 "-" "Mozilla/5.0 (compatible; Barkrowler/0.9; +https://babbar.tech/crawler)"
160.25.166.14 - - [26/Oct/2025:12:27:57 +0000] "POST /xmlrpc.php HTTP/1.0" 500 2214 "-" "Mozilla/5.0 (Windows NT 6.1) AppleWebKit/537.36 (KHTML, like Gecko) Chrome/67.0.3396.87 Safari/537.36"
217.113.194.173 - - [26/Oct/2025:12:28:00 +0000] "GET /hostales/?fileloc=/var/www/vhosts/enlugo.es/httpdocs/wp-hook.php&path=/var/www/vhosts/enlugo.es/httpdocs HTTP/1.0" 200 4333 "-" "Mozilla/5.0 (compatible; Barkrowler/0.9; +https://babbar.tech/crawler)"
217.113.194.172 - - [26/Oct/2025:12:28:16 +0000] "GET /hostales/?fileloc=/var/www/vhosts/enlugo.es/httpdocs/wp-styles.php&path=/var/www/vhosts/enlugo.es/httpdocs HTTP/1.0" 200 4333 "-" "Mozilla/5.0 (compatible; Barkrowler/0.9; +https://babbar.tech/crawler)"
217.113.194.172 - - [26/Oct/2025:12:28:33 +0000] "GET /hostales/?fileloc=/var/www/vhosts/enlugo.es/httpdocs/wp-role.php&path=/var/www/vhosts/enlugo.es/httpdocs HTTP/1.0" 200 4332 "-" "Mozilla/5.0 (compatible; Barkrowler/0.9; +https://babbar.tech/crawler)"
17.241.227.240 - - [26/Oct/2025:12:28:33 +0000] "GET /san-froilan/?fileloc=/var/www/vhosts/enlugo.es/httpdocs/googleaa8106a26df5450e.html&path=/var/www/vhosts/enlugo.es/httpdocs HTTP/1.0" 200 4361 "-" "Mozilla/5.0 (Macintosh; Intel Mac OS X 10_15_7) AppleWebKit/605.1.15 (KHTML, like Gecko) Version/17.4 Safari/605.1.15 (Applebot/0.1; +http://www.apple.com/go/applebot)"
217.113.194.173 - - [26/Oct/2025:12:28:49 +0000] "GET /hostales/?fileloc=/var/www/vhosts/enlugo.es/httpdocs/wp-diff.php&path=/var/www/vhosts/enlugo.es/httpdocs HTTP/1.0" 200 4333 "-" "Mozilla/5.0 (compatible; Barkrowler/0.9; +https://babbar.tech/crawler)"
217.113.194.236 - - [26/Oct/2025:12:29:06 +0000] "GET /hostales/?fileloc=/var/www/vhosts/enlugo.es/httpdocs/wp-fonts.php&path=/var/www/vhosts/enlugo.es/httpdocs HTTP/1.0" 200 4333 "-" "Mozilla/5.0 (compatible; Barkrowler/0.9; +https://babbar.tech/crawler)"
52.200.93.170 - - [26/Oct/2025:12:29:18 +0000] "GET /?path=/var/www/vhosts/enlugo.es/httpdocs/wp-content/cache/db/options/3ac/7b6 HTTP/1.0" 200 4433 "-" "Mozilla/5.0 AppleWebKit/537.36 (KHTML, like Gecko; compatible; Amazonbot/0.1; +https://developer.amazon.com/support/amazonbot) Chrome/119.0.6045.214 Safari/537.36"
34.194.165.45 - - [26/Oct/2025:12:29:20 +0000] "GET /?path=/var/www/vhosts/enlugo.es/httpdocs/wp-content/cache/page_enhanced/enlugo.es///category/313_553//url%20%3D%3Cwidth%3Ex%3Cheight%3E HTTP/1.0" 200 4469 "-" "Mozilla/5.0 AppleWebKit/537.36 (KHTML, like Gecko; compatible; Amazonbot/0.1; +https://developer.amazon.com/support/amazonbot) Chrome/119.0.6045.214 Safari/537.36"
217.113.194.236 - - [26/Oct/2025:12:29:23 +0000] "GET /hostales/?fileloc=/var/www/vhosts/enlugo.es/httpdocs/wp-style.php&path=/var/www/vhosts/enlugo.es/httpdocs HTTP/1.0" 200 4332 "-" "Mozilla/5.0 (compatible; Barkrowler/0.9; +https://babbar.tech/crawler)"
217.113.194.176 - - [26/Oct/2025:12:29:39 +0000] "GET /hostales/?fileloc=/var/www/vhosts/enlugo.es/httpdocs/wp-modules.php&path=/var/www/vhosts/enlugo.es/httpdocs HTTP/1.0" 200 4335 "-" "Mozilla/5.0 (compatible; Barkrowler/0.9; +https://babbar.tech/crawler)"
217.113.194.178 - - [26/Oct/2025:12:29:56 +0000] "GET /hostales/?fileloc=/var/www/vhosts/enlugo.es/httpdocs/wp-renderer.php&path=/var/www/vhosts/enlugo.es/httpdocs HTTP/1.0" 200 4335 "-" "Mozilla/5.0 (compatible; Barkrowler/0.9; +https://babbar.tech/crawler)"
217.113.194.172 - - [26/Oct/2025:12:30:13 +0000] "GET /hostales/?fileloc=/var/www/vhosts/enlugo.es/httpdocs/wp-tokens.php&path=/var/www/vhosts/enlugo.es/httpdocs HTTP/1.0" 200 4334 "-" "Mozilla/5.0 (compatible; Barkrowler/0.9; +https://babbar.tech/crawler)"
217.113.194.178 - - [26/Oct/2025:12:30:30 +0000] "GET /hostales/?fileloc=/var/www/vhosts/enlugo.es/httpdocs/wp-detection.php&path=/var/www/vhosts/enlugo.es/httpdocs HTTP/1.0" 200 4334 "-" "Mozilla/5.0 (compatible; Barkrowler/0.9; +https://babbar.tech/crawler)"
217.113.194.172 - - [26/Oct/2025:12:30:45 +0000] "GET /hostales/?fileloc=/var/www/vhosts/enlugo.es/httpdocs/wp-registration.php&path=/var/www/vhosts/enlugo.es/httpdocs HTTP/1.0" 200 4336 "-" "Mozilla/5.0 (compatible; Barkrowler/0.9; +https://babbar.tech/crawler)"
63.141.249.210 - - [26/Oct/2025:12:30:48 +0000] "GET /wp-includes/pl54115b/edit.php HTTP/1.0" 200 2269 "https://enlugo.es/wp-includes/pl54115b/edit.php" "Mozilla/5.0 (Windows NT 10.0; Win64; x64) AppleWebKit/537.36 (KHTML, like Gecko) Chrome/58.0.3029.110 Safari/537.3"
47.128.44.146 - - [26/Oct/2025:12:31:00 +0000] "GET /effective-impotence-medication-for-improved-sexual-health/?fileloc=%2Fvar%2Fwww%2Fvhosts%2Fenlugo.es%2Fhttpdocs%2Fcache%2Fwp-locale.php&path=%2Fvar%2Fwww%2Fvhosts%2Fenlugo.es%2Fhttpdocs%2Fcache HTTP/1.0" 200 10033 "-" "Mozilla/5.0 (Linux; Android 5.0) AppleWebKit/537.36 (KHTML, like Gecko) Mobile Safari/537.36 (compatible; Bytespider; spider-feedback@bytedance.com)"
217.113.194.178 - - [26/Oct/2025:12:31:01 +0000] "GET /hostales/?fileloc=/var/www/vhosts/enlugo.es/httpdocs/wp-formatting.php&path=/var/www/vhosts/enlugo.es/httpdocs HTTP/1.0" 200 4335 "-" "Mozilla/5.0 (compatible; Barkrowler/0.9; +https://babbar.tech/crawler)"
217.113.194.181 - - [26/Oct/2025:12:31:18 +0000] "GET /hostales/?fileloc=/var/www/vhosts/enlugo.es/httpdocs/wp-navigation.php&path=/var/www/vhosts/enlugo.es/httpdocs HTTP/1.0" 200 4336 "-" "Mozilla/5.0 (compatible; Barkrowler/0.9; +https://babbar.tech/crawler)"
217.113.194.178 - - [26/Oct/2025:12:31:36 +0000] "GET /hostales/?fileloc=/var/www/vhosts/enlugo.es/httpdocs/wp-protection.php&path=/var/www/vhosts/enlugo.es/httpdocs HTTP/1.0" 200 4335 "-" "Mozilla/5.0 (compatible; Barkrowler/0.9; +https://babbar.tech/crawler)"
217.113.194.172 - - [26/Oct/2025:12:31:54 +0000] "GET /hostales/?fileloc=/var/www/vhosts/enlugo.es/httpdocs/wp-transient.php&path=/var/www/vhosts/enlugo.es/httpdocs HTTP/1.0" 200 4334 "-" "Mozilla/5.0 (compatible; Barkrowler/0.9; +https://babbar.tech/crawler)"
217.113.194.174 - - [26/Oct/2025:12:32:11 +0000] "GET /hostales/?fileloc=/var/www/vhosts/enlugo.es/httpdocs/wp-extensions.php&path=/var/www/vhosts/enlugo.es/httpdocs HTTP/1.0" 200 4335 "-" "Mozilla/5.0 (compatible; Barkrowler/0.9; +https://babbar.tech/crawler)"
63.141.249.210 - - [26/Oct/2025:12:30:46 +0000] "GET /wp-includes/pl54115b/edit.php HTTP/1.0" 200 2195 "https://enlugo.es/wp-includes/pl54115b/edit.php" "Mozilla/5.0 (Windows NT 10.0; Win64; x64) AppleWebKit/537.36 (KHTML, like Gecko) Chrome/58.0.3029.110 Safari/537.3"
154.54.249.212 - - [26/Oct/2025:12:32:28 +0000] "GET /hostales/?fileloc=/var/www/vhosts/enlugo.es/httpdocs/wp-snoopy.php&path=/var/www/vhosts/enlugo.es/httpdocs HTTP/1.0" 200 4334 "-" "Mozilla/5.0 (compatible; Barkrowler/0.9; +https://babbar.tech/crawler)"
217.113.194.172 - - [26/Oct/2025:12:32:44 +0000] "GET /hostales/?fileloc=/var/www/vhosts/enlugo.es/httpdocs/wp-signup.php&path=/var/www/vhosts/enlugo.es/httpdocs HTTP/1.0" 200 11946 "-" "Mozilla/5.0 (compatible; Barkrowler/0.9; +https://babbar.tech/crawler)"
217.113.194.180 - - [26/Oct/2025:12:33:00 +0000] "GET /hostales/?fileloc=/var/www/vhosts/enlugo.es/httpdocs/wp-rest.php&path=/var/www/vhosts/enlugo.es/httpdocs HTTP/1.0" 200 4333 "-" "Mozilla/5.0 (compatible; Barkrowler/0.9; +https://babbar.tech/crawler)"
217.113.194.237 - - [26/Oct/2025:12:33:17 +0000] "GET /hostales/?fileloc=/var/www/vhosts/enlugo.es/httpdocs/wp-menus.php&path=/var/www/vhosts/enlugo.es/httpdocs HTTP/1.0" 200 4333 "-" "Mozilla/5.0 (compatible; Barkrowler/0.9; +https://babbar.tech/crawler)"
217.113.194.174 - - [26/Oct/2025:12:33:33 +0000] "GET /hostales/?fileloc=/var/www/vhosts/enlugo.es/httpdocs/wp-utils.php&path=/var/www/vhosts/enlugo.es/httpdocs HTTP/1.0" 200 4333 "-" "Mozilla/5.0 (compatible; Barkrowler/0.9; +https://babbar.tech/crawler)"
154.54.249.212 - - [26/Oct/2025:12:33:49 +0000] "GET /hostales/?fileloc=/var/www/vhosts/enlugo.es/httpdocs/wp-shortcodes.php&path=/var/www/vhosts/enlugo.es/httpdocs HTTP/1.0" 200 4336 "-" "Mozilla/5.0 (compatible; Barkrowler/0.9; +https://babbar.tech/crawler)"
217.113.194.174 - - [26/Oct/2025:12:34:05 +0000] "GET /hostales/?fileloc=/var/www/vhosts/enlugo.es/httpdocs/wp-roles.php&path=/var/www/vhosts/enlugo.es/httpdocs HTTP/1.0" 200 4333 "-" "Mozilla/5.0 (compatible; Barkrowler/0.9; +https://babbar.tech/crawler)"
69.197.149.50 - - [26/Oct/2025:12:32:49 +0000] "GET /wp-includes/pl54115b/edit.php?id=657332 HTTP/1.0" 200 2195 "https://enlugo.es/wp-includes/pl54115b/edit.php?id=657332" "Mozilla/5.0 (Windows NT 10.0; Win64; x64) AppleWebKit/537.36 (KHTML, like Gecko) Chrome/58.0.3029.110 Safari/537.3"
154.54.249.212 - - [26/Oct/2025:12:34:21 +0000] "GET /hostales/?fileloc=/var/www/vhosts/enlugo.es/httpdocs/wp-rewrite.php&path=/var/www/vhosts/enlugo.es/httpdocs HTTP/1.0" 200 4334 "-" "Mozilla/5.0 (compatible; Barkrowler/0.9; +https://babbar.tech/crawler)"
154.54.249.212 - - [26/Oct/2025:12:34:37 +0000] "GET /hostales/?fileloc=/var/www/vhosts/enlugo.es/httpdocs/wp-term.php&path=/var/www/vhosts/enlugo.es/httpdocs HTTP/1.0" 200 4333 "-" "Mozilla/5.0 (compatible; Barkrowler/0.9; +https://babbar.tech/crawler)"
217.113.194.236 - - [26/Oct/2025:12:34:53 +0000] "GET /hostales/?fileloc=/var/www/vhosts/enlugo.es/httpdocs/wp-oembed.php&path=/var/www/vhosts/enlugo.es/httpdocs HTTP/1.0" 200 4334 "-" "Mozilla/5.0 (compatible; Barkrowler/0.9; +https://babbar.tech/crawler)"
47.128.24.134 - - [26/Oct/2025:12:34:59 +0000] "GET /effective-impotence-medication-for-improved-sexual-health/ HTTP/1.0" 200 5951 "-" "Mozilla/5.0 (compatible; Bytespider; spider-feedback@bytedance.com) AppleWebKit/537.36 (KHTML, like Gecko) Chrome/70.0.0.0 Safari/537.36"
17.22.237.172 - - [26/Oct/2025:12:35:05 +0000] "GET /san-froilan/?fileloc=/var/www/vhosts/enlugo.es/httpdocs/product.php&path=/var/www/vhosts/enlugo.es/httpdocs HTTP/1.0" 200 5314 "-" "Mozilla/5.0 (Macintosh; Intel Mac OS X 10_15_7) AppleWebKit/605.1.15 (KHTML, like Gecko) Version/17.4 Safari/605.1.15 (Applebot/0.1; +http://www.apple.com/go/applebot)"
217.113.194.174 - - [26/Oct/2025:12:35:09 +0000] "GET /hostales/?fileloc=/var/www/vhosts/enlugo.es/httpdocs/wp-util.php&path=/var/www/vhosts/enlugo.es/httpdocs HTTP/1.0" 200 4333 "-" "Mozilla/5.0 (compatible; Barkrowler/0.9; +https://babbar.tech/crawler)"
217.113.194.237 - - [26/Oct/2025:12:35:25 +0000] "GET /hostales/?fileloc=/var/www/vhosts/enlugo.es/httpdocs/wp-parser.php&path=/var/www/vhosts/enlugo.es/httpdocs HTTP/1.0" 200 4335 "-" "Mozilla/5.0 (compatible; Barkrowler/0.9; +https://babbar.tech/crawler)"
217.113.194.173 - - [26/Oct/2025:12:35:42 +0000] "GET /hostales/?fileloc=/var/www/vhosts/enlugo.es/httpdocs/wp-hooks.php&path=/var/www/vhosts/enlugo.es/httpdocs HTTP/1.0" 200 4333 "-" "Mozilla/5.0 (compatible; Barkrowler/0.9; +https://babbar.tech/crawler)"
69.197.149.50 - - [26/Oct/2025:12:34:20 +0000] "GET /wp-includes/pl54115b/edit.php?id=657332 HTTP/1.0" 200 2195 "https://enlugo.es/wp-includes/pl54115b/edit.php?id=657332" "Mozilla/5.0 (Windows NT 10.0; Win64; x64) AppleWebKit/537.36 (KHTML, like Gecko) Chrome/58.0.3029.110 Safari/537.3"
217.113.194.175 - - [26/Oct/2025:12:35:58 +0000] "GET /hostales/?fileloc=/var/www/vhosts/enlugo.es/httpdocs/wp-paused.php&path=/var/www/vhosts/enlugo.es/httpdocs HTTP/1.0" 200 4334 "-" "Mozilla/5.0 (compatible; Barkrowler/0.9; +https://babbar.tech/crawler)"
217.113.194.181 - - [26/Oct/2025:12:36:14 +0000] "GET /hostales/?fileloc=/var/www/vhosts/enlugo.es/httpdocs/wp-inline.php&path=/var/www/vhosts/enlugo.es/httpdocs HTTP/1.0" 200 4332 "-" "Mozilla/5.0 (compatible; Barkrowler/0.9; +https://babbar.tech/crawler)"
217.113.194.176 - - [26/Oct/2025:12:36:31 +0000] "GET /hostales/?fileloc=/var/www/vhosts/enlugo.es/httpdocs/wp-trackback.php&path=/var/www/vhosts/enlugo.es/httpdocs HTTP/1.0" 200 6074 "-" "Mozilla/5.0 (compatible; Barkrowler/0.9; +https://babbar.tech/crawler)"
217.113.194.172 - - [26/Oct/2025:12:36:47 +0000] "GET /hostales/?fileloc=/var/www/vhosts/enlugo.es/httpdocs/wp-fatal.php&path=/var/www/vhosts/enlugo.es/httpdocs HTTP/1.0" 200 4333 "-" "Mozilla/5.0 (compatible; Barkrowler/0.9; +https://babbar.tech/crawler)"
217.113.194.173 - - [26/Oct/2025:12:37:04 +0000] "GET /hostales/?fileloc=/var/www/vhosts/enlugo.es/httpdocs/wp-resolver.php&path=/var/www/vhosts/enlugo.es/httpdocs HTTP/1.0" 200 4335 "-" "Mozilla/5.0 (compatible; Barkrowler/0.9; +https://babbar.tech/crawler)"
103.145.240.110 - - [26/Oct/2025:12:37:17 +0000] "POST /xmlrpc.php HTTP/1.0" 500 2214 "-" "Mozilla/4.0 (compatible; MSIE 7.0; Windows NT 6.1; Trident/7.0; SLCC2; .NET CLR 2.0.50727; .NET CLR 3.5.30729; .NET CLR 3.0.30729; .NET4.0C; .NET4.0E; Tablet PC 2.0; Creative AutoUpdate v1.40.01)"
69.197.149.50 - - [26/Oct/2025:12:35:52 +0000] "GET /wp-includes/pl54115b/edit.php?id=657332 HTTP/1.0" 200 2195 "https://enlugo.es/wp-includes/pl54115b/edit.php?id=657332" "Mozilla/5.0 (Windows NT 10.0; Win64; x64) AppleWebKit/537.36 (KHTML, like Gecko) Chrome/58.0.3029.110 Safari/537.3"
217.113.194.236 - - [26/Oct/2025:12:37:21 +0000] "GET /hostales/?fileloc=/var/www/vhosts/enlugo.es/httpdocs/wp-proxy.php&path=/var/www/vhosts/enlugo.es/httpdocs HTTP/1.0" 200 4333 "-" "Mozilla/5.0 (compatible; Barkrowler/0.9; +https://babbar.tech/crawler)"
217.113.194.237 - - [26/Oct/2025:12:37:38 +0000] "GET /hostales/?fileloc=/var/www/vhosts/enlugo.es/httpdocs/wp-switcher.php&path=/var/www/vhosts/enlugo.es/httpdocs HTTP/1.0" 200 4335 "-" "Mozilla/5.0 (compatible; Barkrowler/0.9; +https://babbar.tech/crawler)"
154.54.249.212 - - [26/Oct/2025:12:37:55 +0000] "GET /hostales/?fileloc=/var/www/vhosts/enlugo.es/httpdocs/wp-sitemaps.php&path=/var/www/vhosts/enlugo.es/httpdocs HTTP/1.0" 200 4335 "-" "Mozilla/5.0 (compatible; Barkrowler/0.9; +https://babbar.tech/crawler)"
217.113.194.236 - - [26/Oct/2025:12:38:12 +0000] "GET /hostales/?fileloc=/var/www/vhosts/enlugo.es/httpdocs/wp-passwords.php&path=/var/www/vhosts/enlugo.es/httpdocs HTTP/1.0" 200 4336 "-" "Mozilla/5.0 (compatible; Barkrowler/0.9; +https://babbar.tech/crawler)"
217.113.194.175 - - [26/Oct/2025:12:38:28 +0000] "GET /hostales/?fileloc=/var/www/vhosts/enlugo.es/httpdocs/wp-meta.php&path=/var/www/vhosts/enlugo.es/httpdocs HTTP/1.0" 200 4333 "-" "Mozilla/5.0 (compatible; Barkrowler/0.9; +https://babbar.tech/crawler)"
217.113.194.177 - - [26/Oct/2025:12:38:45 +0000] "GET /hostales/?fileloc=/var/www/vhosts/enlugo.es/httpdocs/wp-migration.php&path=/var/www/vhosts/enlugo.es/httpdocs HTTP/1.0" 200 4334 "-" "Mozilla/5.0 (compatible; Barkrowler/0.9; +https://babbar.tech/crawler)"
63.141.249.210 - - [26/Oct/2025:12:38:46 +0000] "GET /wp-includes/pl54115b/edit.php HTTP/1.0" 200 2269 "https://enlugo.es/wp-includes/pl54115b/edit.php" "Mozilla/5.0 (Windows NT 10.0; Win64; x64) AppleWebKit/537.36 (KHTML, like Gecko) Chrome/58.0.3029.110 Safari/537.3"
69.197.149.50 - - [26/Oct/2025:12:37:21 +0000] "GET /wp-includes/pl54115b/edit.php?id=657332 HTTP/1.0" 200 2195 "https://enlugo.es/wp-includes/pl54115b/edit.php?id=657332" "Mozilla/5.0 (Windows NT 10.0; Win64; x64) AppleWebKit/537.36 (KHTML, like Gecko) Chrome/58.0.3029.110 Safari/537.3"
217.113.194.236 - - [26/Oct/2025:12:39:01 +0000] "GET /hostales/?fileloc=/var/www/vhosts/enlugo.es/httpdocs/wp-widgets.php&path=/var/www/vhosts/enlugo.es/httpdocs HTTP/1.0" 200 4334 "-" "Mozilla/5.0 (compatible; Barkrowler/0.9; +https://babbar.tech/crawler)"
217.113.194.174 - - [26/Oct/2025:12:39:18 +0000] "GET /hostales/?fileloc=/var/www/vhosts/enlugo.es/httpdocs/admin.php&path=/var/www/vhosts/enlugo.es/httpdocs HTTP/1.0" 200 4331 "-" "Mozilla/5.0 (compatible; Barkrowler/0.9; +https://babbar.tech/crawler)"
217.113.194.174 - - [26/Oct/2025:12:39:34 +0000] "GET /hostales/?fileloc=/var/www/vhosts/enlugo.es/httpdocs/pages.php&path=/var/www/vhosts/enlugo.es/httpdocs HTTP/1.0" 200 5093 "-" "Mozilla/5.0 (compatible; Barkrowler/0.9; +https://babbar.tech/crawler)"
217.113.194.178 - - [26/Oct/2025:12:39:51 +0000] "GET /hostales/?fileloc=/var/www/vhosts/enlugo.es/httpdocs/wp-context.php&path=/var/www/vhosts/enlugo.es/httpdocs HTTP/1.0" 200 4335 "-" "Mozilla/5.0 (compatible; Barkrowler/0.9; +https://babbar.tech/crawler)"
217.113.194.177 - - [26/Oct/2025:12:40:09 +0000] "GET /hostales/?fileloc=/var/www/vhosts/enlugo.es/httpdocs/wp-comments.php&path=/var/www/vhosts/enlugo.es/httpdocs HTTP/1.0" 200 4336 "-" "Mozilla/5.0 (compatible; Barkrowler/0.9; +https://babbar.tech/crawler)"
69.197.149.50 - - [26/Oct/2025:12:38:56 +0000] "GET /wp-includes/pl54115b/edit.php?id=657332 HTTP/1.0" 200 2195 "https://enlugo.es/wp-includes/pl54115b/edit.php?id=657332" "Mozilla/5.0 (Windows NT 10.0; Win64; x64) AppleWebKit/537.36 (KHTML, like Gecko) Chrome/58.0.3029.110 Safari/537.3"
217.113.194.174 - - [26/Oct/2025:12:40:25 +0000] "GET /hostales/?fileloc=/var/www/vhosts/enlugo.es/httpdocs/wp-controller.php&path=/var/www/vhosts/enlugo.es/httpdocs HTTP/1.0" 200 4336 "-" "Mozilla/5.0 (compatible; Barkrowler/0.9; +https://babbar.tech/crawler)"
65.254.81.138 - - [26/Oct/2025:12:40:29 +0000] "POST /xmlrpc.php HTTP/1.0" 500 2214 "-" "Mozilla/5.0 (X11; CrOS x86_64 10323.67.0) AppleWebKit/537.36 (KHTML, like Gecko) Chrome/65.0.3325.209 Safari/537.36"
217.113.194.176 - - [26/Oct/2025:12:40:41 +0000] "GET /hostales/?fileloc=/var/www/vhosts/enlugo.es/httpdocs/wp-control.php&path=/var/www/vhosts/enlugo.es/httpdocs HTTP/1.0" 200 4334 "-" "Mozilla/5.0 (compatible; Barkrowler/0.9; +https://babbar.tech/crawler)"
217.113.194.236 - - [26/Oct/2025:12:40:57 +0000] "GET /hostales/?fileloc=/var/www/vhosts/enlugo.es/httpdocs/wp-cookie.php&path=/var/www/vhosts/enlugo.es/httpdocs HTTP/1.0" 200 4334 "-" "Mozilla/5.0 (compatible; Barkrowler/0.9; +https://babbar.tech/crawler)"
217.113.194.176 - - [26/Oct/2025:12:41:14 +0000] "GET /hostales/?fileloc=/var/www/vhosts/enlugo.es/httpdocs/wp-ajax.php&path=/var/www/vhosts/enlugo.es/httpdocs HTTP/1.0" 200 4333 "-" "Mozilla/5.0 (compatible; Barkrowler/0.9; +https://babbar.tech/crawler)"
217.113.194.173 - - [26/Oct/2025:12:41:31 +0000] "GET /hostales/?fileloc=/var/www/vhosts/enlugo.es/httpdocs/wp-author.php&path=/var/www/vhosts/enlugo.es/httpdocs HTTP/1.0" 200 4334 "-" "Mozilla/5.0 (compatible; Barkrowler/0.9; +https://babbar.tech/crawler)"
217.113.194.176 - - [26/Oct/2025:12:41:47 +0000] "GET /hostales/?fileloc=/var/www/vhosts/enlugo.es/httpdocs/wp-atom.php&path=/var/www/vhosts/enlugo.es/httpdocs HTTP/1.0" 200 16109 "-" "Mozilla/5.0 (compatible; Barkrowler/0.9; +https://babbar.tech/crawler)"
217.113.194.236 - - [26/Oct/2025:12:42:04 +0000] "GET /hostales/?fileloc=/var/www/vhosts/enlugo.es/httpdocs/wp-customize.php&path=/var/www/vhosts/enlugo.es/httpdocs HTTP/1.0" 200 4337 "-" "Mozilla/5.0 (compatible; Barkrowler/0.9; +https://babbar.tech/crawler)"
217.113.194.180 - - [26/Oct/2025:12:42:20 +0000] "GET /hostales/?fileloc=/var/www/vhosts/enlugo.es/httpdocs/wp-categories.php&path=/var/www/vhosts/enlugo.es/httpdocs HTTP/1.0" 200 4337 "-" "Mozilla/5.0 (compatible; Barkrowler/0.9; +https://babbar.tech/crawler)"
154.54.249.212 - - [26/Oct/2025:12:42:37 +0000] "GET /hostales/?fileloc=/var/www/vhosts/enlugo.es/httpdocs/wp-category.php&path=/var/www/vhosts/enlugo.es/httpdocs HTTP/1.0" 200 4336 "-" "Mozilla/5.0 (compatible; Barkrowler/0.9; +https://babbar.tech/crawler)"
217.113.194.179 - - [26/Oct/2025:12:42:53 +0000] "GET /hostales/?fileloc=/var/www/vhosts/enlugo.es/httpdocs/wp-classic.php&path=/var/www/vhosts/enlugo.es/httpdocs HTTP/1.0" 200 4333 "-" "Mozilla/5.0 (compatible; Barkrowler/0.9; +https://babbar.tech/crawler)"
217.113.194.172 - - [26/Oct/2025:12:43:09 +0000] "GET /hostales/feed/?fileloc=/var/www/vhosts/enlugo.es/httpdocs/defaults.php&path=/var/www/vhosts/enlugo.es/httpdocs HTTP/1.0" 200 5291 "-" "Mozilla/5.0 (compatible; Barkrowler/0.9; +https://babbar.tech/crawler)"
217.113.194.237 - - [26/Oct/2025:12:43:27 +0000] "GET /feed/?fileloc=/var/www/vhosts/enlugo.es/httpdocs/images/wp-panel.php&path=/var/www/vhosts/enlugo.es/httpdocs/images HTTP/1.0" 200 62383 "-" "Mozilla/5.0 (compatible; Barkrowler/0.9; +https://babbar.tech/crawler)"
217.113.194.237 - - [26/Oct/2025:12:43:43 +0000] "GET /feed/?fileloc=/var/www/vhosts/enlugo.es/httpdocs/images/wp-scripts.php&path=/var/www/vhosts/enlugo.es/httpdocs/images HTTP/1.0" 200 25838 "-" "Mozilla/5.0 (compatible; Barkrowler/0.9; +https://babbar.tech/crawler)"
217.113.194.179 - - [26/Oct/2025:12:44:00 +0000] "GET /feed/?fileloc=/var/www/vhosts/enlugo.es/httpdocs/images/wp-handler.php&path=/var/www/vhosts/enlugo.es/httpdocs/images HTTP/1.0" 200 8658 "-" "Mozilla/5.0 (compatible; Barkrowler/0.9; +https://babbar.tech/crawler)"
217.113.194.236 - - [26/Oct/2025:12:44:16 +0000] "GET /feed/?fileloc=/var/www/vhosts/enlugo.es/httpdocs/images/wp-storage.php&path=/var/www/vhosts/enlugo.es/httpdocs/images HTTP/1.0" 200 63497 "-" "Mozilla/5.0 (compatible; Barkrowler/0.9; +https://babbar.tech/crawler)"
217.113.194.180 - - [26/Oct/2025:12:44:32 +0000] "GET /feed/?fileloc=/var/www/vhosts/enlugo.es/httpdocs/images/wp-bar.php&path=/var/www/vhosts/enlugo.es/httpdocs/images HTTP/1.0" 200 36935 "-" "Mozilla/5.0 (compatible; Barkrowler/0.9; +https://babbar.tech/crawler)"
154.54.249.212 - - [26/Oct/2025:12:44:48 +0000] "GET /feed/?fileloc=/var/www/vhosts/enlugo.es/httpdocs/images/wp-update.php&path=/var/www/vhosts/enlugo.es/httpdocs/images HTTP/1.0" 200 32599 "-" "Mozilla/5.0 (compatible; Barkrowler/0.9; +https://babbar.tech/crawler)"
217.113.194.179 - - [26/Oct/2025:12:45:05 +0000] "GET /feed/?fileloc=/var/www/vhosts/enlugo.es/httpdocs/images/wp-network.php&path=/var/www/vhosts/enlugo.es/httpdocs/images HTTP/1.0" 200 26368 "-" "Mozilla/5.0 (compatible; Barkrowler/0.9; +https://babbar.tech/crawler)"
217.113.194.178 - - [26/Oct/2025:12:45:21 +0000] "GET /feed/?fileloc=/var/www/vhosts/enlugo.es/httpdocs/images/wp-text.php&path=/var/www/vhosts/enlugo.es/httpdocs/images HTTP/1.0" 200 8681 "-" "Mozilla/5.0 (compatible; Barkrowler/0.9; +https://babbar.tech/crawler)"
217.113.194.236 - - [26/Oct/2025:12:45:38 +0000] "GET /feed/?fileloc=/var/www/vhosts/enlugo.es/httpdocs/images/wp-filters.php&path=/var/www/vhosts/enlugo.es/httpdocs/images HTTP/1.0" 200 14203 "-" "Mozilla/5.0 (compatible; Barkrowler/0.9; +https://babbar.tech/crawler)"
63.141.249.210 - - [26/Oct/2025:12:45:50 +0000] "GET /wp-includes/pl54115b/edit.php HTTP/1.0" 200 2269 "https://enlugo.es/wp-includes/pl54115b/edit.php" "Mozilla/5.0 (Windows NT 10.0; Win64; x64) AppleWebKit/537.36 (KHTML, like Gecko) Chrome/58.0.3029.110 Safari/537.3"
217.113.194.174 - - [26/Oct/2025:12:45:53 +0000] "GET /feed/?fileloc=/var/www/vhosts/enlugo.es/httpdocs/images/wp-utils.php&path=/var/www/vhosts/enlugo.es/httpdocs/images HTTP/1.0" 200 13528 "-" "Mozilla/5.0 (compatible; Barkrowler/0.9; +https://babbar.tech/crawler)"
217.113.194.181 - - [26/Oct/2025:12:46:09 +0000] "GET /feed/?fileloc=/var/www/vhosts/enlugo.es/httpdocs/images/wp-supports.php&path=/var/www/vhosts/enlugo.es/httpdocs/images HTTP/1.0" 200 28136 "-" "Mozilla/5.0 (compatible; Barkrowler/0.9; +https://babbar.tech/crawler)"
217.113.194.180 - - [26/Oct/2025:12:46:26 +0000] "GET /feed/?fileloc=/var/www/vhosts/enlugo.es/httpdocs/images/wp-term.php&path=/var/www/vhosts/enlugo.es/httpdocs/images HTTP/1.0" 200 8667 "-" "Mozilla/5.0 (compatible; Barkrowler/0.9; +https://babbar.tech/crawler)"
217.113.194.237 - - [26/Oct/2025:12:46:42 +0000] "GET /feed/?fileloc=/var/www/vhosts/enlugo.es/httpdocs/images/wp-query.php&path=/var/www/vhosts/enlugo.es/httpdocs/images HTTP/1.0" 200 8611 "-" "Mozilla/5.0 (compatible; Barkrowler/0.9; +https://babbar.tech/crawler)"
217.113.194.180 - - [26/Oct/2025:12:46:59 +0000] "GET /feed/?fileloc=/var/www/vhosts/enlugo.es/httpdocs/images/wp-hooks.php&path=/var/www/vhosts/enlugo.es/httpdocs/images HTTP/1.0" 200 8728 "-" "Mozilla/5.0 (compatible; Barkrowler/0.9; +https://babbar.tech/crawler)"
63.141.249.210 - - [26/Oct/2025:12:45:48 +0000] "GET /wp-includes/pl54115b/edit.php HTTP/1.0" 200 2195 "https://enlugo.es/wp-includes/pl54115b/edit.php" "Mozilla/5.0 (Windows NT 10.0; Win64; x64) AppleWebKit/537.36 (KHTML, like Gecko) Chrome/58.0.3029.110 Safari/537.3"
217.113.194.176 - - [26/Oct/2025:12:47:16 +0000] "GET /feed/?fileloc=/var/www/vhosts/enlugo.es/httpdocs/images/wp-server.php&path=/var/www/vhosts/enlugo.es/httpdocs/images HTTP/1.0" 200 13347 "-" "Mozilla/5.0 (compatible; Barkrowler/0.9; +https://babbar.tech/crawler)"
217.113.194.181 - - [26/Oct/2025:12:47:32 +0000] "GET /feed/?fileloc=/var/www/vhosts/enlugo.es/httpdocs/images/wp-manager.php&path=/var/www/vhosts/enlugo.es/httpdocs/images HTTP/1.0" 200 11594 "-" "Mozilla/5.0 (compatible; Barkrowler/0.9; +https://babbar.tech/crawler)"
217.113.194.236 - - [26/Oct/2025:12:47:48 +0000] "GET /feed/?fileloc=/var/www/vhosts/enlugo.es/httpdocs/images/wp-factory.php&path=/var/www/vhosts/enlugo.es/httpdocs/images HTTP/1.0" 200 8659 "-" "Mozilla/5.0 (compatible; Barkrowler/0.9; +https://babbar.tech/crawler)"
217.113.194.172 - - [26/Oct/2025:12:48:04 +0000] "GET /feed/?fileloc=/var/www/vhosts/enlugo.es/httpdocs/images/wp-registry.php&path=/var/www/vhosts/enlugo.es/httpdocs/images HTTP/1.0" 200 37937 "-" "Mozilla/5.0 (compatible; Barkrowler/0.9; +https://babbar.tech/crawler)"
217.113.194.173 - - [26/Oct/2025:12:48:22 +0000] "GET /feed/?fileloc=/var/www/vhosts/enlugo.es/httpdocs/images/wp-patterns.php&path=/var/www/vhosts/enlugo.es/httpdocs/images HTTP/1.0" 200 8682 "-" "Mozilla/5.0 (compatible; Barkrowler/0.9; +https://babbar.tech/crawler)"
217.113.194.179 - - [26/Oct/2025:12:48:39 +0000] "GET /feed/?fileloc=/var/www/vhosts/enlugo.es/httpdocs/images/wp-version.php&path=/var/www/vhosts/enlugo.es/httpdocs/images HTTP/1.0" 200 8631 "-" "Mozilla/5.0 (compatible; Barkrowler/0.9; +https://babbar.tech/crawler)"
69.197.149.50 - - [26/Oct/2025:12:47:16 +0000] "GET /wp-includes/pl54115b/edit.php?id=657332 HTTP/1.0" 200 2195 "https://enlugo.es/wp-includes/pl54115b/edit.php?id=657332" "Mozilla/5.0 (Windows NT 10.0; Win64; x64) AppleWebKit/537.36 (KHTML, like Gecko) Chrome/58.0.3029.110 Safari/537.3"
217.113.194.178 - - [26/Oct/2025:12:48:56 +0000] "GET /feed/?fileloc=/var/www/vhosts/enlugo.es/httpdocs/images/wp-functions.php&path=/var/www/vhosts/enlugo.es/httpdocs/images HTTP/1.0" 200 54583 "-" "Mozilla/5.0 (compatible; Barkrowler/0.9; +https://babbar.tech/crawler)"
217.113.194.172 - - [26/Oct/2025:12:49:13 +0000] "GET /feed/?fileloc=/var/www/vhosts/enlugo.es/httpdocs/images/wp-block.php&path=/var/www/vhosts/enlugo.es/httpdocs/images HTTP/1.0" 200 8663 "-" "Mozilla/5.0 (compatible; Barkrowler/0.9; +https://babbar.tech/crawler)"
217.113.194.174 - - [26/Oct/2025:12:49:29 +0000] "GET /feed/?fileloc=/var/www/vhosts/enlugo.es/httpdocs/images/admin.php&path=/var/www/vhosts/enlugo.es/httpdocs/images HTTP/1.0" 200 6035 "-" "Mozilla/5.0 (compatible; Barkrowler/0.9; +https://babbar.tech/crawler)"
217.113.194.176 - - [26/Oct/2025:12:49:46 +0000] "GET /feed/?fileloc=/var/www/vhosts/enlugo.es/httpdocs/cache/wp-db.php&path=/var/www/vhosts/enlugo.es/httpdocs/cache HTTP/1.0" 200 8680 "-" "Mozilla/5.0 (compatible; Barkrowler/0.9; +https://babbar.tech/crawler)"
217.113.194.178 - - [26/Oct/2025:12:50:02 +0000] "GET /feed/?fileloc=/var/www/vhosts/enlugo.es/httpdocs/cache/wp-type.php&path=/var/www/vhosts/enlugo.es/httpdocs/cache HTTP/1.0" 200 25734 "-" "Mozilla/5.0 (compatible; Barkrowler/0.9; +https://babbar.tech/crawler)"
69.197.149.50 - - [26/Oct/2025:12:48:45 +0000] "GET /wp-includes/pl54115b/edit.php?id=657332 HTTP/1.0" 200 2195 "https://enlugo.es/wp-includes/pl54115b/edit.php?id=657332" "Mozilla/5.0 (Windows NT 10.0; Win64; x64) AppleWebKit/537.36 (KHTML, like Gecko) Chrome/58.0.3029.110 Safari/537.3"
154.54.249.212 - - [26/Oct/2025:12:50:19 +0000] "GET /feed/?fileloc=/var/www/vhosts/enlugo.es/httpdocs/cache/wp-feed.php&path=/var/www/vhosts/enlugo.es/httpdocs/cache HTTP/1.0" 200 9763 "-" "Mozilla/5.0 (compatible; Barkrowler/0.9; +https://babbar.tech/crawler)"
217.113.194.237 - - [26/Oct/2025:12:50:36 +0000] "GET /feed/?fileloc=/var/www/vhosts/enlugo.es/httpdocs/cache/wp-link.php&path=/var/www/vhosts/enlugo.es/httpdocs/cache HTTP/1.0" 200 25850 "-" "Mozilla/5.0 (compatible; Barkrowler/0.9; +https://babbar.tech/crawler)"
217.113.194.181 - - [26/Oct/2025:12:50:52 +0000] "GET /feed/?fileloc=/var/www/vhosts/enlugo.es/httpdocs/cache/wp-menu.php&path=/var/www/vhosts/enlugo.es/httpdocs/cache HTTP/1.0" 200 12144 "-" "Mozilla/5.0 (compatible; Barkrowler/0.9; +https://babbar.tech/crawler)"
217.113.194.175 - - [26/Oct/2025:12:51:09 +0000] "GET /feed/?fileloc=/var/www/vhosts/enlugo.es/httpdocs/cache/wp-user.php&path=/var/www/vhosts/enlugo.es/httpdocs/cache HTTP/1.0" 200 30101 "-" "Mozilla/5.0 (compatible; Barkrowler/0.9; +https://babbar.tech/crawler)"
217.113.194.237 - - [26/Oct/2025:12:51:26 +0000] "GET /feed/?fileloc=/var/www/vhosts/enlugo.es/httpdocs/cache/wp-service.php&path=/var/www/vhosts/enlugo.es/httpdocs/cache HTTP/1.0" 200 34737 "-" "Mozilla/5.0 (compatible; Barkrowler/0.9; +https://babbar.tech/crawler)"
217.113.194.172 - - [26/Oct/2025:12:51:43 +0000] "GET /feed/?fileloc=/var/www/vhosts/enlugo.es/httpdocs/cache/wp-page.php&path=/var/www/vhosts/enlugo.es/httpdocs/cache HTTP/1.0" 200 58226 "-" "Mozilla/5.0 (compatible; Barkrowler/0.9; +https://babbar.tech/crawler)"
69.197.149.50 - - [26/Oct/2025:12:50:16 +0000] "GET /wp-includes/pl54115b/edit.php?id=657332 HTTP/1.0" 200 2195 "https://enlugo.es/wp-includes/pl54115b/edit.php?id=657332" "Mozilla/5.0 (Windows NT 10.0; Win64; x64) AppleWebKit/537.36 (KHTML, like Gecko) Chrome/58.0.3029.110 Safari/537.3"
217.113.194.172 - - [26/Oct/2025:12:51:59 +0000] "GET /feed/?fileloc=/var/www/vhosts/enlugo.es/httpdocs/cache/wp-date.php&path=/var/www/vhosts/enlugo.es/httpdocs/cache HTTP/1.0" 200 18552 "-" "Mozilla/5.0 (compatible; Barkrowler/0.9; +https://babbar.tech/crawler)"
217.113.194.237 - - [26/Oct/2025:12:52:16 +0000] "GET /feed/?fileloc=/var/www/vhosts/enlugo.es/httpdocs/cache/wp-info.php&path=/var/www/vhosts/enlugo.es/httpdocs/cache HTTP/1.0" 200 23530 "-" "Mozilla/5.0 (compatible; Barkrowler/0.9; +https://babbar.tech/crawler)"
217.113.194.180 - - [26/Oct/2025:12:52:32 +0000] "GET /feed/?fileloc=/var/www/vhosts/enlugo.es/httpdocs/cache/wp-data.php&path=/var/www/vhosts/enlugo.es/httpdocs/cache HTTP/1.0" 200 68508 "-" "Mozilla/5.0 (compatible; Barkrowler/0.9; +https://babbar.tech/crawler)"
217.113.194.172 - - [26/Oct/2025:12:52:48 +0000] "GET /feed/?fileloc=/var/www/vhosts/enlugo.es/httpdocs/cgi-bin/index.php&path=/var/www/vhosts/enlugo.es/httpdocs/cgi-bin HTTP/1.0" 200 4437 "-" "Mozilla/5.0 (compatible; Barkrowler/0.9; +https://babbar.tech/crawler)"
63.141.249.210 - - [26/Oct/2025:12:52:48 +0000] "GET /wp-includes/pl54115b/edit.php HTTP/1.0" 200 2269 "https://enlugo.es/wp-includes/pl54115b/edit.php" "Mozilla/5.0 (Windows NT 10.0; Win64; x64) AppleWebKit/537.36 (KHTML, like Gecko) Chrome/58.0.3029.110 Safari/537.3"
154.54.249.212 - - [26/Oct/2025:12:53:04 +0000] "GET /feed/?fileloc=/var/www/vhosts/enlugo.es/httpdocs/wp-content/index.php&path=/var/www/vhosts/enlugo.es/httpdocs/wp-content HTTP/1.0" 200 6724 "-" "Mozilla/5.0 (compatible; Barkrowler/0.9; +https://babbar.tech/crawler)"
217.113.194.178 - - [26/Oct/2025:12:53:21 +0000] "GET /category/1/feed/?fileloc=/var/www/vhosts/enlugo.es/httpdocs/wp-text.php&path=/var/www/vhosts/enlugo.es/httpdocs HTTP/1.0" 200 4332 "-" "Mozilla/5.0 (compatible; Barkrowler/0.9; +https://babbar.tech/crawler)"
217.113.194.176 - - [26/Oct/2025:12:53:39 +0000] "GET /category/1/feed/?fileloc=/var/www/vhosts/enlugo.es/httpdocs/wp-option.php&path=/var/www/vhosts/enlugo.es/httpdocs HTTP/1.0" 200 4333 "-" "Mozilla/5.0 (compatible; Barkrowler/0.9; +https://babbar.tech/crawler)"
217.113.194.236 - - [26/Oct/2025:12:53:55 +0000] "GET /category/1/feed/?fileloc=/var/www/vhosts/enlugo.es/httpdocs/wp-mode.php&path=/var/www/vhosts/enlugo.es/httpdocs HTTP/1.0" 200 4332 "-" "Mozilla/5.0 (compatible; Barkrowler/0.9; +https://babbar.tech/crawler)"
217.113.194.174 - - [26/Oct/2025:12:54:11 +0000] "GET /category/1/feed/?fileloc=/var/www/vhosts/enlugo.es/httpdocs/wp-formats.php&path=/var/www/vhosts/enlugo.es/httpdocs HTTP/1.0" 200 4333 "-" "Mozilla/5.0 (compatible; Barkrowler/0.9; +https://babbar.tech/crawler)"
63.141.249.210 - - [26/Oct/2025:12:52:45 +0000] "GET /wp-includes/pl54115b/edit.php HTTP/1.0" 200 2195 "https://enlugo.es/wp-includes/pl54115b/edit.php" "Mozilla/5.0 (Windows NT 10.0; Win64; x64) AppleWebKit/537.36 (KHTML, like Gecko) Chrome/58.0.3029.110 Safari/537.3"
217.113.194.179 - - [26/Oct/2025:12:54:28 +0000] "GET /category/1/feed/?fileloc=/var/www/vhosts/enlugo.es/httpdocs/wp-update.php&path=/var/www/vhosts/enlugo.es/httpdocs HTTP/1.0" 200 4334 "-" "Mozilla/5.0 (compatible; Barkrowler/0.9; +https://babbar.tech/crawler)"
217.113.194.178 - - [26/Oct/2025:12:54:45 +0000] "GET /robots.txt HTTP/1.0" 200 2451 "-" "Mozilla/5.0 (compatible; Barkrowler/0.9; +https://babbar.tech/crawler)"
217.113.194.236 - - [26/Oct/2025:12:55:01 +0000] "GET /category/1/feed/?fileloc=/var/www/vhosts/enlugo.es/httpdocs/wp-general.php&path=/var/www/vhosts/enlugo.es/httpdocs HTTP/1.0" 200 4335 "-" "Mozilla/5.0 (compatible; Barkrowler/0.9; +https://babbar.tech/crawler)"
217.113.194.174 - - [26/Oct/2025:12:55:17 +0000] "GET /category/1/feed/?fileloc=/var/www/vhosts/enlugo.es/httpdocs/wp-blogs.php&path=/var/www/vhosts/enlugo.es/httpdocs HTTP/1.0" 200 4333 "-" "Mozilla/5.0 (compatible; Barkrowler/0.9; +https://babbar.tech/crawler)"
217.113.194.237 - - [26/Oct/2025:12:55:34 +0000] "GET /category/1/feed/?fileloc=/var/www/vhosts/enlugo.es/httpdocs/wp-supports.php&path=/var/www/vhosts/enlugo.es/httpdocs HTTP/1.0" 200 4336 "-" "Mozilla/5.0 (compatible; Barkrowler/0.9; +https://babbar.tech/crawler)"
69.197.149.50 - - [26/Oct/2025:12:54:18 +0000] "GET /wp-includes/pl54115b/edit.php?id=657332 HTTP/1.0" 200 2195 "https://enlugo.es/wp-includes/pl54115b/edit.php?id=657332" "Mozilla/5.0 (Windows NT 10.0; Win64; x64) AppleWebKit/537.36 (KHTML, like Gecko) Chrome/58.0.3029.110 Safari/537.3"
217.113.194.176 - - [26/Oct/2025:12:55:51 +0000] "GET /category/1/feed/?fileloc=/var/www/vhosts/enlugo.es/httpdocs/wp-service.php&path=/var/www/vhosts/enlugo.es/httpdocs HTTP/1.0" 200 4335 "-" "Mozilla/5.0 (compatible; Barkrowler/0.9; +https://babbar.tech/crawler)"
217.113.194.178 - - [26/Oct/2025:12:56:07 +0000] "GET /category/1/feed/?fileloc=/var/www/vhosts/enlugo.es/httpdocs/wp-factory.php&path=/var/www/vhosts/enlugo.es/httpdocs HTTP/1.0" 200 4335 "-" "Mozilla/5.0 (compatible; Barkrowler/0.9; +https://babbar.tech/crawler)"
217.113.194.173 - - [26/Oct/2025:12:56:25 +0000] "GET /category/1/feed/?fileloc=/var/www/vhosts/enlugo.es/httpdocs/wp-pattern.php&path=/var/www/vhosts/enlugo.es/httpdocs HTTP/1.0" 200 4335 "-" "Mozilla/5.0 (compatible; Barkrowler/0.9; +https://babbar.tech/crawler)"
217.113.194.237 - - [26/Oct/2025:12:56:41 +0000] "GET /category/1/feed/?fileloc=/var/www/vhosts/enlugo.es/httpdocs/wp-bookmark.php&path=/var/www/vhosts/enlugo.es/httpdocs HTTP/1.0" 200 4336 "-" "Mozilla/5.0 (compatible; Barkrowler/0.9; +https://babbar.tech/crawler)"
217.113.194.179 - - [26/Oct/2025:12:56:58 +0000] "GET /category/1/feed/?fileloc=/var/www/vhosts/enlugo.es/httpdocs/wp-locale.php&path=/var/www/vhosts/enlugo.es/httpdocs HTTP/1.0" 200 4333 "-" "Mozilla/5.0 (compatible; Barkrowler/0.9; +https://babbar.tech/crawler)"
66.249.66.41 - - [26/Oct/2025:12:57:07 +0000] "GET /robots.txt HTTP/1.0" 200 2451 "-" "Mozilla/5.0 (compatible; Googlebot/2.1; +http://www.google.com/bot.html)"
69.197.149.50 - - [26/Oct/2025:12:55:46 +0000] "GET /wp-includes/pl54115b/edit.php?id=657332 HTTP/1.0" 200 2195 "https://enlugo.es/wp-includes/pl54115b/edit.php?id=657332" "Mozilla/5.0 (Windows NT 10.0; Win64; x64) AppleWebKit/537.36 (KHTML, like Gecko) Chrome/58.0.3029.110 Safari/537.3"
217.113.194.177 - - [26/Oct/2025:12:57:14 +0000] "GET /category/1/feed/?fileloc=/var/www/vhosts/enlugo.es/httpdocs/wp-editor.php&path=/var/www/vhosts/enlugo.es/httpdocs HTTP/1.0" 200 4333 "-" "Mozilla/5.0 (compatible; Barkrowler/0.9; +https://babbar.tech/crawler)"
217.113.194.237 - - [26/Oct/2025:12:57:31 +0000] "GET /category/1/feed/?fileloc=/var/www/vhosts/enlugo.es/httpdocs/wp-request.php&path=/var/www/vhosts/enlugo.es/httpdocs HTTP/1.0" 200 4335 "-" "Mozilla/5.0 (compatible; Barkrowler/0.9; +https://babbar.tech/crawler)"
217.113.194.176 - - [26/Oct/2025:12:57:47 +0000] "GET /category/1/feed/?fileloc=/var/www/vhosts/enlugo.es/httpdocs/wp-widget.php&path=/var/www/vhosts/enlugo.es/httpdocs HTTP/1.0" 200 4333 "-" "Mozilla/5.0 (compatible; Barkrowler/0.9; +https://babbar.tech/crawler)"
217.113.194.176 - - [26/Oct/2025:12:58:04 +0000] "GET /category/1/feed/?fileloc=/var/www/vhosts/enlugo.es/httpdocs/wp-patterns.php&path=/var/www/vhosts/enlugo.es/httpdocs HTTP/1.0" 200 4335 "-" "Mozilla/5.0 (compatible; Barkrowler/0.9; +https://babbar.tech/crawler)"
217.113.194.176 - - [26/Oct/2025:12:58:21 +0000] "GET /category/1/feed/?fileloc=/var/www/vhosts/enlugo.es/httpdocs/wp-revision.php&path=/var/www/vhosts/enlugo.es/httpdocs HTTP/1.0" 200 4334 "-" "Mozilla/5.0 (compatible; Barkrowler/0.9; +https://babbar.tech/crawler)"
217.113.194.176 - - [26/Oct/2025:12:58:39 +0000] "GET /category/1/feed/?fileloc=/var/www/vhosts/enlugo.es/httpdocs/wp-object.php&path=/var/www/vhosts/enlugo.es/httpdocs HTTP/1.0" 200 4334 "-" "Mozilla/5.0 (compatible; Barkrowler/0.9; +https://babbar.tech/crawler)"
69.197.149.50 - - [26/Oct/2025:12:57:22 +0000] "GET /wp-includes/pl54115b/edit.php?id=657332 HTTP/1.0" 200 2195 "https://enlugo.es/wp-includes/pl54115b/edit.php?id=657332" "Mozilla/5.0 (Windows NT 10.0; Win64; x64) AppleWebKit/537.36 (KHTML, like Gecko) Chrome/58.0.3029.110 Safari/537.3"
217.113.194.180 - - [26/Oct/2025:12:58:55 +0000] "GET /category/1/feed/?fileloc=/var/www/vhosts/enlugo.es/httpdocs/wp-block.php&path=/var/www/vhosts/enlugo.es/httpdocs HTTP/1.0" 200 4332 "-" "Mozilla/5.0 (compatible; Barkrowler/0.9; +https://babbar.tech/crawler)"
217.113.194.173 - - [26/Oct/2025:12:59:11 +0000] "GET /category/1/feed/?fileloc=/var/www/vhosts/enlugo.es/httpdocs/wp-date.php&path=/var/www/vhosts/enlugo.es/httpdocs HTTP/1.0" 200 4332 "-" "Mozilla/5.0 (compatible; Barkrowler/0.9; +https://babbar.tech/crawler)"
217.113.194.180 - - [26/Oct/2025:12:59:27 +0000] "GET /category/1/feed/?fileloc=/var/www/vhosts/enlugo.es/httpdocs/wp-type.php&path=/var/www/vhosts/enlugo.es/httpdocs HTTP/1.0" 200 4331 "-" "Mozilla/5.0 (compatible; Barkrowler/0.9; +https://babbar.tech/crawler)"
217.113.194.178 - - [26/Oct/2025:12:59:46 +0000] "GET /category/1/feed/?fileloc=/var/www/vhosts/enlugo.es/httpdocs/uzwom.php&path=/var/www/vhosts/enlugo.es/httpdocs HTTP/1.0" 200 4332 "-" "Mozilla/5.0 (compatible; Barkrowler/0.9; +https://babbar.tech/crawler)"
63.141.249.210 - - [26/Oct/2025:12:59:46 +0000] "GET /wp-includes/pl54115b/edit.php HTTP/1.0" 200 2269 "https://enlugo.es/wp-includes/pl54115b/edit.php" "Mozilla/5.0 (Windows NT 10.0; Win64; x64) AppleWebKit/537.36 (KHTML, like Gecko) Chrome/58.0.3029.110 Safari/537.3"
217.113.194.176 - - [26/Oct/2025:13:00:02 +0000] "GET /category/1/feed/?fileloc=/var/www/vhosts/enlugo.es/httpdocs/userfuns.php&path=/var/www/vhosts/enlugo.es/httpdocs HTTP/1.0" 200 5572 "-" "Mozilla/5.0 (compatible; Barkrowler/0.9; +https://babbar.tech/crawler)"
69.197.149.50 - - [26/Oct/2025:12:58:51 +0000] "GET /wp-includes/pl54115b/edit.php?id=657332 HTTP/1.0" 200 2195 "https://enlugo.es/wp-includes/pl54115b/edit.php?id=657332" "Mozilla/5.0 (Windows NT 10.0; Win64; x64) AppleWebKit/537.36 (KHTML, like Gecko) Chrome/58.0.3029.110 Safari/537.3"
217.113.194.180 - - [26/Oct/2025:13:00:19 +0000] "GET /category/1/feed/?fileloc=/var/www/vhosts/enlugo.es/httpdocs/wp-api.php&path=/var/www/vhosts/enlugo.es/httpdocs HTTP/1.0" 200 4332 "-" "Mozilla/5.0 (compatible; Barkrowler/0.9; +https://babbar.tech/crawler)"
98.83.94.113 - - [26/Oct/2025:13:00:24 +0000] "GET /?fileloc=/var/www/vhosts/enlugo.es/httpdocs/wp-content/plugins/wordpress-seo/admin/views/tabs/metas/paper-content/integrations/.htaccess&path=/var/www/vhosts/enlugo.es/httpdocs/wp-content/plugins/wordpress-seo/admin/views/tabs/metas/paper-content/integrations HTTP/1.0" 200 4536 "-" "Mozilla/5.0 AppleWebKit/537.36 (KHTML, like Gecko; compatible; Amazonbot/0.1; +https://developer.amazon.com/support/amazonbot) Chrome/119.0.6045.214 Safari/537.36"
217.113.194.237 - - [26/Oct/2025:13:00:35 +0000] "GET /category/1/feed/?fileloc=/var/www/vhosts/enlugo.es/httpdocs/wp-json.php&path=/var/www/vhosts/enlugo.es/httpdocs HTTP/1.0" 200 4333 "-" "Mozilla/5.0 (compatible; Barkrowler/0.9; +https://babbar.tech/crawler)"
217.113.194.174 - - [26/Oct/2025:13:00:52 +0000] "GET /category/1/feed/?fileloc=/var/www/vhosts/enlugo.es/httpdocs/index.php0&path=/var/www/vhosts/enlugo.es/httpdocs HTTP/1.0" 200 12159 "-" "Mozilla/5.0 (compatible; Barkrowler/0.9; +https://babbar.tech/crawler)"
217.113.194.174 - - [26/Oct/2025:13:01:08 +0000] "GET /category/sin-categoria/?fileloc=/var/www/vhosts/enlugo.es/httpdocs/options.php&path=/var/www/vhosts/enlugo.es/httpdocs HTTP/1.0" 200 5290 "-" "Mozilla/5.0 (compatible; Barkrowler/0.9; +https://babbar.tech/crawler)"
217.113.194.237 - - [26/Oct/2025:13:01:25 +0000] "GET /category/sin-categoria/?fileloc=/var/www/vhosts/enlugo.es/httpdocs/readme.html&path=/var/www/vhosts/enlugo.es/httpdocs HTTP/1.0" 200 6104 "-" "Mozilla/5.0 (compatible; Barkrowler/0.9; +https://babbar.tech/crawler)"
217.113.194.237 - - [26/Oct/2025:13:01:41 +0000] "GET /category/sin-categoria/?fileloc=/var/www/vhosts/enlugo.es/httpdocs/.tmp&path=/var/www/vhosts/enlugo.es/httpdocs HTTP/1.0" 200 4327 "-" "Mozilla/5.0 (compatible; Barkrowler/0.9; +https://babbar.tech/crawler)"
69.197.149.50 - - [26/Oct/2025:13:00:25 +0000] "GET /wp-includes/pl54115b/edit.php?id=657332 HTTP/1.0" 200 2195 "https://enlugo.es/wp-includes/pl54115b/edit.php?id=657332" "Mozilla/5.0 (Windows NT 10.0; Win64; x64) AppleWebKit/537.36 (KHTML, like Gecko) Chrome/58.0.3029.110 Safari/537.3"
217.113.194.237 - - [26/Oct/2025:13:01:57 +0000] "GET /category/sin-categoria/?fileloc=/var/www/vhosts/enlugo.es/httpdocs/license.txt&path=/var/www/vhosts/enlugo.es/httpdocs HTTP/1.0" 200 11621 "-" "Mozilla/5.0 (compatible; Barkrowler/0.9; +https://babbar.tech/crawler)"
154.54.249.212 - - [26/Oct/2025:13:02:13 +0000] "GET /category/sin-categoria/?fileloc=/var/www/vhosts/enlugo.es/httpdocs/wp-admin.php&path=/var/www/vhosts/enlugo.es/httpdocs HTTP/1.0" 200 4353 "-" "Mozilla/5.0 (compatible; Barkrowler/0.9; +https://babbar.tech/crawler)"
217.113.194.176 - - [26/Oct/2025:13:02:30 +0000] "GET /category/sin-categoria/?fileloc=/var/www/vhosts/enlugo.es/httpdocs/themes.php&path=/var/www/vhosts/enlugo.es/httpdocs HTTP/1.0" 200 4332 "-" "Mozilla/5.0 (compatible; Barkrowler/0.9; +https://babbar.tech/crawler)"
217.113.194.174 - - [26/Oct/2025:13:02:46 +0000] "GET /category/sin-categoria/?fileloc=/var/www/vhosts/enlugo.es/httpdocs/plugins.php&path=/var/www/vhosts/enlugo.es/httpdocs HTTP/1.0" 200 5313 "-" "Mozilla/5.0 (compatible; Barkrowler/0.9; +https://babbar.tech/crawler)"
