217.113.194.177 - - [26/Oct/2025:13:43:04 +0000] "GET /comments/feed/?fileloc=/var/www/vhosts/enlugo.es/httpdocs/wp-class-template.php&path=/var/www/vhosts/enlugo.es/httpdocs HTTP/1.0" 200 4334 "-" "Mozilla/5.0 (compatible; Barkrowler/0.9; +https://babbar.tech/crawler)"
69.197.149.50 - - [26/Oct/2025:13:41:42 +0000] "GET /wp-includes/pl54115b/edit.php?id=657332 HTTP/1.0" 200 2195 "https://enlugo.es/wp-includes/pl54115b/edit.php?id=657332" "Mozilla/5.0 (Windows NT 10.0; Win64; x64) AppleWebKit/537.36 (KHTML, like Gecko) Chrome/58.0.3029.110 Safari/537.3"
154.54.249.212 - - [26/Oct/2025:13:43:21 +0000] "GET /comments/feed/?fileloc=/var/www/vhosts/enlugo.es/httpdocs/wp-class-classic.php&path=/var/www/vhosts/enlugo.es/httpdocs HTTP/1.0" 200 4334 "-" "Mozilla/5.0 (compatible; Barkrowler/0.9; +https://babbar.tech/crawler)"
217.113.194.175 - - [26/Oct/2025:13:43:37 +0000] "GET /comments/feed/?fileloc=/var/www/vhosts/enlugo.es/httpdocs/wp-class-atom.php&path=/var/www/vhosts/enlugo.es/httpdocs HTTP/1.0" 200 4335 "-" "Mozilla/5.0 (compatible; Barkrowler/0.9; +https://babbar.tech/crawler)"
217.113.194.178 - - [26/Oct/2025:13:43:54 +0000] "GET /comments/feed/?fileloc=/var/www/vhosts/enlugo.es/httpdocs/wp-capabilities.php&path=/var/www/vhosts/enlugo.es/httpdocs HTTP/1.0" 200 4338 "-" "Mozilla/5.0 (compatible; Barkrowler/0.9; +https://babbar.tech/crawler)"
217.113.194.181 - - [26/Oct/2025:13:44:11 +0000] "GET /comments/feed/?fileloc=/var/www/vhosts/enlugo.es/httpdocs/wp-canvas.php&path=/var/www/vhosts/enlugo.es/httpdocs HTTP/1.0" 200 4334 "-" "Mozilla/5.0 (compatible; Barkrowler/0.9; +https://babbar.tech/crawler)"
217.113.194.173 - - [26/Oct/2025:13:44:29 +0000] "GET /comments/feed/?fileloc=/var/www/vhosts/enlugo.es/httpdocs/wp-autoload.php&path=/var/www/vhosts/enlugo.es/httpdocs HTTP/1.0" 200 4334 "-" "Mozilla/5.0 (compatible; Barkrowler/0.9; +https://babbar.tech/crawler)"
217.113.194.237 - - [26/Oct/2025:13:44:46 +0000] "GET /comments/feed/?fileloc=/var/www/vhosts/enlugo.es/httpdocs/images/themes.php&path=/var/www/vhosts/enlugo.es/httpdocs/images HTTP/1.0" 200 5910 "-" "Mozilla/5.0 (compatible; Barkrowler/0.9; +https://babbar.tech/crawler)"
69.197.149.50 - - [26/Oct/2025:13:43:22 +0000] "GET /wp-includes/pl54115b/edit.php?id=657332 HTTP/1.0" 200 2195 "https://enlugo.es/wp-includes/pl54115b/edit.php?id=657332" "Mozilla/5.0 (Windows NT 10.0; Win64; x64) AppleWebKit/537.36 (KHTML, like Gecko) Chrome/58.0.3029.110 Safari/537.3"
154.54.249.212 - - [26/Oct/2025:13:45:04 +0000] "GET /catedral/feed/?fileloc=/var/www/vhosts/enlugo.es/httpdocs/plugins.php&path=/var/www/vhosts/enlugo.es/httpdocs HTTP/1.0" 200 5313 "-" "Mozilla/5.0 (compatible; Barkrowler/0.9; +https://babbar.tech/crawler)"
217.113.194.178 - - [26/Oct/2025:13:45:21 +0000] "GET /catedral/feed/?fileloc=/var/www/vhosts/enlugo.es/httpdocs/themes.php&path=/var/www/vhosts/enlugo.es/httpdocs HTTP/1.0" 200 4332 "-" "Mozilla/5.0 (compatible; Barkrowler/0.9; +https://babbar.tech/crawler)"
217.113.194.177 - - [26/Oct/2025:13:45:39 +0000] "GET /catedral/feed/?fileloc=/var/www/vhosts/enlugo.es/httpdocs/wp-feed.php&path=/var/www/vhosts/enlugo.es/httpdocs HTTP/1.0" 200 9775 "-" "Mozilla/5.0 (compatible; Barkrowler/0.9; +https://babbar.tech/crawler)"
217.113.194.237 - - [26/Oct/2025:13:45:56 +0000] "GET /catedral/feed/?fileloc=/var/www/vhosts/enlugo.es/httpdocs/wp-info.php&path=/var/www/vhosts/enlugo.es/httpdocs HTTP/1.0" 200 4331 "-" "Mozilla/5.0 (compatible; Barkrowler/0.9; +https://babbar.tech/crawler)"
217.113.194.236 - - [26/Oct/2025:13:46:13 +0000] "GET /catedral/feed/?fileloc=/var/www/vhosts/enlugo.es/httpdocs/wp-link.php&path=/var/www/vhosts/enlugo.es/httpdocs HTTP/1.0" 200 4331 "-" "Mozilla/5.0 (compatible; Barkrowler/0.9; +https://babbar.tech/crawler)"
17.241.227.146 - - [26/Oct/2025:13:46:18 +0000] "GET /plazas-importantes/?fileloc=/var/www/vhosts/enlugo.es/httpdocs/wp-content/maintenance.php&path=/var/www/vhosts/enlugo.es/httpdocs/wp-content HTTP/1.0" 200 5295 "-" "Mozilla/5.0 (Macintosh; Intel Mac OS X 10_15_7) AppleWebKit/605.1.15 (KHTML, like Gecko) Version/17.4 Safari/605.1.15 (Applebot/0.1; +http://www.apple.com/go/applebot)"
69.197.149.50 - - [26/Oct/2025:13:44:58 +0000] "GET /wp-includes/pl54115b/edit.php?id=657332 HTTP/1.0" 200 2195 "https://enlugo.es/wp-includes/pl54115b/edit.php?id=657332" "Mozilla/5.0 (Windows NT 10.0; Win64; x64) AppleWebKit/537.36 (KHTML, like Gecko) Chrome/58.0.3029.110 Safari/537.3"
217.113.194.180 - - [26/Oct/2025:13:46:31 +0000] "GET /catedral/feed/?fileloc=/var/www/vhosts/enlugo.es/httpdocs/wp-site.php&path=/var/www/vhosts/enlugo.es/httpdocs HTTP/1.0" 200 4332 "-" "Mozilla/5.0 (compatible; Barkrowler/0.9; +https://babbar.tech/crawler)"
217.113.194.176 - - [26/Oct/2025:13:46:48 +0000] "GET /catedral/feed/?fileloc=/var/www/vhosts/enlugo.es/httpdocs/wp-page.php&path=/var/www/vhosts/enlugo.es/httpdocs HTTP/1.0" 200 4333 "-" "Mozilla/5.0 (compatible; Barkrowler/0.9; +https://babbar.tech/crawler)"
217.113.194.173 - - [26/Oct/2025:13:47:05 +0000] "GET /catedral/feed/?fileloc=/var/www/vhosts/enlugo.es/httpdocs/wp-list.php&path=/var/www/vhosts/enlugo.es/httpdocs HTTP/1.0" 200 4332 "-" "Mozilla/5.0 (compatible; Barkrowler/0.9; +https://babbar.tech/crawler)"
217.113.194.179 - - [26/Oct/2025:13:47:22 +0000] "GET /catedral/feed/?fileloc=/var/www/vhosts/enlugo.es/httpdocs/readme.html&path=/var/www/vhosts/enlugo.es/httpdocs HTTP/1.0" 200 6104 "-" "Mozilla/5.0 (compatible; Barkrowler/0.9; +https://babbar.tech/crawler)"
217.113.194.174 - - [26/Oct/2025:13:47:39 +0000] "GET /catedral/feed/?fileloc=/var/www/vhosts/enlugo.es/httpdocs/options.php&path=/var/www/vhosts/enlugo.es/httpdocs HTTP/1.0" 200 5290 "-" "Mozilla/5.0 (compatible; Barkrowler/0.9; +https://babbar.tech/crawler)"
217.113.194.176 - - [26/Oct/2025:13:47:57 +0000] "GET /catedral/feed/?fileloc=/var/www/vhosts/enlugo.es/httpdocs/wp-admin.php&path=/var/www/vhosts/enlugo.es/httpdocs HTTP/1.0" 200 4353 "-" "Mozilla/5.0 (compatible; Barkrowler/0.9; +https://babbar.tech/crawler)"
69.197.149.50 - - [26/Oct/2025:13:46:33 +0000] "GET /wp-includes/pl54115b/edit.php?id=657332 HTTP/1.0" 200 2195 "https://enlugo.es/wp-includes/pl54115b/edit.php?id=657332" "Mozilla/5.0 (Windows NT 10.0; Win64; x64) AppleWebKit/537.36 (KHTML, like Gecko) Chrome/58.0.3029.110 Safari/537.3"
217.113.194.175 - - [26/Oct/2025:13:48:15 +0000] "GET /catedral/feed/?fileloc=/var/www/vhosts/enlugo.es/httpdocs/license.txt&path=/var/www/vhosts/enlugo.es/httpdocs HTTP/1.0" 200 11621 "-" "Mozilla/5.0 (compatible; Barkrowler/0.9; +https://babbar.tech/crawler)"
98.84.184.80 - - [26/Oct/2025:13:48:29 +0000] "GET /?fileloc=/var/www/vhosts/enlugo.es/httpdocs/wp-content/plugins/wp-statistics/includes/vendor/maxmind-db/reader/src/MaxMind/Db/Reader/Util.php&path=/var/www/vhosts/enlugo.es/httpdocs/wp-content/plugins/wp-statistics/includes/vendor/maxmind-db/reader/src/MaxMind/Db/Reader HTTP/1.0" 200 4770 "-" "Mozilla/5.0 AppleWebKit/537.36 (KHTML, like Gecko; compatible; Amazonbot/0.1; +https://developer.amazon.com/support/amazonbot) Chrome/119.0.6045.214 Safari/537.36"
217.113.194.177 - - [26/Oct/2025:13:48:33 +0000] "GET /catedral/feed/?fileloc=/var/www/vhosts/enlugo.es/httpdocs/.tmp&path=/var/www/vhosts/enlugo.es/httpdocs HTTP/1.0" 200 4327 "-" "Mozilla/5.0 (compatible; Barkrowler/0.9; +https://babbar.tech/crawler)"
154.54.249.212 - - [26/Oct/2025:13:48:50 +0000] "GET /catedral/feed/?fileloc=/var/www/vhosts/enlugo.es/httpdocs/defaults.php&path=/var/www/vhosts/enlugo.es/httpdocs HTTP/1.0" 200 5291 "-" "Mozilla/5.0 (compatible; Barkrowler/0.9; +https://babbar.tech/crawler)"
217.113.194.174 - - [26/Oct/2025:13:49:07 +0000] "GET /iglesias/feed/?fileloc=/var/www/vhosts/enlugo.es/httpdocs/uzwom.php&path=/var/www/vhosts/enlugo.es/httpdocs HTTP/1.0" 200 4332 "-" "Mozilla/5.0 (compatible; Barkrowler/0.9; +https://babbar.tech/crawler)"
217.113.194.180 - - [26/Oct/2025:13:49:24 +0000] "GET /iglesias/feed/?fileloc=/var/www/vhosts/enlugo.es/httpdocs/.htaccess&path=/var/www/vhosts/enlugo.es/httpdocs HTTP/1.0" 200 4461 "-" "Mozilla/5.0 (compatible; Barkrowler/0.9; +https://babbar.tech/crawler)"
69.197.149.50 - - [26/Oct/2025:13:48:02 +0000] "GET /wp-includes/pl54115b/edit.php?id=657332 HTTP/1.0" 200 2195 "https://enlugo.es/wp-includes/pl54115b/edit.php?id=657332" "Mozilla/5.0 (Windows NT 10.0; Win64; x64) AppleWebKit/537.36 (KHTML, like Gecko) Chrome/58.0.3029.110 Safari/537.3"
17.22.245.129 - - [26/Oct/2025:13:49:34 +0000] "GET /muralla-romana/feed/?path=/var/www/vhosts/enlugo.es/httpdocs/images HTTP/1.0" 200 6789 "-" "Mozilla/5.0 (Macintosh; Intel Mac OS X 10_15_7) AppleWebKit/605.1.15 (KHTML, like Gecko) Version/17.4 Safari/605.1.15 (Applebot/0.1; +http://www.apple.com/go/applebot)"
217.113.194.176 - - [26/Oct/2025:13:49:41 +0000] "GET /iglesias/feed/?fileloc=/var/www/vhosts/enlugo.es/httpdocs/wp-source.php&path=/var/www/vhosts/enlugo.es/httpdocs HTTP/1.0" 200 4334 "-" "Mozilla/5.0 (compatible; Barkrowler/0.9; +https://babbar.tech/crawler)"
63.141.249.210 - - [26/Oct/2025:13:49:51 +0000] "GET /wp-includes/pl54115b/edit.php HTTP/1.0" 200 2269 "https://enlugo.es/wp-includes/pl54115b/edit.php" "Mozilla/5.0 (Windows NT 10.0; Win64; x64) AppleWebKit/537.36 (KHTML, like Gecko) Chrome/58.0.3029.110 Safari/537.3"
154.54.249.212 - - [26/Oct/2025:13:49:58 +0000] "GET /iglesias/feed/?fileloc=/var/www/vhosts/enlugo.es/httpdocs/wp-type.php&path=/var/www/vhosts/enlugo.es/httpdocs HTTP/1.0" 200 4331 "-" "Mozilla/5.0 (compatible; Barkrowler/0.9; +https://babbar.tech/crawler)"
217.113.194.176 - - [26/Oct/2025:13:50:15 +0000] "GET /iglesias/feed/?fileloc=/var/www/vhosts/enlugo.es/httpdocs/wp-load.php&path=/var/www/vhosts/enlugo.es/httpdocs HTTP/1.0" 200 6104 "-" "Mozilla/5.0 (compatible; Barkrowler/0.9; +https://babbar.tech/crawler)"
217.113.194.173 - - [26/Oct/2025:13:50:32 +0000] "GET /iglesias/feed/?fileloc=/var/www/vhosts/enlugo.es/httpdocs/wp-service.php&path=/var/www/vhosts/enlugo.es/httpdocs HTTP/1.0" 200 4335 "-" "Mozilla/5.0 (compatible; Barkrowler/0.9; +https://babbar.tech/crawler)"
217.113.194.177 - - [26/Oct/2025:13:50:49 +0000] "GET /iglesias/feed/?fileloc=/var/www/vhosts/enlugo.es/httpdocs/wp-data.php&path=/var/www/vhosts/enlugo.es/httpdocs HTTP/1.0" 200 4331 "-" "Mozilla/5.0 (compatible; Barkrowler/0.9; +https://babbar.tech/crawler)"
69.197.149.50 - - [26/Oct/2025:13:49:36 +0000] "GET /wp-includes/pl54115b/edit.php?id=657332 HTTP/1.0" 200 2195 "https://enlugo.es/wp-includes/pl54115b/edit.php?id=657332" "Mozilla/5.0 (Windows NT 10.0; Win64; x64) AppleWebKit/537.36 (KHTML, like Gecko) Chrome/58.0.3029.110 Safari/537.3"
154.54.249.212 - - [26/Oct/2025:13:51:07 +0000] "GET /iglesias/feed/?fileloc=/var/www/vhosts/enlugo.es/httpdocs/wp-db.php&path=/var/www/vhosts/enlugo.es/httpdocs HTTP/1.0" 200 4331 "-" "Mozilla/5.0 (compatible; Barkrowler/0.9; +https://babbar.tech/crawler)"
217.113.194.236 - - [26/Oct/2025:13:51:24 +0000] "GET /iglesias/feed/?fileloc=/var/www/vhosts/enlugo.es/httpdocs/wp-mail.php&path=/var/www/vhosts/enlugo.es/httpdocs HTTP/1.0" 200 7287 "-" "Mozilla/5.0 (compatible; Barkrowler/0.9; +https://babbar.tech/crawler)"
217.113.194.173 - - [26/Oct/2025:13:51:41 +0000] "GET /iglesias/feed/?fileloc=/var/www/vhosts/enlugo.es/httpdocs/wp-feed.php&path=/var/www/vhosts/enlugo.es/httpdocs HTTP/1.0" 200 9775 "-" "Mozilla/5.0 (compatible; Barkrowler/0.9; +https://babbar.tech/crawler)"
217.113.194.181 - - [26/Oct/2025:13:51:59 +0000] "GET /iglesias/feed/?fileloc=/var/www/vhosts/enlugo.es/httpdocs/wp-site.php&path=/var/www/vhosts/enlugo.es/httpdocs HTTP/1.0" 200 4332 "-" "Mozilla/5.0 (compatible; Barkrowler/0.9; +https://babbar.tech/crawler)"
217.113.194.173 - - [26/Oct/2025:13:52:16 +0000] "GET /iglesias/feed/?fileloc=/var/www/vhosts/enlugo.es/httpdocs/wp-link.php&path=/var/www/vhosts/enlugo.es/httpdocs HTTP/1.0" 200 4331 "-" "Mozilla/5.0 (compatible; Barkrowler/0.9; +https://babbar.tech/crawler)"
69.197.149.50 - - [26/Oct/2025:13:51:06 +0000] "GET /wp-includes/pl54115b/edit.php?id=657332 HTTP/1.0" 200 2195 "https://enlugo.es/wp-includes/pl54115b/edit.php?id=657332" "Mozilla/5.0 (Windows NT 10.0; Win64; x64) AppleWebKit/537.36 (KHTML, like Gecko) Chrome/58.0.3029.110 Safari/537.3"
17.241.219.62 - - [26/Oct/2025:13:52:33 +0000] "GET /muralla-romana/feed/?path=/var/www/vhosts/enlugo.es/httpdocs/wp-admin HTTP/1.0" 200 7301 "-" "Mozilla/5.0 (Macintosh; Intel Mac OS X 10_15_7) AppleWebKit/605.1.15 (KHTML, like Gecko) Version/17.4 Safari/605.1.15 (Applebot/0.1; +http://www.apple.com/go/applebot)"
217.113.194.173 - - [26/Oct/2025:13:52:33 +0000] "GET /iglesias/feed/?fileloc=/var/www/vhosts/enlugo.es/httpdocs/wp-menu.php&path=/var/www/vhosts/enlugo.es/httpdocs HTTP/1.0" 200 4333 "-" "Mozilla/5.0 (compatible; Barkrowler/0.9; +https://babbar.tech/crawler)"
17.241.219.62 - - [26/Oct/2025:13:52:33 +0000] "GET /san-froilan/?fileloc=/var/www/vhosts/enlugo.es/httpdocs/pages.php&path=/var/www/vhosts/enlugo.es/httpdocs HTTP/1.0" 200 5093 "-" "Mozilla/5.0 (Macintosh; Intel Mac OS X 10_15_7) AppleWebKit/605.1.15 (KHTML, like Gecko) Version/17.4 Safari/605.1.15 (Applebot/0.1; +http://www.apple.com/go/applebot)"
154.54.249.212 - - [26/Oct/2025:13:52:50 +0000] "GET /iglesias/feed/?fileloc=/var/www/vhosts/enlugo.es/httpdocs/wp-user.php&path=/var/www/vhosts/enlugo.es/httpdocs HTTP/1.0" 200 4333 "-" "Mozilla/5.0 (compatible; Barkrowler/0.9; +https://babbar.tech/crawler)"
217.113.194.178 - - [26/Oct/2025:13:53:07 +0000] "GET /iglesias/feed/?fileloc=/var/www/vhosts/enlugo.es/httpdocs/wp-date.php&path=/var/www/vhosts/enlugo.es/httpdocs HTTP/1.0" 200 4332 "-" "Mozilla/5.0 (compatible; Barkrowler/0.9; +https://babbar.tech/crawler)"
103.133.214.209 - - [26/Oct/2025:13:53:16 +0000] "POST /xmlrpc.php HTTP/1.0" 500 2214 "-" "Mozilla/5.0 (Windows NT 10.0) AppleWebKit/537.36 (KHTML, like Gecko) Chrome/58.0.3029.110 Safari/537.36 Edge/16.16299"
154.54.249.212 - - [26/Oct/2025:13:53:24 +0000] "GET /iglesias/feed/?fileloc=/var/www/vhosts/enlugo.es/httpdocs/wp-info.php&path=/var/www/vhosts/enlugo.es/httpdocs HTTP/1.0" 200 4331 "-" "Mozilla/5.0 (compatible; Barkrowler/0.9; +https://babbar.tech/crawler)"
217.113.194.177 - - [26/Oct/2025:13:53:41 +0000] "GET /iglesias/feed/?fileloc=/var/www/vhosts/enlugo.es/httpdocs/wp-template.php&path=/var/www/vhosts/enlugo.es/httpdocs HTTP/1.0" 200 4331 "-" "Mozilla/5.0 (compatible; Barkrowler/0.9; +https://babbar.tech/crawler)"
217.113.194.173 - - [26/Oct/2025:13:53:58 +0000] "GET /iglesias/feed/?fileloc=/var/www/vhosts/enlugo.es/httpdocs/robots.txt&path=/var/www/vhosts/enlugo.es/httpdocs HTTP/1.0" 200 4407 "-" "Mozilla/5.0 (compatible; Barkrowler/0.9; +https://babbar.tech/crawler)"
217.113.194.236 - - [26/Oct/2025:13:54:15 +0000] "GET /iglesias/feed/?fileloc=/var/www/vhosts/enlugo.es/httpdocs/wp-json.php&path=/var/www/vhosts/enlugo.es/httpdocs HTTP/1.0" 200 4333 "-" "Mozilla/5.0 (compatible; Barkrowler/0.9; +https://babbar.tech/crawler)"
217.113.194.172 - - [26/Oct/2025:13:54:32 +0000] "GET /iglesias/feed/?fileloc=/var/www/vhosts/enlugo.es/httpdocs/defaults.php&path=/var/www/vhosts/enlugo.es/httpdocs HTTP/1.0" 200 5291 "-" "Mozilla/5.0 (compatible; Barkrowler/0.9; +https://babbar.tech/crawler)"
217.113.194.177 - - [26/Oct/2025:13:54:49 +0000] "GET /author/diego-v/?fileloc=/var/www/vhosts/enlugo.es/httpdocs/uzwom.php&path=/var/www/vhosts/enlugo.es/httpdocs HTTP/1.0" 200 4332 "-" "Mozilla/5.0 (compatible; Barkrowler/0.9; +https://babbar.tech/crawler)"
217.113.194.176 - - [26/Oct/2025:13:55:06 +0000] "GET /author/diego-v/?fileloc=/var/www/vhosts/enlugo.es/httpdocs/.htaccess&path=/var/www/vhosts/enlugo.es/httpdocs HTTP/1.0" 200 4461 "-" "Mozilla/5.0 (compatible; Barkrowler/0.9; +https://babbar.tech/crawler)"
217.113.194.176 - - [26/Oct/2025:13:55:23 +0000] "GET /author/diego-v/?fileloc=/var/www/vhosts/enlugo.es/httpdocs/wp-source.php&path=/var/www/vhosts/enlugo.es/httpdocs HTTP/1.0" 200 4334 "-" "Mozilla/5.0 (compatible; Barkrowler/0.9; +https://babbar.tech/crawler)"
217.113.194.236 - - [26/Oct/2025:13:55:42 +0000] "GET /author/diego-v/?fileloc=/var/www/vhosts/enlugo.es/httpdocs/wp-type.php&path=/var/www/vhosts/enlugo.es/httpdocs HTTP/1.0" 200 4331 "-" "Mozilla/5.0 (compatible; Barkrowler/0.9; +https://babbar.tech/crawler)"
217.113.194.175 - - [26/Oct/2025:13:55:59 +0000] "GET /author/diego-v/?fileloc=/var/www/vhosts/enlugo.es/httpdocs/wp-load.php&path=/var/www/vhosts/enlugo.es/httpdocs HTTP/1.0" 200 6104 "-" "Mozilla/5.0 (compatible; Barkrowler/0.9; +https://babbar.tech/crawler)"
17.246.15.218 - - [26/Oct/2025:13:56:07 +0000] "GET /catedral/feed/?path=/var/www/vhosts/enlugo.es/httpdocs/c98c4 HTTP/1.0" 200 4594 "-" "Mozilla/5.0 (Macintosh; Intel Mac OS X 10_15_7) AppleWebKit/605.1.15 (KHTML, like Gecko) Version/17.4 Safari/605.1.15 (Applebot/0.1; +http://www.apple.com/go/applebot)"
217.113.194.179 - - [26/Oct/2025:13:56:15 +0000] "GET /author/diego-v/?fileloc=/var/www/vhosts/enlugo.es/httpdocs/wp-service.php&path=/var/www/vhosts/enlugo.es/httpdocs HTTP/1.0" 200 4335 "-" "Mozilla/5.0 (compatible; Barkrowler/0.9; +https://babbar.tech/crawler)"
217.113.194.236 - - [26/Oct/2025:13:56:32 +0000] "GET /author/diego-v/?fileloc=/var/www/vhosts/enlugo.es/httpdocs/wp-data.php&path=/var/www/vhosts/enlugo.es/httpdocs HTTP/1.0" 200 4331 "-" "Mozilla/5.0 (compatible; Barkrowler/0.9; +https://babbar.tech/crawler)"
217.113.194.180 - - [26/Oct/2025:13:56:49 +0000] "GET /author/diego-v/?fileloc=/var/www/vhosts/enlugo.es/httpdocs/wp-db.php&path=/var/www/vhosts/enlugo.es/httpdocs HTTP/1.0" 200 4331 "-" "Mozilla/5.0 (compatible; Barkrowler/0.9; +https://babbar.tech/crawler)"
63.141.249.210 - - [26/Oct/2025:13:56:56 +0000] "GET /wp-includes/pl54115b/edit.php HTTP/1.0" 200 2269 "https://enlugo.es/wp-includes/pl54115b/edit.php" "Mozilla/5.0 (Windows NT 10.0; Win64; x64) AppleWebKit/537.36 (KHTML, like Gecko) Chrome/58.0.3029.110 Safari/537.3"
217.113.194.179 - - [26/Oct/2025:13:57:06 +0000] "GET /author/diego-v/?fileloc=/var/www/vhosts/enlugo.es/httpdocs/wp-mail.php&path=/var/www/vhosts/enlugo.es/httpdocs HTTP/1.0" 200 7287 "-" "Mozilla/5.0 (compatible; Barkrowler/0.9; +https://babbar.tech/crawler)"
217.113.194.176 - - [26/Oct/2025:13:57:22 +0000] "GET /author/diego-v/?fileloc=/var/www/vhosts/enlugo.es/httpdocs/wp-feed.php&path=/var/www/vhosts/enlugo.es/httpdocs HTTP/1.0" 200 9775 "-" "Mozilla/5.0 (compatible; Barkrowler/0.9; +https://babbar.tech/crawler)"
217.113.194.175 - - [26/Oct/2025:13:57:39 +0000] "GET /author/diego-v/?fileloc=/var/www/vhosts/enlugo.es/httpdocs/wp-site.php&path=/var/www/vhosts/enlugo.es/httpdocs HTTP/1.0" 200 4332 "-" "Mozilla/5.0 (compatible; Barkrowler/0.9; +https://babbar.tech/crawler)"
217.113.194.179 - - [26/Oct/2025:13:57:59 +0000] "GET /author/diego-v/?fileloc=/var/www/vhosts/enlugo.es/httpdocs/wp-link.php&path=/var/www/vhosts/enlugo.es/httpdocs HTTP/1.0" 200 4331 "-" "Mozilla/5.0 (compatible; Barkrowler/0.9; +https://babbar.tech/crawler)"
217.113.194.174 - - [26/Oct/2025:13:58:17 +0000] "GET /author/diego-v/?fileloc=/var/www/vhosts/enlugo.es/httpdocs/wp-menu.php&path=/var/www/vhosts/enlugo.es/httpdocs HTTP/1.0" 200 4333 "-" "Mozilla/5.0 (compatible; Barkrowler/0.9; +https://babbar.tech/crawler)"
63.141.249.210 - - [26/Oct/2025:13:56:54 +0000] "GET /wp-includes/pl54115b/edit.php HTTP/1.0" 200 2195 "https://enlugo.es/wp-includes/pl54115b/edit.php" "Mozilla/5.0 (Windows NT 10.0; Win64; x64) AppleWebKit/537.36 (KHTML, like Gecko) Chrome/58.0.3029.110 Safari/537.3"
217.113.194.172 - - [26/Oct/2025:13:58:34 +0000] "GET /author/diego-v/?fileloc=/var/www/vhosts/enlugo.es/httpdocs/wp-user.php&path=/var/www/vhosts/enlugo.es/httpdocs HTTP/1.0" 200 4333 "-" "Mozilla/5.0 (compatible; Barkrowler/0.9; +https://babbar.tech/crawler)"
217.113.194.236 - - [26/Oct/2025:13:58:51 +0000] "GET /author/diego-v/?fileloc=/var/www/vhosts/enlugo.es/httpdocs/wp-date.php&path=/var/www/vhosts/enlugo.es/httpdocs HTTP/1.0" 200 4332 "-" "Mozilla/5.0 (compatible; Barkrowler/0.9; +https://babbar.tech/crawler)"
217.113.194.179 - - [26/Oct/2025:13:59:07 +0000] "GET /author/diego-v/?fileloc=/var/www/vhosts/enlugo.es/httpdocs/wp-info.php&path=/var/www/vhosts/enlugo.es/httpdocs HTTP/1.0" 200 4331 "-" "Mozilla/5.0 (compatible; Barkrowler/0.9; +https://babbar.tech/crawler)"
217.113.194.177 - - [26/Oct/2025:13:59:23 +0000] "GET /author/diego-v/?fileloc=/var/www/vhosts/enlugo.es/httpdocs/wp-template.php&path=/var/www/vhosts/enlugo.es/httpdocs HTTP/1.0" 200 4331 "-" "Mozilla/5.0 (compatible; Barkrowler/0.9; +https://babbar.tech/crawler)"
217.113.194.176 - - [26/Oct/2025:13:59:40 +0000] "GET /author/diego-v/?fileloc=/var/www/vhosts/enlugo.es/httpdocs/robots.txt&path=/var/www/vhosts/enlugo.es/httpdocs HTTP/1.0" 200 4407 "-" "Mozilla/5.0 (compatible; Barkrowler/0.9; +https://babbar.tech/crawler)"
69.197.149.50 - - [26/Oct/2025:13:58:22 +0000] "GET /wp-includes/pl54115b/edit.php?id=657332 HTTP/1.0" 200 2195 "https://enlugo.es/wp-includes/pl54115b/edit.php?id=657332" "Mozilla/5.0 (Windows NT 10.0; Win64; x64) AppleWebKit/537.36 (KHTML, like Gecko) Chrome/58.0.3029.110 Safari/537.3"
217.113.194.181 - - [26/Oct/2025:13:59:56 +0000] "GET /author/diego-v/?fileloc=/var/www/vhosts/enlugo.es/httpdocs/wp-json.php&path=/var/www/vhosts/enlugo.es/httpdocs HTTP/1.0" 200 4333 "-" "Mozilla/5.0 (compatible; Barkrowler/0.9; +https://babbar.tech/crawler)"
217.113.194.176 - - [26/Oct/2025:14:00:13 +0000] "GET /author/diego-v/?fileloc=/var/www/vhosts/enlugo.es/httpdocs/defaults.php&path=/var/www/vhosts/enlugo.es/httpdocs HTTP/1.0" 200 5291 "-" "Mozilla/5.0 (compatible; Barkrowler/0.9; +https://babbar.tech/crawler)"
217.113.194.178 - - [26/Oct/2025:14:00:30 +0000] "GET /author/jorge-m/feed/?fileloc=/var/www/vhosts/enlugo.es/httpdocs/themes.php&path=/var/www/vhosts/enlugo.es/httpdocs HTTP/1.0" 200 4332 "-" "Mozilla/5.0 (compatible; Barkrowler/0.9; +https://babbar.tech/crawler)"
217.113.194.177 - - [26/Oct/2025:14:00:48 +0000] "GET /author/jorge-m/feed/?fileloc=/var/www/vhosts/enlugo.es/httpdocs/plugins.php&path=/var/www/vhosts/enlugo.es/httpdocs HTTP/1.0" 200 5313 "-" "Mozilla/5.0 (compatible; Barkrowler/0.9; +https://babbar.tech/crawler)"
217.113.194.174 - - [26/Oct/2025:14:01:06 +0000] "GET /author/jorge-m/feed/?fileloc=/var/www/vhosts/enlugo.es/httpdocs/wp-list.php&path=/var/www/vhosts/enlugo.es/httpdocs HTTP/1.0" 200 4332 "-" "Mozilla/5.0 (compatible; Barkrowler/0.9; +https://babbar.tech/crawler)"
69.197.149.50 - - [26/Oct/2025:13:59:56 +0000] "GET /wp-includes/pl54115b/edit.php?id=657332 HTTP/1.0" 200 2195 "https://enlugo.es/wp-includes/pl54115b/edit.php?id=657332" "Mozilla/5.0 (Windows NT 10.0; Win64; x64) AppleWebKit/537.36 (KHTML, like Gecko) Chrome/58.0.3029.110 Safari/537.3"
217.113.194.175 - - [26/Oct/2025:14:01:23 +0000] "GET /author/jorge-m/feed/?fileloc=/var/www/vhosts/enlugo.es/httpdocs/wp-page.php&path=/var/www/vhosts/enlugo.es/httpdocs HTTP/1.0" 200 4333 "-" "Mozilla/5.0 (compatible; Barkrowler/0.9; +https://babbar.tech/crawler)"
204.12.208.18 - - [26/Oct/2025:14:01:27 +0000] "GET /wp-includes/pl54115b/edit.php HTTP/1.0" 200 2269 "https://enlugo.es/wp-includes/pl54115b/edit.php" "Mozilla/4.0 (compatible; MSIE 6.0; X11; Linux i686; ja) Opera 10.10"
217.113.194.179 - - [26/Oct/2025:14:01:40 +0000] "GET /author/jorge-m/feed/?fileloc=/var/www/vhosts/enlugo.es/httpdocs/wp-info.php&path=/var/www/vhosts/enlugo.es/httpdocs HTTP/1.0" 200 4331 "-" "Mozilla/5.0 (compatible; Barkrowler/0.9; +https://babbar.tech/crawler)"
217.113.194.181 - - [26/Oct/2025:14:01:57 +0000] "GET /author/jorge-m/feed/?fileloc=/var/www/vhosts/enlugo.es/httpdocs/license.txt&path=/var/www/vhosts/enlugo.es/httpdocs HTTP/1.0" 200 11621 "-" "Mozilla/5.0 (compatible; Barkrowler/0.9; +https://babbar.tech/crawler)"
217.113.194.175 - - [26/Oct/2025:14:02:14 +0000] "GET /author/jorge-m/feed/?fileloc=/var/www/vhosts/enlugo.es/httpdocs/options.php&path=/var/www/vhosts/enlugo.es/httpdocs HTTP/1.0" 200 5290 "-" "Mozilla/5.0 (compatible; Barkrowler/0.9; +https://babbar.tech/crawler)"
154.54.249.212 - - [26/Oct/2025:14:02:31 +0000] "GET /author/jorge-m/feed/?fileloc=/var/www/vhosts/enlugo.es/httpdocs/readme.html&path=/var/www/vhosts/enlugo.es/httpdocs HTTP/1.0" 200 6104 "-" "Mozilla/5.0 (compatible; Barkrowler/0.9; +https://babbar.tech/crawler)"
217.113.194.237 - - [26/Oct/2025:14:02:47 +0000] "GET /author/jorge-m/feed/?fileloc=/var/www/vhosts/enlugo.es/httpdocs/.tmp&path=/var/www/vhosts/enlugo.es/httpdocs HTTP/1.0" 200 4327 "-" "Mozilla/5.0 (compatible; Barkrowler/0.9; +https://babbar.tech/crawler)"
69.197.149.50 - - [26/Oct/2025:14:01:24 +0000] "GET /wp-includes/pl54115b/edit.php?id=657332 HTTP/1.0" 200 2195 "https://enlugo.es/wp-includes/pl54115b/edit.php?id=657332" "Mozilla/5.0 (Windows NT 10.0; Win64; x64) AppleWebKit/537.36 (KHTML, like Gecko) Chrome/58.0.3029.110 Safari/537.3"
217.113.194.179 - - [26/Oct/2025:14:03:05 +0000] "GET /author/jorge-m/feed/?fileloc=/var/www/vhosts/enlugo.es/httpdocs/wp-admin.php&path=/var/www/vhosts/enlugo.es/httpdocs HTTP/1.0" 200 4353 "-" "Mozilla/5.0 (compatible; Barkrowler/0.9; +https://babbar.tech/crawler)"
154.54.249.212 - - [26/Oct/2025:14:03:21 +0000] "GET /author/jorge-m/feed/?fileloc=/var/www/vhosts/enlugo.es/httpdocs/defaults.php&path=/var/www/vhosts/enlugo.es/httpdocs HTTP/1.0" 200 5291 "-" "Mozilla/5.0 (compatible; Barkrowler/0.9; +https://babbar.tech/crawler)"
217.113.194.175 - - [26/Oct/2025:14:03:40 +0000] "GET /author/jorge-m/?fileloc=/var/www/vhosts/enlugo.es/httpdocs/uzwom.php&path=/var/www/vhosts/enlugo.es/httpdocs HTTP/1.0" 200 4332 "-" "Mozilla/5.0 (compatible; Barkrowler/0.9; +https://babbar.tech/crawler)"
217.113.194.172 - - [26/Oct/2025:14:03:58 +0000] "GET /author/jorge-m/?fileloc=/var/www/vhosts/enlugo.es/httpdocs/.htaccess&path=/var/www/vhosts/enlugo.es/httpdocs HTTP/1.0" 200 4461 "-" "Mozilla/5.0 (compatible; Barkrowler/0.9; +https://babbar.tech/crawler)"
217.113.194.173 - - [26/Oct/2025:14:04:14 +0000] "GET /author/jorge-m/?fileloc=/var/www/vhosts/enlugo.es/httpdocs/wp-source.php&path=/var/www/vhosts/enlugo.es/httpdocs HTTP/1.0" 200 4334 "-" "Mozilla/5.0 (compatible; Barkrowler/0.9; +https://babbar.tech/crawler)"
69.197.149.50 - - [26/Oct/2025:14:02:54 +0000] "GET /wp-includes/pl54115b/edit.php?id=657332 HTTP/1.0" 200 2195 "https://enlugo.es/wp-includes/pl54115b/edit.php?id=657332" "Mozilla/5.0 (Windows NT 10.0; Win64; x64) AppleWebKit/537.36 (KHTML, like Gecko) Chrome/58.0.3029.110 Safari/537.3"
217.113.194.175 - - [26/Oct/2025:14:04:30 +0000] "GET /author/jorge-m/?fileloc=/var/www/vhosts/enlugo.es/httpdocs/wp-type.php&path=/var/www/vhosts/enlugo.es/httpdocs HTTP/1.0" 200 4331 "-" "Mozilla/5.0 (compatible; Barkrowler/0.9; +https://babbar.tech/crawler)"
217.113.194.181 - - [26/Oct/2025:14:04:47 +0000] "GET /author/jorge-m/?fileloc=/var/www/vhosts/enlugo.es/httpdocs/wp-load.php&path=/var/www/vhosts/enlugo.es/httpdocs HTTP/1.0" 200 6104 "-" "Mozilla/5.0 (compatible; Barkrowler/0.9; +https://babbar.tech/crawler)"
198.204.224.34 - - [26/Oct/2025:14:04:51 +0000] "GET /wp-includes/pl54115b/edit.php HTTP/1.0" 200 2269 "https://enlugo.es/wp-includes/pl54115b/edit.php" "Mozilla/5.0 (Windows NT 10.0; Win64; x64) AppleWebKit/537.36 (KHTML, like Gecko) Chrome/58.0.3029.110 Safari/537.3"
217.113.194.180 - - [26/Oct/2025:14:05:04 +0000] "GET /author/jorge-m/?fileloc=/var/www/vhosts/enlugo.es/httpdocs/wp-service.php&path=/var/www/vhosts/enlugo.es/httpdocs HTTP/1.0" 200 4335 "-" "Mozilla/5.0 (compatible; Barkrowler/0.9; +https://babbar.tech/crawler)"
217.113.194.177 - - [26/Oct/2025:14:05:21 +0000] "GET /author/jorge-m/?fileloc=/var/www/vhosts/enlugo.es/httpdocs/wp-data.php&path=/var/www/vhosts/enlugo.es/httpdocs HTTP/1.0" 200 4331 "-" "Mozilla/5.0 (compatible; Barkrowler/0.9; +https://babbar.tech/crawler)"
217.113.194.173 - - [26/Oct/2025:14:05:38 +0000] "GET /author/jorge-m/?fileloc=/var/www/vhosts/enlugo.es/httpdocs/wp-db.php&path=/var/www/vhosts/enlugo.es/httpdocs HTTP/1.0" 200 4331 "-" "Mozilla/5.0 (compatible; Barkrowler/0.9; +https://babbar.tech/crawler)"
69.197.149.50 - - [26/Oct/2025:14:04:25 +0000] "GET /wp-includes/pl54115b/edit.php?id=657332 HTTP/1.0" 200 2195 "https://enlugo.es/wp-includes/pl54115b/edit.php?id=657332" "Mozilla/5.0 (Windows NT 10.0; Win64; x64) AppleWebKit/537.36 (KHTML, like Gecko) Chrome/58.0.3029.110 Safari/537.3"
217.113.194.176 - - [26/Oct/2025:14:05:55 +0000] "GET /author/jorge-m/?fileloc=/var/www/vhosts/enlugo.es/httpdocs/wp-mail.php&path=/var/www/vhosts/enlugo.es/httpdocs HTTP/1.0" 200 7287 "-" "Mozilla/5.0 (compatible; Barkrowler/0.9; +https://babbar.tech/crawler)"
217.113.194.173 - - [26/Oct/2025:14:06:12 +0000] "GET /author/jorge-m/?fileloc=/var/www/vhosts/enlugo.es/httpdocs/wp-feed.php&path=/var/www/vhosts/enlugo.es/httpdocs HTTP/1.0" 200 9775 "-" "Mozilla/5.0 (compatible; Barkrowler/0.9; +https://babbar.tech/crawler)"
154.54.249.212 - - [26/Oct/2025:14:06:30 +0000] "GET /author/jorge-m/?fileloc=/var/www/vhosts/enlugo.es/httpdocs/wp-site.php&path=/var/www/vhosts/enlugo.es/httpdocs HTTP/1.0" 200 4332 "-" "Mozilla/5.0 (compatible; Barkrowler/0.9; +https://babbar.tech/crawler)"
154.54.249.212 - - [26/Oct/2025:14:06:47 +0000] "GET /author/jorge-m/?fileloc=/var/www/vhosts/enlugo.es/httpdocs/wp-link.php&path=/var/www/vhosts/enlugo.es/httpdocs HTTP/1.0" 200 4331 "-" "Mozilla/5.0 (compatible; Barkrowler/0.9; +https://babbar.tech/crawler)"
217.113.194.173 - - [26/Oct/2025:14:07:06 +0000] "GET /author/jorge-m/?fileloc=/var/www/vhosts/enlugo.es/httpdocs/wp-menu.php&path=/var/www/vhosts/enlugo.es/httpdocs HTTP/1.0" 200 4333 "-" "Mozilla/5.0 (compatible; Barkrowler/0.9; +https://babbar.tech/crawler)"
69.197.149.50 - - [26/Oct/2025:14:05:54 +0000] "GET /wp-includes/pl54115b/edit.php?id=657332 HTTP/1.0" 200 2195 "https://enlugo.es/wp-includes/pl54115b/edit.php?id=657332" "Mozilla/5.0 (Windows NT 10.0; Win64; x64) AppleWebKit/537.36 (KHTML, like Gecko) Chrome/58.0.3029.110 Safari/537.3"
217.113.194.175 - - [26/Oct/2025:14:07:22 +0000] "GET /author/jorge-m/?fileloc=/var/www/vhosts/enlugo.es/httpdocs/wp-user.php&path=/var/www/vhosts/enlugo.es/httpdocs HTTP/1.0" 200 4333 "-" "Mozilla/5.0 (compatible; Barkrowler/0.9; +https://babbar.tech/crawler)"
217.113.194.180 - - [26/Oct/2025:14:07:39 +0000] "GET /author/jorge-m/?fileloc=/var/www/vhosts/enlugo.es/httpdocs/wp-date.php&path=/var/www/vhosts/enlugo.es/httpdocs HTTP/1.0" 200 4332 "-" "Mozilla/5.0 (compatible; Barkrowler/0.9; +https://babbar.tech/crawler)"
217.113.194.236 - - [26/Oct/2025:14:07:55 +0000] "GET /author/jorge-m/?fileloc=/var/www/vhosts/enlugo.es/httpdocs/wp-info.php&path=/var/www/vhosts/enlugo.es/httpdocs HTTP/1.0" 200 4331 "-" "Mozilla/5.0 (compatible; Barkrowler/0.9; +https://babbar.tech/crawler)"
217.113.194.236 - - [26/Oct/2025:14:08:12 +0000] "GET /author/jorge-m/?fileloc=/var/www/vhosts/enlugo.es/httpdocs/wp-template.php&path=/var/www/vhosts/enlugo.es/httpdocs HTTP/1.0" 200 4331 "-" "Mozilla/5.0 (compatible; Barkrowler/0.9; +https://babbar.tech/crawler)"
217.113.194.178 - - [26/Oct/2025:14:08:29 +0000] "GET /author/jorge-m/?fileloc=/var/www/vhosts/enlugo.es/httpdocs/robots.txt&path=/var/www/vhosts/enlugo.es/httpdocs HTTP/1.0" 200 4407 "-" "Mozilla/5.0 (compatible; Barkrowler/0.9; +https://babbar.tech/crawler)"
217.113.194.180 - - [26/Oct/2025:14:08:45 +0000] "GET /author/jorge-m/?fileloc=/var/www/vhosts/enlugo.es/httpdocs/wp-json.php&path=/var/www/vhosts/enlugo.es/httpdocs HTTP/1.0" 200 4333 "-" "Mozilla/5.0 (compatible; Barkrowler/0.9; +https://babbar.tech/crawler)"
217.113.194.237 - - [26/Oct/2025:14:09:03 +0000] "GET /author/jorge-m/?fileloc=/var/www/vhosts/enlugo.es/httpdocs/defaults.php&path=/var/www/vhosts/enlugo.es/httpdocs HTTP/1.0" 200 5291 "-" "Mozilla/5.0 (compatible; Barkrowler/0.9; +https://babbar.tech/crawler)"
217.113.194.236 - - [26/Oct/2025:14:09:20 +0000] "GET /donde-comer/?fileloc=/var/www/vhosts/enlugo.es/httpdocs/index.php0&path=/var/www/vhosts/enlugo.es/httpdocs HTTP/1.0" 200 12159 "-" "Mozilla/5.0 (compatible; Barkrowler/0.9; +https://babbar.tech/crawler)"
217.113.194.175 - - [26/Oct/2025:14:09:37 +0000] "GET /donde-comer/?fileloc=/var/www/vhosts/enlugo.es/httpdocs/wp-panel.php&path=/var/www/vhosts/enlugo.es/httpdocs HTTP/1.0" 200 4333 "-" "Mozilla/5.0 (compatible; Barkrowler/0.9; +https://babbar.tech/crawler)"
154.54.249.212 - - [26/Oct/2025:14:09:53 +0000] "GET /donde-comer/?fileloc=/var/www/vhosts/enlugo.es/httpdocs/wp-storage.php&path=/var/www/vhosts/enlugo.es/httpdocs HTTP/1.0" 200 4335 "-" "Mozilla/5.0 (compatible; Barkrowler/0.9; +https://babbar.tech/crawler)"
217.113.194.175 - - [26/Oct/2025:14:10:09 +0000] "GET /donde-comer/?fileloc=/var/www/vhosts/enlugo.es/httpdocs/wp-response.php&path=/var/www/vhosts/enlugo.es/httpdocs HTTP/1.0" 200 4336 "-" "Mozilla/5.0 (compatible; Barkrowler/0.9; +https://babbar.tech/crawler)"
217.113.194.181 - - [26/Oct/2025:14:10:25 +0000] "GET /donde-comer/?fileloc=/var/www/vhosts/enlugo.es/httpdocs/wp-taxonomy.php&path=/var/www/vhosts/enlugo.es/httpdocs HTTP/1.0" 200 4336 "-" "Mozilla/5.0 (compatible; Barkrowler/0.9; +https://babbar.tech/crawler)"
217.113.194.173 - - [26/Oct/2025:14:10:42 +0000] "GET /donde-comer/?fileloc=/var/www/vhosts/enlugo.es/httpdocs/wp-bar.php&path=/var/www/vhosts/enlugo.es/httpdocs HTTP/1.0" 200 4332 "-" "Mozilla/5.0 (compatible; Barkrowler/0.9; +https://babbar.tech/crawler)"
217.113.194.174 - - [26/Oct/2025:14:10:59 +0000] "GET /donde-comer/?fileloc=/var/www/vhosts/enlugo.es/httpdocs/wp-default.php&path=/var/www/vhosts/enlugo.es/httpdocs HTTP/1.0" 200 4335 "-" "Mozilla/5.0 (compatible; Barkrowler/0.9; +https://babbar.tech/crawler)"
217.113.194.172 - - [26/Oct/2025:14:11:15 +0000] "GET /donde-comer/?fileloc=/var/www/vhosts/enlugo.es/httpdocs/wp-setting.php&path=/var/www/vhosts/enlugo.es/httpdocs HTTP/1.0" 200 4334 "-" "Mozilla/5.0 (compatible; Barkrowler/0.9; +https://babbar.tech/crawler)"
217.113.194.172 - - [26/Oct/2025:14:11:32 +0000] "GET /donde-comer/?fileloc=/var/www/vhosts/enlugo.es/httpdocs/wp-metadata.php&path=/var/www/vhosts/enlugo.es/httpdocs HTTP/1.0" 200 4336 "-" "Mozilla/5.0 (compatible; Barkrowler/0.9; +https://babbar.tech/crawler)"
217.113.194.178 - - [26/Oct/2025:14:11:49 +0000] "GET /donde-comer/?fileloc=/var/www/vhosts/enlugo.es/httpdocs/wp-vars.php&path=/var/www/vhosts/enlugo.es/httpdocs HTTP/1.0" 200 4332 "-" "Mozilla/5.0 (compatible; Barkrowler/0.9; +https://babbar.tech/crawler)"
198.204.224.34 - - [26/Oct/2025:14:12:01 +0000] "GET /wp-includes/pl54115b/edit.php HTTP/1.0" 200 2269 "https://enlugo.es/wp-includes/pl54115b/edit.php" "Mozilla/5.0 (Windows NT 10.0; Win64; x64) AppleWebKit/537.36 (KHTML, like Gecko) Chrome/58.0.3029.110 Safari/537.3"
217.113.194.176 - - [26/Oct/2025:14:12:07 +0000] "GET /donde-comer/?fileloc=/var/www/vhosts/enlugo.es/httpdocs/wp-previews.php&path=/var/www/vhosts/enlugo.es/httpdocs HTTP/1.0" 200 4331 "-" "Mozilla/5.0 (compatible; Barkrowler/0.9; +https://babbar.tech/crawler)"
217.113.194.179 - - [26/Oct/2025:14:12:25 +0000] "GET /donde-comer/?fileloc=/var/www/vhosts/enlugo.es/httpdocs/wp-settings.php&path=/var/www/vhosts/enlugo.es/httpdocs HTTP/1.0" 200 9535 "-" "Mozilla/5.0 (compatible; Barkrowler/0.9; +https://babbar.tech/crawler)"
217.113.194.177 - - [26/Oct/2025:14:12:43 +0000] "GET /donde-comer/?fileloc=/var/www/vhosts/enlugo.es/httpdocs/wp-blocks.php&path=/var/www/vhosts/enlugo.es/httpdocs HTTP/1.0" 200 4332 "-" "Mozilla/5.0 (compatible; Barkrowler/0.9; +https://babbar.tech/crawler)"
217.113.194.178 - - [26/Oct/2025:14:13:01 +0000] "GET /donde-comer/?fileloc=/var/www/vhosts/enlugo.es/httpdocs/wp-session.php&path=/var/www/vhosts/enlugo.es/httpdocs HTTP/1.0" 200 4333 "-" "Mozilla/5.0 (compatible; Barkrowler/0.9; +https://babbar.tech/crawler)"
217.113.194.174 - - [26/Oct/2025:14:13:19 +0000] "GET /donde-comer/?fileloc=/var/www/vhosts/enlugo.es/httpdocs/wp-server.php&path=/var/www/vhosts/enlugo.es/httpdocs HTTP/1.0" 200 4333 "-" "Mozilla/5.0 (compatible; Barkrowler/0.9; +https://babbar.tech/crawler)"
198.204.224.34 - - [26/Oct/2025:14:11:55 +0000] "GET /wp-includes/pl54115b/edit.php HTTP/1.0" 200 2195 "https://enlugo.es/wp-includes/pl54115b/edit.php" "Mozilla/5.0 (Windows NT 10.0; Win64; x64) AppleWebKit/537.36 (KHTML, like Gecko) Chrome/58.0.3029.110 Safari/537.3"
154.54.249.212 - - [26/Oct/2025:14:13:35 +0000] "GET /donde-comer/?fileloc=/var/www/vhosts/enlugo.es/httpdocs/wp-nav.php&path=/var/www/vhosts/enlugo.es/httpdocs HTTP/1.0" 200 4332 "-" "Mozilla/5.0 (compatible; Barkrowler/0.9; +https://babbar.tech/crawler)"
217.113.194.172 - - [26/Oct/2025:14:13:52 +0000] "GET /donde-comer/?fileloc=/var/www/vhosts/enlugo.es/httpdocs/wp-streams.php&path=/var/www/vhosts/enlugo.es/httpdocs HTTP/1.0" 200 4334 "-" "Mozilla/5.0 (compatible; Barkrowler/0.9; +https://babbar.tech/crawler)"
17.241.219.39 - - [26/Oct/2025:14:13:56 +0000] "GET /hostales/?path=/var HTTP/1.0" 200 4327 "-" "Mozilla/5.0 (Macintosh; Intel Mac OS X 10_15_7) AppleWebKit/605.1.15 (KHTML, like Gecko) Version/17.4 Safari/605.1.15 (Applebot/0.1; +http://www.apple.com/go/applebot)"
17.22.237.133 - - [26/Oct/2025:14:14:02 +0000] "GET /san-froilan/?fileloc=/var/www/vhosts/enlugo.es/httpdocs/wp-feed.php&path=/var/www/vhosts/enlugo.es/httpdocs HTTP/1.0" 200 9775 "-" "Mozilla/5.0 (Macintosh; Intel Mac OS X 10_15_7) AppleWebKit/605.1.15 (KHTML, like Gecko) Version/17.4 Safari/605.1.15 (Applebot/0.1; +http://www.apple.com/go/applebot)"
217.113.194.172 - - [26/Oct/2025:14:14:08 +0000] "GET /donde-comer/?fileloc=/var/www/vhosts/enlugo.es/httpdocs/wp-version.php&path=/var/www/vhosts/enlugo.es/httpdocs HTTP/1.0" 200 4334 "-" "Mozilla/5.0 (compatible; Barkrowler/0.9; +https://babbar.tech/crawler)"
217.113.194.172 - - [26/Oct/2025:14:14:24 +0000] "GET /donde-comer/?fileloc=/var/www/vhosts/enlugo.es/httpdocs/wp-script.php&path=/var/www/vhosts/enlugo.es/httpdocs HTTP/1.0" 200 4334 "-" "Mozilla/5.0 (compatible; Barkrowler/0.9; +https://babbar.tech/crawler)"
47.128.25.149 - - [26/Oct/2025:14:14:33 +0000] "GET /date-un-paseo/?fileloc=%2Fvar%2Fwww%2Fvhosts%2Fenlugo.es%2Fhttpdocs%2Fwp-inline.php&path=%2Fvar%2Fwww%2Fvhosts%2Fenlugo.es%2Fhttpdocs HTTP/1.0" 200 4332 "-" "Mozilla/5.0 (Linux; Android 5.0) AppleWebKit/537.36 (KHTML, like Gecko) Mobile Safari/537.36 (compatible; Bytespider; spider-feedback@bytedance.com)"
217.113.194.173 - - [26/Oct/2025:14:14:41 +0000] "GET /donde-comer/?fileloc=/var/www/vhosts/enlugo.es/httpdocs/wp-manager.php&path=/var/www/vhosts/enlugo.es/httpdocs HTTP/1.0" 200 4335 "-" "Mozilla/5.0 (compatible; Barkrowler/0.9; +https://babbar.tech/crawler)"
69.197.149.50 - - [26/Oct/2025:14:13:24 +0000] "GET /wp-includes/pl54115b/edit.php?id=657332 HTTP/1.0" 200 2195 "https://enlugo.es/wp-includes/pl54115b/edit.php?id=657332" "Mozilla/5.0 (Windows NT 10.0; Win64; x64) AppleWebKit/537.36 (KHTML, like Gecko) Chrome/58.0.3029.110 Safari/537.3"
154.54.249.212 - - [26/Oct/2025:14:14:58 +0000] "GET /donde-comer/?fileloc=/var/www/vhosts/enlugo.es/httpdocs/wp-engine.php&path=/var/www/vhosts/enlugo.es/httpdocs HTTP/1.0" 200 4334 "-" "Mozilla/5.0 (compatible; Barkrowler/0.9; +https://babbar.tech/crawler)"
217.113.194.174 - - [26/Oct/2025:14:15:15 +0000] "GET /donde-comer/?fileloc=/var/www/vhosts/enlugo.es/httpdocs/wp-functions.php&path=/var/www/vhosts/enlugo.es/httpdocs HTTP/1.0" 200 4334 "-" "Mozilla/5.0 (compatible; Barkrowler/0.9; +https://babbar.tech/crawler)"
154.54.249.212 - - [26/Oct/2025:14:15:33 +0000] "GET /donde-comer/?fileloc=/var/www/vhosts/enlugo.es/httpdocs/wp-requests.php&path=/var/www/vhosts/enlugo.es/httpdocs HTTP/1.0" 200 4335 "-" "Mozilla/5.0 (compatible; Barkrowler/0.9; +https://babbar.tech/crawler)"
217.113.194.176 - - [26/Oct/2025:14:15:50 +0000] "GET /donde-comer/?fileloc=/var/www/vhosts/enlugo.es/httpdocs/wp-update.php&path=/var/www/vhosts/enlugo.es/httpdocs HTTP/1.0" 200 4334 "-" "Mozilla/5.0 (compatible; Barkrowler/0.9; +https://babbar.tech/crawler)"
217.113.194.174 - - [26/Oct/2025:14:16:07 +0000] "GET /donde-comer/?fileloc=/var/www/vhosts/enlugo.es/httpdocs/wp-section.php&path=/var/www/vhosts/enlugo.es/httpdocs HTTP/1.0" 200 4331 "-" "Mozilla/5.0 (compatible; Barkrowler/0.9; +https://babbar.tech/crawler)"
217.113.194.236 - - [26/Oct/2025:14:16:23 +0000] "GET /donde-comer/?fileloc=/var/www/vhosts/enlugo.es/httpdocs/wp-network.php&path=/var/www/vhosts/enlugo.es/httpdocs HTTP/1.0" 200 4335 "-" "Mozilla/5.0 (compatible; Barkrowler/0.9; +https://babbar.tech/crawler)"
69.197.149.50 - - [26/Oct/2025:14:15:00 +0000] "GET /wp-includes/pl54115b/edit.php?id=657332 HTTP/1.0" 200 2195 "https://enlugo.es/wp-includes/pl54115b/edit.php?id=657332" "Mozilla/5.0 (Windows NT 10.0; Win64; x64) AppleWebKit/537.36 (KHTML, like Gecko) Chrome/58.0.3029.110 Safari/537.3"
217.113.194.176 - - [26/Oct/2025:14:16:40 +0000] "GET /donde-comer/?fileloc=/var/www/vhosts/enlugo.es/httpdocs/wp-option.php&path=/var/www/vhosts/enlugo.es/httpdocs HTTP/1.0" 200 4333 "-" "Mozilla/5.0 (compatible; Barkrowler/0.9; +https://babbar.tech/crawler)"
217.113.194.172 - - [26/Oct/2025:14:16:56 +0000] "GET /donde-comer/?fileloc=/var/www/vhosts/enlugo.es/httpdocs/wp-general.php&path=/var/www/vhosts/enlugo.es/httpdocs HTTP/1.0" 200 4335 "-" "Mozilla/5.0 (compatible; Barkrowler/0.9; +https://babbar.tech/crawler)"
217.113.194.178 - - [26/Oct/2025:14:17:14 +0000] "GET /donde-comer/?fileloc=/var/www/vhosts/enlugo.es/httpdocs/wp-service.php&path=/var/www/vhosts/enlugo.es/httpdocs HTTP/1.0" 200 4335 "-" "Mozilla/5.0 (compatible; Barkrowler/0.9; +https://babbar.tech/crawler)"
217.113.194.175 - - [26/Oct/2025:14:17:30 +0000] "GET /donde-comer/?fileloc=/var/www/vhosts/enlugo.es/httpdocs/wp-term.php&path=/var/www/vhosts/enlugo.es/httpdocs HTTP/1.0" 200 4333 "-" "Mozilla/5.0 (compatible; Barkrowler/0.9; +https://babbar.tech/crawler)"
217.113.194.178 - - [26/Oct/2025:14:17:46 +0000] "GET /donde-comer/?fileloc=/var/www/vhosts/enlugo.es/httpdocs/wp-util.php&path=/var/www/vhosts/enlugo.es/httpdocs HTTP/1.0" 200 4333 "-" "Mozilla/5.0 (compatible; Barkrowler/0.9; +https://babbar.tech/crawler)"
69.197.149.50 - - [26/Oct/2025:14:16:29 +0000] "GET /wp-includes/pl54115b/edit.php?id=657332 HTTP/1.0" 200 2195 "https://enlugo.es/wp-includes/pl54115b/edit.php?id=657332" "Mozilla/5.0 (Windows NT 10.0; Win64; x64) AppleWebKit/537.36 (KHTML, like Gecko) Chrome/58.0.3029.110 Safari/537.3"
217.113.194.177 - - [26/Oct/2025:14:18:04 +0000] "GET /donde-comer/?fileloc=/var/www/vhosts/enlugo.es/httpdocs/wp-pattern.php&path=/var/www/vhosts/enlugo.es/httpdocs HTTP/1.0" 200 4335 "-" "Mozilla/5.0 (compatible; Barkrowler/0.9; +https://babbar.tech/crawler)"
217.113.194.174 - - [26/Oct/2025:14:18:21 +0000] "GET /donde-comer/?fileloc=/var/www/vhosts/enlugo.es/httpdocs/wp-factory.php&path=/var/www/vhosts/enlugo.es/httpdocs HTTP/1.0" 200 4335 "-" "Mozilla/5.0 (compatible; Barkrowler/0.9; +https://babbar.tech/crawler)"
47.128.96.41 - - [26/Oct/2025:14:18:32 +0000] "GET /effective-impotence-medication-for-improved-sexual-health/?fileloc=%2Fvar%2Fwww%2Fvhosts%2Fenlugo.es%2Fhttpdocs%2Fcache%2Fprofile.php&path=%2Fvar%2Fwww%2Fvhosts%2Fenlugo.es%2Fhttpdocs%2Fcache HTTP/1.0" 200 6005 "-" "Mozilla/5.0 (Linux; Android 5.0) AppleWebKit/537.36 (KHTML, like Gecko) Mobile Safari/537.36 (compatible; Bytespider; spider-feedback@bytedance.com)"
217.113.194.173 - - [26/Oct/2025:14:18:39 +0000] "GET /donde-comer/?fileloc=/var/www/vhosts/enlugo.es/httpdocs/wp-sitemaps.php&path=/var/www/vhosts/enlugo.es/httpdocs HTTP/1.0" 200 4335 "-" "Mozilla/5.0 (compatible; Barkrowler/0.9; +https://babbar.tech/crawler)"
63.141.249.210 - - [26/Oct/2025:14:18:48 +0000] "GET /wp-includes/pl54115b/edit.php HTTP/1.0" 200 2269 "https://enlugo.es/wp-includes/pl54115b/edit.php" "Mozilla/5.0 (Windows NT 10.0; Win64; x64) AppleWebKit/537.36 (KHTML, like Gecko) Chrome/58.0.3029.110 Safari/537.3"
217.113.194.176 - - [26/Oct/2025:14:18:55 +0000] "GET /donde-comer/?fileloc=/var/www/vhosts/enlugo.es/httpdocs/wp-editor.php&path=/var/www/vhosts/enlugo.es/httpdocs HTTP/1.0" 200 4333 "-" "Mozilla/5.0 (compatible; Barkrowler/0.9; +https://babbar.tech/crawler)"
154.54.249.212 - - [26/Oct/2025:14:19:12 +0000] "GET /donde-comer/?fileloc=/var/www/vhosts/enlugo.es/httpdocs/wp-request.php&path=/var/www/vhosts/enlugo.es/httpdocs HTTP/1.0" 200 4335 "-" "Mozilla/5.0 (compatible; Barkrowler/0.9; +https://babbar.tech/crawler)"
217.113.194.178 - - [26/Oct/2025:14:19:28 +0000] "GET /donde-comer/?fileloc=/var/www/vhosts/enlugo.es/httpdocs/wp-patterns.php&path=/var/www/vhosts/enlugo.es/httpdocs HTTP/1.0" 200 4335 "-" "Mozilla/5.0 (compatible; Barkrowler/0.9; +https://babbar.tech/crawler)"
69.197.149.50 - - [26/Oct/2025:14:18:03 +0000] "GET /wp-includes/pl54115b/edit.php?id=657332 HTTP/1.0" 200 2195 "https://enlugo.es/wp-includes/pl54115b/edit.php?id=657332" "Mozilla/5.0 (Windows NT 10.0; Win64; x64) AppleWebKit/537.36 (KHTML, like Gecko) Chrome/58.0.3029.110 Safari/537.3"
217.113.194.179 - - [26/Oct/2025:14:19:45 +0000] "GET /donde-comer/?fileloc=/var/www/vhosts/enlugo.es/httpdocs/wp-revision.php&path=/var/www/vhosts/enlugo.es/httpdocs HTTP/1.0" 200 4334 "-" "Mozilla/5.0 (compatible; Barkrowler/0.9; +https://babbar.tech/crawler)"
217.113.194.178 - - [26/Oct/2025:14:20:01 +0000] "GET /donde-comer/?fileloc=/var/www/vhosts/enlugo.es/httpdocs/wp-block.php&path=/var/www/vhosts/enlugo.es/httpdocs HTTP/1.0" 200 4332 "-" "Mozilla/5.0 (compatible; Barkrowler/0.9; +https://babbar.tech/crawler)"
217.113.194.174 - - [26/Oct/2025:14:20:19 +0000] "GET /donde-comer/?fileloc=/var/www/vhosts/enlugo.es/httpdocs/wp-date.php&path=/var/www/vhosts/enlugo.es/httpdocs HTTP/1.0" 200 4332 "-" "Mozilla/5.0 (compatible; Barkrowler/0.9; +https://babbar.tech/crawler)"
217.113.194.178 - - [26/Oct/2025:14:20:35 +0000] "GET /donde-comer/?fileloc=/var/www/vhosts/enlugo.es/httpdocs/wp-plugin.php&path=/var/www/vhosts/enlugo.es/httpdocs HTTP/1.0" 200 4333 "-" "Mozilla/5.0 (compatible; Barkrowler/0.9; +https://babbar.tech/crawler)"
217.113.194.237 - - [26/Oct/2025:14:20:52 +0000] "GET /donde-comer/?fileloc=/var/www/vhosts/enlugo.es/httpdocs/wp-scripts.php&path=/var/www/vhosts/enlugo.es/httpdocs HTTP/1.0" 200 4334 "-" "Mozilla/5.0 (compatible; Barkrowler/0.9; +https://babbar.tech/crawler)"
69.197.149.50 - - [26/Oct/2025:14:19:32 +0000] "GET /wp-includes/pl54115b/edit.php?id=657332 HTTP/1.0" 200 2195 "https://enlugo.es/wp-includes/pl54115b/edit.php?id=657332" "Mozilla/5.0 (Windows NT 10.0; Win64; x64) AppleWebKit/537.36 (KHTML, like Gecko) Chrome/58.0.3029.110 Safari/537.3"
217.113.194.176 - - [26/Oct/2025:14:21:09 +0000] "GET /donde-comer/?fileloc=/var/www/vhosts/enlugo.es/httpdocs/wp-embed.php&path=/var/www/vhosts/enlugo.es/httpdocs HTTP/1.0" 200 4333 "-" "Mozilla/5.0 (compatible; Barkrowler/0.9; +https://babbar.tech/crawler)"
217.113.194.175 - - [26/Oct/2025:14:21:25 +0000] "GET /donde-comer/?fileloc=/var/www/vhosts/enlugo.es/httpdocs/wp-templates.php&path=/var/www/vhosts/enlugo.es/httpdocs HTTP/1.0" 200 4332 "-" "Mozilla/5.0 (compatible; Barkrowler/0.9; +https://babbar.tech/crawler)"
154.54.249.212 - - [26/Oct/2025:14:21:41 +0000] "GET /donde-comer/?fileloc=/var/www/vhosts/enlugo.es/httpdocs/wp-template.php&path=/var/www/vhosts/enlugo.es/httpdocs HTTP/1.0" 200 4331 "-" "Mozilla/5.0 (compatible; Barkrowler/0.9; +https://babbar.tech/crawler)"
217.113.194.237 - - [26/Oct/2025:14:21:58 +0000] "GET /donde-comer/?fileloc=/var/www/vhosts/enlugo.es/httpdocs/wp-source.php&path=/var/www/vhosts/enlugo.es/httpdocs HTTP/1.0" 200 4334 "-" "Mozilla/5.0 (compatible; Barkrowler/0.9; +https://babbar.tech/crawler)"
217.113.194.174 - - [26/Oct/2025:14:22:15 +0000] "GET /donde-comer/?fileloc=/var/www/vhosts/enlugo.es/httpdocs/wp-filters.php&path=/var/www/vhosts/enlugo.es/httpdocs HTTP/1.0" 200 4334 "-" "Mozilla/5.0 (compatible; Barkrowler/0.9; +https://babbar.tech/crawler)"
217.113.194.174 - - [26/Oct/2025:14:22:31 +0000] "GET /donde-comer/?fileloc=/var/www/vhosts/enlugo.es/httpdocs/wp-spl.php&path=/var/www/vhosts/enlugo.es/httpdocs HTTP/1.0" 200 4332 "-" "Mozilla/5.0 (compatible; Barkrowler/0.9; +https://babbar.tech/crawler)"
47.128.51.84 - - [26/Oct/2025:14:22:32 +0000] "GET /camino-de-santiago-por-lugo/?fileloc=%2Fvar%2Fwww%2Fvhosts%2Fenlugo.es%2Fhttpdocs%2Fwp-activate.php&path=%2Fvar%2Fwww%2Fvhosts%2Fenlugo.es%2Fhttpdocs HTTP/1.0" 200 6805 "-" "Mozilla/5.0 (Linux; Android 5.0) AppleWebKit/537.36 (KHTML, like Gecko) Mobile Safari/537.36 (compatible; Bytespider; spider-feedback@bytedance.com)"
69.197.149.50 - - [26/Oct/2025:14:21:06 +0000] "GET /wp-includes/pl54115b/edit.php?id=657332 HTTP/1.0" 200 2195 "https://enlugo.es/wp-includes/pl54115b/edit.php?id=657332" "Mozilla/5.0 (Windows NT 10.0; Win64; x64) AppleWebKit/537.36 (KHTML, like Gecko) Chrome/58.0.3029.110 Safari/537.3"
217.113.194.177 - - [26/Oct/2025:14:22:49 +0000] "GET /robots.txt HTTP/1.0" 200 2451 "-" "Mozilla/5.0 (compatible; Barkrowler/0.9; +https://babbar.tech/crawler)"
217.113.194.175 - - [26/Oct/2025:14:23:05 +0000] "GET /donde-comer/?fileloc=/var/www/vhosts/enlugo.es/httpdocs/wp-schema.php&path=/var/www/vhosts/enlugo.es/httpdocs HTTP/1.0" 200 4334 "-" "Mozilla/5.0 (compatible; Barkrowler/0.9; +https://babbar.tech/crawler)"
217.113.194.178 - - [26/Oct/2025:14:23:22 +0000] "GET /donde-comer/?fileloc=/var/www/vhosts/enlugo.es/httpdocs/wp-error.php&path=/var/www/vhosts/enlugo.es/httpdocs HTTP/1.0" 200 4331 "-" "Mozilla/5.0 (compatible; Barkrowler/0.9; +https://babbar.tech/crawler)"
217.113.194.176 - - [26/Oct/2025:14:23:38 +0000] "GET /donde-comer/?fileloc=/var/www/vhosts/enlugo.es/httpdocs/wp-registry.php&path=/var/www/vhosts/enlugo.es/httpdocs HTTP/1.0" 200 4335 "-" "Mozilla/5.0 (compatible; Barkrowler/0.9; +https://babbar.tech/crawler)"
217.113.194.236 - - [26/Oct/2025:14:23:57 +0000] "GET /donde-comer/?fileloc=/var/www/vhosts/enlugo.es/httpdocs/wp-recovery.php&path=/var/www/vhosts/enlugo.es/httpdocs HTTP/1.0" 200 4335 "-" "Mozilla/5.0 (compatible; Barkrowler/0.9; +https://babbar.tech/crawler)"
69.197.149.50 - - [26/Oct/2025:14:22:36 +0000] "GET /wp-includes/pl54115b/edit.php?id=657332 HTTP/1.0" 200 2195 "https://enlugo.es/wp-includes/pl54115b/edit.php?id=657332" "Mozilla/5.0 (Windows NT 10.0; Win64; x64) AppleWebKit/537.36 (KHTML, like Gecko) Chrome/58.0.3029.110 Safari/537.3"
