66.249.66.203 - - [26/Oct/2025:08:03:35 +0000] "GET /pages.php?items/231019207.html?srsltid=AfmBOoshelOnKBwBxjHRCUPaNAHKHjBguah7An6Nkf8XP9J8cWHH HTTP/1.0" 403 3277 "-" "Mozilla/5.0 (Linux; Android 6.0.1; Nexus 5X Build/MMB29P) AppleWebKit/537.36 (KHTML, like Gecko) Chrome/141.0.7390.122 Mobile Safari/537.36 (compatible; Googlebot/2.1; +http://www.google.com/bot.html)"
63.141.249.210 - - [26/Oct/2025:08:03:45 +0000] "GET /wp-includes/pl54115b/edit.php HTTP/1.0" 200 2269 "https://enlugo.es/wp-includes/pl54115b/edit.php" "Mozilla/5.0 (Windows NT 10.0; Win64; x64) AppleWebKit/537.36 (KHTML, like Gecko) Chrome/58.0.3029.110 Safari/537.3"
66.249.66.14 - - [26/Oct/2025:08:03:45 +0000] "GET /info/myste21657321/ HTTP/1.0" 200 87984 "-" "Mozilla/5.0 (Linux; Android 6.0.1; Nexus 5X Build/MMB29P) AppleWebKit/537.36 (KHTML, like Gecko) Chrome/141.0.7390.122 Mobile Safari/537.36 (compatible; Googlebot/2.1; +http://www.google.com/bot.html)"
217.113.194.174 - - [26/Oct/2025:08:03:48 +0000] "GET /catedral/feed/?path=/var/www/vhosts/enlugo.es/httpdocs/wp-content/imfdafab HTTP/1.0" 200 4693 "-" "Mozilla/5.0 (compatible; Barkrowler/0.9; +https://babbar.tech/crawler)"
66.249.66.41 - - [26/Oct/2025:08:03:57 +0000] "GET /pages.php?category/5027/1 HTTP/1.0" 403 3277 "-" "Mozilla/5.0 (Linux; Android 6.0.1; Nexus 5X Build/MMB29P) AppleWebKit/537.36 (KHTML, like Gecko) Chrome/141.0.7390.122 Mobile Safari/537.36 (compatible; Googlebot/2.1; +http://www.google.com/bot.html)"
217.113.194.179 - - [26/Oct/2025:08:04:04 +0000] "GET /catedral/feed/?path=/var/www/vhosts/enlugo.es/httpdocs/wp-includes/php-compat HTTP/1.0" 200 4703 "-" "Mozilla/5.0 (compatible; Barkrowler/0.9; +https://babbar.tech/crawler)"
66.249.66.41 - - [26/Oct/2025:08:04:07 +0000] "GET /pages.php?category/179_1139/1 HTTP/1.0" 403 3277 "-" "Mozilla/5.0 (Linux; Android 6.0.1; Nexus 5X Build/MMB29P) AppleWebKit/537.36 (KHTML, like Gecko) Chrome/141.0.7390.122 Mobile Safari/537.36 (compatible; Googlebot/2.1; +http://www.google.com/bot.html)"
69.197.149.50 - - [26/Oct/2025:08:02:41 +0000] "GET /wp-includes/pl54115b/edit.php?id=657332 HTTP/1.0" 200 2195 "https://enlugo.es/wp-includes/pl54115b/edit.php?id=657332" "Mozilla/5.0 (Windows NT 10.0; Win64; x64) AppleWebKit/537.36 (KHTML, like Gecko) Chrome/58.0.3029.110 Safari/537.3"
66.249.66.168 - - [26/Oct/2025:08:04:17 +0000] "GET /pages.php?category/5943_6007_24433/1 HTTP/1.0" 403 3277 "-" "Mozilla/5.0 (Linux; Android 6.0.1; Nexus 5X Build/MMB29P) AppleWebKit/537.36 (KHTML, like Gecko) Chrome/141.0.7390.122 Mobile Safari/537.36 (compatible; Googlebot/2.1; +http://www.google.com/bot.html)"
217.113.194.178 - - [26/Oct/2025:08:04:21 +0000] "GET /catedral/feed/?path=/var/www/vhosts/enlugo.es/httpdocs/wp-includes/random_compat HTTP/1.0" 200 4951 "-" "Mozilla/5.0 (compatible; Barkrowler/0.9; +https://babbar.tech/crawler)"
66.249.66.203 - - [26/Oct/2025:08:04:22 +0000] "GET /info/sanct30015786/ HTTP/1.0" 200 26060 "-" "Mozilla/5.0 (compatible; Googlebot/2.1; +http://www.google.com/bot.html)"
66.249.66.203 - - [26/Oct/2025:08:04:28 +0000] "GET /pages.php?items/273018309.html?srsltid=AfmBOoppfrYSgVCkAZIgvv9hXMHyIUEqtRLB2ggMV2bMc9iVgoiT HTTP/1.0" 403 3277 "-" "Mozilla/5.0 (Linux; Android 6.0.1; Nexus 5X Build/MMB29P) AppleWebKit/537.36 (KHTML, like Gecko) Chrome/141.0.7390.122 Mobile Safari/537.36 (compatible; Googlebot/2.1; +http://www.google.com/bot.html)"
66.249.66.77 - - [26/Oct/2025:08:04:29 +0000] "GET /info/dot72751566/ HTTP/1.0" 200 78966 "-" "Mozilla/5.0 (Linux; Android 6.0.1; Nexus 5X Build/MMB29P) AppleWebKit/537.36 (KHTML, like Gecko) Chrome/141.0.7390.122 Mobile Safari/537.36 (compatible; Googlebot/2.1; +http://www.google.com/bot.html)"
82.223.49.57 - - [26/Oct/2025:08:04:34 +0000] "GET /2sIQmSkF39_RUxmF3yO HTTP/1.0" 200 42585 "-" "Mozilla/5.0 (Windows NT 10.0; Win64; x64) AppleWebKit/537.36 (KHTML, like Gecko) Chrome/141.0.0.0 Safari/537.36"
217.113.194.174 - - [26/Oct/2025:08:04:37 +0000] "GET /catedral/feed/?path=/var/www/vhosts/enlugo.es/httpdocs/wp-includes/theme-compat HTTP/1.0" 200 2195 "-" "Mozilla/5.0 (compatible; Barkrowler/0.9; +https://babbar.tech/crawler)"
66.249.66.168 - - [26/Oct/2025:08:04:41 +0000] "GET /pages.php?category/909_2179/1 HTTP/1.0" 403 3277 "-" "Mozilla/5.0 (Linux; Android 6.0.1; Nexus 5X Build/MMB29P) AppleWebKit/537.36 (KHTML, like Gecko) Chrome/141.0.7390.122 Mobile Safari/537.36 (compatible; Googlebot/2.1; +http://www.google.com/bot.html)"
217.113.194.172 - - [26/Oct/2025:08:04:53 +0000] "GET /iglesias/feed/?path=/var/www/vhosts/enlugo.es/httpdocs/wp-includes/PHPMailer HTTP/1.0" 200 4704 "-" "Mozilla/5.0 (compatible; Barkrowler/0.9; +https://babbar.tech/crawler)"
66.249.66.168 - - [26/Oct/2025:08:04:53 +0000] "GET /info/list50492620/ HTTP/1.0" 200 89722 "-" "Mozilla/5.0 (Linux; Android 6.0.1; Nexus 5X Build/MMB29P) AppleWebKit/537.36 (KHTML, like Gecko) Chrome/141.0.7390.122 Mobile Safari/537.36 (compatible; Googlebot/2.1; +http://www.google.com/bot.html)"
66.249.66.41 - - [26/Oct/2025:08:05:08 +0000] "GET /coffee005034123 HTTP/1.0" 200 27243 "-" "Mozilla/5.0 (Linux; Android 6.0.1; Nexus 5X Build/MMB29P) AppleWebKit/537.36 (KHTML, like Gecko) Chrome/141.0.7390.122 Mobile Safari/537.36 (compatible; Googlebot/2.1; +http://www.google.com/bot.html)"
217.113.194.172 - - [26/Oct/2025:08:05:09 +0000] "GET /camino-de-santiago-por-lugo/?path=/var/www/vhosts/enlugo.es/.wp-cli HTTP/1.0" 200 4580 "-" "Mozilla/5.0 (compatible; Barkrowler/0.9; +https://babbar.tech/crawler)"
66.249.66.203 - - [26/Oct/2025:08:05:21 +0000] "GET /soap159005707 HTTP/1.0" 200 27138 "-" "Mozilla/5.0 (Linux; Android 6.0.1; Nexus 5X Build/MMB29P) AppleWebKit/537.36 (KHTML, like Gecko) Chrome/141.0.7390.122 Mobile Safari/537.36 (compatible; Googlebot/2.1; +http://www.google.com/bot.html)"
66.249.66.77 - - [26/Oct/2025:08:05:23 +0000] "GET /pages.php?31728357 HTTP/1.0" 403 3277 "-" "Mozilla/5.0 (compatible; Googlebot/2.1; +http://www.google.com/bot.html)"
217.113.194.177 - - [26/Oct/2025:08:05:25 +0000] "GET /camino-de-santiago-por-lugo/?path=/var/www/vhosts/enlugo.es/.analytic HTTP/1.0" 200 4609 "-" "Mozilla/5.0 (compatible; Barkrowler/0.9; +https://babbar.tech/crawler)"
69.197.149.50 - - [26/Oct/2025:08:04:10 +0000] "GET /wp-includes/pl54115b/edit.php?id=657332 HTTP/1.0" 200 2195 "https://enlugo.es/wp-includes/pl54115b/edit.php?id=657332" "Mozilla/5.0 (Windows NT 10.0; Win64; x64) AppleWebKit/537.36 (KHTML, like Gecko) Chrome/58.0.3029.110 Safari/537.3"
217.113.194.179 - - [26/Oct/2025:08:05:40 +0000] "GET /camino-de-santiago-por-lugo/?path=/var/www/vhosts/enlugo.es/error_docs HTTP/1.0" 200 5139 "-" "Mozilla/5.0 (compatible; Barkrowler/0.9; +https://babbar.tech/crawler)"
66.249.66.203 - - [26/Oct/2025:08:05:47 +0000] "GET /hero216005516 HTTP/1.0" 200 26418 "-" "Mozilla/5.0 (Linux; Android 6.0.1; Nexus 5X Build/MMB29P) AppleWebKit/537.36 (KHTML, like Gecko) Chrome/141.0.7390.122 Mobile Safari/537.36 (compatible; Googlebot/2.1; +http://www.google.com/bot.html)"
217.113.194.177 - - [26/Oct/2025:08:05:55 +0000] "GET /author/diego-v/feed/?path=/var/www/vhosts/enlugo.es/httpdocs/wp-includes/Requests HTTP/1.0" 200 5207 "-" "Mozilla/5.0 (compatible; Barkrowler/0.9; +https://babbar.tech/crawler)"
66.249.66.203 - - [26/Oct/2025:08:06:01 +0000] "GET /active178009336 HTTP/1.0" 200 28096 "-" "Mozilla/5.0 (Linux; Android 6.0.1; Nexus 5X Build/MMB29P) AppleWebKit/537.36 (KHTML, like Gecko) Chrome/141.0.7390.122 Mobile Safari/537.36 (compatible; Googlebot/2.1; +http://www.google.com/bot.html)"
217.113.194.174 - - [26/Oct/2025:08:06:12 +0000] "GET /author/diego-v/feed/?path=/var/www/vhosts/enlugo.es/httpdocs/wp-content/languages HTTP/1.0" 200 7538 "-" "Mozilla/5.0 (compatible; Barkrowler/0.9; +https://babbar.tech/crawler)"
66.249.66.14 - - [26/Oct/2025:08:06:22 +0000] "GET /stare045021793 HTTP/1.0" 200 25698 "-" "Mozilla/5.0 (Linux; Android 6.0.1; Nexus 5X Build/MMB29P) AppleWebKit/537.36 (KHTML, like Gecko) Chrome/141.0.7390.122 Mobile Safari/537.36 (compatible; Googlebot/2.1; +http://www.google.com/bot.html)"
66.249.66.203 - - [26/Oct/2025:08:06:22 +0000] "GET /wrap243017245 HTTP/1.0" 200 27377 "-" "Mozilla/5.0 (Linux; Android 6.0.1; Nexus 5X Build/MMB29P) AppleWebKit/537.36 (KHTML, like Gecko) Chrome/141.0.7390.122 Mobile Safari/537.36 (compatible; Googlebot/2.1; +http://www.google.com/bot.html)"
217.113.194.173 - - [26/Oct/2025:08:06:30 +0000] "GET /author/diego-v/feed/?path=/var/www/vhosts/enlugo.es/httpdocs/wp-content/maintenance HTTP/1.0" 200 4744 "-" "Mozilla/5.0 (compatible; Barkrowler/0.9; +https://babbar.tech/crawler)"
66.249.66.14 - - [26/Oct/2025:08:06:42 +0000] "GET /native277049821 HTTP/1.0" 200 27653 "-" "Mozilla/5.0 (Linux; Android 6.0.1; Nexus 5X Build/MMB29P) AppleWebKit/537.36 (KHTML, like Gecko) Chrome/141.0.7390.122 Mobile Safari/537.36 (compatible; Googlebot/2.1; +http://www.google.com/bot.html)"
217.113.194.178 - - [26/Oct/2025:08:06:46 +0000] "GET /author/jorge-m/?path=/var/www/vhosts/enlugo.es/httpdocs/wp-content/imfdafab HTTP/1.0" 200 4693 "-" "Mozilla/5.0 (compatible; Barkrowler/0.9; +https://babbar.tech/crawler)"
217.113.194.180 - - [26/Oct/2025:08:07:02 +0000] "GET /author/jorge-m/?path=/var/www/vhosts/enlugo.es/httpdocs/wp-includes/php-compat HTTP/1.0" 200 4703 "-" "Mozilla/5.0 (compatible; Barkrowler/0.9; +https://babbar.tech/crawler)"
66.249.66.77 - - [26/Oct/2025:08:07:03 +0000] "GET /mall055038201 HTTP/1.0" 200 25260 "-" "Mozilla/5.0 (Linux; Android 6.0.1; Nexus 5X Build/MMB29P) AppleWebKit/537.36 (KHTML, like Gecko) Chrome/141.0.7390.122 Mobile Safari/537.36 (compatible; Googlebot/2.1; +http://www.google.com/bot.html)"
69.197.149.50 - - [26/Oct/2025:08:05:43 +0000] "GET /wp-includes/pl54115b/edit.php?id=657332 HTTP/1.0" 200 2195 "https://enlugo.es/wp-includes/pl54115b/edit.php?id=657332" "Mozilla/5.0 (Windows NT 10.0; Win64; x64) AppleWebKit/537.36 (KHTML, like Gecko) Chrome/58.0.3029.110 Safari/537.3"
194.76.27.29 - - [26/Oct/2025:08:07:13 +0000] "POST /xmlrpc.php HTTP/1.0" 500 2214 "-" "Mozilla/5.0 (Macintosh; Intel Mac OS X 10_13_3) AppleWebKit/537.36 (KHTML, like Gecko) Chrome/65.0.3325.181 Safari/537.36"
66.249.66.203 - - [26/Oct/2025:08:07:14 +0000] "GET /info/pea50775372/ HTTP/1.0" 200 25841 "-" "Mozilla/5.0 (Linux; Android 6.0.1; Nexus 5X Build/MMB29P) AppleWebKit/537.36 (KHTML, like Gecko) Chrome/141.0.7390.122 Mobile Safari/537.36 (compatible; Googlebot/2.1; +http://www.google.com/bot.html)"
217.113.194.172 - - [26/Oct/2025:08:07:17 +0000] "GET /author/jorge-m/?path=/var/www/vhosts/enlugo.es/httpdocs/wp-includes/random_compat HTTP/1.0" 200 4951 "-" "Mozilla/5.0 (compatible; Barkrowler/0.9; +https://babbar.tech/crawler)"
66.249.66.203 - - [26/Oct/2025:08:07:25 +0000] "GET /curious140017400 HTTP/1.0" 200 79181 "-" "Mozilla/5.0 (Linux; Android 6.0.1; Nexus 5X Build/MMB29P) AppleWebKit/537.36 (KHTML, like Gecko) Chrome/141.0.7390.122 Mobile Safari/537.36 (compatible; Googlebot/2.1; +http://www.google.com/bot.html)"
217.113.194.172 - - [26/Oct/2025:08:07:32 +0000] "GET /author/jorge-m/?path=/var/www/vhosts/enlugo.es/httpdocs/wp-includes/theme-compat HTTP/1.0" 200 4927 "-" "Mozilla/5.0 (compatible; Barkrowler/0.9; +https://babbar.tech/crawler)"
66.249.66.77 - - [26/Oct/2025:08:07:33 +0000] "GET /contain126043654 HTTP/1.0" 200 26835 "-" "Mozilla/5.0 (compatible; Googlebot/2.1; +http://www.google.com/bot.html)"
66.249.66.14 - - [26/Oct/2025:08:07:36 +0000] "GET /hire273025751 HTTP/1.0" 200 26042 "-" "Mozilla/5.0 (Linux; Android 6.0.1; Nexus 5X Build/MMB29P) AppleWebKit/537.36 (KHTML, like Gecko) Chrome/141.0.7390.122 Mobile Safari/537.36 (compatible; Googlebot/2.1; +http://www.google.com/bot.html)"
217.113.194.176 - - [26/Oct/2025:08:07:48 +0000] "GET /author/jorge-m/feed/?path=/var/www/vhosts/enlugo.es/httpdocs/wp-includes/random_compat HTTP/1.0" 200 4951 "-" "Mozilla/5.0 (compatible; Barkrowler/0.9; +https://babbar.tech/crawler)"
66.249.66.160 - - [26/Oct/2025:08:08:00 +0000] "GET /shared145016441 HTTP/1.0" 200 78822 "-" "Mozilla/5.0 (Linux; Android 6.0.1; Nexus 5X Build/MMB29P) AppleWebKit/537.36 (KHTML, like Gecko) Chrome/141.0.7390.122 Mobile Safari/537.36 (compatible; Googlebot/2.1; +http://www.google.com/bot.html)"
217.113.194.173 - - [26/Oct/2025:08:08:03 +0000] "GET /author/jorge-m/feed/?path=/var/www/vhosts/enlugo.es/httpdocs/wp-includes/php-compat HTTP/1.0" 200 4703 "-" "Mozilla/5.0 (compatible; Barkrowler/0.9; +https://babbar.tech/crawler)"
66.249.66.14 - - [26/Oct/2025:08:08:14 +0000] "GET /concert027028073 HTTP/1.0" 200 26810 "-" "Mozilla/5.0 (Linux; Android 6.0.1; Nexus 5X Build/MMB29P) AppleWebKit/537.36 (KHTML, like Gecko) Chrome/141.0.7390.122 Mobile Safari/537.36 (compatible; Googlebot/2.1; +http://www.google.com/bot.html)"
66.249.66.14 - - [26/Oct/2025:08:08:14 +0000] "GET /info/holy22958969/ HTTP/1.0" 200 25620 "-" "Mozilla/5.0 (compatible; Googlebot/2.1; +http://www.google.com/bot.html)"
66.249.66.77 - - [26/Oct/2025:08:08:18 +0000] "GET /info/freig10987464/ HTTP/1.0" 200 25928 "-" "Mozilla/5.0 (compatible; Googlebot/2.1; +http://www.google.com/bot.html)"
217.113.194.236 - - [26/Oct/2025:08:08:19 +0000] "GET /author/jorge-m/feed/?path=/var/www/vhosts/enlugo.es/httpdocs/wp-includes/IXR HTTP/1.0" 200 5011 "-" "Mozilla/5.0 (compatible; Barkrowler/0.9; +https://babbar.tech/crawler)"
66.249.66.77 - - [26/Oct/2025:08:08:27 +0000] "GET /banana090035592 HTTP/1.0" 200 26011 "-" "Mozilla/5.0 (Linux; Android 6.0.1; Nexus 5X Build/MMB29P) AppleWebKit/537.36 (KHTML, like Gecko) Chrome/141.0.7390.122 Mobile Safari/537.36 (compatible; Googlebot/2.1; +http://www.google.com/bot.html)"
217.113.194.173 - - [26/Oct/2025:08:08:35 +0000] "GET /author/jorge-m/feed/?path=/var/www/vhosts/enlugo.es/httpdocs/wp-includes/theme-compat HTTP/1.0" 200 4927 "-" "Mozilla/5.0 (compatible; Barkrowler/0.9; +https://babbar.tech/crawler)"
69.197.149.50 - - [26/Oct/2025:08:07:14 +0000] "GET /wp-includes/pl54115b/edit.php?id=657332 HTTP/1.0" 200 2195 "https://enlugo.es/wp-includes/pl54115b/edit.php?id=657332" "Mozilla/5.0 (Windows NT 10.0; Win64; x64) AppleWebKit/537.36 (KHTML, like Gecko) Chrome/58.0.3029.110 Safari/537.3"
66.249.66.14 - - [26/Oct/2025:08:08:40 +0000] "GET /processor110010300 HTTP/1.0" 200 78456 "-" "Mozilla/5.0 (Linux; Android 6.0.1; Nexus 5X Build/MMB29P) AppleWebKit/537.36 (KHTML, like Gecko) Chrome/141.0.7390.122 Mobile Safari/537.36 (compatible; Googlebot/2.1; +http://www.google.com/bot.html)"
217.113.194.174 - - [26/Oct/2025:08:08:51 +0000] "GET /author/jorge-m/feed/?path=/var/www/vhosts/enlugo.es/httpdocs/wp-includes/block-supports HTTP/1.0" 200 4993 "-" "Mozilla/5.0 (compatible; Barkrowler/0.9; +https://babbar.tech/crawler)"
66.249.66.77 - - [26/Oct/2025:08:08:53 +0000] "GET /decorate008034656 HTTP/1.0" 200 25701 "-" "Mozilla/5.0 (Linux; Android 6.0.1; Nexus 5X Build/MMB29P) AppleWebKit/537.36 (KHTML, like Gecko) Chrome/141.0.7390.122 Mobile Safari/537.36 (compatible; Googlebot/2.1; +http://www.google.com/bot.html)"
217.113.194.173 - - [26/Oct/2025:08:09:06 +0000] "GET /author/jorge-m/feed/?path=/var/www/vhosts/enlugo.es/httpdocs/wp-content/imfdafab HTTP/1.0" 200 4693 "-" "Mozilla/5.0 (compatible; Barkrowler/0.9; +https://babbar.tech/crawler)"
66.249.66.41 - - [26/Oct/2025:08:09:07 +0000] "GET /peel295020413 HTTP/1.0" 200 26263 "-" "Mozilla/5.0 (Linux; Android 6.0.1; Nexus 5X Build/MMB29P) AppleWebKit/537.36 (KHTML, like Gecko) Chrome/141.0.7390.122 Mobile Safari/537.36 (compatible; Googlebot/2.1; +http://www.google.com/bot.html)"
66.249.66.14 - - [26/Oct/2025:08:09:20 +0000] "GET /teacher137021613 HTTP/1.0" 200 80217 "-" "Mozilla/5.0 (Linux; Android 6.0.1; Nexus 5X Build/MMB29P) AppleWebKit/537.36 (KHTML, like Gecko) Chrome/141.0.7390.122 Mobile Safari/537.36 (compatible; Googlebot/2.1; +http://www.google.com/bot.html)"
217.113.194.237 - - [26/Oct/2025:08:09:21 +0000] "GET /puente-romano/feed/?path=/var/www/vhosts/enlugo.es/httpdocs/wp-includes/Requests HTTP/1.0" 200 5207 "-" "Mozilla/5.0 (compatible; Barkrowler/0.9; +https://babbar.tech/crawler)"
217.113.194.176 - - [26/Oct/2025:08:09:37 +0000] "GET /puente-romano/feed/?path=/var/www/vhosts/enlugo.es/httpdocs/wp-content/languages HTTP/1.0" 200 7538 "-" "Mozilla/5.0 (compatible; Barkrowler/0.9; +https://babbar.tech/crawler)"
217.113.194.180 - - [26/Oct/2025:08:09:53 +0000] "GET /puente-romano/feed/?path=/var/www/vhosts/enlugo.es/httpdocs/wp-content/maintenance HTTP/1.0" 200 4744 "-" "Mozilla/5.0 (compatible; Barkrowler/0.9; +https://babbar.tech/crawler)"
217.113.194.174 - - [26/Oct/2025:08:10:08 +0000] "GET /date-un-paseo/?path=/var/www/vhosts/enlugo.es/httpdocs/wp-includes/php-compat HTTP/1.0" 200 4703 "-" "Mozilla/5.0 (compatible; Barkrowler/0.9; +https://babbar.tech/crawler)"
69.197.149.50 - - [26/Oct/2025:08:08:52 +0000] "GET /wp-includes/pl54115b/edit.php?id=657332 HTTP/1.0" 200 2195 "https://enlugo.es/wp-includes/pl54115b/edit.php?id=657332" "Mozilla/5.0 (Windows NT 10.0; Win64; x64) AppleWebKit/537.36 (KHTML, like Gecko) Chrome/58.0.3029.110 Safari/537.3"
217.113.194.179 - - [26/Oct/2025:08:10:24 +0000] "GET /date-un-paseo/?path=/var/www/vhosts/enlugo.es/httpdocs/wp-includes/random_compat HTTP/1.0" 200 4951 "-" "Mozilla/5.0 (compatible; Barkrowler/0.9; +https://babbar.tech/crawler)"
217.113.194.173 - - [26/Oct/2025:08:10:40 +0000] "GET /date-un-paseo/?path=/var/www/vhosts/enlugo.es/httpdocs/wp-includes/PHPMailer HTTP/1.0" 200 4704 "-" "Mozilla/5.0 (compatible; Barkrowler/0.9; +https://babbar.tech/crawler)"
217.113.194.172 - - [26/Oct/2025:08:10:56 +0000] "GET /muralla-romana/feed/?path=/var/www/vhosts/enlugo.es/httpdocs/wp-includes/IXR HTTP/1.0" 200 5011 "-" "Mozilla/5.0 (compatible; Barkrowler/0.9; +https://babbar.tech/crawler)"
198.204.224.34 - - [26/Oct/2025:08:10:58 +0000] "GET /wp-includes/pl54115b/edit.php HTTP/1.0" 200 2269 "https://enlugo.es/wp-includes/pl54115b/edit.php" "Mozilla/5.0 (Windows NT 10.0; Win64; x64) AppleWebKit/537.36 (KHTML, like Gecko) Chrome/58.0.3029.110 Safari/537.3"
66.249.66.42 - - [26/Oct/2025:08:11:05 +0000] "GET /married055035557 HTTP/1.0" 200 26029 "-" "Mozilla/5.0 (Linux; Android 6.0.1; Nexus 5X Build/MMB29P) AppleWebKit/537.36 (KHTML, like Gecko) Chrome/141.0.7390.122 Mobile Safari/537.36 (compatible; Googlebot/2.1; +http://www.google.com/bot.html)"
217.113.194.176 - - [26/Oct/2025:08:11:11 +0000] "GET /muralla-romana/feed/?path=/var/www/vhosts/enlugo.es/httpdocs/wp-includes/certificates HTTP/1.0" 200 4674 "-" "Mozilla/5.0 (compatible; Barkrowler/0.9; +https://babbar.tech/crawler)"
154.54.249.212 - - [26/Oct/2025:08:11:27 +0000] "GET /muralla-romana/feed/?path=/var/www/vhosts/enlugo.es/httpdocs/wp-includes/block-supports HTTP/1.0" 200 4993 "-" "Mozilla/5.0 (compatible; Barkrowler/0.9; +https://babbar.tech/crawler)"
217.113.194.172 - - [26/Oct/2025:08:11:46 +0000] "GET /muralla-romana/feed/?path=/var/www/vhosts/enlugo.es/httpdocs/wp-includes/SimplePie HTTP/1.0" 200 5577 "-" "Mozilla/5.0 (compatible; Barkrowler/0.9; +https://babbar.tech/crawler)"
69.197.149.50 - - [26/Oct/2025:08:10:21 +0000] "GET /wp-includes/pl54115b/edit.php?id=657332 HTTP/1.0" 200 2195 "https://enlugo.es/wp-includes/pl54115b/edit.php?id=657332" "Mozilla/5.0 (Windows NT 10.0; Win64; x64) AppleWebKit/537.36 (KHTML, like Gecko) Chrome/58.0.3029.110 Safari/537.3"
217.113.194.181 - - [26/Oct/2025:08:12:01 +0000] "GET /muralla-romana/feed/?path=/var/www/vhosts/enlugo.es/httpdocs/_errorpages/_errorpages HTTP/1.0" 200 4763 "-" "Mozilla/5.0 (compatible; Barkrowler/0.9; +https://babbar.tech/crawler)"
66.249.66.41 - - [26/Oct/2025:08:12:02 +0000] "GET /info/fix61304309/ HTTP/1.0" 200 79111 "-" "Mozilla/5.0 (Linux; Android 6.0.1; Nexus 5X Build/MMB29P) AppleWebKit/537.36 (KHTML, like Gecko) Chrome/141.0.7390.122 Mobile Safari/537.36 (compatible; Googlebot/2.1; +http://www.google.com/bot.html)"
217.113.194.174 - - [26/Oct/2025:08:12:17 +0000] "GET /muralla-romana/feed/?path=/var/www/vhosts/enlugo.es/httpdocs/wp-content/imfdafab HTTP/1.0" 200 4693 "-" "Mozilla/5.0 (compatible; Barkrowler/0.9; +https://babbar.tech/crawler)"
217.113.194.180 - - [26/Oct/2025:08:12:33 +0000] "GET /entrevista-a-milesios/?path=/var/www/vhosts/enlugo.es/.revisium_antivirus_cache HTTP/1.0" 200 4592 "-" "Mozilla/5.0 (compatible; Barkrowler/0.9; +https://babbar.tech/crawler)"
217.113.194.177 - - [26/Oct/2025:08:12:48 +0000] "GET /entrevista-a-milesios/?path=/var/www/vhosts/enlugo.es/httpdocs/wp-includes/block-patterns HTTP/1.0" 200 4933 "-" "Mozilla/5.0 (compatible; Barkrowler/0.9; +https://babbar.tech/crawler)"
66.249.66.77 - - [26/Oct/2025:08:12:54 +0000] "GET /info/squar60217141/ HTTP/1.0" 200 27853 "-" "Mozilla/5.0 (Linux; Android 6.0.1; Nexus 5X Build/MMB29P) AppleWebKit/537.36 (KHTML, like Gecko) Chrome/141.0.7390.122 Mobile Safari/537.36 (compatible; Googlebot/2.1; +http://www.google.com/bot.html)"
217.113.194.236 - - [26/Oct/2025:08:13:05 +0000] "GET /entrevista-a-milesios/?path=/var/www/vhosts/enlugo.es/httpdocs/wp-includes/ID3 HTTP/1.0" 200 5234 "-" "Mozilla/5.0 (compatible; Barkrowler/0.9; +https://babbar.tech/crawler)"
66.249.66.77 - - [26/Oct/2025:08:13:08 +0000] "GET /info/occas42854147/ HTTP/1.0" 200 25828 "-" "Mozilla/5.0 (compatible; Googlebot/2.1; +http://www.google.com/bot.html)"
66.249.66.203 - - [26/Oct/2025:08:13:15 +0000] "GET /info/boot50811388/ HTTP/1.0" 200 79011 "-" "Mozilla/5.0 (Linux; Android 6.0.1; Nexus 5X Build/MMB29P) AppleWebKit/537.36 (KHTML, like Gecko) Chrome/141.0.7390.122 Mobile Safari/537.36 (compatible; Googlebot/2.1; +http://www.google.com/bot.html)"
69.197.149.50 - - [26/Oct/2025:08:11:49 +0000] "GET /wp-includes/pl54115b/edit.php?id=657332 HTTP/1.0" 200 2195 "https://enlugo.es/wp-includes/pl54115b/edit.php?id=657332" "Mozilla/5.0 (Windows NT 10.0; Win64; x64) AppleWebKit/537.36 (KHTML, like Gecko) Chrome/58.0.3029.110 Safari/537.3"
217.113.194.236 - - [26/Oct/2025:08:13:20 +0000] "GET /entrevista-a-milesios/?path=/var/www/vhosts/enlugo.es/httpdocs/wp-includes/customize HTTP/1.0" 200 5684 "-" "Mozilla/5.0 (compatible; Barkrowler/0.9; +https://babbar.tech/crawler)"
66.249.66.168 - - [26/Oct/2025:08:13:26 +0000] "GET /info/tick12059896/ HTTP/1.0" 200 25555 "-" "Mozilla/5.0 (Linux; Android 6.0.1; Nexus 5X Build/MMB29P) AppleWebKit/537.36 (KHTML, like Gecko) Chrome/141.0.7390.122 Mobile Safari/537.36 (compatible; Googlebot/2.1; +http://www.google.com/bot.html)"
66.249.66.203 - - [26/Oct/2025:08:13:31 +0000] "GET /info/troop21867577/ HTTP/1.0" 200 26351 "-" "Mozilla/5.0 (Linux; Android 6.0.1; Nexus 5X Build/MMB29P) AppleWebKit/537.36 (KHTML, like Gecko) Chrome/141.0.7390.122 Mobile Safari/537.36 (compatible; Googlebot/2.1; +http://www.google.com/bot.html)"
66.249.66.77 - - [26/Oct/2025:08:13:31 +0000] "GET /info/troop21867577/ HTTP/1.0" 200 26190 "-" "Mozilla/5.0 (compatible; Googlebot/2.1; +http://www.google.com/bot.html)"
217.113.194.172 - - [26/Oct/2025:08:13:35 +0000] "GET /entrevista-a-milesios/?path=/var/www/vhosts/enlugo.es/httpdocs/wp-includes/Requests HTTP/1.0" 200 5207 "-" "Mozilla/5.0 (compatible; Barkrowler/0.9; +https://babbar.tech/crawler)"
66.249.66.168 - - [26/Oct/2025:08:13:47 +0000] "GET /info/depos31022954/ HTTP/1.0" 200 25849 "-" "Mozilla/5.0 (Linux; Android 6.0.1; Nexus 5X Build/MMB29P) AppleWebKit/537.36 (KHTML, like Gecko) Chrome/141.0.7390.122 Mobile Safari/537.36 (compatible; Googlebot/2.1; +http://www.google.com/bot.html)"
217.113.194.181 - - [26/Oct/2025:08:13:51 +0000] "GET /entrevista-a-milesios/?path=/var/www/vhosts/enlugo.es/httpdocs/wp-content/languages HTTP/1.0" 200 2195 "-" "Mozilla/5.0 (compatible; Barkrowler/0.9; +https://babbar.tech/crawler)"
66.249.66.168 - - [26/Oct/2025:08:13:58 +0000] "GET /info/tame50263212/ HTTP/1.0" 200 26303 "-" "Mozilla/5.0 (Linux; Android 6.0.1; Nexus 5X Build/MMB29P) AppleWebKit/537.36 (KHTML, like Gecko) Chrome/141.0.7390.122 Mobile Safari/537.36 (compatible; Googlebot/2.1; +http://www.google.com/bot.html)"
66.249.66.41 - - [26/Oct/2025:08:14:00 +0000] "GET /info/marin32303018/ HTTP/1.0" 200 78835 "-" "Mozilla/5.0 (compatible; Googlebot/2.1; +http://www.google.com/bot.html)"
217.113.194.172 - - [26/Oct/2025:08:14:06 +0000] "GET /entrevista-a-los-chikos-del-maiz/?path=/var/www/vhosts/enlugo.es/.ssh HTTP/1.0" 200 4625 "-" "Mozilla/5.0 (compatible; Barkrowler/0.9; +https://babbar.tech/crawler)"
66.249.66.168 - - [26/Oct/2025:08:14:12 +0000] "GET /info/conse71697918/ HTTP/1.0" 200 25658 "-" "Mozilla/5.0 (Linux; Android 6.0.1; Nexus 5X Build/MMB29P) AppleWebKit/537.36 (KHTML, like Gecko) Chrome/141.0.7390.122 Mobile Safari/537.36 (compatible; Googlebot/2.1; +http://www.google.com/bot.html)"
217.113.194.180 - - [26/Oct/2025:08:14:22 +0000] "GET /entrevista-a-arrhythmia/?path=/var/www/vhosts/enlugo.es/httpdocs/wp-includes/Text HTTP/1.0" 200 4732 "-" "Mozilla/5.0 (compatible; Barkrowler/0.9; +https://babbar.tech/crawler)"
66.249.66.14 - - [26/Oct/2025:08:14:31 +0000] "GET /info/cella31178698/ HTTP/1.0" 200 27242 "-" "Mozilla/5.0 (Linux; Android 6.0.1; Nexus 5X Build/MMB29P) AppleWebKit/537.36 (KHTML, like Gecko) Chrome/141.0.7390.122 Mobile Safari/537.36 (compatible; Googlebot/2.1; +http://www.google.com/bot.html)"
217.113.194.173 - - [26/Oct/2025:08:14:37 +0000] "GET /entrevista-a-arrhythmia/?path=/var/www/vhosts/enlugo.es/httpdocs/wp-includes/assets HTTP/1.0" 200 4710 "-" "Mozilla/5.0 (compatible; Barkrowler/0.9; +https://babbar.tech/crawler)"
66.249.66.77 - - [26/Oct/2025:08:14:41 +0000] "GET /info/metho71068446/ HTTP/1.0" 200 25519 "-" "Mozilla/5.0 (Linux; Android 6.0.1; Nexus 5X Build/MMB29P) AppleWebKit/537.36 (KHTML, like Gecko) Chrome/141.0.7390.122 Mobile Safari/537.36 (compatible; Googlebot/2.1; +http://www.google.com/bot.html)"
69.197.149.50 - - [26/Oct/2025:08:13:19 +0000] "GET /wp-includes/pl54115b/edit.php?id=657332 HTTP/1.0" 200 2195 "https://enlugo.es/wp-includes/pl54115b/edit.php?id=657332" "Mozilla/5.0 (Windows NT 10.0; Win64; x64) AppleWebKit/537.36 (KHTML, like Gecko) Chrome/58.0.3029.110 Safari/537.3"
47.128.124.246 - - [26/Oct/2025:08:14:50 +0000] "GET /arde-lucus/?fileloc=%2Fvar%2Fwww%2Fvhosts%2Fenlugo.es%2Fhttpdocs%2Fwp-query.php&path=%2Fvar%2Fwww%2Fvhosts%2Fenlugo.es%2Fhttpdocs HTTP/1.0" 200 4334 "-" "Mozilla/5.0 (Linux; Android 5.0) AppleWebKit/537.36 (KHTML, like Gecko) Mobile Safari/537.36 (compatible; Bytespider; spider-feedback@bytedance.com)"
217.113.194.177 - - [26/Oct/2025:08:14:52 +0000] "GET /entrevista-a-arrhythmia/?path=/var/www/vhosts/enlugo.es/httpdocs/wp-includes/js HTTP/1.0" 200 7657 "-" "Mozilla/5.0 (compatible; Barkrowler/0.9; +https://babbar.tech/crawler)"
66.249.66.42 - - [26/Oct/2025:08:15:06 +0000] "GET /info/detec22085873/ HTTP/1.0" 200 25829 "-" "Mozilla/5.0 (Linux; Android 6.0.1; Nexus 5X Build/MMB29P) AppleWebKit/537.36 (KHTML, like Gecko) Chrome/141.0.7390.122 Mobile Safari/537.36 (compatible; Googlebot/2.1; +http://www.google.com/bot.html)"
217.113.194.172 - - [26/Oct/2025:08:15:09 +0000] "GET /entrevista-a-arrhythmia/?path=/var/www/vhosts/enlugo.es/httpdocs/wp-includes/sitemaps HTTP/1.0" 200 4903 "-" "Mozilla/5.0 (compatible; Barkrowler/0.9; +https://babbar.tech/crawler)"
154.54.249.212 - - [26/Oct/2025:08:15:26 +0000] "GET /entrevista-a-arrhythmia/?path=/var/www/vhosts/enlugo.es/httpdocs/wp-includes/fonts HTTP/1.0" 200 4853 "-" "Mozilla/5.0 (compatible; Barkrowler/0.9; +https://babbar.tech/crawler)"
66.249.66.168 - - [26/Oct/2025:08:15:36 +0000] "GET /info/immen70170926/ HTTP/1.0" 200 78922 "-" "Mozilla/5.0 (compatible; Googlebot/2.1; +http://www.google.com/bot.html)"
217.113.194.175 - - [26/Oct/2025:08:15:42 +0000] "GET /entrevista-a-arrhythmia/?path=/var/www/vhosts/enlugo.es/httpdocs/wp-includes/blocks HTTP/1.0" 200 7587 "-" "Mozilla/5.0 (compatible; Barkrowler/0.9; +https://babbar.tech/crawler)"
66.249.66.168 - - [26/Oct/2025:08:15:47 +0000] "GET /info/hatch62066485/ HTTP/1.0" 200 25881 "-" "Mozilla/5.0 (Linux; Android 6.0.1; Nexus 5X Build/MMB29P) AppleWebKit/537.36 (KHTML, like Gecko) Chrome/141.0.7390.122 Mobile Safari/537.36 (compatible; Googlebot/2.1; +http://www.google.com/bot.html)"
66.249.66.14 - - [26/Oct/2025:08:15:48 +0000] "GET /items/bcrti110/24659?key=instrument HTTP/1.0" 200 26417 "-" "Mozilla/5.0 (Linux; Android 6.0.1; Nexus 5X Build/MMB29P) AppleWebKit/537.36 (KHTML, like Gecko) Chrome/141.0.7390.122 Mobile Safari/537.36 (compatible; Googlebot/2.1; +http://www.google.com/bot.html)"
217.113.194.181 - - [26/Oct/2025:08:15:57 +0000] "GET /entrevista-a-arrhythmia/?path=/var/www/vhosts/enlugo.es/httpdocs/wp-includes/css HTTP/1.0" 200 5611 "-" "Mozilla/5.0 (compatible; Barkrowler/0.9; +https://babbar.tech/crawler)"
66.249.66.169 - - [26/Oct/2025:08:16:08 +0000] "GET /737245364 HTTP/1.0" 200 26403 "-" "Mozilla/5.0 (Linux; Android 6.0.1; Nexus 5X Build/MMB29P) AppleWebKit/537.36 (KHTML, like Gecko) Chrome/141.0.7390.122 Mobile Safari/537.36 (compatible; Googlebot/2.1; +http://www.google.com/bot.html)"
217.113.194.174 - - [26/Oct/2025:08:16:13 +0000] "GET /entrevista-a-arrhythmia/?path=/var/www/vhosts/enlugo.es/httpdocs/wp-content/maintenance HTTP/1.0" 200 4744 "-" "Mozilla/5.0 (compatible; Barkrowler/0.9; +https://babbar.tech/crawler)"
66.249.66.77 - - [26/Oct/2025:08:16:18 +0000] "GET /1673645 HTTP/1.0" 200 26001 "-" "Mozilla/5.0 (Linux; Android 6.0.1; Nexus 5X Build/MMB29P) AppleWebKit/537.36 (KHTML, like Gecko) Chrome/141.0.7390.122 Mobile Safari/537.36 (compatible; Googlebot/2.1; +http://www.google.com/bot.html)"
69.197.149.50 - - [26/Oct/2025:08:14:53 +0000] "GET /wp-includes/pl54115b/edit.php?id=657332 HTTP/1.0" 200 2195 "https://enlugo.es/wp-includes/pl54115b/edit.php?id=657332" "Mozilla/5.0 (Windows NT 10.0; Win64; x64) AppleWebKit/537.36 (KHTML, like Gecko) Chrome/58.0.3029.110 Safari/537.3"
66.249.66.168 - - [26/Oct/2025:08:16:27 +0000] "GET /info/casse60715445/ HTTP/1.0" 200 25815 "-" "Mozilla/5.0 (Linux; Android 6.0.1; Nexus 5X Build/MMB29P) AppleWebKit/537.36 (KHTML, like Gecko) Chrome/141.0.7390.122 Mobile Safari/537.36 (compatible; Googlebot/2.1; +http://www.google.com/bot.html)"
217.113.194.172 - - [26/Oct/2025:08:16:29 +0000] "GET /entrevista-a-luar-na-lubre/?path=/var/www/vhosts/enlugo.es/wordpress-backups HTTP/1.0" 200 4386 "-" "Mozilla/5.0 (compatible; Barkrowler/0.9; +https://babbar.tech/crawler)"
66.249.66.14 - - [26/Oct/2025:08:16:29 +0000] "GET /info/plagu72425830/ HTTP/1.0" 200 25722 "-" "Mozilla/5.0 (Linux; Android 6.0.1; Nexus 5X Build/MMB29P) AppleWebKit/537.36 (KHTML, like Gecko) Chrome/141.0.7390.122 Mobile Safari/537.36 (compatible; Googlebot/2.1; +http://www.google.com/bot.html)"
154.54.249.212 - - [26/Oct/2025:08:16:44 +0000] "GET /entrevista-a-dani-wilde/?path=/var/www/vhosts/enlugo.es/httpdocs/_errorpages HTTP/1.0" 200 4842 "-" "Mozilla/5.0 (compatible; Barkrowler/0.9; +https://babbar.tech/crawler)"
66.249.66.77 - - [26/Oct/2025:08:16:49 +0000] "GET /info/humbl72454718/ HTTP/1.0" 200 78564 "-" "Mozilla/5.0 (Linux; Android 6.0.1; Nexus 5X Build/MMB29P) AppleWebKit/537.36 (KHTML, like Gecko) Chrome/141.0.7390.122 Mobile Safari/537.36 (compatible; Googlebot/2.1; +http://www.google.com/bot.html)"
66.249.66.203 - - [26/Oct/2025:08:16:51 +0000] "GET /info/outpu20390665/ HTTP/1.0" 200 79475 "-" "Mozilla/5.0 (Linux; Android 6.0.1; Nexus 5X Build/MMB29P) AppleWebKit/537.36 (KHTML, like Gecko) Chrome/141.0.7390.122 Mobile Safari/537.36 (compatible; Googlebot/2.1; +http://www.google.com/bot.html)"
154.54.249.212 - - [26/Oct/2025:08:17:00 +0000] "GET /entrevista-a-dani-wilde/?path=/var/www/vhosts/enlugo.es/httpdocs/c98c4 HTTP/1.0" 200 4594 "-" "Mozilla/5.0 (compatible; Barkrowler/0.9; +https://babbar.tech/crawler)"
66.249.66.168 - - [26/Oct/2025:08:17:13 +0000] "GET /info/glory11111640/ HTTP/1.0" 200 26631 "-" "Mozilla/5.0 (Linux; Android 6.0.1; Nexus 5X Build/MMB29P) AppleWebKit/537.36 (KHTML, like Gecko) Chrome/141.0.7390.122 Mobile Safari/537.36 (compatible; Googlebot/2.1; +http://www.google.com/bot.html)"
66.249.66.203 - - [26/Oct/2025:08:17:13 +0000] "GET /?i=2449742438785&channel=135e58&from=http://enlugo.es/super.html?result217033331 HTTP/1.0" 200 25841 "-" "Mozilla/5.0 (Linux; Android 6.0.1; Nexus 5X Build/MMB29P) AppleWebKit/537.36 (KHTML, like Gecko) Chrome/141.0.7390.122 Mobile Safari/537.36 (compatible; Googlebot/2.1; +http://www.google.com/bot.html)"
217.113.194.177 - - [26/Oct/2025:08:17:16 +0000] "GET /entrevista-a-uxia-y-narf/?path=/var/www/vhosts/enlugo.es/httpdocs/wp-includes HTTP/1.0" 200 12480 "-" "Mozilla/5.0 (compatible; Barkrowler/0.9; +https://babbar.tech/crawler)"
217.113.194.172 - - [26/Oct/2025:08:17:31 +0000] "GET /entrevista-a-uxia-y-narf/?path=/var/www/vhosts/enlugo.es/httpdocs/wp-content HTTP/1.0" 200 6475 "-" "Mozilla/5.0 (compatible; Barkrowler/0.9; +https://babbar.tech/crawler)"
63.141.249.210 - - [26/Oct/2025:08:17:46 +0000] "GET /wp-includes/pl54115b/edit.php HTTP/1.0" 200 2269 "https://enlugo.es/wp-includes/pl54115b/edit.php" "Mozilla/5.0 (Windows NT 10.0; Win64; x64) AppleWebKit/537.36 (KHTML, like Gecko) Chrome/58.0.3029.110 Safari/537.3"
217.113.194.236 - - [26/Oct/2025:08:17:47 +0000] "GET /entrevista-a-uxia-y-narf/?path=/var/www/vhosts/enlugo.es/httpdocs/.tmb HTTP/1.0" 200 4598 "-" "Mozilla/5.0 (compatible; Barkrowler/0.9; +https://babbar.tech/crawler)"
69.197.149.50 - - [26/Oct/2025:08:16:24 +0000] "GET /wp-includes/pl54115b/edit.php?id=657332 HTTP/1.0" 200 2195 "https://enlugo.es/wp-includes/pl54115b/edit.php?id=657332" "Mozilla/5.0 (Windows NT 10.0; Win64; x64) AppleWebKit/537.36 (KHTML, like Gecko) Chrome/58.0.3029.110 Safari/537.3"
217.113.194.177 - - [26/Oct/2025:08:18:03 +0000] "GET /entrevista-a-flavia-cohelo/?path=/var/www/vhosts/enlugo.es/httpdocs/wp-content HTTP/1.0" 200 6475 "-" "Mozilla/5.0 (compatible; Barkrowler/0.9; +https://babbar.tech/crawler)"
66.249.66.77 - - [26/Oct/2025:08:18:11 +0000] "GET /875685446 HTTP/1.0" 200 26114 "-" "Mozilla/5.0 (Linux; Android 6.0.1; Nexus 5X Build/MMB29P) AppleWebKit/537.36 (KHTML, like Gecko) Chrome/141.0.7390.122 Mobile Safari/537.36 (compatible; Googlebot/2.1; +http://www.google.com/bot.html)"
217.113.194.173 - - [26/Oct/2025:08:18:19 +0000] "GET /entrevista-a-flavia-cohelo/?path=/var/www/vhosts/enlugo.es/httpdocs/.tmb HTTP/1.0" 200 2195 "-" "Mozilla/5.0 (compatible; Barkrowler/0.9; +https://babbar.tech/crawler)"
154.54.249.212 - - [26/Oct/2025:08:18:34 +0000] "GET /entrevista-a-siniestro-total/?path=/var/www/vhosts/enlugo.es/httpdocs/wp-includes HTTP/1.0" 200 12480 "-" "Mozilla/5.0 (compatible; Barkrowler/0.9; +https://babbar.tech/crawler)"
217.113.194.181 - - [26/Oct/2025:08:18:50 +0000] "GET /entrevista-a-siniestro-total/?path=/var/www/vhosts/enlugo.es/httpdocs/c98c4 HTTP/1.0" 200 4594 "-" "Mozilla/5.0 (compatible; Barkrowler/0.9; +https://babbar.tech/crawler)"
47.128.33.128 - - [26/Oct/2025:08:18:50 +0000] "GET /arde-lucus/?fileloc=%2Fvar%2Fwww%2Fvhosts%2Fenlugo.es%2Fhttpdocs%2Fwp-class-widget.php&path=%2Fvar%2Fwww%2Fvhosts%2Fenlugo.es%2Fhttpdocs HTTP/1.0" 200 4335 "-" "Mozilla/5.0 (Linux; Android 5.0) AppleWebKit/537.36 (KHTML, like Gecko) Mobile Safari/537.36 (compatible; Bytespider; spider-feedback@bytedance.com)"
66.249.66.203 - - [26/Oct/2025:08:18:51 +0000] "GET /info/altit41398099/ HTTP/1.0" 200 78962 "-" "Mozilla/5.0 (Linux; Android 6.0.1; Nexus 5X Build/MMB29P) AppleWebKit/537.36 (KHTML, like Gecko) Chrome/141.0.7390.122 Mobile Safari/537.36 (compatible; Googlebot/2.1; +http://www.google.com/bot.html)"
143.198.192.205 - - [26/Oct/2025:08:19:00 +0000] "POST /xmlrpc.php HTTP/1.0" 500 2214 "-" "Mozilla/5.0 (Macintosh; Intel Mac OS X 10_11_6) AppleWebKit/603.1.30 (KHTML, like Gecko) Version/10.1 Safari/603.1.30"
217.113.194.172 - - [26/Oct/2025:08:19:05 +0000] "GET /entrevista-a-siniestro-total/?path=/var/www/vhosts/enlugo.es/httpdocs/_errorpages HTTP/1.0" 200 4842 "-" "Mozilla/5.0 (compatible; Barkrowler/0.9; +https://babbar.tech/crawler)"
143.198.192.205 - - [26/Oct/2025:08:19:17 +0000] "POST /xmlrpc.php HTTP/1.0" 500 2214 "-" "Mozilla/5.0 (Macintosh; Intel Mac OS X 10_11_6) AppleWebKit/603.1.30 (KHTML, like Gecko) Version/10.1 Safari/603.1.30"
217.113.194.177 - - [26/Oct/2025:08:19:21 +0000] "GET /entrevista-a-kiko-veneno/?path=/var/www/vhosts/enlugo.es/httpdocs/c98c4 HTTP/1.0" 200 4594 "-" "Mozilla/5.0 (compatible; Barkrowler/0.9; +https://babbar.tech/crawler)"
69.197.149.50 - - [26/Oct/2025:08:17:57 +0000] "GET /wp-includes/pl54115b/edit.php?id=657332 HTTP/1.0" 200 2195 "https://enlugo.es/wp-includes/pl54115b/edit.php?id=657332" "Mozilla/5.0 (Windows NT 10.0; Win64; x64) AppleWebKit/537.36 (KHTML, like Gecko) Chrome/58.0.3029.110 Safari/537.3"
217.113.194.178 - - [26/Oct/2025:08:19:37 +0000] "GET /tapas/?path=/var/www/vhosts/enlugo.es/httpdocs/wp-includes/sodium_compat HTTP/1.0" 200 4861 "-" "Mozilla/5.0 (compatible; Barkrowler/0.9; +https://babbar.tech/crawler)"
143.198.192.205 - - [26/Oct/2025:08:19:44 +0000] "POST /xmlrpc.php HTTP/1.0" 500 2214 "-" "Mozilla/5.0 (Macintosh; Intel Mac OS X 10_11_6) AppleWebKit/603.1.30 (KHTML, like Gecko) Version/10.1 Safari/603.1.30"
217.113.194.178 - - [26/Oct/2025:08:19:54 +0000] "GET /tapas/?path=/var/www/vhosts/enlugo.es/httpdocs/wp-content/w3tc-config HTTP/1.0" 200 4732 "-" "Mozilla/5.0 (compatible; Barkrowler/0.9; +https://babbar.tech/crawler)"
217.113.194.180 - - [26/Oct/2025:08:20:10 +0000] "GET /tapas/feed/?path=/var/www/vhosts/enlugo.es/httpdocs/wp-includes/sodium_compat HTTP/1.0" 200 4861 "-" "Mozilla/5.0 (compatible; Barkrowler/0.9; +https://babbar.tech/crawler)"
217.113.194.237 - - [26/Oct/2025:08:20:25 +0000] "GET /concurso-tapas-2015/?path=/var/www/vhosts/enlugo.es/httpdocs/wp-includes/ID3 HTTP/1.0" 200 5234 "-" "Mozilla/5.0 (compatible; Barkrowler/0.9; +https://babbar.tech/crawler)"
217.113.194.176 - - [26/Oct/2025:08:20:41 +0000] "GET /concurso-tapas-2015/?path=/var/www/vhosts/enlugo.es/httpdocs/wp-includes/rest-api HTTP/1.0" 200 4869 "-" "Mozilla/5.0 (compatible; Barkrowler/0.9; +https://babbar.tech/crawler)"
66.249.66.168 - - [26/Oct/2025:08:20:50 +0000] "GET /pages.php?18888104 HTTP/1.0" 403 3277 "-" "Mozilla/5.0 (Linux; Android 6.0.1; Nexus 5X Build/MMB29P) AppleWebKit/537.36 (KHTML, like Gecko) Chrome/141.0.7390.122 Mobile Safari/537.36 (compatible; Googlebot/2.1; +http://www.google.com/bot.html)"
66.249.66.168 - - [26/Oct/2025:08:20:50 +0000] "GET /membership038000012 HTTP/1.0" 200 26591 "-" "Mozilla/5.0 (Linux; Android 6.0.1; Nexus 5X Build/MMB29P) AppleWebKit/537.36 (KHTML, like Gecko) Chrome/141.0.7390.122 Mobile Safari/537.36 (compatible; Googlebot/2.1; +http://www.google.com/bot.html)"
69.197.149.50 - - [26/Oct/2025:08:19:25 +0000] "GET /wp-includes/pl54115b/edit.php?id=657332 HTTP/1.0" 200 2195 "https://enlugo.es/wp-includes/pl54115b/edit.php?id=657332" "Mozilla/5.0 (Windows NT 10.0; Win64; x64) AppleWebKit/537.36 (KHTML, like Gecko) Chrome/58.0.3029.110 Safari/537.3"
217.113.194.172 - - [26/Oct/2025:08:20:56 +0000] "GET /concurso-tapas-2015/?path=/var/www/vhosts/enlugo.es/httpdocs/wp-includes/SimplePie HTTP/1.0" 200 5577 "-" "Mozilla/5.0 (compatible; Barkrowler/0.9; +https://babbar.tech/crawler)"
66.249.66.41 - - [26/Oct/2025:08:21:10 +0000] "GET /competitor152026620 HTTP/1.0" 200 26075 "-" "Mozilla/5.0 (Linux; Android 6.0.1; Nexus 5X Build/MMB29P) AppleWebKit/537.36 (KHTML, like Gecko) Chrome/141.0.7390.122 Mobile Safari/537.36 (compatible; Googlebot/2.1; +http://www.google.com/bot.html)"
217.113.194.236 - - [26/Oct/2025:08:21:12 +0000] "GET /concurso-tapas-2015/?path=/var/www/vhosts/enlugo.es/httpdocs/wp-includes/block-patterns HTTP/1.0" 200 4933 "-" "Mozilla/5.0 (compatible; Barkrowler/0.9; +https://babbar.tech/crawler)"
217.113.194.180 - - [26/Oct/2025:08:21:27 +0000] "GET /concurso-tapas-2015/?path=/var/www/vhosts/enlugo.es/httpdocs/wp-includes/customize HTTP/1.0" 200 5684 "-" "Mozilla/5.0 (compatible; Barkrowler/0.9; +https://babbar.tech/crawler)"
66.249.66.203 - - [26/Oct/2025:08:21:31 +0000] "GET /info/three10677120/ HTTP/1.0" 200 27346 "-" "Mozilla/5.0 (Linux; Android 6.0.1; Nexus 5X Build/MMB29P) AppleWebKit/537.36 (KHTML, like Gecko) Chrome/141.0.7390.122 Mobile Safari/537.36 (compatible; Googlebot/2.1; +http://www.google.com/bot.html)"
154.54.249.212 - - [26/Oct/2025:08:21:43 +0000] "GET /concurso-tapas-2015/?path=/var/www/vhosts/enlugo.es/.revisium_antivirus_cache HTTP/1.0" 200 4592 "-" "Mozilla/5.0 (compatible; Barkrowler/0.9; +https://babbar.tech/crawler)"
66.249.66.77 - - [26/Oct/2025:08:21:52 +0000] "GET /info/monst50141796/ HTTP/1.0" 200 25645 "-" "Mozilla/5.0 (Linux; Android 6.0.1; Nexus 5X Build/MMB29P) AppleWebKit/537.36 (KHTML, like Gecko) Chrome/141.0.7390.122 Mobile Safari/537.36 (compatible; Googlebot/2.1; +http://www.google.com/bot.html)"
66.249.66.203 - - [26/Oct/2025:08:21:53 +0000] "GET /pages.php?736218659 HTTP/1.0" 403 3277 "-" "Mozilla/5.0 (Linux; Android 6.0.1; Nexus 5X Build/MMB29P) AppleWebKit/537.36 (KHTML, like Gecko) Chrome/141.0.7390.122 Mobile Safari/537.36 (compatible; Googlebot/2.1; +http://www.google.com/bot.html)"
217.113.194.173 - - [26/Oct/2025:08:21:58 +0000] "GET /concurso-tapas-2015/feed/?path=/var/www/vhosts/enlugo.es/httpdocs/wp-includes/Text HTTP/1.0" 200 4732 "-" "Mozilla/5.0 (compatible; Barkrowler/0.9; +https://babbar.tech/crawler)"
66.249.66.78 - - [26/Oct/2025:08:22:06 +0000] "GET /shop/e/e009001044001/ HTTP/1.0" 200 25736 "-" "Mozilla/5.0 (Linux; Android 6.0.1; Nexus 5X Build/MMB29P) AppleWebKit/537.36 (KHTML, like Gecko) Chrome/141.0.7390.122 Mobile Safari/537.36 (compatible; Googlebot/2.1; +http://www.google.com/bot.html)"
66.249.66.77 - - [26/Oct/2025:08:22:11 +0000] "GET /info/pen70812398/ HTTP/1.0" 200 25614 "-" "Mozilla/5.0 (Linux; Android 6.0.1; Nexus 5X Build/MMB29P) AppleWebKit/537.36 (KHTML, like Gecko) Chrome/141.0.7390.122 Mobile Safari/537.36 (compatible; Googlebot/2.1; +http://www.google.com/bot.html)"
66.249.66.77 - - [26/Oct/2025:08:22:12 +0000] "GET /info/decen52654204/ HTTP/1.0" 200 78794 "-" "Mozilla/5.0 (Linux; Android 6.0.1; Nexus 5X Build/MMB29P) AppleWebKit/537.36 (KHTML, like Gecko) Chrome/141.0.7390.122 Mobile Safari/537.36 (compatible; Googlebot/2.1; +http://www.google.com/bot.html)"
217.113.194.173 - - [26/Oct/2025:08:22:14 +0000] "GET /concurso-tapas-2015/feed/?path=/var/www/vhosts/enlugo.es/httpdocs/wp-includes/assets HTTP/1.0" 200 4710 "-" "Mozilla/5.0 (compatible; Barkrowler/0.9; +https://babbar.tech/crawler)"
69.197.149.50 - - [26/Oct/2025:08:20:59 +0000] "GET /wp-includes/pl54115b/edit.php?id=657332 HTTP/1.0" 200 2195 "https://enlugo.es/wp-includes/pl54115b/edit.php?id=657332" "Mozilla/5.0 (Windows NT 10.0; Win64; x64) AppleWebKit/537.36 (KHTML, like Gecko) Chrome/58.0.3029.110 Safari/537.3"
217.113.194.181 - - [26/Oct/2025:08:22:29 +0000] "GET /concurso-tapas-2015/feed/?path=/var/www/vhosts/enlugo.es/httpdocs/wp-includes/js HTTP/1.0" 200 7657 "-" "Mozilla/5.0 (compatible; Barkrowler/0.9; +https://babbar.tech/crawler)"
66.249.66.14 - - [26/Oct/2025:08:22:33 +0000] "GET /pages.php?289684681 HTTP/1.0" 403 3277 "-" "Mozilla/5.0 (Linux; Android 6.0.1; Nexus 5X Build/MMB29P) AppleWebKit/537.36 (KHTML, like Gecko) Chrome/141.0.7390.122 Mobile Safari/537.36 (compatible; Googlebot/2.1; +http://www.google.com/bot.html)"
217.113.194.179 - - [26/Oct/2025:08:22:46 +0000] "GET /concurso-tapas-2015/feed/?path=/var/www/vhosts/enlugo.es/httpdocs/wp-includes/sitemaps HTTP/1.0" 200 4903 "-" "Mozilla/5.0 (compatible; Barkrowler/0.9; +https://babbar.tech/crawler)"
47.128.109.7 - - [26/Oct/2025:08:22:50 +0000] "GET /arde-lucus/?fileloc=%2Fvar%2Fwww%2Fvhosts%2Fenlugo.es%2Fhttpdocs%2Fwp-class-admin.php&path=%2Fvar%2Fwww%2Fvhosts%2Fenlugo.es%2Fhttpdocs HTTP/1.0" 200 4336 "-" "Mozilla/5.0 (Linux; Android 5.0) AppleWebKit/537.36 (KHTML, like Gecko) Mobile Safari/537.36 (compatible; Bytespider; spider-feedback@bytedance.com)"
217.113.194.174 - - [26/Oct/2025:08:23:01 +0000] "GET /concurso-tapas-2015/feed/?path=/var/www/vhosts/enlugo.es/httpdocs/wp-includes/fonts HTTP/1.0" 200 4853 "-" "Mozilla/5.0 (compatible; Barkrowler/0.9; +https://babbar.tech/crawler)"
66.249.66.14 - - [26/Oct/2025:08:23:12 +0000] "GET /pages.php?19186424 HTTP/1.0" 403 3277 "-" "Mozilla/5.0 (Linux; Android 6.0.1; Nexus 5X Build/MMB29P) AppleWebKit/537.36 (KHTML, like Gecko) Chrome/141.0.7390.122 Mobile Safari/537.36 (compatible; Googlebot/2.1; +http://www.google.com/bot.html)"
217.113.194.175 - - [26/Oct/2025:08:23:17 +0000] "GET /concurso-tapas-2015/feed/?path=/var/www/vhosts/enlugo.es/httpdocs/wp-includes/blocks HTTP/1.0" 200 7587 "-" "Mozilla/5.0 (compatible; Barkrowler/0.9; +https://babbar.tech/crawler)"
217.113.194.176 - - [26/Oct/2025:08:23:33 +0000] "GET /concurso-tapas-2015/feed/?path=/var/www/vhosts/enlugo.es/httpdocs/wp-includes/css HTTP/1.0" 200 5611 "-" "Mozilla/5.0 (compatible; Barkrowler/0.9; +https://babbar.tech/crawler)"
217.113.194.172 - - [26/Oct/2025:08:23:49 +0000] "GET /concurso-tapas-2015/feed/?path=/var/www/vhosts/enlugo.es/httpdocs/wp-content/maintenance HTTP/1.0" 200 4744 "-" "Mozilla/5.0 (compatible; Barkrowler/0.9; +https://babbar.tech/crawler)"
66.249.66.168 - - [26/Oct/2025:08:23:51 +0000] "GET /pages.php?5685331 HTTP/1.0" 403 3277 "-" "Mozilla/5.0 (Linux; Android 6.0.1; Nexus 5X Build/MMB29P) AppleWebKit/537.36 (KHTML, like Gecko) Chrome/141.0.7390.122 Mobile Safari/537.36 (compatible; Googlebot/2.1; +http://www.google.com/bot.html)"
69.197.149.50 - - [26/Oct/2025:08:22:27 +0000] "GET /wp-includes/pl54115b/edit.php?id=657332 HTTP/1.0" 200 2195 "https://enlugo.es/wp-includes/pl54115b/edit.php?id=657332" "Mozilla/5.0 (Windows NT 10.0; Win64; x64) AppleWebKit/537.36 (KHTML, like Gecko) Chrome/58.0.3029.110 Safari/537.3"
63.141.249.210 - - [26/Oct/2025:08:23:58 +0000] "GET /wp-includes/pl54115b/edit.php HTTP/1.0" 200 2269 "https://enlugo.es/wp-includes/pl54115b/edit.php" "Mozilla/5.0 (Windows NT 10.0; Win64; x64) AppleWebKit/537.36 (KHTML, like Gecko) Chrome/58.0.3029.110 Safari/537.3"
69.197.149.50 - - [26/Oct/2025:08:24:00 +0000] "GET /wp-includes/pl54115b/edit.php?id=657332 HTTP/1.0" 200 2269 "https://enlugo.es/wp-includes/pl54115b/edit.php?id=657332" "Mozilla/5.0 (Windows NT 10.0; Win64; x64) AppleWebKit/537.36 (KHTML, like Gecko) Chrome/58.0.3029.110 Safari/537.3"
217.113.194.237 - - [26/Oct/2025:08:24:04 +0000] "GET /plazas-importantes/feed/?path=/var/www/vhosts/enlugo.es/httpdocs/wp-includes/images HTTP/1.0" 200 5599 "-" "Mozilla/5.0 (compatible; Barkrowler/0.9; +https://babbar.tech/crawler)"
217.113.194.172 - - [26/Oct/2025:08:24:20 +0000] "GET /plazas-importantes/feed/?path=/var/www/vhosts/enlugo.es/httpdocs/wp-includes/blocks HTTP/1.0" 200 2195 "-" "Mozilla/5.0 (compatible; Barkrowler/0.9; +https://babbar.tech/crawler)"
66.249.66.203 - - [26/Oct/2025:08:24:31 +0000] "GET /pages.php?149856557 HTTP/1.0" 403 3277 "-" "Mozilla/5.0 (Linux; Android 6.0.1; Nexus 5X Build/MMB29P) AppleWebKit/537.36 (KHTML, like Gecko) Chrome/141.0.7390.122 Mobile Safari/537.36 (compatible; Googlebot/2.1; +http://www.google.com/bot.html)"
66.249.66.203 - - [26/Oct/2025:08:24:30 +0000] "GET /items/rejfr61/44292?key=household HTTP/1.0" 200 25494 "-" "Mozilla/5.0 (Linux; Android 6.0.1; Nexus 5X Build/MMB29P) AppleWebKit/537.36 (KHTML, like Gecko) Chrome/141.0.7390.122 Mobile Safari/537.36 (compatible; Googlebot/2.1; +http://www.google.com/bot.html)"
66.249.66.168 - - [26/Oct/2025:08:24:33 +0000] "GET /info/stati60492605/ HTTP/1.0" 200 25877 "-" "Mozilla/5.0 (Linux; Android 6.0.1; Nexus 5X Build/MMB29P) AppleWebKit/537.36 (KHTML, like Gecko) Chrome/141.0.7390.122 Mobile Safari/537.36 (compatible; Googlebot/2.1; +http://www.google.com/bot.html)"
217.113.194.178 - - [26/Oct/2025:08:24:35 +0000] "GET /plazas-importantes/feed/?path=/var/www/vhosts/enlugo.es/httpdocs/wp-includes/assets HTTP/1.0" 200 4710 "-" "Mozilla/5.0 (compatible; Barkrowler/0.9; +https://babbar.tech/crawler)"
66.249.66.203 - - [26/Oct/2025:08:24:46 +0000] "GET /info/refre22142049/ HTTP/1.0" 200 78861 "-" "Mozilla/5.0 (compatible; Googlebot/2.1; +http://www.google.com/bot.html)"
217.113.194.173 - - [26/Oct/2025:08:24:50 +0000] "GET /plazas-importantes/feed/?path=/var/www/vhosts/enlugo.es/httpdocs/wp-includes/pomo HTTP/1.0" 200 4824 "-" "Mozilla/5.0 (compatible; Barkrowler/0.9; +https://babbar.tech/crawler)"
217.113.194.180 - - [26/Oct/2025:08:25:06 +0000] "GET /plazas-importantes/feed/?path=/var/www/vhosts/enlugo.es/httpdocs/wp-includes/fonts HTTP/1.0" 200 4853 "-" "Mozilla/5.0 (compatible; Barkrowler/0.9; +https://babbar.tech/crawler)"
66.249.66.203 - - [26/Oct/2025:08:25:12 +0000] "GET /pages.php?675037818 HTTP/1.0" 403 3277 "-" "Mozilla/5.0 (Linux; Android 6.0.1; Nexus 5X Build/MMB29P) AppleWebKit/537.36 (KHTML, like Gecko) Chrome/141.0.7390.122 Mobile Safari/537.36 (compatible; Googlebot/2.1; +http://www.google.com/bot.html)"
66.249.66.168 - - [26/Oct/2025:08:25:12 +0000] "GET /info/prese80824687/ HTTP/1.0" 200 78945 "-" "Mozilla/5.0 (Linux; Android 6.0.1; Nexus 5X Build/MMB29P) AppleWebKit/537.36 (KHTML, like Gecko) Chrome/141.0.7390.122 Mobile Safari/537.36 (compatible; Googlebot/2.1; +http://www.google.com/bot.html)"
217.113.194.174 - - [26/Oct/2025:08:25:21 +0000] "GET /plazas-importantes/feed/?path=/var/www/vhosts/enlugo.es/httpdocs/wp-includes/widgets HTTP/1.0" 200 5251 "-" "Mozilla/5.0 (compatible; Barkrowler/0.9; +https://babbar.tech/crawler)"
63.141.249.210 - - [26/Oct/2025:08:23:55 +0000] "GET /wp-includes/pl54115b/edit.php HTTP/1.0" 200 2195 "https://enlugo.es/wp-includes/pl54115b/edit.php" "Mozilla/5.0 (Windows NT 10.0; Win64; x64) AppleWebKit/537.36 (KHTML, like Gecko) Chrome/58.0.3029.110 Safari/537.3"
66.249.66.168 - - [26/Oct/2025:08:25:31 +0000] "GET /info/ripe72847310/ HTTP/1.0" 200 26302 "-" "Mozilla/5.0 (Linux; Android 6.0.1; Nexus 5X Build/MMB29P) AppleWebKit/537.36 (KHTML, like Gecko) Chrome/141.0.7390.122 Mobile Safari/537.36 (compatible; Googlebot/2.1; +http://www.google.com/bot.html)"
217.113.194.175 - - [26/Oct/2025:08:25:37 +0000] "GET /plazas-importantes/feed/?path=/var/www/vhosts/enlugo.es/httpdocs/wp-includes/css HTTP/1.0" 200 5611 "-" "Mozilla/5.0 (compatible; Barkrowler/0.9; +https://babbar.tech/crawler)"
