217.113.194.172 - - [26/Oct/2025:08:25:52 +0000] "GET /plazas-importantes/feed/?path=/var/www/vhosts/enlugo.es/httpdocs/wp-includes/js HTTP/1.0" 200 7657 "-" "Mozilla/5.0 (compatible; Barkrowler/0.9; +https://babbar.tech/crawler)"
66.249.66.77 - - [26/Oct/2025:08:25:53 +0000] "GET /pages.php?965938852 HTTP/1.0" 403 3277 "-" "Mozilla/5.0 (Linux; Android 6.0.1; Nexus 5X Build/MMB29P) AppleWebKit/537.36 (KHTML, like Gecko) Chrome/141.0.7390.122 Mobile Safari/537.36 (compatible; Googlebot/2.1; +http://www.google.com/bot.html)"
217.113.194.173 - - [26/Oct/2025:08:26:08 +0000] "GET /plazas-importantes/feed/?path=/var/www/vhosts/enlugo.es/httpdocs/wp-includes/Text HTTP/1.0" 200 4732 "-" "Mozilla/5.0 (compatible; Barkrowler/0.9; +https://babbar.tech/crawler)"
66.249.66.41 - - [26/Oct/2025:08:26:12 +0000] "GET /pages.php?45290457 HTTP/1.0" 403 3277 "-" "Mozilla/5.0 (Linux; Android 6.0.1; Nexus 5X Build/MMB29P) AppleWebKit/537.36 (KHTML, like Gecko) Chrome/141.0.7390.122 Mobile Safari/537.36 (compatible; Googlebot/2.1; +http://www.google.com/bot.html)"
66.249.66.77 - - [26/Oct/2025:08:26:17 +0000] "GET /items/ztvqw190/26655?key=activist HTTP/1.0" 200 25699 "-" "Mozilla/5.0 (compatible; Googlebot/2.1; +http://www.google.com/bot.html)"
217.113.194.176 - - [26/Oct/2025:08:26:24 +0000] "GET /plazas-importantes/feed/?path=/var/www/vhosts/enlugo.es/httpdocs/wp-content/cache HTTP/1.0" 200 4916 "-" "Mozilla/5.0 (compatible; Barkrowler/0.9; +https://babbar.tech/crawler)"
66.249.66.77 - - [26/Oct/2025:08:26:31 +0000] "GET /info/rabbi21216057/ HTTP/1.0" 200 25570 "-" "Mozilla/5.0 (Linux; Android 6.0.1; Nexus 5X Build/MMB29P) AppleWebKit/537.36 (KHTML, like Gecko) Chrome/141.0.7390.122 Mobile Safari/537.36 (compatible; Googlebot/2.1; +http://www.google.com/bot.html)"
217.113.194.172 - - [26/Oct/2025:08:26:40 +0000] "GET /plazas-importantes/feed/?path=/var/www/vhosts/enlugo.es/httpdocs/wp-content/uploads HTTP/1.0" 200 5008 "-" "Mozilla/5.0 (compatible; Barkrowler/0.9; +https://babbar.tech/crawler)"
47.128.49.113 - - [26/Oct/2025:08:26:50 +0000] "GET /arde-lucus/?fileloc=%2Fvar%2Fwww%2Fvhosts%2Fenlugo.es%2Fhttpdocs%2Fwp-compat.php&path=%2Fvar%2Fwww%2Fvhosts%2Fenlugo.es%2Fhttpdocs HTTP/1.0" 200 4334 "-" "Mozilla/5.0 (Linux; Android 5.0) AppleWebKit/537.36 (KHTML, like Gecko) Mobile Safari/537.36 (compatible; Bytespider; spider-feedback@bytedance.com)"
66.249.66.14 - - [26/Oct/2025:08:26:51 +0000] "GET /pages.php?8623932 HTTP/1.0" 403 3277 "-" "Mozilla/5.0 (Linux; Android 6.0.1; Nexus 5X Build/MMB29P) AppleWebKit/537.36 (KHTML, like Gecko) Chrome/141.0.7390.122 Mobile Safari/537.36 (compatible; Googlebot/2.1; +http://www.google.com/bot.html)"
45.61.141.237 - - [26/Oct/2025:08:26:52 +0000] "GET /wp-content/plugins/about.php HTTP/1.0" 403 3277 "-" "Mozlila/5.0 (Linux; Android 7.0; SM-G892A Bulid/NRD90M; wv) AppleWebKit/537.36 (KHTML, like Gecko) Version/4.0 Chrome/60.0.3112.107 Moblie Safari/537.36"
69.197.149.50 - - [26/Oct/2025:08:25:27 +0000] "GET /wp-includes/pl54115b/edit.php?id=657332 HTTP/1.0" 200 2195 "https://enlugo.es/wp-includes/pl54115b/edit.php?id=657332" "Mozilla/5.0 (Windows NT 10.0; Win64; x64) AppleWebKit/537.36 (KHTML, like Gecko) Chrome/58.0.3029.110 Safari/537.3"
217.113.194.176 - - [26/Oct/2025:08:26:56 +0000] "GET /plazas-importantes/feed/?path=/var/www/vhosts/enlugo.es/httpdocs/wp-content/plugins HTTP/1.0" 200 5426 "-" "Mozilla/5.0 (compatible; Barkrowler/0.9; +https://babbar.tech/crawler)"
45.61.141.237 - - [26/Oct/2025:08:27:03 +0000] "GET /geju.php HTTP/1.0" 403 3277 "-" "Mozlila/5.0 (Linux; Android 7.0; SM-G892A Bulid/NRD90M; wv) AppleWebKit/537.36 (KHTML, like Gecko) Version/4.0 Chrome/60.0.3112.107 Moblie Safari/537.36"
66.249.66.41 - - [26/Oct/2025:08:27:06 +0000] "GET /info/bruis21218689/ HTTP/1.0" 200 26417 "-" "Mozilla/5.0 (compatible; Googlebot/2.1; +http://www.google.com/bot.html)"
45.61.141.237 - - [26/Oct/2025:08:27:09 +0000] "GET /wp.php HTTP/1.0" 403 3277 "-" "Mozlila/5.0 (Linux; Android 7.0; SM-G892A Bulid/NRD90M; wv) AppleWebKit/537.36 (KHTML, like Gecko) Version/4.0 Chrome/60.0.3112.107 Moblie Safari/537.36"
217.113.194.237 - - [26/Oct/2025:08:27:11 +0000] "GET /hostales/feed/?path=/var/www/vhosts/enlugo.es/httpdocs/wp-content/w3tc-config HTTP/1.0" 200 4732 "-" "Mozilla/5.0 (compatible; Barkrowler/0.9; +https://babbar.tech/crawler)"
217.113.194.237 - - [26/Oct/2025:08:27:28 +0000] "GET /category/1/feed/?path=/var/www/vhosts/enlugo.es/httpdocs/wp-includes/sodium_compat HTTP/1.0" 200 4861 "-" "Mozilla/5.0 (compatible; Barkrowler/0.9; +https://babbar.tech/crawler)"
154.54.249.212 - - [26/Oct/2025:08:27:44 +0000] "GET /category/sin-categoria/?path=/var/www/vhosts/enlugo.es/httpdocs/wp-includes/PHPMailer HTTP/1.0" 200 4704 "-" "Mozilla/5.0 (compatible; Barkrowler/0.9; +https://babbar.tech/crawler)"
217.113.194.178 - - [26/Oct/2025:08:28:00 +0000] "GET /category/sin-categoria/feed/?path=/var/www/vhosts/enlugo.es/httpdocs/wp-includes/php-compat HTTP/1.0" 200 4703 "-" "Mozilla/5.0 (compatible; Barkrowler/0.9; +https://babbar.tech/crawler)"
217.113.194.176 - - [26/Oct/2025:08:28:15 +0000] "GET /category/sin-categoria/feed/?path=/var/www/vhosts/enlugo.es/httpdocs/wp-includes/random_compat HTTP/1.0" 200 4951 "-" "Mozilla/5.0 (compatible; Barkrowler/0.9; +https://babbar.tech/crawler)"
69.197.149.50 - - [26/Oct/2025:08:26:57 +0000] "GET /wp-includes/pl54115b/edit.php?id=657332 HTTP/1.0" 200 2195 "https://enlugo.es/wp-includes/pl54115b/edit.php?id=657332" "Mozilla/5.0 (Windows NT 10.0; Win64; x64) AppleWebKit/537.36 (KHTML, like Gecko) Chrome/58.0.3029.110 Safari/537.3"
217.113.194.178 - - [26/Oct/2025:08:28:31 +0000] "GET /category/sin-categoria/feed/?path=/var/www/vhosts/enlugo.es/httpdocs/wp-includes/block-supports HTTP/1.0" 200 4993 "-" "Mozilla/5.0 (compatible; Barkrowler/0.9; +https://babbar.tech/crawler)"
217.113.194.237 - - [26/Oct/2025:08:28:47 +0000] "GET /category/sin-categoria/feed/?path=/var/www/vhosts/enlugo.es/httpdocs/wp-includes/IXR HTTP/1.0" 200 5011 "-" "Mozilla/5.0 (compatible; Barkrowler/0.9; +https://babbar.tech/crawler)"
217.113.194.178 - - [26/Oct/2025:08:29:02 +0000] "GET /category/sin-categoria/feed/?path=/var/www/vhosts/enlugo.es/httpdocs/wp-includes/theme-compat HTTP/1.0" 200 4927 "-" "Mozilla/5.0 (compatible; Barkrowler/0.9; +https://babbar.tech/crawler)"
154.54.249.212 - - [26/Oct/2025:08:29:18 +0000] "GET /category/sin-categoria/feed/?path=/var/www/vhosts/enlugo.es/httpdocs/_errorpages/_errorpages HTTP/1.0" 200 4763 "-" "Mozilla/5.0 (compatible; Barkrowler/0.9; +https://babbar.tech/crawler)"
217.113.194.175 - - [26/Oct/2025:08:29:34 +0000] "GET /category/sin-categoria/feed/?path=/var/www/vhosts/enlugo.es/httpdocs/wp-content/imfdafab HTTP/1.0" 200 2195 "-" "Mozilla/5.0 (compatible; Barkrowler/0.9; +https://babbar.tech/crawler)"
217.113.194.177 - - [26/Oct/2025:08:29:49 +0000] "GET /san-froilan/feed/?path=/var/www/vhosts/enlugo.es/httpdocs/wp-includes/IXR HTTP/1.0" 200 5011 "-" "Mozilla/5.0 (compatible; Barkrowler/0.9; +https://babbar.tech/crawler)"
217.113.194.177 - - [26/Oct/2025:08:30:04 +0000] "GET /san-froilan/feed/?path=/var/www/vhosts/enlugo.es/httpdocs/wp-includes/certificates HTTP/1.0" 200 4674 "-" "Mozilla/5.0 (compatible; Barkrowler/0.9; +https://babbar.tech/crawler)"
217.113.194.176 - - [26/Oct/2025:08:30:20 +0000] "GET /san-froilan/feed/?path=/var/www/vhosts/enlugo.es/httpdocs/wp-includes/theme-compat HTTP/1.0" 200 4927 "-" "Mozilla/5.0 (compatible; Barkrowler/0.9; +https://babbar.tech/crawler)"
69.197.149.50 - - [26/Oct/2025:08:29:00 +0000] "GET /wp-includes/pl54115b/edit.php?id=657332 HTTP/1.0" 200 2195 "https://enlugo.es/wp-includes/pl54115b/edit.php?id=657332" "Mozilla/5.0 (Windows NT 10.0; Win64; x64) AppleWebKit/537.36 (KHTML, like Gecko) Chrome/58.0.3029.110 Safari/537.3"
217.113.194.173 - - [26/Oct/2025:08:30:36 +0000] "GET /san-froilan/feed/?path=/var/www/vhosts/enlugo.es/httpdocs/wp-includes/SimplePie HTTP/1.0" 200 5577 "-" "Mozilla/5.0 (compatible; Barkrowler/0.9; +https://babbar.tech/crawler)"
63.141.249.210 - - [26/Oct/2025:08:30:45 +0000] "GET /wp-includes/pl54115b/edit.php HTTP/1.0" 200 2269 "https://enlugo.es/wp-includes/pl54115b/edit.php" "Mozilla/5.0 (Windows NT 10.0; Win64; x64) AppleWebKit/537.36 (KHTML, like Gecko) Chrome/58.0.3029.110 Safari/537.3"
47.128.59.234 - - [26/Oct/2025:08:30:51 +0000] "GET /arde-lucus/?fileloc=%2Fvar%2Fwww%2Fvhosts%2Fenlugo.es%2Fhttpdocs%2Fwp-fonts.php&path=%2Fvar%2Fwww%2Fvhosts%2Fenlugo.es%2Fhttpdocs HTTP/1.0" 200 4333 "-" "Mozilla/5.0 (Linux; Android 5.0) AppleWebKit/537.36 (KHTML, like Gecko) Mobile Safari/537.36 (compatible; Bytespider; spider-feedback@bytedance.com)"
217.113.194.178 - - [26/Oct/2025:08:30:51 +0000] "GET /san-froilan/feed/?path=/var/www/vhosts/enlugo.es/httpdocs/wp-includes/block-supports HTTP/1.0" 200 4993 "-" "Mozilla/5.0 (compatible; Barkrowler/0.9; +https://babbar.tech/crawler)"
217.113.194.178 - - [26/Oct/2025:08:31:07 +0000] "GET /san-froilan/feed/?path=/var/www/vhosts/enlugo.es/httpdocs/_errorpages/_errorpages HTTP/1.0" 200 4763 "-" "Mozilla/5.0 (compatible; Barkrowler/0.9; +https://babbar.tech/crawler)"
217.113.194.179 - - [26/Oct/2025:08:31:25 +0000] "GET /san-froilan/feed/?path=/var/www/vhosts/enlugo.es/httpdocs/wp-content/imfdafab HTTP/1.0" 200 4693 "-" "Mozilla/5.0 (compatible; Barkrowler/0.9; +https://babbar.tech/crawler)"
3.211.181.86 - - [26/Oct/2025:08:31:40 +0000] "GET /?path=/var/www/vhosts/enlugo.es/httpdocs/wp-content/cache/page_enhanced/enlugo.es///category/313_553//%27 HTTP/1.0" 200 4730 "-" "Mozilla/5.0 AppleWebKit/537.36 (KHTML, like Gecko; compatible; Amazonbot/0.1; +https://developer.amazon.com/support/amazonbot) Chrome/119.0.6045.214 Safari/537.36"
217.113.194.172 - - [26/Oct/2025:08:31:42 +0000] "GET /mas-informacion-sobre-las-cookies/?path=/var/www/vhosts/enlugo.es/httpdocs/wp-includes HTTP/1.0" 200 12474 "-" "Mozilla/5.0 (compatible; Barkrowler/0.9; +https://babbar.tech/crawler)"
69.197.149.50 - - [26/Oct/2025:08:30:29 +0000] "GET /wp-includes/pl54115b/edit.php?id=657332 HTTP/1.0" 200 2195 "https://enlugo.es/wp-includes/pl54115b/edit.php?id=657332" "Mozilla/5.0 (Windows NT 10.0; Win64; x64) AppleWebKit/537.36 (KHTML, like Gecko) Chrome/58.0.3029.110 Safari/537.3"
217.113.194.173 - - [26/Oct/2025:08:31:58 +0000] "GET /mas-informacion-sobre-las-cookies/?path=/var/www/vhosts/enlugo.es/httpdocs/.tmb HTTP/1.0" 200 4598 "-" "Mozilla/5.0 (compatible; Barkrowler/0.9; +https://babbar.tech/crawler)"
217.113.194.174 - - [26/Oct/2025:08:32:14 +0000] "GET /termas-romanas/?path=/var/www/vhosts/enlugo.es/httpdocs/wp-includes/theme-compat HTTP/1.0" 200 4927 "-" "Mozilla/5.0 (compatible; Barkrowler/0.9; +https://babbar.tech/crawler)"
217.113.194.179 - - [26/Oct/2025:08:32:30 +0000] "GET /termas-romanas/?path=/var/www/vhosts/enlugo.es/httpdocs/wp-includes/random_compat HTTP/1.0" 200 4951 "-" "Mozilla/5.0 (compatible; Barkrowler/0.9; +https://babbar.tech/crawler)"
154.54.249.212 - - [26/Oct/2025:08:32:48 +0000] "GET /termas-romanas/?path=/var/www/vhosts/enlugo.es/httpdocs/wp-includes/php-compat HTTP/1.0" 200 4703 "-" "Mozilla/5.0 (compatible; Barkrowler/0.9; +https://babbar.tech/crawler)"
66.249.66.203 - - [26/Oct/2025:08:32:59 +0000] "GET /pages.php?18858277 HTTP/1.0" 403 3277 "-" "Mozilla/5.0 (Linux; Android 6.0.1; Nexus 5X Build/MMB29P) AppleWebKit/537.36 (KHTML, like Gecko) Chrome/141.0.7390.122 Mobile Safari/537.36 (compatible; Googlebot/2.1; +http://www.google.com/bot.html)"
217.113.194.180 - - [26/Oct/2025:08:33:04 +0000] "GET /termas-romanas/?path=/var/www/vhosts/enlugo.es/httpdocs/wp-includes/PHPMailer HTTP/1.0" 200 4704 "-" "Mozilla/5.0 (compatible; Barkrowler/0.9; +https://babbar.tech/crawler)"
217.113.194.177 - - [26/Oct/2025:08:33:20 +0000] "GET /termas-romanas/feed/?path=/var/www/vhosts/enlugo.es/.revisium_antivirus_cache HTTP/1.0" 200 4592 "-" "Mozilla/5.0 (compatible; Barkrowler/0.9; +https://babbar.tech/crawler)"
69.197.149.50 - - [26/Oct/2025:08:31:59 +0000] "GET /wp-includes/pl54115b/edit.php?id=657332 HTTP/1.0" 200 2195 "https://enlugo.es/wp-includes/pl54115b/edit.php?id=657332" "Mozilla/5.0 (Windows NT 10.0; Win64; x64) AppleWebKit/537.36 (KHTML, like Gecko) Chrome/58.0.3029.110 Safari/537.3"
217.113.194.180 - - [26/Oct/2025:08:33:35 +0000] "GET /termas-romanas/feed/?path=/var/www/vhosts/enlugo.es/httpdocs/wp-includes/ID3 HTTP/1.0" 200 5234 "-" "Mozilla/5.0 (compatible; Barkrowler/0.9; +https://babbar.tech/crawler)"
66.249.66.168 - - [26/Oct/2025:08:33:38 +0000] "GET /participate033042589 HTTP/1.0" 200 25812 "-" "Mozilla/5.0 (Linux; Android 6.0.1; Nexus 5X Build/MMB29P) AppleWebKit/537.36 (KHTML, like Gecko) Chrome/141.0.7390.122 Mobile Safari/537.36 (compatible; Googlebot/2.1; +http://www.google.com/bot.html)"
217.113.194.179 - - [26/Oct/2025:08:33:51 +0000] "GET /termas-romanas/feed/?path=/var/www/vhosts/enlugo.es/httpdocs/wp-includes/rest-api HTTP/1.0" 200 4869 "-" "Mozilla/5.0 (compatible; Barkrowler/0.9; +https://babbar.tech/crawler)"
217.113.194.236 - - [26/Oct/2025:08:34:07 +0000] "GET /termas-romanas/feed/?path=/var/www/vhosts/enlugo.es/httpdocs/wp-includes/customize HTTP/1.0" 200 5684 "-" "Mozilla/5.0 (compatible; Barkrowler/0.9; +https://babbar.tech/crawler)"
217.113.194.237 - - [26/Oct/2025:08:34:23 +0000] "GET /termas-romanas/feed/?path=/var/www/vhosts/enlugo.es/httpdocs/wp-includes/block-patterns HTTP/1.0" 200 4933 "-" "Mozilla/5.0 (compatible; Barkrowler/0.9; +https://babbar.tech/crawler)"
217.113.194.174 - - [26/Oct/2025:08:34:39 +0000] "GET /mosaicos-romanos/feed/?path=/var/www/vhosts/enlugo.es/.revisium_antivirus_cache HTTP/1.0" 200 4592 "-" "Mozilla/5.0 (compatible; Barkrowler/0.9; +https://babbar.tech/crawler)"
69.197.149.50 - - [26/Oct/2025:08:33:28 +0000] "GET /wp-includes/pl54115b/edit.php?id=657332 HTTP/1.0" 200 2195 "https://enlugo.es/wp-includes/pl54115b/edit.php?id=657332" "Mozilla/5.0 (Windows NT 10.0; Win64; x64) AppleWebKit/537.36 (KHTML, like Gecko) Chrome/58.0.3029.110 Safari/537.3"
217.113.194.178 - - [26/Oct/2025:08:34:55 +0000] "GET /mosaicos-romanos/feed/?path=/var/www/vhosts/enlugo.es/httpdocs/wp-includes/ID3 HTTP/1.0" 200 5234 "-" "Mozilla/5.0 (compatible; Barkrowler/0.9; +https://babbar.tech/crawler)"
217.113.194.177 - - [26/Oct/2025:08:35:11 +0000] "GET /mosaicos-romanos/feed/?path=/var/www/vhosts/enlugo.es/httpdocs/wp-includes/block-patterns HTTP/1.0" 200 4933 "-" "Mozilla/5.0 (compatible; Barkrowler/0.9; +https://babbar.tech/crawler)"
217.113.194.177 - - [26/Oct/2025:08:35:27 +0000] "GET /mosaicos-romanos/feed/?path=/var/www/vhosts/enlugo.es/httpdocs/wp-includes/customize HTTP/1.0" 200 5684 "-" "Mozilla/5.0 (compatible; Barkrowler/0.9; +https://babbar.tech/crawler)"
66.249.66.77 - - [26/Oct/2025:08:35:35 +0000] "GET /info/teleg52135508/ HTTP/1.0" 200 26036 "-" "Mozilla/5.0 (Linux; Android 6.0.1; Nexus 5X Build/MMB29P) AppleWebKit/537.36 (KHTML, like Gecko) Chrome/141.0.7390.122 Mobile Safari/537.36 (compatible; Googlebot/2.1; +http://www.google.com/bot.html)"
217.113.194.172 - - [26/Oct/2025:08:35:42 +0000] "GET /mosaicos-romanos/feed/?path=/var/www/vhosts/enlugo.es/httpdocs/wp-includes/rest-api HTTP/1.0" 200 4869 "-" "Mozilla/5.0 (compatible; Barkrowler/0.9; +https://babbar.tech/crawler)"
217.113.194.236 - - [26/Oct/2025:08:35:58 +0000] "GET /mosaicos-romanos/feed/?path=/var/www/vhosts/enlugo.es/httpdocs/wp-includes/Requests HTTP/1.0" 200 5207 "-" "Mozilla/5.0 (compatible; Barkrowler/0.9; +https://babbar.tech/crawler)"
217.113.194.177 - - [26/Oct/2025:08:36:14 +0000] "GET /tag/destacado/?path=/var/www/vhosts/enlugo.es/httpdocs/wp-includes/sodium_compat HTTP/1.0" 200 4861 "-" "Mozilla/5.0 (compatible; Barkrowler/0.9; +https://babbar.tech/crawler)"
66.249.66.203 - - [26/Oct/2025:08:36:16 +0000] "GET /?path=/var/www/vhosts/enlugo.es/httpdocs/wp-content/cache/object/eb7/312 HTTP/1.0" 200 26065 "-" "Mozilla/5.0 (Linux; Android 6.0.1; Nexus 5X Build/MMB29P) AppleWebKit/537.36 (KHTML, like Gecko) Chrome/141.0.7390.122 Mobile Safari/537.36 (compatible; Googlebot/2.1; +http://www.google.com/bot.html)"
66.249.66.77 - - [26/Oct/2025:08:36:15 +0000] "GET /cross153044575 HTTP/1.0" 200 79294 "-" "Mozilla/5.0 (Linux; Android 6.0.1; Nexus 5X Build/MMB29P) AppleWebKit/537.36 (KHTML, like Gecko) Chrome/141.0.7390.122 Mobile Safari/537.36 (compatible; Googlebot/2.1; +http://www.google.com/bot.html)"
69.197.149.50 - - [26/Oct/2025:08:34:57 +0000] "GET /wp-includes/pl54115b/edit.php?id=657332 HTTP/1.0" 200 2195 "https://enlugo.es/wp-includes/pl54115b/edit.php?id=657332" "Mozilla/5.0 (Windows NT 10.0; Win64; x64) AppleWebKit/537.36 (KHTML, like Gecko) Chrome/58.0.3029.110 Safari/537.3"
154.54.249.212 - - [26/Oct/2025:08:36:30 +0000] "GET /tag/destacado/?path=/var/www/vhosts/enlugo.es/httpdocs/wp-content/w3tc-config HTTP/1.0" 200 4732 "-" "Mozilla/5.0 (compatible; Barkrowler/0.9; +https://babbar.tech/crawler)"
66.249.66.168 - - [26/Oct/2025:08:36:46 +0000] "GET /info/harne31783034/ HTTP/1.0" 200 26238 "-" "Mozilla/5.0 (Linux; Android 6.0.1; Nexus 5X Build/MMB29P) AppleWebKit/537.36 (KHTML, like Gecko) Chrome/141.0.7390.122 Mobile Safari/537.36 (compatible; Googlebot/2.1; +http://www.google.com/bot.html)"
217.113.194.176 - - [26/Oct/2025:08:36:47 +0000] "GET /tag/destacado/feed/?path=/var/www/vhosts/enlugo.es/httpdocs/_errorpages/_errorpages HTTP/1.0" 200 4763 "-" "Mozilla/5.0 (compatible; Barkrowler/0.9; +https://babbar.tech/crawler)"
154.54.249.212 - - [26/Oct/2025:08:37:03 +0000] "GET /tag/destacado/feed/?path=/var/www/vhosts/enlugo.es/httpdocs/wp-includes/rest-api HTTP/1.0" 200 4869 "-" "Mozilla/5.0 (compatible; Barkrowler/0.9; +https://babbar.tech/crawler)"
66.249.66.168 - - [26/Oct/2025:08:37:20 +0000] "GET /pages.php?category/5892_5893_10353/1 HTTP/1.0" 403 3277 "-" "Mozilla/5.0 (Linux; Android 6.0.1; Nexus 5X Build/MMB29P) AppleWebKit/537.36 (KHTML, like Gecko) Chrome/141.0.7390.122 Mobile Safari/537.36 (compatible; Googlebot/2.1; +http://www.google.com/bot.html)"
217.113.194.173 - - [26/Oct/2025:08:37:19 +0000] "GET /tag/destacado/feed/?path=/var/www/vhosts/enlugo.es/httpdocs/wp-includes/ID3 HTTP/1.0" 200 5234 "-" "Mozilla/5.0 (compatible; Barkrowler/0.9; +https://babbar.tech/crawler)"
66.249.66.77 - - [26/Oct/2025:08:37:34 +0000] "GET /pages.php?m94294154730 HTTP/1.0" 403 3277 "-" "Mozilla/5.0 (Linux; Android 6.0.1; Nexus 5X Build/MMB29P) AppleWebKit/537.36 (KHTML, like Gecko) Chrome/141.0.7390.122 Mobile Safari/537.36 (compatible; Googlebot/2.1; +http://www.google.com/bot.html)"
217.113.194.175 - - [26/Oct/2025:08:37:37 +0000] "GET /tag/destacado/feed/?path=/var/www/vhosts/enlugo.es/httpdocs/wp-includes/certificates HTTP/1.0" 200 4674 "-" "Mozilla/5.0 (compatible; Barkrowler/0.9; +https://babbar.tech/crawler)"
63.141.249.210 - - [26/Oct/2025:08:37:45 +0000] "GET /wp-includes/pl54115b/edit.php HTTP/1.0" 200 2269 "https://enlugo.es/wp-includes/pl54115b/edit.php" "Mozilla/5.0 (Windows NT 10.0; Win64; x64) AppleWebKit/537.36 (KHTML, like Gecko) Chrome/58.0.3029.110 Safari/537.3"
217.113.194.176 - - [26/Oct/2025:08:37:52 +0000] "GET /tag/destacado/feed/?path=/var/www/vhosts/enlugo.es/httpdocs/wp-includes/block-patterns HTTP/1.0" 200 4933 "-" "Mozilla/5.0 (compatible; Barkrowler/0.9; +https://babbar.tech/crawler)"
69.197.149.50 - - [26/Oct/2025:08:36:25 +0000] "GET /wp-includes/pl54115b/edit.php?id=657332 HTTP/1.0" 200 2195 "https://enlugo.es/wp-includes/pl54115b/edit.php?id=657332" "Mozilla/5.0 (Windows NT 10.0; Win64; x64) AppleWebKit/537.36 (KHTML, like Gecko) Chrome/58.0.3029.110 Safari/537.3"
66.249.66.77 - - [26/Oct/2025:08:37:55 +0000] "GET /info/shoul12832440/ HTTP/1.0" 200 27314 "-" "Mozilla/5.0 (Linux; Android 6.0.1; Nexus 5X Build/MMB29P) AppleWebKit/537.36 (KHTML, like Gecko) Chrome/141.0.7390.122 Mobile Safari/537.36 (compatible; Googlebot/2.1; +http://www.google.com/bot.html)"
154.54.249.212 - - [26/Oct/2025:08:38:08 +0000] "GET /tag/destacado/feed/?path=/var/www/vhosts/enlugo.es/httpdocs/wp-includes/SimplePie HTTP/1.0" 200 2195 "-" "Mozilla/5.0 (compatible; Barkrowler/0.9; +https://babbar.tech/crawler)"
217.113.194.179 - - [26/Oct/2025:08:38:23 +0000] "GET /arde-lucus/?path=/var/www/vhosts/enlugo.es/httpdocs/_errorpages/_errorpages HTTP/1.0" 200 4763 "-" "Mozilla/5.0 (compatible; Barkrowler/0.9; +https://babbar.tech/crawler)"
66.249.66.14 - - [26/Oct/2025:08:38:29 +0000] "GET /info/dune42619923/ HTTP/1.0" 200 25598 "-" "Mozilla/5.0 (compatible; Googlebot/2.1; +http://www.google.com/bot.html)"
66.249.66.203 - - [26/Oct/2025:08:38:35 +0000] "GET /thumb172044444 HTTP/1.0" 200 25813 "-" "Mozilla/5.0 (Linux; Android 6.0.1; Nexus 5X Build/MMB29P) AppleWebKit/537.36 (KHTML, like Gecko) Chrome/141.0.7390.122 Mobile Safari/537.36 (compatible; Googlebot/2.1; +http://www.google.com/bot.html)"
217.113.194.172 - - [26/Oct/2025:08:38:40 +0000] "GET /arde-lucus/?path=/var/www/vhosts/enlugo.es/httpdocs/wp-includes/rest-api HTTP/1.0" 200 4869 "-" "Mozilla/5.0 (compatible; Barkrowler/0.9; +https://babbar.tech/crawler)"
217.113.194.178 - - [26/Oct/2025:08:38:57 +0000] "GET /arde-lucus/?path=/var/www/vhosts/enlugo.es/httpdocs/wp-includes/ID3 HTTP/1.0" 200 5234 "-" "Mozilla/5.0 (compatible; Barkrowler/0.9; +https://babbar.tech/crawler)"
217.113.194.176 - - [26/Oct/2025:08:39:12 +0000] "GET /arde-lucus/?path=/var/www/vhosts/enlugo.es/httpdocs/wp-includes/certificates HTTP/1.0" 200 4674 "-" "Mozilla/5.0 (compatible; Barkrowler/0.9; +https://babbar.tech/crawler)"
66.249.66.203 - - [26/Oct/2025:08:39:16 +0000] "GET /fresh053000991 HTTP/1.0" 200 27455 "-" "Mozilla/5.0 (Linux; Android 6.0.1; Nexus 5X Build/MMB29P) AppleWebKit/537.36 (KHTML, like Gecko) Chrome/141.0.7390.122 Mobile Safari/537.36 (compatible; Googlebot/2.1; +http://www.google.com/bot.html)"
69.197.149.50 - - [26/Oct/2025:08:37:54 +0000] "GET /wp-includes/pl54115b/edit.php?id=657332 HTTP/1.0" 200 2195 "https://enlugo.es/wp-includes/pl54115b/edit.php?id=657332" "Mozilla/5.0 (Windows NT 10.0; Win64; x64) AppleWebKit/537.36 (KHTML, like Gecko) Chrome/58.0.3029.110 Safari/537.3"
217.113.194.176 - - [26/Oct/2025:08:39:28 +0000] "GET /robots.txt HTTP/1.0" 200 2451 "-" "Mozilla/5.0 (compatible; Barkrowler/0.9; +https://babbar.tech/crawler)"
217.113.194.172 - - [26/Oct/2025:08:39:44 +0000] "GET /arde-lucus/?path=/var/www/vhosts/enlugo.es/httpdocs/wp-includes/block-patterns HTTP/1.0" 200 4933 "-" "Mozilla/5.0 (compatible; Barkrowler/0.9; +https://babbar.tech/crawler)"
66.249.66.168 - - [26/Oct/2025:08:39:55 +0000] "GET /pages.php?m21017508315 HTTP/1.0" 403 3277 "-" "Mozilla/5.0 (Linux; Android 6.0.1; Nexus 5X Build/MMB29P) AppleWebKit/537.36 (KHTML, like Gecko) Chrome/141.0.7390.122 Mobile Safari/537.36 (compatible; Googlebot/2.1; +http://www.google.com/bot.html)"
217.113.194.176 - - [26/Oct/2025:08:40:04 +0000] "GET /arde-lucus/?path=/var/www/vhosts/enlugo.es/httpdocs/wp-includes/SimplePie HTTP/1.0" 200 5577 "-" "Mozilla/5.0 (compatible; Barkrowler/0.9; +https://babbar.tech/crawler)"
89.46.106.211 - - [26/Oct/2025:08:40:06 +0000] "POST /xmlrpc.php HTTP/1.0" 500 2214 "-" "Mozilla/4.0 (compatible; MSIE 7.0; Windows NT 6.1; Win64; x64; Trident/7.0; .NET CLR 2.0.50727; SLCC2; .NET CLR 3.5.30729; .NET CLR 3.0.30729; Media Center PC 6.0; .NET4.0C; .NET4.0E; InfoPath.3; Tablet PC 2.0)"
89.46.106.211 - - [26/Oct/2025:08:40:06 +0000] "POST /xmlrpc.php HTTP/1.0" 500 2214 "-" "Mozilla/4.0 (compatible; MSIE 7.0; Windows NT 6.1; Win64; x64; Trident/7.0; .NET CLR 2.0.50727; SLCC2; .NET CLR 3.5.30729; .NET CLR 3.0.30729; Media Center PC 6.0; .NET4.0C; .NET4.0E; InfoPath.3; Tablet PC 2.0)"
89.46.106.211 - - [26/Oct/2025:08:40:06 +0000] "POST /xmlrpc.php HTTP/1.0" 500 2214 "-" "Mozilla/4.0 (compatible; MSIE 7.0; Windows NT 6.1; Win64; x64; Trident/7.0; .NET CLR 2.0.50727; SLCC2; .NET CLR 3.5.30729; .NET CLR 3.0.30729; Media Center PC 6.0; .NET4.0C; .NET4.0E; InfoPath.3; Tablet PC 2.0)"
62.60.130.228 - - [26/Oct/2025:08:40:10 +0000] "GET /wp-login.php HTTP/1.0" 200 7111 "-" "Mozilla/5.0 (X11; Linux x86_64) Gecko/20100101 Firefox/118.0.2"
217.113.194.181 - - [26/Oct/2025:08:40:20 +0000] "GET /arde-lucus-2015/feed/?path=/var/www/vhosts/enlugo.es/httpdocs/wp-includes/blocks HTTP/1.0" 200 7587 "-" "Mozilla/5.0 (compatible; Barkrowler/0.9; +https://babbar.tech/crawler)"
66.249.66.77 - - [26/Oct/2025:08:40:35 +0000] "GET /secure288003932 HTTP/1.0" 200 26076 "-" "Mozilla/5.0 (Linux; Android 6.0.1; Nexus 5X Build/MMB29P) AppleWebKit/537.36 (KHTML, like Gecko) Chrome/141.0.7390.122 Mobile Safari/537.36 (compatible; Googlebot/2.1; +http://www.google.com/bot.html)"
217.113.194.236 - - [26/Oct/2025:08:40:36 +0000] "GET /arde-lucus-2015/feed/?path=/var/www/vhosts/enlugo.es/httpdocs/wp-includes/sitemaps HTTP/1.0" 200 4903 "-" "Mozilla/5.0 (compatible; Barkrowler/0.9; +https://babbar.tech/crawler)"
217.113.194.176 - - [26/Oct/2025:08:40:52 +0000] "GET /arde-lucus-2015/feed/?path=/var/www/vhosts/enlugo.es/httpdocs/wp-content/maintenance HTTP/1.0" 200 4744 "-" "Mozilla/5.0 (compatible; Barkrowler/0.9; +https://babbar.tech/crawler)"
69.197.149.50 - - [26/Oct/2025:08:39:25 +0000] "GET /wp-includes/pl54115b/edit.php?id=657332 HTTP/1.0" 200 2195 "https://enlugo.es/wp-includes/pl54115b/edit.php?id=657332" "Mozilla/5.0 (Windows NT 10.0; Win64; x64) AppleWebKit/537.36 (KHTML, like Gecko) Chrome/58.0.3029.110 Safari/537.3"
217.113.194.180 - - [26/Oct/2025:08:41:08 +0000] "GET /arde-lucus-2015/feed/?path=/var/www/vhosts/enlugo.es/httpdocs/wp-content/languages HTTP/1.0" 200 7538 "-" "Mozilla/5.0 (compatible; Barkrowler/0.9; +https://babbar.tech/crawler)"
66.249.66.203 - - [26/Oct/2025:08:41:09 +0000] "GET /info/press12245376/ HTTP/1.0" 200 27086 "-" "Mozilla/5.0 (compatible; Googlebot/2.1; +http://www.google.com/bot.html)"
66.249.66.14 - - [26/Oct/2025:08:41:15 +0000] "GET /summit113007837 HTTP/1.0" 200 88408 "-" "Mozilla/5.0 (Linux; Android 6.0.1; Nexus 5X Build/MMB29P) AppleWebKit/537.36 (KHTML, like Gecko) Chrome/141.0.7390.122 Mobile Safari/537.36 (compatible; Googlebot/2.1; +http://www.google.com/bot.html)"
66.249.66.77 - - [26/Oct/2025:08:41:15 +0000] "GET /item/u9/35915/ HTTP/1.0" 200 78751 "-" "Mozilla/5.0 (Linux; Android 6.0.1; Nexus 5X Build/MMB29P) AppleWebKit/537.36 (KHTML, like Gecko) Chrome/141.0.7390.122 Mobile Safari/537.36 (compatible; Googlebot/2.1; +http://www.google.com/bot.html)"
217.113.194.174 - - [26/Oct/2025:08:41:23 +0000] "GET /arde-lucus-2015/?path=/var/www/vhosts/enlugo.es/httpdocs/_errorpages/_errorpages HTTP/1.0" 200 4763 "-" "Mozilla/5.0 (compatible; Barkrowler/0.9; +https://babbar.tech/crawler)"
66.249.66.168 - - [26/Oct/2025:08:41:36 +0000] "GET /info/overt72666310/ HTTP/1.0" 200 87999 "-" "Mozilla/5.0 (Linux; Android 6.0.1; Nexus 5X Build/MMB29P) AppleWebKit/537.36 (KHTML, like Gecko) Chrome/141.0.7390.122 Mobile Safari/537.36 (compatible; Googlebot/2.1; +http://www.google.com/bot.html)"
66.249.66.203 - - [26/Oct/2025:08:41:37 +0000] "GET /info/sting51446484/ HTTP/1.0" 200 87559 "-" "Mozilla/5.0 (Linux; Android 6.0.1; Nexus 5X Build/MMB29P) AppleWebKit/537.36 (KHTML, like Gecko) Chrome/141.0.7390.122 Mobile Safari/537.36 (compatible; Googlebot/2.1; +http://www.google.com/bot.html)"
66.249.66.169 - - [26/Oct/2025:08:41:39 +0000] "GET /determine190020550 HTTP/1.0" 200 79674 "-" "Mozilla/5.0 (Linux; Android 6.0.1; Nexus 5X Build/MMB29P) AppleWebKit/537.36 (KHTML, like Gecko) Chrome/141.0.7390.122 Mobile Safari/537.36 (compatible; Googlebot/2.1; +http://www.google.com/bot.html)"
154.54.249.212 - - [26/Oct/2025:08:41:42 +0000] "GET /arde-lucus-2015/?path=/var/www/vhosts/enlugo.es/httpdocs/wp-includes/block-supports HTTP/1.0" 200 4993 "-" "Mozilla/5.0 (compatible; Barkrowler/0.9; +https://babbar.tech/crawler)"
66.249.66.203 - - [26/Oct/2025:08:41:43 +0000] "GET /info/whene11960640/ HTTP/1.0" 200 27726 "-" "Mozilla/5.0 (compatible; Googlebot/2.1; +http://www.google.com/bot.html)"
217.113.194.172 - - [26/Oct/2025:08:41:59 +0000] "GET /arde-lucus-2015/?path=/var/www/vhosts/enlugo.es/httpdocs/wp-includes/block-patterns HTTP/1.0" 200 4933 "-" "Mozilla/5.0 (compatible; Barkrowler/0.9; +https://babbar.tech/crawler)"
66.249.66.77 - - [26/Oct/2025:08:42:00 +0000] "GET /haul240028050 HTTP/1.0" 200 78891 "-" "Mozilla/5.0 (Linux; Android 6.0.1; Nexus 5X Build/MMB29P) AppleWebKit/537.36 (KHTML, like Gecko) Chrome/141.0.7390.122 Mobile Safari/537.36 (compatible; Googlebot/2.1; +http://www.google.com/bot.html)"
217.113.194.178 - - [26/Oct/2025:08:42:14 +0000] "GET /arde-lucus-2015/?path=/var/www/vhosts/enlugo.es/httpdocs/wp-includes/SimplePie HTTP/1.0" 200 5577 "-" "Mozilla/5.0 (compatible; Barkrowler/0.9; +https://babbar.tech/crawler)"
69.197.149.50 - - [26/Oct/2025:08:40:54 +0000] "GET /wp-includes/pl54115b/edit.php?id=657332 HTTP/1.0" 200 2195 "https://enlugo.es/wp-includes/pl54115b/edit.php?id=657332" "Mozilla/5.0 (Windows NT 10.0; Win64; x64) AppleWebKit/537.36 (KHTML, like Gecko) Chrome/58.0.3029.110 Safari/537.3"
66.249.66.168 - - [26/Oct/2025:08:42:22 +0000] "GET /coming193008083 HTTP/1.0" 200 27061 "-" "Mozilla/5.0 (Linux; Android 6.0.1; Nexus 5X Build/MMB29P) AppleWebKit/537.36 (KHTML, like Gecko) Chrome/141.0.7390.122 Mobile Safari/537.36 (compatible; Googlebot/2.1; +http://www.google.com/bot.html)"
66.249.66.168 - - [26/Oct/2025:08:42:23 +0000] "GET /info/apple82324055/ HTTP/1.0" 200 26751 "-" "Mozilla/5.0 (Linux; Android 6.0.1; Nexus 5X Build/MMB29P) AppleWebKit/537.36 (KHTML, like Gecko) Chrome/141.0.7390.122 Mobile Safari/537.36 (compatible; Googlebot/2.1; +http://www.google.com/bot.html)"
217.113.194.177 - - [26/Oct/2025:08:42:31 +0000] "GET /arde-lucus-2015/?path=/var/www/vhosts/enlugo.es/httpdocs/wp-includes/rest-api HTTP/1.0" 200 4869 "-" "Mozilla/5.0 (compatible; Barkrowler/0.9; +https://babbar.tech/crawler)"
154.54.249.212 - - [26/Oct/2025:08:42:49 +0000] "GET /arde-lucus-2015/?path=/var/www/vhosts/enlugo.es/httpdocs/wp-includes/IXR HTTP/1.0" 200 5011 "-" "Mozilla/5.0 (compatible; Barkrowler/0.9; +https://babbar.tech/crawler)"
217.113.194.237 - - [26/Oct/2025:08:43:06 +0000] "GET /arde-lucus-2015/?path=/var/www/vhosts/enlugo.es/httpdocs/wp-includes/certificates HTTP/1.0" 200 4674 "-" "Mozilla/5.0 (compatible; Barkrowler/0.9; +https://babbar.tech/crawler)"
154.54.249.212 - - [26/Oct/2025:08:43:21 +0000] "GET /la-muralla-de-lugo-a-lo-largo-de-los-anos/feed/?path=/var/www/vhosts/enlugo.es HTTP/1.0" 200 5046 "-" "Mozilla/5.0 (compatible; Barkrowler/0.9; +https://babbar.tech/crawler)"
217.113.194.174 - - [26/Oct/2025:08:43:37 +0000] "GET /catedral/feed/?path=/var/www/vhosts/enlugo.es/httpdocs/wp-includes/PHPMailer HTTP/1.0" 200 4704 "-" "Mozilla/5.0 (compatible; Barkrowler/0.9; +https://babbar.tech/crawler)"
66.249.66.168 - - [26/Oct/2025:08:43:42 +0000] "GET /category/137/1 HTTP/1.0" 200 26535 "-" "Mozilla/5.0 (Linux; Android 6.0.1; Nexus 5X Build/MMB29P) AppleWebKit/537.36 (KHTML, like Gecko) Chrome/141.0.7390.122 Mobile Safari/537.36 (compatible; Googlebot/2.1; +http://www.google.com/bot.html)"
217.113.194.236 - - [26/Oct/2025:08:43:52 +0000] "GET /iglesias/feed/?path=/var/www/vhosts/enlugo.es/httpdocs/wp-includes/sodium_compat HTTP/1.0" 200 4861 "-" "Mozilla/5.0 (compatible; Barkrowler/0.9; +https://babbar.tech/crawler)"
69.197.149.50 - - [26/Oct/2025:08:42:25 +0000] "GET /wp-includes/pl54115b/edit.php?id=657332 HTTP/1.0" 200 2195 "https://enlugo.es/wp-includes/pl54115b/edit.php?id=657332" "Mozilla/5.0 (Windows NT 10.0; Win64; x64) AppleWebKit/537.36 (KHTML, like Gecko) Chrome/58.0.3029.110 Safari/537.3"
17.22.253.30 - - [26/Oct/2025:08:43:54 +0000] "GET /concurso-tapas-2015/ HTTP/1.0" 200 5950 "-" "Mozilla/5.0 (Macintosh; Intel Mac OS X 10_15_7) AppleWebKit/605.1.15 (KHTML, like Gecko) Version/17.4 Safari/605.1.15 (Applebot/0.1; +http://www.apple.com/go/applebot)"
217.113.194.176 - - [26/Oct/2025:08:44:07 +0000] "GET /iglesias/feed/?path=/var/www/vhosts/enlugo.es/httpdocs/wp-content/w3tc-config HTTP/1.0" 200 4732 "-" "Mozilla/5.0 (compatible; Barkrowler/0.9; +https://babbar.tech/crawler)"
17.22.253.208 - - [26/Oct/2025:08:44:17 +0000] "GET /category/1/?fileloc=/var/www/vhosts/enlugo.es/httpdocs/wp-config-sample.php&path=/var/www/vhosts/enlugo.es/httpdocs HTTP/1.0" 200 5513 "-" "Mozilla/5.0 (Macintosh; Intel Mac OS X 10_15_7) AppleWebKit/605.1.15 (KHTML, like Gecko) Version/17.4 Safari/605.1.15 (Applebot/0.1; +http://www.apple.com/go/applebot)"
66.249.66.168 - - [26/Oct/2025:08:44:21 +0000] "GET /m24989190945 HTTP/1.0" 200 27184 "-" "Mozilla/5.0 (Linux; Android 6.0.1; Nexus 5X Build/MMB29P) AppleWebKit/537.36 (KHTML, like Gecko) Chrome/141.0.7390.122 Mobile Safari/537.36 (compatible; Googlebot/2.1; +http://www.google.com/bot.html)"
154.54.249.212 - - [26/Oct/2025:08:44:23 +0000] "GET /camino-de-santiago-por-lugo/?path=/var/www/vhosts/enlugo.es/wordpress-backups HTTP/1.0" 200 4386 "-" "Mozilla/5.0 (compatible; Barkrowler/0.9; +https://babbar.tech/crawler)"
217.113.194.236 - - [26/Oct/2025:08:44:38 +0000] "GET /author/diego-v/feed/?path=/var/www/vhosts/enlugo.es/httpdocs/wp-includes/ID3 HTTP/1.0" 200 5234 "-" "Mozilla/5.0 (compatible; Barkrowler/0.9; +https://babbar.tech/crawler)"
66.249.66.168 - - [26/Oct/2025:08:44:42 +0000] "GET /and/or034000950 HTTP/1.0" 200 25841 "-" "Mozilla/5.0 (Linux; Android 6.0.1; Nexus 5X Build/MMB29P) AppleWebKit/537.36 (KHTML, like Gecko) Chrome/141.0.7390.122 Mobile Safari/537.36 (compatible; Googlebot/2.1; +http://www.google.com/bot.html)"
63.141.249.210 - - [26/Oct/2025:08:44:49 +0000] "GET /wp-includes/pl54115b/edit.php HTTP/1.0" 200 2269 "https://enlugo.es/wp-includes/pl54115b/edit.php" "Mozilla/5.0 (Windows NT 10.0; Win64; x64) AppleWebKit/537.36 (KHTML, like Gecko) Chrome/58.0.3029.110 Safari/537.3"
217.113.194.174 - - [26/Oct/2025:08:44:53 +0000] "GET /author/diego-v/feed/?path=/var/www/vhosts/enlugo.es/httpdocs/wp-includes/rest-api HTTP/1.0" 200 4869 "-" "Mozilla/5.0 (compatible; Barkrowler/0.9; +https://babbar.tech/crawler)"
217.113.194.172 - - [26/Oct/2025:08:45:12 +0000] "GET /author/diego-v/feed/?path=/var/www/vhosts/enlugo.es/httpdocs/wp-includes/SimplePie HTTP/1.0" 200 5577 "-" "Mozilla/5.0 (compatible; Barkrowler/0.9; +https://babbar.tech/crawler)"
217.113.194.172 - - [26/Oct/2025:08:45:29 +0000] "GET /author/diego-v/feed/?path=/var/www/vhosts/enlugo.es/httpdocs/wp-includes/block-patterns HTTP/1.0" 200 4933 "-" "Mozilla/5.0 (compatible; Barkrowler/0.9; +https://babbar.tech/crawler)"
217.113.194.180 - - [26/Oct/2025:08:45:46 +0000] "GET /author/diego-v/feed/?path=/var/www/vhosts/enlugo.es/httpdocs/wp-includes/customize HTTP/1.0" 200 5684 "-" "Mozilla/5.0 (compatible; Barkrowler/0.9; +https://babbar.tech/crawler)"
66.249.66.41 - - [26/Oct/2025:08:46:00 +0000] "GET /items/imzkp193/47098?key=must HTTP/1.0" 200 26104 "-" "Mozilla/5.0 (Linux; Android 6.0.1; Nexus 5X Build/MMB29P) AppleWebKit/537.36 (KHTML, like Gecko) Chrome/141.0.7390.122 Mobile Safari/537.36 (compatible; Googlebot/2.1; +http://www.google.com/bot.html)"
154.54.249.212 - - [26/Oct/2025:08:46:03 +0000] "GET /author/diego-v/feed/?path=/var/www/vhosts/enlugo.es/.revisium_antivirus_cache HTTP/1.0" 200 4592 "-" "Mozilla/5.0 (compatible; Barkrowler/0.9; +https://babbar.tech/crawler)"
66.249.66.41 - - [26/Oct/2025:08:46:02 +0000] "GET /info/teach12025168/ HTTP/1.0" 200 78700 "-" "Mozilla/5.0 (Linux; Android 6.0.1; Nexus 5X Build/MMB29P) AppleWebKit/537.36 (KHTML, like Gecko) Chrome/141.0.7390.122 Mobile Safari/537.36 (compatible; Googlebot/2.1; +http://www.google.com/bot.html)"
63.141.249.210 - - [26/Oct/2025:08:44:47 +0000] "GET /wp-includes/pl54115b/edit.php HTTP/1.0" 200 2195 "https://enlugo.es/wp-includes/pl54115b/edit.php" "Mozilla/5.0 (Windows NT 10.0; Win64; x64) AppleWebKit/537.36 (KHTML, like Gecko) Chrome/58.0.3029.110 Safari/537.3"
217.113.194.174 - - [26/Oct/2025:08:46:20 +0000] "GET /author/jorge-m/?path=/var/www/vhosts/enlugo.es/httpdocs/wp-includes/PHPMailer HTTP/1.0" 200 4704 "-" "Mozilla/5.0 (compatible; Barkrowler/0.9; +https://babbar.tech/crawler)"
217.113.194.180 - - [26/Oct/2025:08:46:35 +0000] "GET /author/jorge-m/feed/?path=/var/www/vhosts/enlugo.es/httpdocs/wp-includes/PHPMailer HTTP/1.0" 200 4704 "-" "Mozilla/5.0 (compatible; Barkrowler/0.9; +https://babbar.tech/crawler)"
154.54.249.212 - - [26/Oct/2025:08:46:51 +0000] "GET /puente-romano/feed/?path=/var/www/vhosts/enlugo.es/httpdocs/wp-includes/ID3 HTTP/1.0" 200 5234 "-" "Mozilla/5.0 (compatible; Barkrowler/0.9; +https://babbar.tech/crawler)"
66.249.66.168 - - [26/Oct/2025:08:46:53 +0000] "GET /coast099021221 HTTP/1.0" 200 27007 "-" "Mozilla/5.0 (Linux; Android 6.0.1; Nexus 5X Build/MMB29P) AppleWebKit/537.36 (KHTML, like Gecko) Chrome/141.0.7390.122 Mobile Safari/537.36 (compatible; Googlebot/2.1; +http://www.google.com/bot.html)"
217.113.194.173 - - [26/Oct/2025:08:47:06 +0000] "GET /puente-romano/feed/?path=/var/www/vhosts/enlugo.es/httpdocs/wp-includes/rest-api HTTP/1.0" 200 4869 "-" "Mozilla/5.0 (compatible; Barkrowler/0.9; +https://babbar.tech/crawler)"
217.113.194.178 - - [26/Oct/2025:08:47:22 +0000] "GET /puente-romano/feed/?path=/var/www/vhosts/enlugo.es/httpdocs/wp-includes/SimplePie HTTP/1.0" 500 3592 "-" "Mozilla/5.0 (compatible; Barkrowler/0.9; +https://babbar.tech/crawler)"
66.249.66.203 - - [26/Oct/2025:08:47:24 +0000] "GET /m32932034228 HTTP/1.0" 200 25537 "-" "Mozilla/5.0 (Linux; Android 6.0.1; Nexus 5X Build/MMB29P) AppleWebKit/537.36 (KHTML, like Gecko) Chrome/141.0.7390.122 Mobile Safari/537.36 (compatible; Googlebot/2.1; +http://www.google.com/bot.html)"
154.54.249.212 - - [26/Oct/2025:08:47:37 +0000] "GET /puente-romano/feed/?path=/var/www/vhosts/enlugo.es/httpdocs/wp-includes/block-patterns HTTP/1.0" 200 4933 "-" "Mozilla/5.0 (compatible; Barkrowler/0.9; +https://babbar.tech/crawler)"
69.197.149.50 - - [26/Oct/2025:08:46:19 +0000] "GET /wp-includes/pl54115b/edit.php?id=657332 HTTP/1.0" 200 2195 "https://enlugo.es/wp-includes/pl54115b/edit.php?id=657332" "Mozilla/5.0 (Windows NT 10.0; Win64; x64) AppleWebKit/537.36 (KHTML, like Gecko) Chrome/58.0.3029.110 Safari/537.3"
217.113.194.176 - - [26/Oct/2025:08:47:53 +0000] "GET /puente-romano/feed/?path=/var/www/vhosts/enlugo.es/httpdocs/wp-includes/customize HTTP/1.0" 200 5684 "-" "Mozilla/5.0 (compatible; Barkrowler/0.9; +https://babbar.tech/crawler)"
66.249.66.64 - - [26/Oct/2025:08:48:04 +0000] "GET /items/ljeby236/15897?key=stem HTTP/1.0" 200 28469 "-" "Mozilla/5.0 (Linux; Android 6.0.1; Nexus 5X Build/MMB29P) AppleWebKit/537.36 (KHTML, like Gecko) Chrome/141.0.7390.122 Mobile Safari/537.36 (compatible; Googlebot/2.1; +http://www.google.com/bot.html)"
217.113.194.175 - - [26/Oct/2025:08:48:08 +0000] "GET /puente-romano/feed/?path=/var/www/vhosts/enlugo.es/.revisium_antivirus_cache HTTP/1.0" 200 4592 "-" "Mozilla/5.0 (compatible; Barkrowler/0.9; +https://babbar.tech/crawler)"
217.113.194.172 - - [26/Oct/2025:08:48:24 +0000] "GET /date-un-paseo/?path=/var/www/vhosts/enlugo.es/httpdocs/wp-content/w3tc-config HTTP/1.0" 200 4732 "-" "Mozilla/5.0 (compatible; Barkrowler/0.9; +https://babbar.tech/crawler)"
217.113.194.172 - - [26/Oct/2025:08:48:40 +0000] "GET /effective-impotence-medication-for-improved-sexual-health/?path=/var/www/vhosts/enlugo.es HTTP/1.0" 200 5046 "-" "Mozilla/5.0 (compatible; Barkrowler/0.9; +https://babbar.tech/crawler)"
217.113.194.176 - - [26/Oct/2025:08:48:57 +0000] "GET /muralla-romana/feed/?path=/var/www/vhosts/enlugo.es/httpdocs/wp-includes/theme-compat HTTP/1.0" 200 4927 "-" "Mozilla/5.0 (compatible; Barkrowler/0.9; +https://babbar.tech/crawler)"
217.113.194.173 - - [26/Oct/2025:08:49:13 +0000] "GET /muralla-romana/feed/?path=/var/www/vhosts/enlugo.es/httpdocs/wp-includes/random_compat HTTP/1.0" 200 4951 "-" "Mozilla/5.0 (compatible; Barkrowler/0.9; +https://babbar.tech/crawler)"
217.113.194.175 - - [26/Oct/2025:08:49:31 +0000] "GET /muralla-romana/feed/?path=/var/www/vhosts/enlugo.es/httpdocs/wp-includes/php-compat HTTP/1.0" 200 4703 "-" "Mozilla/5.0 (compatible; Barkrowler/0.9; +https://babbar.tech/crawler)"
69.197.149.50 - - [26/Oct/2025:08:48:21 +0000] "GET /wp-includes/pl54115b/edit.php?id=657332 HTTP/1.0" 200 2195 "https://enlugo.es/wp-includes/pl54115b/edit.php?id=657332" "Mozilla/5.0 (Windows NT 10.0; Win64; x64) AppleWebKit/537.36 (KHTML, like Gecko) Chrome/58.0.3029.110 Safari/537.3"
217.113.194.177 - - [26/Oct/2025:08:49:48 +0000] "GET /muralla-romana/feed/?path=/var/www/vhosts/enlugo.es/httpdocs/wp-includes/PHPMailer HTTP/1.0" 200 4704 "-" "Mozilla/5.0 (compatible; Barkrowler/0.9; +https://babbar.tech/crawler)"
217.113.194.176 - - [26/Oct/2025:08:50:05 +0000] "GET /entrevista-a-milesios/?path=/var/www/vhosts/enlugo.es/httpdocs/wp-includes/block-supports HTTP/1.0" 200 4993 "-" "Mozilla/5.0 (compatible; Barkrowler/0.9; +https://babbar.tech/crawler)"
154.54.249.212 - - [26/Oct/2025:08:50:22 +0000] "GET /entrevista-a-milesios/?path=/var/www/vhosts/enlugo.es/httpdocs/wp-includes/SimplePie HTTP/1.0" 200 5577 "-" "Mozilla/5.0 (compatible; Barkrowler/0.9; +https://babbar.tech/crawler)"
217.113.194.179 - - [26/Oct/2025:08:50:39 +0000] "GET /entrevista-a-milesios/?path=/var/www/vhosts/enlugo.es/httpdocs/wp-includes/IXR HTTP/1.0" 200 5011 "-" "Mozilla/5.0 (compatible; Barkrowler/0.9; +https://babbar.tech/crawler)"
217.113.194.172 - - [26/Oct/2025:08:50:57 +0000] "GET /entrevista-a-milesios/?path=/var/www/vhosts/enlugo.es/httpdocs/wp-includes/rest-api HTTP/1.0" 200 4869 "-" "Mozilla/5.0 (compatible; Barkrowler/0.9; +https://babbar.tech/crawler)"
217.113.194.180 - - [26/Oct/2025:08:51:14 +0000] "GET /entrevista-a-milesios/?path=/var/www/vhosts/enlugo.es/httpdocs/wp-includes/certificates HTTP/1.0" 200 4674 "-" "Mozilla/5.0 (compatible; Barkrowler/0.9; +https://babbar.tech/crawler)"
69.197.149.50 - - [26/Oct/2025:08:49:50 +0000] "GET /wp-includes/pl54115b/edit.php?id=657332 HTTP/1.0" 200 2195 "https://enlugo.es/wp-includes/pl54115b/edit.php?id=657332" "Mozilla/5.0 (Windows NT 10.0; Win64; x64) AppleWebKit/537.36 (KHTML, like Gecko) Chrome/58.0.3029.110 Safari/537.3"
217.113.194.176 - - [26/Oct/2025:08:51:31 +0000] "GET /entrevista-a-milesios/?path=/var/www/vhosts/enlugo.es/httpdocs/_errorpages/_errorpages HTTP/1.0" 200 4763 "-" "Mozilla/5.0 (compatible; Barkrowler/0.9; +https://babbar.tech/crawler)"
63.141.249.210 - - [26/Oct/2025:08:51:46 +0000] "GET /wp-includes/pl54115b/edit.php HTTP/1.0" 200 2269 "https://enlugo.es/wp-includes/pl54115b/edit.php" "Mozilla/5.0 (Windows NT 10.0; Win64; x64) AppleWebKit/537.36 (KHTML, like Gecko) Chrome/58.0.3029.110 Safari/537.3"
217.113.194.236 - - [26/Oct/2025:08:51:48 +0000] "GET /entrevista-a-los-chikos-del-maiz/?path=/var/www/vhosts/enlugo.es/.wp-cli HTTP/1.0" 200 4580 "-" "Mozilla/5.0 (compatible; Barkrowler/0.9; +https://babbar.tech/crawler)"
217.113.194.181 - - [26/Oct/2025:08:52:05 +0000] "GET /entrevista-a-los-chikos-del-maiz/?path=/var/www/vhosts/enlugo.es/.analytic HTTP/1.0" 200 4609 "-" "Mozilla/5.0 (compatible; Barkrowler/0.9; +https://babbar.tech/crawler)"
217.113.194.236 - - [26/Oct/2025:08:52:21 +0000] "GET /entrevista-a-los-chikos-del-maiz/?path=/var/www/vhosts/enlugo.es/error_docs HTTP/1.0" 200 5139 "-" "Mozilla/5.0 (compatible; Barkrowler/0.9; +https://babbar.tech/crawler)"
217.113.194.178 - - [26/Oct/2025:08:52:38 +0000] "GET /entrevista-a-arrhythmia/?path=/var/www/vhosts/enlugo.es/.revisium_antivirus_cache HTTP/1.0" 200 4592 "-" "Mozilla/5.0 (compatible; Barkrowler/0.9; +https://babbar.tech/crawler)"
69.197.149.50 - - [26/Oct/2025:08:51:25 +0000] "GET /wp-includes/pl54115b/edit.php?id=657332 HTTP/1.0" 200 2195 "https://enlugo.es/wp-includes/pl54115b/edit.php?id=657332" "Mozilla/5.0 (Windows NT 10.0; Win64; x64) AppleWebKit/537.36 (KHTML, like Gecko) Chrome/58.0.3029.110 Safari/537.3"
217.113.194.173 - - [26/Oct/2025:08:52:55 +0000] "GET /entrevista-a-arrhythmia/?path=/var/www/vhosts/enlugo.es/httpdocs/wp-includes/customize HTTP/1.0" 200 5684 "-" "Mozilla/5.0 (compatible; Barkrowler/0.9; +https://babbar.tech/crawler)"
154.54.249.212 - - [26/Oct/2025:08:53:12 +0000] "GET /entrevista-a-arrhythmia/?path=/var/www/vhosts/enlugo.es/httpdocs/wp-includes/Requests HTTP/1.0" 200 5207 "-" "Mozilla/5.0 (compatible; Barkrowler/0.9; +https://babbar.tech/crawler)"
17.241.227.184 - - [26/Oct/2025:08:53:13 +0000] "GET /hoteles/?fileloc=/var/www/vhosts/enlugo.es/httpdocs/ex.php&path=/var/www/vhosts/enlugo.es/httpdocs HTTP/1.0" 200 7108 "-" "Mozilla/5.0 (Macintosh; Intel Mac OS X 10_15_7) AppleWebKit/605.1.15 (KHTML, like Gecko) Version/17.4 Safari/605.1.15 (Applebot/0.1; +http://www.apple.com/go/applebot)"
217.113.194.181 - - [26/Oct/2025:08:53:28 +0000] "GET /entrevista-a-arrhythmia/?path=/var/www/vhosts/enlugo.es/httpdocs/wp-content/languages HTTP/1.0" 200 7538 "-" "Mozilla/5.0 (compatible; Barkrowler/0.9; +https://babbar.tech/crawler)"
154.54.249.212 - - [26/Oct/2025:08:53:45 +0000] "GET /entrevista-a-luar-na-lubre/?path=/var/www/vhosts/enlugo.es/httpdocs/images/images HTTP/1.0" 200 4764 "-" "Mozilla/5.0 (compatible; Barkrowler/0.9; +https://babbar.tech/crawler)"
217.113.194.180 - - [26/Oct/2025:08:54:02 +0000] "GET /entrevista-a-uxia-y-narf/?path=/var/www/vhosts/enlugo.es/httpdocs/c98c4 HTTP/1.0" 200 4594 "-" "Mozilla/5.0 (compatible; Barkrowler/0.9; +https://babbar.tech/crawler)"
217.113.194.172 - - [26/Oct/2025:08:54:19 +0000] "GET /entrevista-a-uxia-y-narf/?path=/var/www/vhosts/enlugo.es/httpdocs/_errorpages HTTP/1.0" 200 4842 "-" "Mozilla/5.0 (compatible; Barkrowler/0.9; +https://babbar.tech/crawler)"
69.197.149.50 - - [26/Oct/2025:08:52:58 +0000] "GET /wp-includes/pl54115b/edit.php?id=657332 HTTP/1.0" 200 2195 "https://enlugo.es/wp-includes/pl54115b/edit.php?id=657332" "Mozilla/5.0 (Windows NT 10.0; Win64; x64) AppleWebKit/537.36 (KHTML, like Gecko) Chrome/58.0.3029.110 Safari/537.3"
217.113.194.181 - - [26/Oct/2025:08:54:36 +0000] "GET /entrevista-a-flavia-cohelo/?path=/var/www/vhosts/enlugo.es/httpdocs/wp-includes HTTP/1.0" 200 12480 "-" "Mozilla/5.0 (compatible; Barkrowler/0.9; +https://babbar.tech/crawler)"
66.249.66.168 - - [26/Oct/2025:08:54:38 +0000] "GET /info/paren62772157/ HTTP/1.0" 200 25794 "-" "Mozilla/5.0 (Linux; Android 6.0.1; Nexus 5X Build/MMB29P) AppleWebKit/537.36 (KHTML, like Gecko) Chrome/141.0.7390.122 Mobile Safari/537.36 (compatible; Googlebot/2.1; +http://www.google.com/bot.html)"
66.249.66.203 - - [26/Oct/2025:08:54:38 +0000] "GET /info/chin52614964/ HTTP/1.0" 200 27007 "-" "Mozilla/5.0 (Linux; Android 6.0.1; Nexus 5X Build/MMB29P) AppleWebKit/537.36 (KHTML, like Gecko) Chrome/141.0.7390.122 Mobile Safari/537.36 (compatible; Googlebot/2.1; +http://www.google.com/bot.html)"
66.249.66.168 - - [26/Oct/2025:08:54:40 +0000] "GET /pages.php?96730615 HTTP/1.0" 403 3277 "-" "Mozilla/5.0 (Linux; Android 6.0.1; Nexus 5X Build/MMB29P) AppleWebKit/537.36 (KHTML, like Gecko) Chrome/141.0.7390.122 Mobile Safari/537.36 (compatible; Googlebot/2.1; +http://www.google.com/bot.html)"
217.113.194.180 - - [26/Oct/2025:08:54:53 +0000] "GET /entrevista-a-kiko-veneno/?path=/var/www/vhosts/enlugo.es/httpdocs/wp-includes/widgets HTTP/1.0" 200 5251 "-" "Mozilla/5.0 (compatible; Barkrowler/0.9; +https://babbar.tech/crawler)"
66.249.66.169 - - [26/Oct/2025:08:55:09 +0000] "GET /info/void52383900/ HTTP/1.0" 200 89931 "-" "Mozilla/5.0 (compatible; Googlebot/2.1; +http://www.google.com/bot.html)"
217.113.194.178 - - [26/Oct/2025:08:55:10 +0000] "GET /entrevista-a-kiko-veneno/?path=/var/www/vhosts/enlugo.es/httpdocs/wp-includes/assets HTTP/1.0" 200 4710 "-" "Mozilla/5.0 (compatible; Barkrowler/0.9; +https://babbar.tech/crawler)"
217.113.194.172 - - [26/Oct/2025:08:55:27 +0000] "GET /entrevista-a-kiko-veneno/?path=/var/www/vhosts/enlugo.es/httpdocs/wp-includes/pomo HTTP/1.0" 200 4824 "-" "Mozilla/5.0 (compatible; Barkrowler/0.9; +https://babbar.tech/crawler)"
217.113.194.176 - - [26/Oct/2025:08:55:44 +0000] "GET /entrevista-a-kiko-veneno/?path=/var/www/vhosts/enlugo.es/httpdocs/wp-includes/css HTTP/1.0" 200 5611 "-" "Mozilla/5.0 (compatible; Barkrowler/0.9; +https://babbar.tech/crawler)"
66.249.66.77 - - [26/Oct/2025:08:55:52 +0000] "GET /info/swear12022528/ HTTP/1.0" 200 26310 "-" "Mozilla/5.0 (compatible; Googlebot/2.1; +http://www.google.com/bot.html)"
66.249.66.14 - - [26/Oct/2025:08:55:58 +0000] "GET /pages.php?396481918 HTTP/1.0" 403 3277 "-" "Mozilla/5.0 (Linux; Android 6.0.1; Nexus 5X Build/MMB29P) AppleWebKit/537.36 (KHTML, like Gecko) Chrome/141.0.7390.122 Mobile Safari/537.36 (compatible; Googlebot/2.1; +http://www.google.com/bot.html)"
69.197.149.50 - - [26/Oct/2025:08:54:31 +0000] "GET /wp-includes/pl54115b/edit.php?id=657332 HTTP/1.0" 200 2195 "https://enlugo.es/wp-includes/pl54115b/edit.php?id=657332" "Mozilla/5.0 (Windows NT 10.0; Win64; x64) AppleWebKit/537.36 (KHTML, like Gecko) Chrome/58.0.3029.110 Safari/537.3"
66.249.66.14 - - [26/Oct/2025:08:55:58 +0000] "GET /info/infla62849957/ HTTP/1.0" 200 26434 "-" "Mozilla/5.0 (Linux; Android 6.0.1; Nexus 5X Build/MMB29P) AppleWebKit/537.36 (KHTML, like Gecko) Chrome/141.0.7390.122 Mobile Safari/537.36 (compatible; Googlebot/2.1; +http://www.google.com/bot.html)"
154.54.249.212 - - [26/Oct/2025:08:56:02 +0000] "GET /entrevista-a-kiko-veneno/?path=/var/www/vhosts/enlugo.es/httpdocs/wp-includes/js HTTP/1.0" 200 7657 "-" "Mozilla/5.0 (compatible; Barkrowler/0.9; +https://babbar.tech/crawler)"
217.113.194.173 - - [26/Oct/2025:08:56:19 +0000] "GET /entrevista-a-kiko-veneno/?path=/var/www/vhosts/enlugo.es/httpdocs/wp-includes/fonts HTTP/1.0" 200 4853 "-" "Mozilla/5.0 (compatible; Barkrowler/0.9; +https://babbar.tech/crawler)"
217.113.194.180 - - [26/Oct/2025:08:56:35 +0000] "GET /entrevista-a-kiko-veneno/?path=/var/www/vhosts/enlugo.es/httpdocs/wp-includes/Text HTTP/1.0" 200 4732 "-" "Mozilla/5.0 (compatible; Barkrowler/0.9; +https://babbar.tech/crawler)"
154.54.249.212 - - [26/Oct/2025:08:56:52 +0000] "GET /entrevista-a-kiko-veneno/?path=/var/www/vhosts/enlugo.es/httpdocs/wp-includes/images HTTP/1.0" 200 5599 "-" "Mozilla/5.0 (compatible; Barkrowler/0.9; +https://babbar.tech/crawler)"
217.113.194.176 - - [26/Oct/2025:08:57:09 +0000] "GET /entrevista-a-kiko-veneno/?path=/var/www/vhosts/enlugo.es/httpdocs/wp-content/uploads HTTP/1.0" 200 5008 "-" "Mozilla/5.0 (compatible; Barkrowler/0.9; +https://babbar.tech/crawler)"
