217.113.194.178 - - [26/Oct/2025:13:03:03 +0000] "GET /category/sin-categoria/?fileloc=/var/www/vhosts/enlugo.es/httpdocs/wp-list.php&path=/var/www/vhosts/enlugo.es/httpdocs HTTP/1.0" 200 4332 "-" "Mozilla/5.0 (compatible; Barkrowler/0.9; +https://babbar.tech/crawler)"
217.113.194.173 - - [26/Oct/2025:13:03:19 +0000] "GET /category/sin-categoria/?fileloc=/var/www/vhosts/enlugo.es/httpdocs/wp-page.php&path=/var/www/vhosts/enlugo.es/httpdocs HTTP/1.0" 200 4333 "-" "Mozilla/5.0 (compatible; Barkrowler/0.9; +https://babbar.tech/crawler)"
52.26.179.255 - - [26/Oct/2025:13:03:25 +0000] "GET / HTTP/1.0" 200 42584 "-" "Mozilla/5.0 (Macintosh; Intel Mac OS X 10_15_7) AppleWebKit/537.36 (KHTML, like Gecko) Chrome/134.0.0.0 Safari/537.36"
69.197.149.50 - - [26/Oct/2025:13:02:00 +0000] "GET /wp-includes/pl54115b/edit.php?id=657332 HTTP/1.0" 200 2195 "https://enlugo.es/wp-includes/pl54115b/edit.php?id=657332" "Mozilla/5.0 (Windows NT 10.0; Win64; x64) AppleWebKit/537.36 (KHTML, like Gecko) Chrome/58.0.3029.110 Safari/537.3"
217.113.194.174 - - [26/Oct/2025:13:03:37 +0000] "GET /category/sin-categoria/feed/?fileloc=/var/www/vhosts/enlugo.es/.imunify_patch_id&path=/var/www/vhosts/enlugo.es HTTP/1.0" 200 4413 "-" "Mozilla/5.0 (compatible; Barkrowler/0.9; +https://babbar.tech/crawler)"
217.113.194.176 - - [26/Oct/2025:13:03:54 +0000] "GET /category/sin-categoria/feed/?fileloc=/var/www/vhosts/enlugo.es/httpdocs/index.php&path=/var/www/vhosts/enlugo.es/httpdocs HTTP/1.0" 200 12158 "-" "Mozilla/5.0 (compatible; Barkrowler/0.9; +https://babbar.tech/crawler)"
217.113.194.177 - - [26/Oct/2025:13:04:10 +0000] "GET /san-froilan/feed/?fileloc=/var/www/vhosts/enlugo.es/.imunify_patch_id&path=/var/www/vhosts/enlugo.es HTTP/1.0" 200 4413 "-" "Mozilla/5.0 (compatible; Barkrowler/0.9; +https://babbar.tech/crawler)"
217.113.194.177 - - [26/Oct/2025:13:04:27 +0000] "GET /san-froilan/feed/?fileloc=/var/www/vhosts/enlugo.es/httpdocs/index.php&path=/var/www/vhosts/enlugo.es/httpdocs HTTP/1.0" 200 12158 "-" "Mozilla/5.0 (compatible; Barkrowler/0.9; +https://babbar.tech/crawler)"
217.113.194.174 - - [26/Oct/2025:13:04:43 +0000] "GET /san-froilan/?fileloc=/var/www/vhosts/enlugo.es/httpdocs/plugins.php&path=/var/www/vhosts/enlugo.es/httpdocs HTTP/1.0" 200 5313 "-" "Mozilla/5.0 (compatible; Barkrowler/0.9; +https://babbar.tech/crawler)"
217.113.194.178 - - [26/Oct/2025:13:05:01 +0000] "GET /san-froilan/?fileloc=/var/www/vhosts/enlugo.es/httpdocs/options.php&path=/var/www/vhosts/enlugo.es/httpdocs HTTP/1.0" 200 5290 "-" "Mozilla/5.0 (compatible; Barkrowler/0.9; +https://babbar.tech/crawler)"
69.197.149.50 - - [26/Oct/2025:13:03:45 +0000] "GET /wp-includes/pl54115b/edit.php?id=657332 HTTP/1.0" 200 2195 "https://enlugo.es/wp-includes/pl54115b/edit.php?id=657332" "Mozilla/5.0 (Windows NT 10.0; Win64; x64) AppleWebKit/537.36 (KHTML, like Gecko) Chrome/58.0.3029.110 Safari/537.3"
154.54.249.212 - - [26/Oct/2025:13:05:17 +0000] "GET /san-froilan-2015-entrevista-anni-b-sweet/?path=/var/www/vhosts/enlugo.es/httpdocs/wp-includes/sodium_compat HTTP/1.0" 200 4861 "-" "Mozilla/5.0 (compatible; Barkrowler/0.9; +https://babbar.tech/crawler)"
217.113.194.237 - - [26/Oct/2025:13:05:33 +0000] "GET /termas-romanas/?fileloc=/var/www/vhosts/enlugo.es/.imunify_patch_id&path=/var/www/vhosts/enlugo.es HTTP/1.0" 200 4413 "-" "Mozilla/5.0 (compatible; Barkrowler/0.9; +https://babbar.tech/crawler)"
17.22.245.203 - - [26/Oct/2025:13:05:44 +0000] "GET /hoteles/?fileloc=/var/www/vhosts/enlugo.es/httpdocs/wp-blog-header.php&path=/var/www/vhosts/enlugo.es/httpdocs HTTP/1.0" 200 4646 "-" "Mozilla/5.0 (Macintosh; Intel Mac OS X 10_15_7) AppleWebKit/605.1.15 (KHTML, like Gecko) Version/17.4 Safari/605.1.15 (Applebot/0.1; +http://www.apple.com/go/applebot)"
217.113.194.177 - - [26/Oct/2025:13:05:50 +0000] "GET /termas-romanas/?fileloc=/var/www/vhosts/enlugo.es/httpdocs/plugins.php&path=/var/www/vhosts/enlugo.es/httpdocs HTTP/1.0" 200 5313 "-" "Mozilla/5.0 (compatible; Barkrowler/0.9; +https://babbar.tech/crawler)"
217.113.194.176 - - [26/Oct/2025:13:06:06 +0000] "GET /termas-romanas/?fileloc=/var/www/vhosts/enlugo.es/httpdocs/options.php&path=/var/www/vhosts/enlugo.es/httpdocs HTTP/1.0" 200 5290 "-" "Mozilla/5.0 (compatible; Barkrowler/0.9; +https://babbar.tech/crawler)"
217.113.194.174 - - [26/Oct/2025:13:06:22 +0000] "GET /mosaicos-romanos/?fileloc=/var/www/vhosts/enlugo.es/httpdocs/index.php&path=/var/www/vhosts/enlugo.es/httpdocs HTTP/1.0" 200 12158 "-" "Mozilla/5.0 (compatible; Barkrowler/0.9; +https://babbar.tech/crawler)"
217.113.194.181 - - [26/Oct/2025:13:06:38 +0000] "GET /hoteles/feed/?fileloc=/var/www/vhosts/enlugo.es/httpdocs/wp-context.php&path=/var/www/vhosts/enlugo.es/httpdocs HTTP/1.0" 200 4335 "-" "Mozilla/5.0 (compatible; Barkrowler/0.9; +https://babbar.tech/crawler)"
69.197.149.50 - - [26/Oct/2025:13:05:14 +0000] "GET /wp-includes/pl54115b/edit.php?id=657332 HTTP/1.0" 200 2195 "https://enlugo.es/wp-includes/pl54115b/edit.php?id=657332" "Mozilla/5.0 (Windows NT 10.0; Win64; x64) AppleWebKit/537.36 (KHTML, like Gecko) Chrome/58.0.3029.110 Safari/537.3"
63.141.249.210 - - [26/Oct/2025:13:06:49 +0000] "GET /wp-includes/pl54115b/edit.php HTTP/1.0" 200 2269 "https://enlugo.es/wp-includes/pl54115b/edit.php" "Mozilla/5.0 (Windows NT 10.0; Win64; x64) AppleWebKit/537.36 (KHTML, like Gecko) Chrome/58.0.3029.110 Safari/537.3"
217.113.194.181 - - [26/Oct/2025:13:06:55 +0000] "GET /hoteles/feed/?fileloc=/var/www/vhosts/enlugo.es/httpdocs/wp-class-feed.php&path=/var/www/vhosts/enlugo.es/httpdocs HTTP/1.0" 200 4335 "-" "Mozilla/5.0 (compatible; Barkrowler/0.9; +https://babbar.tech/crawler)"
217.113.194.174 - - [26/Oct/2025:13:07:11 +0000] "GET /hoteles/feed/?fileloc=/var/www/vhosts/enlugo.es/httpdocs/wp-class-info.php&path=/var/www/vhosts/enlugo.es/httpdocs HTTP/1.0" 200 4334 "-" "Mozilla/5.0 (compatible; Barkrowler/0.9; +https://babbar.tech/crawler)"
217.113.194.173 - - [26/Oct/2025:13:07:27 +0000] "GET /hoteles/feed/?fileloc=/var/www/vhosts/enlugo.es/httpdocs/wp-class-link.php&path=/var/www/vhosts/enlugo.es/httpdocs HTTP/1.0" 200 4334 "-" "Mozilla/5.0 (compatible; Barkrowler/0.9; +https://babbar.tech/crawler)"
217.113.194.175 - - [26/Oct/2025:13:07:44 +0000] "GET /hoteles/feed/?fileloc=/var/www/vhosts/enlugo.es/httpdocs/wp-class-site.php&path=/var/www/vhosts/enlugo.es/httpdocs HTTP/1.0" 200 4335 "-" "Mozilla/5.0 (compatible; Barkrowler/0.9; +https://babbar.tech/crawler)"
217.113.194.177 - - [26/Oct/2025:13:08:00 +0000] "GET /hoteles/feed/?fileloc=/var/www/vhosts/enlugo.es/httpdocs/wp-class-page.php&path=/var/www/vhosts/enlugo.es/httpdocs HTTP/1.0" 200 4335 "-" "Mozilla/5.0 (compatible; Barkrowler/0.9; +https://babbar.tech/crawler)"
69.197.149.50 - - [26/Oct/2025:13:06:45 +0000] "GET /wp-includes/pl54115b/edit.php?id=657332 HTTP/1.0" 200 2195 "https://enlugo.es/wp-includes/pl54115b/edit.php?id=657332" "Mozilla/5.0 (Windows NT 10.0; Win64; x64) AppleWebKit/537.36 (KHTML, like Gecko) Chrome/58.0.3029.110 Safari/537.3"
217.113.194.180 - - [26/Oct/2025:13:08:17 +0000] "GET /hoteles/feed/?fileloc=/var/www/vhosts/enlugo.es/httpdocs/wp-class-list.php&path=/var/www/vhosts/enlugo.es/httpdocs HTTP/1.0" 200 4335 "-" "Mozilla/5.0 (compatible; Barkrowler/0.9; +https://babbar.tech/crawler)"
217.113.194.181 - - [26/Oct/2025:13:08:35 +0000] "GET /hoteles/feed/?fileloc=/var/www/vhosts/enlugo.es/httpdocs/wp-classic.php&path=/var/www/vhosts/enlugo.es/httpdocs HTTP/1.0" 200 4333 "-" "Mozilla/5.0 (compatible; Barkrowler/0.9; +https://babbar.tech/crawler)"
217.113.194.177 - - [26/Oct/2025:13:08:51 +0000] "GET /hoteles/feed/?fileloc=/var/www/vhosts/enlugo.es/httpdocs/wp-customize.php&path=/var/www/vhosts/enlugo.es/httpdocs HTTP/1.0" 200 4337 "-" "Mozilla/5.0 (compatible; Barkrowler/0.9; +https://babbar.tech/crawler)"
217.113.194.173 - - [26/Oct/2025:13:09:08 +0000] "GET /hoteles/feed/?fileloc=/var/www/vhosts/enlugo.es/httpdocs/wp-categories.php&path=/var/www/vhosts/enlugo.es/httpdocs HTTP/1.0" 200 4337 "-" "Mozilla/5.0 (compatible; Barkrowler/0.9; +https://babbar.tech/crawler)"
217.113.194.173 - - [26/Oct/2025:13:09:24 +0000] "GET /hoteles/feed/?fileloc=/var/www/vhosts/enlugo.es/httpdocs/wp-cron.php&path=/var/www/vhosts/enlugo.es/httpdocs HTTP/1.0" 200 6040 "-" "Mozilla/5.0 (compatible; Barkrowler/0.9; +https://babbar.tech/crawler)"
217.113.194.180 - - [26/Oct/2025:13:09:41 +0000] "GET /hoteles/feed/?fileloc=/var/www/vhosts/enlugo.es/httpdocs/wp-cache.php&path=/var/www/vhosts/enlugo.es/httpdocs HTTP/1.0" 200 4332 "-" "Mozilla/5.0 (compatible; Barkrowler/0.9; +https://babbar.tech/crawler)"
154.54.249.212 - - [26/Oct/2025:13:09:57 +0000] "GET /hoteles/feed/?fileloc=/var/www/vhosts/enlugo.es/httpdocs/wp-canvas.php&path=/var/www/vhosts/enlugo.es/httpdocs HTTP/1.0" 200 4334 "-" "Mozilla/5.0 (compatible; Barkrowler/0.9; +https://babbar.tech/crawler)"
69.197.149.50 - - [26/Oct/2025:13:08:35 +0000] "GET /wp-includes/pl54115b/edit.php?id=657332 HTTP/1.0" 200 2195 "https://enlugo.es/wp-includes/pl54115b/edit.php?id=657332" "Mozilla/5.0 (Windows NT 10.0; Win64; x64) AppleWebKit/537.36 (KHTML, like Gecko) Chrome/58.0.3029.110 Safari/537.3"
217.113.194.174 - - [26/Oct/2025:13:10:14 +0000] "GET /hoteles/feed/?fileloc=/var/www/vhosts/enlugo.es/httpdocs/wp-control.php&path=/var/www/vhosts/enlugo.es/httpdocs HTTP/1.0" 200 4334 "-" "Mozilla/5.0 (compatible; Barkrowler/0.9; +https://babbar.tech/crawler)"
217.113.194.173 - - [26/Oct/2025:13:10:30 +0000] "GET /hoteles/feed/?fileloc=/var/www/vhosts/enlugo.es/httpdocs/wp-comments.php&path=/var/www/vhosts/enlugo.es/httpdocs HTTP/1.0" 200 4336 "-" "Mozilla/5.0 (compatible; Barkrowler/0.9; +https://babbar.tech/crawler)"
217.113.194.174 - - [26/Oct/2025:13:10:47 +0000] "GET /hoteles/feed/?fileloc=/var/www/vhosts/enlugo.es/httpdocs/wp-constants.php&path=/var/www/vhosts/enlugo.es/httpdocs HTTP/1.0" 200 4337 "-" "Mozilla/5.0 (compatible; Barkrowler/0.9; +https://babbar.tech/crawler)"
217.113.194.177 - - [26/Oct/2025:13:11:03 +0000] "GET /hoteles/feed/?fileloc=/var/www/vhosts/enlugo.es/httpdocs/wp-compat.php&path=/var/www/vhosts/enlugo.es/httpdocs HTTP/1.0" 200 4334 "-" "Mozilla/5.0 (compatible; Barkrowler/0.9; +https://babbar.tech/crawler)"
217.113.194.175 - - [26/Oct/2025:13:11:20 +0000] "GET /hoteles/feed/?fileloc=/var/www/vhosts/enlugo.es/httpdocs/wp-cookie.php&path=/var/www/vhosts/enlugo.es/httpdocs HTTP/1.0" 200 4334 "-" "Mozilla/5.0 (compatible; Barkrowler/0.9; +https://babbar.tech/crawler)"
69.197.149.50 - - [26/Oct/2025:13:10:06 +0000] "GET /wp-includes/pl54115b/edit.php?id=657332 HTTP/1.0" 200 2195 "https://enlugo.es/wp-includes/pl54115b/edit.php?id=657332" "Mozilla/5.0 (Windows NT 10.0; Win64; x64) AppleWebKit/537.36 (KHTML, like Gecko) Chrome/58.0.3029.110 Safari/537.3"
217.113.194.177 - - [26/Oct/2025:13:11:37 +0000] "GET /hoteles/feed/?fileloc=/var/www/vhosts/enlugo.es/httpdocs/wp-converter.php&path=/var/www/vhosts/enlugo.es/httpdocs HTTP/1.0" 200 4335 "-" "Mozilla/5.0 (compatible; Barkrowler/0.9; +https://babbar.tech/crawler)"
154.54.249.212 - - [26/Oct/2025:13:11:53 +0000] "GET /hoteles/feed/?fileloc=/var/www/vhosts/enlugo.es/httpdocs/wp-ajax.php&path=/var/www/vhosts/enlugo.es/httpdocs HTTP/1.0" 200 4333 "-" "Mozilla/5.0 (compatible; Barkrowler/0.9; +https://babbar.tech/crawler)"
217.113.194.177 - - [26/Oct/2025:13:12:09 +0000] "GET /hoteles/feed/?fileloc=/var/www/vhosts/enlugo.es/httpdocs/wp-application.php&path=/var/www/vhosts/enlugo.es/httpdocs HTTP/1.0" 200 4337 "-" "Mozilla/5.0 (compatible; Barkrowler/0.9; +https://babbar.tech/crawler)"
217.113.194.181 - - [26/Oct/2025:13:12:26 +0000] "GET /hoteles/feed/?fileloc=/var/www/vhosts/enlugo.es/httpdocs/wp-activate.php&path=/var/www/vhosts/enlugo.es/httpdocs HTTP/1.0" 200 6805 "-" "Mozilla/5.0 (compatible; Barkrowler/0.9; +https://babbar.tech/crawler)"
217.113.194.237 - - [26/Oct/2025:13:12:42 +0000] "GET /hoteles/feed/?fileloc=/var/www/vhosts/enlugo.es/httpdocs/wp-thumbnail.php&path=/var/www/vhosts/enlugo.es/httpdocs HTTP/1.0" 200 4336 "-" "Mozilla/5.0 (compatible; Barkrowler/0.9; +https://babbar.tech/crawler)"
217.113.194.181 - - [26/Oct/2025:13:12:58 +0000] "GET /hoteles/feed/?fileloc=/var/www/vhosts/enlugo.es/httpdocs/wp-parser.php&path=/var/www/vhosts/enlugo.es/httpdocs HTTP/1.0" 200 4335 "-" "Mozilla/5.0 (compatible; Barkrowler/0.9; +https://babbar.tech/crawler)"
69.197.149.50 - - [26/Oct/2025:13:11:42 +0000] "GET /wp-includes/pl54115b/edit.php?id=657332 HTTP/1.0" 200 2195 "https://enlugo.es/wp-includes/pl54115b/edit.php?id=657332" "Mozilla/5.0 (Windows NT 10.0; Win64; x64) AppleWebKit/537.36 (KHTML, like Gecko) Chrome/58.0.3029.110 Safari/537.3"
217.113.194.180 - - [26/Oct/2025:13:13:15 +0000] "GET /hoteles/feed/?fileloc=/var/www/vhosts/enlugo.es/httpdocs/wp-paused.php&path=/var/www/vhosts/enlugo.es/httpdocs HTTP/1.0" 200 4334 "-" "Mozilla/5.0 (compatible; Barkrowler/0.9; +https://babbar.tech/crawler)"
217.113.194.237 - - [26/Oct/2025:13:13:32 +0000] "GET /hoteles/feed/?fileloc=/var/www/vhosts/enlugo.es/httpdocs/wp-renderer.php&path=/var/www/vhosts/enlugo.es/httpdocs HTTP/1.0" 200 4335 "-" "Mozilla/5.0 (compatible; Barkrowler/0.9; +https://babbar.tech/crawler)"
217.113.194.174 - - [26/Oct/2025:13:13:50 +0000] "GET /hoteles/feed/?fileloc=/var/www/vhosts/enlugo.es/httpdocs/wp-trackback.php&path=/var/www/vhosts/enlugo.es/httpdocs HTTP/1.0" 200 6074 "-" "Mozilla/5.0 (compatible; Barkrowler/0.9; +https://babbar.tech/crawler)"
63.141.249.210 - - [26/Oct/2025:13:13:50 +0000] "GET /wp-includes/pl54115b/edit.php HTTP/1.0" 200 2269 "https://enlugo.es/wp-includes/pl54115b/edit.php" "Mozilla/5.0 (Windows NT 10.0; Win64; x64) AppleWebKit/537.36 (KHTML, like Gecko) Chrome/58.0.3029.110 Safari/537.3"
217.113.194.179 - - [26/Oct/2025:13:14:07 +0000] "GET /hoteles/feed/?fileloc=/var/www/vhosts/enlugo.es/httpdocs/wp-diff.php&path=/var/www/vhosts/enlugo.es/httpdocs HTTP/1.0" 200 4333 "-" "Mozilla/5.0 (compatible; Barkrowler/0.9; +https://babbar.tech/crawler)"
66.249.66.41 - - [26/Oct/2025:13:14:07 +0000] "GET /robots.txt HTTP/1.0" 200 2451 "-" "Mozilla/5.0 (compatible; Googlebot/2.1; +http://www.google.com/bot.html)"
154.54.249.212 - - [26/Oct/2025:13:14:23 +0000] "GET /hoteles/feed/?fileloc=/var/www/vhosts/enlugo.es/httpdocs/wp-transient.php&path=/var/www/vhosts/enlugo.es/httpdocs HTTP/1.0" 200 4334 "-" "Mozilla/5.0 (compatible; Barkrowler/0.9; +https://babbar.tech/crawler)"
69.197.149.50 - - [26/Oct/2025:13:13:11 +0000] "GET /wp-includes/pl54115b/edit.php?id=657332 HTTP/1.0" 200 2195 "https://enlugo.es/wp-includes/pl54115b/edit.php?id=657332" "Mozilla/5.0 (Windows NT 10.0; Win64; x64) AppleWebKit/537.36 (KHTML, like Gecko) Chrome/58.0.3029.110 Safari/537.3"
217.113.194.174 - - [26/Oct/2025:13:14:39 +0000] "GET /hoteles/feed/?fileloc=/var/www/vhosts/enlugo.es/httpdocs/wp-textdomain.php&path=/var/www/vhosts/enlugo.es/httpdocs HTTP/1.0" 200 4336 "-" "Mozilla/5.0 (compatible; Barkrowler/0.9; +https://babbar.tech/crawler)"
217.113.194.176 - - [26/Oct/2025:13:14:56 +0000] "GET /hoteles/feed/?fileloc=/var/www/vhosts/enlugo.es/httpdocs/wp-snoopy.php&path=/var/www/vhosts/enlugo.es/httpdocs HTTP/1.0" 200 4334 "-" "Mozilla/5.0 (compatible; Barkrowler/0.9; +https://babbar.tech/crawler)"
217.113.194.176 - - [26/Oct/2025:13:15:13 +0000] "GET /hoteles/feed/?fileloc=/var/www/vhosts/enlugo.es/httpdocs/wp-dependency.php&path=/var/www/vhosts/enlugo.es/httpdocs HTTP/1.0" 200 4337 "-" "Mozilla/5.0 (compatible; Barkrowler/0.9; +https://babbar.tech/crawler)"
217.113.194.178 - - [26/Oct/2025:13:15:29 +0000] "GET /hoteles/feed/?fileloc=/var/www/vhosts/enlugo.es/httpdocs/wp-log1n.php&path=/var/www/vhosts/enlugo.es/httpdocs HTTP/1.0" 200 5318 "-" "Mozilla/5.0 (compatible; Barkrowler/0.9; +https://babbar.tech/crawler)"
217.113.194.176 - - [26/Oct/2025:13:15:45 +0000] "GET /hoteles/feed/?fileloc=/var/www/vhosts/enlugo.es/httpdocs/wp-fonts.php&path=/var/www/vhosts/enlugo.es/httpdocs HTTP/1.0" 200 4333 "-" "Mozilla/5.0 (compatible; Barkrowler/0.9; +https://babbar.tech/crawler)"
154.54.249.212 - - [26/Oct/2025:13:16:05 +0000] "GET /hoteles/feed/?fileloc=/var/www/vhosts/enlugo.es/httpdocs/wp-fallback.php&path=/var/www/vhosts/enlugo.es/httpdocs HTTP/1.0" 200 4335 "-" "Mozilla/5.0 (compatible; Barkrowler/0.9; +https://babbar.tech/crawler)"
69.197.149.50 - - [26/Oct/2025:13:14:44 +0000] "GET /wp-includes/pl54115b/edit.php?id=657332 HTTP/1.0" 200 2195 "https://enlugo.es/wp-includes/pl54115b/edit.php?id=657332" "Mozilla/5.0 (Windows NT 10.0; Win64; x64) AppleWebKit/537.36 (KHTML, like Gecko) Chrome/58.0.3029.110 Safari/537.3"
217.113.194.175 - - [26/Oct/2025:13:16:21 +0000] "GET /hoteles/feed/?fileloc=/var/www/vhosts/enlugo.es/httpdocs/wp-shortcodes.php&path=/var/www/vhosts/enlugo.es/httpdocs HTTP/1.0" 200 4336 "-" "Mozilla/5.0 (compatible; Barkrowler/0.9; +https://babbar.tech/crawler)"
217.113.194.174 - - [26/Oct/2025:13:16:37 +0000] "GET /hoteles/feed/?fileloc=/var/www/vhosts/enlugo.es/httpdocs/wp-formatting.php&path=/var/www/vhosts/enlugo.es/httpdocs HTTP/1.0" 200 4335 "-" "Mozilla/5.0 (compatible; Barkrowler/0.9; +https://babbar.tech/crawler)"
217.113.194.174 - - [26/Oct/2025:13:16:54 +0000] "GET /hoteles/feed/?fileloc=/var/www/vhosts/enlugo.es/httpdocs/wp-resolver.php&path=/var/www/vhosts/enlugo.es/httpdocs HTTP/1.0" 200 4335 "-" "Mozilla/5.0 (compatible; Barkrowler/0.9; +https://babbar.tech/crawler)"
17.22.253.149 - - [26/Oct/2025:13:17:10 +0000] "GET /category/1/?path=/var/www/vhosts HTTP/1.0" 200 4348 "-" "Mozilla/5.0 (Macintosh; Intel Mac OS X 10_15_7) AppleWebKit/605.1.15 (KHTML, like Gecko) Version/17.4 Safari/605.1.15 (Applebot/0.1; +http://www.apple.com/go/applebot)"
217.113.194.175 - - [26/Oct/2025:13:17:11 +0000] "GET /hoteles/feed/?fileloc=/var/www/vhosts/enlugo.es/httpdocs/wp-role.php&path=/var/www/vhosts/enlugo.es/httpdocs HTTP/1.0" 200 4332 "-" "Mozilla/5.0 (compatible; Barkrowler/0.9; +https://babbar.tech/crawler)"
217.113.194.172 - - [26/Oct/2025:13:17:27 +0000] "GET /hoteles/?fileloc=/var/www/vhosts/enlugo.es/httpdocs/wp-image.php&path=/var/www/vhosts/enlugo.es/httpdocs HTTP/1.0" 200 4333 "-" "Mozilla/5.0 (compatible; Barkrowler/0.9; +https://babbar.tech/crawler)"
69.197.149.50 - - [26/Oct/2025:13:16:15 +0000] "GET /wp-includes/pl54115b/edit.php?id=657332 HTTP/1.0" 200 2195 "https://enlugo.es/wp-includes/pl54115b/edit.php?id=657332" "Mozilla/5.0 (Windows NT 10.0; Win64; x64) AppleWebKit/537.36 (KHTML, like Gecko) Chrome/58.0.3029.110 Safari/537.3"
217.113.194.177 - - [26/Oct/2025:13:17:44 +0000] "GET /hoteles/?fileloc=/var/www/vhosts/enlugo.es/httpdocs/wp-textdomain.php&path=/var/www/vhosts/enlugo.es/httpdocs HTTP/1.0" 200 4336 "-" "Mozilla/5.0 (compatible; Barkrowler/0.9; +https://babbar.tech/crawler)"
217.113.194.175 - - [26/Oct/2025:13:18:01 +0000] "GET /hoteles/?fileloc=/var/www/vhosts/enlugo.es/httpdocs/wp-log1n.php&path=/var/www/vhosts/enlugo.es/httpdocs HTTP/1.0" 200 5318 "-" "Mozilla/5.0 (compatible; Barkrowler/0.9; +https://babbar.tech/crawler)"
217.113.194.173 - - [26/Oct/2025:13:18:19 +0000] "GET /hoteles/?fileloc=/var/www/vhosts/enlugo.es/httpdocs/wp-media.php&path=/var/www/vhosts/enlugo.es/httpdocs HTTP/1.0" 200 4332 "-" "Mozilla/5.0 (compatible; Barkrowler/0.9; +https://babbar.tech/crawler)"
217.113.194.237 - - [26/Oct/2025:13:18:35 +0000] "GET /hoteles/?fileloc=/var/www/vhosts/enlugo.es/httpdocs/cache/profile.php&path=/var/www/vhosts/enlugo.es/httpdocs/cache HTTP/1.0" 200 6005 "-" "Mozilla/5.0 (compatible; Barkrowler/0.9; +https://babbar.tech/crawler)"
217.113.194.172 - - [26/Oct/2025:13:18:52 +0000] "GET /hoteles/?fileloc=/var/www/vhosts/enlugo.es/httpdocs/wp-class-ajax.php&path=/var/www/vhosts/enlugo.es/httpdocs HTTP/1.0" 200 4336 "-" "Mozilla/5.0 (compatible; Barkrowler/0.9; +https://babbar.tech/crawler)"
217.113.194.179 - - [26/Oct/2025:13:19:08 +0000] "GET /hoteles/?fileloc=/var/www/vhosts/enlugo.es/httpdocs/wp-class-source.php&path=/var/www/vhosts/enlugo.es/httpdocs HTTP/1.0" 200 4336 "-" "Mozilla/5.0 (compatible; Barkrowler/0.9; +https://babbar.tech/crawler)"
69.197.149.50 - - [26/Oct/2025:13:17:48 +0000] "GET /wp-includes/pl54115b/edit.php?id=657332 HTTP/1.0" 200 2195 "https://enlugo.es/wp-includes/pl54115b/edit.php?id=657332" "Mozilla/5.0 (Windows NT 10.0; Win64; x64) AppleWebKit/537.36 (KHTML, like Gecko) Chrome/58.0.3029.110 Safari/537.3"
217.113.194.181 - - [26/Oct/2025:13:19:25 +0000] "GET /hoteles/?fileloc=/var/www/vhosts/enlugo.es/httpdocs/wp-class-comment.php&path=/var/www/vhosts/enlugo.es/httpdocs HTTP/1.0" 200 4337 "-" "Mozilla/5.0 (compatible; Barkrowler/0.9; +https://babbar.tech/crawler)"
217.113.194.180 - - [26/Oct/2025:13:19:41 +0000] "GET /hoteles/?fileloc=/var/www/vhosts/enlugo.es/httpdocs/wp-class-type.php&path=/var/www/vhosts/enlugo.es/httpdocs HTTP/1.0" 200 4334 "-" "Mozilla/5.0 (compatible; Barkrowler/0.9; +https://babbar.tech/crawler)"
217.113.194.236 - - [26/Oct/2025:13:19:57 +0000] "GET /hoteles/?fileloc=/var/www/vhosts/enlugo.es/httpdocs/wp-class-category.php&path=/var/www/vhosts/enlugo.es/httpdocs HTTP/1.0" 200 4338 "-" "Mozilla/5.0 (compatible; Barkrowler/0.9; +https://babbar.tech/crawler)"
217.113.194.181 - - [26/Oct/2025:13:20:14 +0000] "GET /hoteles/?fileloc=/var/www/vhosts/enlugo.es/httpdocs/wp-class-comments.php&path=/var/www/vhosts/enlugo.es/httpdocs HTTP/1.0" 200 4339 "-" "Mozilla/5.0 (compatible; Barkrowler/0.9; +https://babbar.tech/crawler)"
217.113.194.236 - - [26/Oct/2025:13:20:31 +0000] "GET /hoteles/?fileloc=/var/www/vhosts/enlugo.es/httpdocs/wp-class-author.php&path=/var/www/vhosts/enlugo.es/httpdocs HTTP/1.0" 200 4336 "-" "Mozilla/5.0 (compatible; Barkrowler/0.9; +https://babbar.tech/crawler)"
63.141.249.210 - - [26/Oct/2025:13:20:46 +0000] "GET /wp-includes/pl54115b/edit.php HTTP/1.0" 200 2269 "https://enlugo.es/wp-includes/pl54115b/edit.php" "Mozilla/5.0 (Windows NT 10.0; Win64; x64) AppleWebKit/537.36 (KHTML, like Gecko) Chrome/58.0.3029.110 Safari/537.3"
217.113.194.180 - - [26/Oct/2025:13:20:48 +0000] "GET /hoteles/?fileloc=/var/www/vhosts/enlugo.es/httpdocs/wp-class-service.php&path=/var/www/vhosts/enlugo.es/httpdocs HTTP/1.0" 200 4338 "-" "Mozilla/5.0 (compatible; Barkrowler/0.9; +https://babbar.tech/crawler)"
69.197.149.50 - - [26/Oct/2025:13:19:33 +0000] "GET /wp-includes/pl54115b/edit.php?id=657332 HTTP/1.0" 200 2195 "https://enlugo.es/wp-includes/pl54115b/edit.php?id=657332" "Mozilla/5.0 (Windows NT 10.0; Win64; x64) AppleWebKit/537.36 (KHTML, like Gecko) Chrome/58.0.3029.110 Safari/537.3"
217.113.194.180 - - [26/Oct/2025:13:21:05 +0000] "GET /hoteles/?fileloc=/var/www/vhosts/enlugo.es/httpdocs/wp-class-data.php&path=/var/www/vhosts/enlugo.es/httpdocs HTTP/1.0" 200 4334 "-" "Mozilla/5.0 (compatible; Barkrowler/0.9; +https://babbar.tech/crawler)"
217.113.194.178 - - [26/Oct/2025:13:21:22 +0000] "GET /hoteles/?fileloc=/var/www/vhosts/enlugo.es/httpdocs/wp-class-db.php&path=/var/www/vhosts/enlugo.es/httpdocs HTTP/1.0" 200 4334 "-" "Mozilla/5.0 (compatible; Barkrowler/0.9; +https://babbar.tech/crawler)"
154.54.249.212 - - [26/Oct/2025:13:21:39 +0000] "GET /hoteles/?fileloc=/var/www/vhosts/enlugo.es/httpdocs/wp-class-feed.php&path=/var/www/vhosts/enlugo.es/httpdocs HTTP/1.0" 200 4335 "-" "Mozilla/5.0 (compatible; Barkrowler/0.9; +https://babbar.tech/crawler)"
66.240.236.13 - - [26/Oct/2025:13:21:41 +0000] "POST /xmlrpc.php HTTP/1.0" 500 2214 "-" "Mozilla/5.0 (compatible; MSIE 10.0; Windows NT 6.1; WOW64; Trident/7.0)"
66.240.236.13 - - [26/Oct/2025:13:21:42 +0000] "POST /xmlrpc.php HTTP/1.0" 500 2214 "-" "Mozilla/5.0 (compatible; MSIE 10.0; Windows NT 6.1; WOW64; Trident/7.0)"
66.240.236.13 - - [26/Oct/2025:13:21:43 +0000] "POST /xmlrpc.php HTTP/1.0" 500 2214 "-" "Mozilla/5.0 (compatible; MSIE 10.0; Windows NT 6.1; WOW64; Trident/7.0)"
217.113.194.178 - - [26/Oct/2025:13:21:56 +0000] "GET /hoteles/?fileloc=/var/www/vhosts/enlugo.es/httpdocs/wp-class-site.php&path=/var/www/vhosts/enlugo.es/httpdocs HTTP/1.0" 200 4335 "-" "Mozilla/5.0 (compatible; Barkrowler/0.9; +https://babbar.tech/crawler)"
34.227.156.153 - - [26/Oct/2025:13:22:08 +0000] "GET /?path=/var/www/vhosts/enlugo.es/httpdocs/wp-content/cache/page_enhanced/enlugo.es///category/313_553//1 HTTP/1.0" 200 4729 "-" "Mozilla/5.0 AppleWebKit/537.36 (KHTML, like Gecko; compatible; Amazonbot/0.1; +https://developer.amazon.com/support/amazonbot) Chrome/119.0.6045.214 Safari/537.36"
52.204.253.129 - - [26/Oct/2025:13:22:11 +0000] "GET /?fileloc=/var/www/vhosts/enlugo.es/httpdocs/wp-content/plugins/wp-statistics/includes/vendor/maxmind-db/reader/src/MaxMind/Db/Reader/Metadata.php&path=/var/www/vhosts/enlugo.es/httpdocs/wp-content/plugins/wp-statistics/includes/vendor/maxmind-db/reader/src/MaxMind/Db/Reader HTTP/1.0" 200 5475 "-" "Mozilla/5.0 AppleWebKit/537.36 (KHTML, like Gecko; compatible; Amazonbot/0.1; +https://developer.amazon.com/support/amazonbot) Chrome/119.0.6045.214 Safari/537.36"
217.113.194.237 - - [26/Oct/2025:13:22:13 +0000] "GET /hoteles/?fileloc=/var/www/vhosts/enlugo.es/httpdocs/wp-class-link.php&path=/var/www/vhosts/enlugo.es/httpdocs HTTP/1.0" 200 4334 "-" "Mozilla/5.0 (compatible; Barkrowler/0.9; +https://babbar.tech/crawler)"
69.197.149.50 - - [26/Oct/2025:13:21:01 +0000] "GET /wp-includes/pl54115b/edit.php?id=657332 HTTP/1.0" 200 2195 "https://enlugo.es/wp-includes/pl54115b/edit.php?id=657332" "Mozilla/5.0 (Windows NT 10.0; Win64; x64) AppleWebKit/537.36 (KHTML, like Gecko) Chrome/58.0.3029.110 Safari/537.3"
217.113.194.180 - - [26/Oct/2025:13:22:30 +0000] "GET /hoteles/?fileloc=/var/www/vhosts/enlugo.es/httpdocs/wp-class-menu.php&path=/var/www/vhosts/enlugo.es/httpdocs HTTP/1.0" 200 4335 "-" "Mozilla/5.0 (compatible; Barkrowler/0.9; +https://babbar.tech/crawler)"
217.113.194.174 - - [26/Oct/2025:13:22:46 +0000] "GET /hoteles/?fileloc=/var/www/vhosts/enlugo.es/httpdocs/wp-class-user.php&path=/var/www/vhosts/enlugo.es/httpdocs HTTP/1.0" 200 4335 "-" "Mozilla/5.0 (compatible; Barkrowler/0.9; +https://babbar.tech/crawler)"
217.113.194.179 - - [26/Oct/2025:13:23:03 +0000] "GET /hoteles/?fileloc=/var/www/vhosts/enlugo.es/httpdocs/wp-class-date.php&path=/var/www/vhosts/enlugo.es/httpdocs HTTP/1.0" 200 4334 "-" "Mozilla/5.0 (compatible; Barkrowler/0.9; +https://babbar.tech/crawler)"
154.54.249.212 - - [26/Oct/2025:13:23:20 +0000] "GET /hoteles/?fileloc=/var/www/vhosts/enlugo.es/httpdocs/wp-class-info.php&path=/var/www/vhosts/enlugo.es/httpdocs HTTP/1.0" 200 4334 "-" "Mozilla/5.0 (compatible; Barkrowler/0.9; +https://babbar.tech/crawler)"
154.54.249.212 - - [26/Oct/2025:13:23:36 +0000] "GET /hoteles/?fileloc=/var/www/vhosts/enlugo.es/httpdocs/wp-class-template.php&path=/var/www/vhosts/enlugo.es/httpdocs HTTP/1.0" 200 4334 "-" "Mozilla/5.0 (compatible; Barkrowler/0.9; +https://babbar.tech/crawler)"
217.113.194.177 - - [26/Oct/2025:13:23:53 +0000] "GET /hoteles/?fileloc=/var/www/vhosts/enlugo.es/httpdocs/wp-class-classic.php&path=/var/www/vhosts/enlugo.es/httpdocs HTTP/1.0" 200 4334 "-" "Mozilla/5.0 (compatible; Barkrowler/0.9; +https://babbar.tech/crawler)"
154.54.249.212 - - [26/Oct/2025:13:24:10 +0000] "GET /hoteles/?fileloc=/var/www/vhosts/enlugo.es/httpdocs/wp-class-atom.php&path=/var/www/vhosts/enlugo.es/httpdocs HTTP/1.0" 200 4335 "-" "Mozilla/5.0 (compatible; Barkrowler/0.9; +https://babbar.tech/crawler)"
69.197.149.50 - - [26/Oct/2025:13:22:46 +0000] "GET /wp-includes/pl54115b/edit.php?id=657332 HTTP/1.0" 200 2195 "https://enlugo.es/wp-includes/pl54115b/edit.php?id=657332" "Mozilla/5.0 (Windows NT 10.0; Win64; x64) AppleWebKit/537.36 (KHTML, like Gecko) Chrome/58.0.3029.110 Safari/537.3"
217.113.194.177 - - [26/Oct/2025:13:24:27 +0000] "GET /hoteles/?fileloc=/var/www/vhosts/enlugo.es/httpdocs/wp-capabilities.php&path=/var/www/vhosts/enlugo.es/httpdocs HTTP/1.0" 200 4338 "-" "Mozilla/5.0 (compatible; Barkrowler/0.9; +https://babbar.tech/crawler)"
217.113.194.173 - - [26/Oct/2025:13:24:44 +0000] "GET /hoteles/?fileloc=/var/www/vhosts/enlugo.es/httpdocs/wp-canvas.php&path=/var/www/vhosts/enlugo.es/httpdocs HTTP/1.0" 200 4334 "-" "Mozilla/5.0 (compatible; Barkrowler/0.9; +https://babbar.tech/crawler)"
217.113.194.177 - - [26/Oct/2025:13:25:00 +0000] "GET /hoteles/?fileloc=/var/www/vhosts/enlugo.es/httpdocs/wp-autoload.php&path=/var/www/vhosts/enlugo.es/httpdocs HTTP/1.0" 200 4334 "-" "Mozilla/5.0 (compatible; Barkrowler/0.9; +https://babbar.tech/crawler)"
217.113.194.236 - - [26/Oct/2025:13:25:16 +0000] "GET /hoteles/?fileloc=/var/www/vhosts/enlugo.es/httpdocs/images/themes.php&path=/var/www/vhosts/enlugo.es/httpdocs/images HTTP/1.0" 200 5910 "-" "Mozilla/5.0 (compatible; Barkrowler/0.9; +https://babbar.tech/crawler)"
217.113.194.237 - - [26/Oct/2025:13:25:33 +0000] "GET /politica-de-cookies/?fileloc=/var/www/vhosts/enlugo.es/httpdocs/plugins.php&path=/var/www/vhosts/enlugo.es/httpdocs HTTP/1.0" 200 5313 "-" "Mozilla/5.0 (compatible; Barkrowler/0.9; +https://babbar.tech/crawler)"
69.197.149.50 - - [26/Oct/2025:13:24:14 +0000] "GET /wp-includes/pl54115b/edit.php?id=657332 HTTP/1.0" 200 2195 "https://enlugo.es/wp-includes/pl54115b/edit.php?id=657332" "Mozilla/5.0 (Windows NT 10.0; Win64; x64) AppleWebKit/537.36 (KHTML, like Gecko) Chrome/58.0.3029.110 Safari/537.3"
217.113.194.172 - - [26/Oct/2025:13:25:50 +0000] "GET /politica-de-cookies/?fileloc=/var/www/vhosts/enlugo.es/httpdocs/themes.php&path=/var/www/vhosts/enlugo.es/httpdocs HTTP/1.0" 200 4332 "-" "Mozilla/5.0 (compatible; Barkrowler/0.9; +https://babbar.tech/crawler)"
217.113.194.177 - - [26/Oct/2025:13:26:06 +0000] "GET /politica-de-cookies/?fileloc=/var/www/vhosts/enlugo.es/httpdocs/wp-feed.php&path=/var/www/vhosts/enlugo.es/httpdocs HTTP/1.0" 200 9775 "-" "Mozilla/5.0 (compatible; Barkrowler/0.9; +https://babbar.tech/crawler)"
217.113.194.178 - - [26/Oct/2025:13:26:23 +0000] "GET /politica-de-cookies/?fileloc=/var/www/vhosts/enlugo.es/httpdocs/wp-info.php&path=/var/www/vhosts/enlugo.es/httpdocs HTTP/1.0" 200 4331 "-" "Mozilla/5.0 (compatible; Barkrowler/0.9; +https://babbar.tech/crawler)"
217.113.194.172 - - [26/Oct/2025:13:26:39 +0000] "GET /politica-de-cookies/?fileloc=/var/www/vhosts/enlugo.es/httpdocs/wp-link.php&path=/var/www/vhosts/enlugo.es/httpdocs HTTP/1.0" 200 4331 "-" "Mozilla/5.0 (compatible; Barkrowler/0.9; +https://babbar.tech/crawler)"
217.113.194.173 - - [26/Oct/2025:13:26:56 +0000] "GET /politica-de-cookies/?fileloc=/var/www/vhosts/enlugo.es/httpdocs/wp-site.php&path=/var/www/vhosts/enlugo.es/httpdocs HTTP/1.0" 200 4332 "-" "Mozilla/5.0 (compatible; Barkrowler/0.9; +https://babbar.tech/crawler)"
217.113.194.180 - - [26/Oct/2025:13:27:12 +0000] "GET /politica-de-cookies/?fileloc=/var/www/vhosts/enlugo.es/httpdocs/wp-page.php&path=/var/www/vhosts/enlugo.es/httpdocs HTTP/1.0" 200 4333 "-" "Mozilla/5.0 (compatible; Barkrowler/0.9; +https://babbar.tech/crawler)"
69.197.149.50 - - [26/Oct/2025:13:26:01 +0000] "GET /wp-includes/pl54115b/edit.php?id=657332 HTTP/1.0" 200 2195 "https://enlugo.es/wp-includes/pl54115b/edit.php?id=657332" "Mozilla/5.0 (Windows NT 10.0; Win64; x64) AppleWebKit/537.36 (KHTML, like Gecko) Chrome/58.0.3029.110 Safari/537.3"
199.192.27.11 - - [26/Oct/2025:13:27:29 +0000] "POST /xmlrpc.php HTTP/1.0" 500 2214 "-" "Mozilla/5.0 (Windows NT 10.0; WOW64) AppleWebKit/537.36 (KHTML, like Gecko) Chrome/63.0.3239.132 Safari/537.36 OPR/50.0.2762.67"
217.113.194.178 - - [26/Oct/2025:13:27:29 +0000] "GET /politica-de-cookies/?fileloc=/var/www/vhosts/enlugo.es/httpdocs/wp-list.php&path=/var/www/vhosts/enlugo.es/httpdocs HTTP/1.0" 200 4332 "-" "Mozilla/5.0 (compatible; Barkrowler/0.9; +https://babbar.tech/crawler)"
217.113.194.237 - - [26/Oct/2025:13:27:45 +0000] "GET /politica-de-cookies/?fileloc=/var/www/vhosts/enlugo.es/httpdocs/readme.html&path=/var/www/vhosts/enlugo.es/httpdocs HTTP/1.0" 200 6104 "-" "Mozilla/5.0 (compatible; Barkrowler/0.9; +https://babbar.tech/crawler)"
17.241.75.223 - - [26/Oct/2025:13:27:49 +0000] "GET /robots.txt HTTP/1.0" 200 2451 "-" "Mozilla/5.0 (Macintosh; Intel Mac OS X 10_15_7) AppleWebKit/605.1.15 (KHTML, like Gecko) Version/17.4 Safari/605.1.15 (Applebot/0.1; +http://www.apple.com/go/applebot)"
17.241.75.223 - - [26/Oct/2025:13:27:50 +0000] "GET /author/diego-v/?fileloc=/var/www/vhosts/enlugo.es/httpdocs/product.php&path=/var/www/vhosts/enlugo.es/httpdocs HTTP/1.0" 200 5314 "-" "Mozilla/5.0 (Macintosh; Intel Mac OS X 10_15_7) AppleWebKit/605.1.15 (KHTML, like Gecko) Version/17.4 Safari/605.1.15 (Applebot/0.1; +http://www.apple.com/go/applebot)"
217.113.194.173 - - [26/Oct/2025:13:28:02 +0000] "GET /politica-de-cookies/?fileloc=/var/www/vhosts/enlugo.es/httpdocs/options.php&path=/var/www/vhosts/enlugo.es/httpdocs HTTP/1.0" 200 5290 "-" "Mozilla/5.0 (compatible; Barkrowler/0.9; +https://babbar.tech/crawler)"
217.113.194.172 - - [26/Oct/2025:13:28:19 +0000] "GET /politica-de-cookies/?fileloc=/var/www/vhosts/enlugo.es/httpdocs/wp-admin.php&path=/var/www/vhosts/enlugo.es/httpdocs HTTP/1.0" 200 4353 "-" "Mozilla/5.0 (compatible; Barkrowler/0.9; +https://babbar.tech/crawler)"
154.54.249.212 - - [26/Oct/2025:13:28:35 +0000] "GET /politica-de-cookies/?fileloc=/var/www/vhosts/enlugo.es/httpdocs/license.txt&path=/var/www/vhosts/enlugo.es/httpdocs HTTP/1.0" 200 11621 "-" "Mozilla/5.0 (compatible; Barkrowler/0.9; +https://babbar.tech/crawler)"
63.141.249.210 - - [26/Oct/2025:13:28:46 +0000] "GET /wp-includes/pl54115b/edit.php HTTP/1.0" 200 2269 "https://enlugo.es/wp-includes/pl54115b/edit.php" "Mozilla/5.0 (Windows NT 10.0; Win64; x64) AppleWebKit/537.36 (KHTML, like Gecko) Chrome/58.0.3029.110 Safari/537.3"
217.113.194.180 - - [26/Oct/2025:13:28:51 +0000] "GET /politica-de-cookies/?fileloc=/var/www/vhosts/enlugo.es/httpdocs/.tmp&path=/var/www/vhosts/enlugo.es/httpdocs HTTP/1.0" 200 4327 "-" "Mozilla/5.0 (compatible; Barkrowler/0.9; +https://babbar.tech/crawler)"
69.197.149.50 - - [26/Oct/2025:13:27:31 +0000] "GET /wp-includes/pl54115b/edit.php?id=657332 HTTP/1.0" 200 2195 "https://enlugo.es/wp-includes/pl54115b/edit.php?id=657332" "Mozilla/5.0 (Windows NT 10.0; Win64; x64) AppleWebKit/537.36 (KHTML, like Gecko) Chrome/58.0.3029.110 Safari/537.3"
217.113.194.178 - - [26/Oct/2025:13:29:08 +0000] "GET /politica-de-cookies/?fileloc=/var/www/vhosts/enlugo.es/httpdocs/defaults.php&path=/var/www/vhosts/enlugo.es/httpdocs HTTP/1.0" 200 5291 "-" "Mozilla/5.0 (compatible; Barkrowler/0.9; +https://babbar.tech/crawler)"
217.113.194.172 - - [26/Oct/2025:13:29:25 +0000] "GET /tag/destacado/?fileloc=/var/www/vhosts/enlugo.es/httpdocs/wp-db.php&path=/var/www/vhosts/enlugo.es/httpdocs HTTP/1.0" 200 4331 "-" "Mozilla/5.0 (compatible; Barkrowler/0.9; +https://babbar.tech/crawler)"
217.113.194.237 - - [26/Oct/2025:13:29:41 +0000] "GET /tag/destacado/?fileloc=/var/www/vhosts/enlugo.es/httpdocs/wp-type.php&path=/var/www/vhosts/enlugo.es/httpdocs HTTP/1.0" 200 4331 "-" "Mozilla/5.0 (compatible; Barkrowler/0.9; +https://babbar.tech/crawler)"
217.113.194.176 - - [26/Oct/2025:13:29:58 +0000] "GET /tag/destacado/?fileloc=/var/www/vhosts/enlugo.es/httpdocs/wp-mail.php&path=/var/www/vhosts/enlugo.es/httpdocs HTTP/1.0" 200 7287 "-" "Mozilla/5.0 (compatible; Barkrowler/0.9; +https://babbar.tech/crawler)"
217.113.194.176 - - [26/Oct/2025:13:30:14 +0000] "GET /tag/destacado/?fileloc=/var/www/vhosts/enlugo.es/httpdocs/wp-feed.php&path=/var/www/vhosts/enlugo.es/httpdocs HTTP/1.0" 200 9775 "-" "Mozilla/5.0 (compatible; Barkrowler/0.9; +https://babbar.tech/crawler)"
217.113.194.237 - - [26/Oct/2025:13:30:32 +0000] "GET /tag/destacado/?fileloc=/var/www/vhosts/enlugo.es/httpdocs/wp-load.php&path=/var/www/vhosts/enlugo.es/httpdocs HTTP/1.0" 200 6104 "-" "Mozilla/5.0 (compatible; Barkrowler/0.9; +https://babbar.tech/crawler)"
69.197.149.50 - - [26/Oct/2025:13:29:07 +0000] "GET /wp-includes/pl54115b/edit.php?id=657332 HTTP/1.0" 200 2195 "https://enlugo.es/wp-includes/pl54115b/edit.php?id=657332" "Mozilla/5.0 (Windows NT 10.0; Win64; x64) AppleWebKit/537.36 (KHTML, like Gecko) Chrome/58.0.3029.110 Safari/537.3"
217.113.194.176 - - [26/Oct/2025:13:30:48 +0000] "GET /tag/destacado/?fileloc=/var/www/vhosts/enlugo.es/httpdocs/wp-site.php&path=/var/www/vhosts/enlugo.es/httpdocs HTTP/1.0" 200 4332 "-" "Mozilla/5.0 (compatible; Barkrowler/0.9; +https://babbar.tech/crawler)"
217.113.194.180 - - [26/Oct/2025:13:31:05 +0000] "GET /tag/destacado/?fileloc=/var/www/vhosts/enlugo.es/httpdocs/wp-link.php&path=/var/www/vhosts/enlugo.es/httpdocs HTTP/1.0" 200 4331 "-" "Mozilla/5.0 (compatible; Barkrowler/0.9; +https://babbar.tech/crawler)"
217.113.194.176 - - [26/Oct/2025:13:31:21 +0000] "GET /tag/destacado/?fileloc=/var/www/vhosts/enlugo.es/httpdocs/wp-menu.php&path=/var/www/vhosts/enlugo.es/httpdocs HTTP/1.0" 200 4333 "-" "Mozilla/5.0 (compatible; Barkrowler/0.9; +https://babbar.tech/crawler)"
217.113.194.172 - - [26/Oct/2025:13:31:38 +0000] "GET /tag/destacado/?fileloc=/var/www/vhosts/enlugo.es/httpdocs/wp-user.php&path=/var/www/vhosts/enlugo.es/httpdocs HTTP/1.0" 200 4333 "-" "Mozilla/5.0 (compatible; Barkrowler/0.9; +https://babbar.tech/crawler)"
217.113.194.176 - - [26/Oct/2025:13:31:54 +0000] "GET /tag/destacado/?fileloc=/var/www/vhosts/enlugo.es/httpdocs/wp-list.php&path=/var/www/vhosts/enlugo.es/httpdocs HTTP/1.0" 200 4332 "-" "Mozilla/5.0 (compatible; Barkrowler/0.9; +https://babbar.tech/crawler)"
217.113.194.180 - - [26/Oct/2025:13:32:11 +0000] "GET /tag/destacado/?fileloc=/var/www/vhosts/enlugo.es/httpdocs/wp-service.php&path=/var/www/vhosts/enlugo.es/httpdocs HTTP/1.0" 200 4335 "-" "Mozilla/5.0 (compatible; Barkrowler/0.9; +https://babbar.tech/crawler)"
69.197.149.50 - - [26/Oct/2025:13:30:52 +0000] "GET /wp-includes/pl54115b/edit.php?id=657332 HTTP/1.0" 200 2195 "https://enlugo.es/wp-includes/pl54115b/edit.php?id=657332" "Mozilla/5.0 (Windows NT 10.0; Win64; x64) AppleWebKit/537.36 (KHTML, like Gecko) Chrome/58.0.3029.110 Safari/537.3"
217.113.194.173 - - [26/Oct/2025:13:32:28 +0000] "GET /tag/destacado/?fileloc=/var/www/vhosts/enlugo.es/httpdocs/wp-page.php&path=/var/www/vhosts/enlugo.es/httpdocs HTTP/1.0" 200 4333 "-" "Mozilla/5.0 (compatible; Barkrowler/0.9; +https://babbar.tech/crawler)"
217.113.194.173 - - [26/Oct/2025:13:32:45 +0000] "GET /tag/destacado/?fileloc=/var/www/vhosts/enlugo.es/httpdocs/wp-date.php&path=/var/www/vhosts/enlugo.es/httpdocs HTTP/1.0" 200 4332 "-" "Mozilla/5.0 (compatible; Barkrowler/0.9; +https://babbar.tech/crawler)"
217.113.194.181 - - [26/Oct/2025:13:33:03 +0000] "GET /tag/destacado/?fileloc=/var/www/vhosts/enlugo.es/httpdocs/wp-info.php&path=/var/www/vhosts/enlugo.es/httpdocs HTTP/1.0" 200 4331 "-" "Mozilla/5.0 (compatible; Barkrowler/0.9; +https://babbar.tech/crawler)"
217.113.194.237 - - [26/Oct/2025:13:33:19 +0000] "GET /tag/destacado/?fileloc=/var/www/vhosts/enlugo.es/httpdocs/wp-data.php&path=/var/www/vhosts/enlugo.es/httpdocs HTTP/1.0" 200 4331 "-" "Mozilla/5.0 (compatible; Barkrowler/0.9; +https://babbar.tech/crawler)"
217.113.194.181 - - [26/Oct/2025:13:33:36 +0000] "GET /tag/destacado/?fileloc=/var/www/vhosts/enlugo.es/httpdocs/robots.txt&path=/var/www/vhosts/enlugo.es/httpdocs HTTP/1.0" 200 4407 "-" "Mozilla/5.0 (compatible; Barkrowler/0.9; +https://babbar.tech/crawler)"
217.113.194.174 - - [26/Oct/2025:13:33:52 +0000] "GET /tag/destacado/?fileloc=/var/www/vhosts/enlugo.es/httpdocs/license.txt&path=/var/www/vhosts/enlugo.es/httpdocs HTTP/1.0" 200 11621 "-" "Mozilla/5.0 (compatible; Barkrowler/0.9; +https://babbar.tech/crawler)"
69.197.149.50 - - [26/Oct/2025:13:32:36 +0000] "GET /wp-includes/pl54115b/edit.php?id=657332 HTTP/1.0" 200 2195 "https://enlugo.es/wp-includes/pl54115b/edit.php?id=657332" "Mozilla/5.0 (Windows NT 10.0; Win64; x64) AppleWebKit/537.36 (KHTML, like Gecko) Chrome/58.0.3029.110 Safari/537.3"
217.113.194.173 - - [26/Oct/2025:13:34:09 +0000] "GET /tag/destacado/?fileloc=/var/www/vhosts/enlugo.es/httpdocs/.htaccess&path=/var/www/vhosts/enlugo.es/httpdocs HTTP/1.0" 200 4831 "-" "Mozilla/5.0 (compatible; Barkrowler/0.9; +https://babbar.tech/crawler)"
217.113.194.174 - - [26/Oct/2025:13:34:26 +0000] "GET /tag/destacado/?fileloc=/var/www/vhosts/enlugo.es/httpdocs/defaults.php&path=/var/www/vhosts/enlugo.es/httpdocs HTTP/1.0" 200 5291 "-" "Mozilla/5.0 (compatible; Barkrowler/0.9; +https://babbar.tech/crawler)"
217.113.194.176 - - [26/Oct/2025:13:34:42 +0000] "GET /arde-lucus/?fileloc=/var/www/vhosts/enlugo.es/httpdocs/themes.php&path=/var/www/vhosts/enlugo.es/httpdocs HTTP/1.0" 200 4332 "-" "Mozilla/5.0 (compatible; Barkrowler/0.9; +https://babbar.tech/crawler)"
217.113.194.236 - - [26/Oct/2025:13:35:00 +0000] "GET /arde-lucus/?fileloc=/var/www/vhosts/enlugo.es/httpdocs/plugins.php&path=/var/www/vhosts/enlugo.es/httpdocs HTTP/1.0" 200 5313 "-" "Mozilla/5.0 (compatible; Barkrowler/0.9; +https://babbar.tech/crawler)"
217.113.194.173 - - [26/Oct/2025:13:35:18 +0000] "GET /arde-lucus/?fileloc=/var/www/vhosts/enlugo.es/httpdocs/options.php&path=/var/www/vhosts/enlugo.es/httpdocs HTTP/1.0" 200 5290 "-" "Mozilla/5.0 (compatible; Barkrowler/0.9; +https://babbar.tech/crawler)"
69.197.149.50 - - [26/Oct/2025:13:34:07 +0000] "GET /wp-includes/pl54115b/edit.php?id=657332 HTTP/1.0" 200 2195 "https://enlugo.es/wp-includes/pl54115b/edit.php?id=657332" "Mozilla/5.0 (Windows NT 10.0; Win64; x64) AppleWebKit/537.36 (KHTML, like Gecko) Chrome/58.0.3029.110 Safari/537.3"
217.113.194.172 - - [26/Oct/2025:13:35:34 +0000] "GET /arde-lucus/?fileloc=/var/www/vhosts/enlugo.es/httpdocs/.tmp&path=/var/www/vhosts/enlugo.es/httpdocs HTTP/1.0" 200 4327 "-" "Mozilla/5.0 (compatible; Barkrowler/0.9; +https://babbar.tech/crawler)"
63.141.249.210 - - [26/Oct/2025:13:35:46 +0000] "GET /wp-includes/pl54115b/edit.php HTTP/1.0" 200 2269 "https://enlugo.es/wp-includes/pl54115b/edit.php" "Mozilla/5.0 (Windows NT 10.0; Win64; x64) AppleWebKit/537.36 (KHTML, like Gecko) Chrome/58.0.3029.110 Safari/537.3"
217.113.194.178 - - [26/Oct/2025:13:35:52 +0000] "GET /arde-lucus/?fileloc=/var/www/vhosts/enlugo.es/httpdocs/wp-admin.php&path=/var/www/vhosts/enlugo.es/httpdocs HTTP/1.0" 200 4353 "-" "Mozilla/5.0 (compatible; Barkrowler/0.9; +https://babbar.tech/crawler)"
154.54.249.212 - - [26/Oct/2025:13:36:10 +0000] "GET /arde-lucus/?fileloc=/var/www/vhosts/enlugo.es/.imunify_patch_id&path=/var/www/vhosts/enlugo.es HTTP/1.0" 200 4413 "-" "Mozilla/5.0 (compatible; Barkrowler/0.9; +https://babbar.tech/crawler)"
217.113.194.181 - - [26/Oct/2025:13:36:28 +0000] "GET /arde-lucus/feed/?fileloc=/var/www/vhosts/enlugo.es/httpdocs/index.php&path=/var/www/vhosts/enlugo.es/httpdocs HTTP/1.0" 200 12158 "-" "Mozilla/5.0 (compatible; Barkrowler/0.9; +https://babbar.tech/crawler)"
217.113.194.175 - - [26/Oct/2025:13:36:47 +0000] "GET /comments/feed/?fileloc=/var/www/vhosts/enlugo.es/httpdocs/wp-image.php&path=/var/www/vhosts/enlugo.es/httpdocs HTTP/1.0" 200 4333 "-" "Mozilla/5.0 (compatible; Barkrowler/0.9; +https://babbar.tech/crawler)"
69.197.149.50 - - [26/Oct/2025:13:35:36 +0000] "GET /wp-includes/pl54115b/edit.php?id=657332 HTTP/1.0" 200 2195 "https://enlugo.es/wp-includes/pl54115b/edit.php?id=657332" "Mozilla/5.0 (Windows NT 10.0; Win64; x64) AppleWebKit/537.36 (KHTML, like Gecko) Chrome/58.0.3029.110 Safari/537.3"
217.113.194.175 - - [26/Oct/2025:13:37:04 +0000] "GET /comments/feed/?fileloc=/var/www/vhosts/enlugo.es/httpdocs/wp-textdomain.php&path=/var/www/vhosts/enlugo.es/httpdocs HTTP/1.0" 200 4336 "-" "Mozilla/5.0 (compatible; Barkrowler/0.9; +https://babbar.tech/crawler)"
217.113.194.179 - - [26/Oct/2025:13:37:21 +0000] "GET /comments/feed/?fileloc=/var/www/vhosts/enlugo.es/httpdocs/wp-log1n.php&path=/var/www/vhosts/enlugo.es/httpdocs HTTP/1.0" 200 5318 "-" "Mozilla/5.0 (compatible; Barkrowler/0.9; +https://babbar.tech/crawler)"
154.54.249.212 - - [26/Oct/2025:13:37:38 +0000] "GET /comments/feed/?fileloc=/var/www/vhosts/enlugo.es/httpdocs/wp-media.php&path=/var/www/vhosts/enlugo.es/httpdocs HTTP/1.0" 200 4332 "-" "Mozilla/5.0 (compatible; Barkrowler/0.9; +https://babbar.tech/crawler)"
217.113.194.237 - - [26/Oct/2025:13:37:55 +0000] "GET /comments/feed/?fileloc=/var/www/vhosts/enlugo.es/httpdocs/cache/profile.php&path=/var/www/vhosts/enlugo.es/httpdocs/cache HTTP/1.0" 200 6005 "-" "Mozilla/5.0 (compatible; Barkrowler/0.9; +https://babbar.tech/crawler)"
217.113.194.179 - - [26/Oct/2025:13:38:12 +0000] "GET /comments/feed/?fileloc=/var/www/vhosts/enlugo.es/httpdocs/wp-class-ajax.php&path=/var/www/vhosts/enlugo.es/httpdocs HTTP/1.0" 200 4336 "-" "Mozilla/5.0 (compatible; Barkrowler/0.9; +https://babbar.tech/crawler)"
217.113.194.173 - - [26/Oct/2025:13:38:29 +0000] "GET /comments/feed/?fileloc=/var/www/vhosts/enlugo.es/httpdocs/wp-class-source.php&path=/var/www/vhosts/enlugo.es/httpdocs HTTP/1.0" 200 4336 "-" "Mozilla/5.0 (compatible; Barkrowler/0.9; +https://babbar.tech/crawler)"
69.197.149.50 - - [26/Oct/2025:13:37:06 +0000] "GET /wp-includes/pl54115b/edit.php?id=657332 HTTP/1.0" 200 2195 "https://enlugo.es/wp-includes/pl54115b/edit.php?id=657332" "Mozilla/5.0 (Windows NT 10.0; Win64; x64) AppleWebKit/537.36 (KHTML, like Gecko) Chrome/58.0.3029.110 Safari/537.3"
217.113.194.237 - - [26/Oct/2025:13:38:46 +0000] "GET /comments/feed/?fileloc=/var/www/vhosts/enlugo.es/httpdocs/wp-class-comment.php&path=/var/www/vhosts/enlugo.es/httpdocs HTTP/1.0" 200 4337 "-" "Mozilla/5.0 (compatible; Barkrowler/0.9; +https://babbar.tech/crawler)"
217.113.194.179 - - [26/Oct/2025:13:39:03 +0000] "GET /comments/feed/?fileloc=/var/www/vhosts/enlugo.es/httpdocs/wp-class-type.php&path=/var/www/vhosts/enlugo.es/httpdocs HTTP/1.0" 200 4334 "-" "Mozilla/5.0 (compatible; Barkrowler/0.9; +https://babbar.tech/crawler)"
66.249.66.41 - - [26/Oct/2025:13:39:07 +0000] "GET /robots.txt HTTP/1.0" 200 2451 "-" "Mozilla/5.0 (compatible; Googlebot/2.1; +http://www.google.com/bot.html)"
217.113.194.173 - - [26/Oct/2025:13:39:20 +0000] "GET /comments/feed/?fileloc=/var/www/vhosts/enlugo.es/httpdocs/wp-class-category.php&path=/var/www/vhosts/enlugo.es/httpdocs HTTP/1.0" 200 4338 "-" "Mozilla/5.0 (compatible; Barkrowler/0.9; +https://babbar.tech/crawler)"
217.113.194.172 - - [26/Oct/2025:13:39:37 +0000] "GET /comments/feed/?fileloc=/var/www/vhosts/enlugo.es/httpdocs/wp-class-comments.php&path=/var/www/vhosts/enlugo.es/httpdocs HTTP/1.0" 200 4339 "-" "Mozilla/5.0 (compatible; Barkrowler/0.9; +https://babbar.tech/crawler)"
154.54.249.212 - - [26/Oct/2025:13:39:54 +0000] "GET /comments/feed/?fileloc=/var/www/vhosts/enlugo.es/httpdocs/wp-class-author.php&path=/var/www/vhosts/enlugo.es/httpdocs HTTP/1.0" 200 4336 "-" "Mozilla/5.0 (compatible; Barkrowler/0.9; +https://babbar.tech/crawler)"
69.197.149.50 - - [26/Oct/2025:13:38:43 +0000] "GET /wp-includes/pl54115b/edit.php?id=657332 HTTP/1.0" 200 2195 "https://enlugo.es/wp-includes/pl54115b/edit.php?id=657332" "Mozilla/5.0 (Windows NT 10.0; Win64; x64) AppleWebKit/537.36 (KHTML, like Gecko) Chrome/58.0.3029.110 Safari/537.3"
217.113.194.237 - - [26/Oct/2025:13:40:12 +0000] "GET /comments/feed/?fileloc=/var/www/vhosts/enlugo.es/httpdocs/wp-class-service.php&path=/var/www/vhosts/enlugo.es/httpdocs HTTP/1.0" 200 4338 "-" "Mozilla/5.0 (compatible; Barkrowler/0.9; +https://babbar.tech/crawler)"
217.113.194.175 - - [26/Oct/2025:13:40:28 +0000] "GET /comments/feed/?fileloc=/var/www/vhosts/enlugo.es/httpdocs/wp-class-data.php&path=/var/www/vhosts/enlugo.es/httpdocs HTTP/1.0" 200 4334 "-" "Mozilla/5.0 (compatible; Barkrowler/0.9; +https://babbar.tech/crawler)"
217.113.194.175 - - [26/Oct/2025:13:40:46 +0000] "GET /comments/feed/?fileloc=/var/www/vhosts/enlugo.es/httpdocs/wp-class-db.php&path=/var/www/vhosts/enlugo.es/httpdocs HTTP/1.0" 200 4334 "-" "Mozilla/5.0 (compatible; Barkrowler/0.9; +https://babbar.tech/crawler)"
217.113.194.178 - - [26/Oct/2025:13:41:03 +0000] "GET /comments/feed/?fileloc=/var/www/vhosts/enlugo.es/httpdocs/wp-class-feed.php&path=/var/www/vhosts/enlugo.es/httpdocs HTTP/1.0" 200 4335 "-" "Mozilla/5.0 (compatible; Barkrowler/0.9; +https://babbar.tech/crawler)"
66.249.66.41 - - [26/Oct/2025:13:41:11 +0000] "GET /robots.txt HTTP/1.0" 200 2451 "-" "Mozilla/5.0 (compatible; Googlebot/2.1; +http://www.google.com/bot.html)"
217.113.194.173 - - [26/Oct/2025:13:41:20 +0000] "GET /comments/feed/?fileloc=/var/www/vhosts/enlugo.es/httpdocs/wp-class-site.php&path=/var/www/vhosts/enlugo.es/httpdocs HTTP/1.0" 200 4335 "-" "Mozilla/5.0 (compatible; Barkrowler/0.9; +https://babbar.tech/crawler)"
154.54.249.212 - - [26/Oct/2025:13:41:37 +0000] "GET /comments/feed/?fileloc=/var/www/vhosts/enlugo.es/httpdocs/wp-class-link.php&path=/var/www/vhosts/enlugo.es/httpdocs HTTP/1.0" 200 4334 "-" "Mozilla/5.0 (compatible; Barkrowler/0.9; +https://babbar.tech/crawler)"
69.197.149.50 - - [26/Oct/2025:13:40:13 +0000] "GET /wp-includes/pl54115b/edit.php?id=657332 HTTP/1.0" 200 2195 "https://enlugo.es/wp-includes/pl54115b/edit.php?id=657332" "Mozilla/5.0 (Windows NT 10.0; Win64; x64) AppleWebKit/537.36 (KHTML, like Gecko) Chrome/58.0.3029.110 Safari/537.3"
217.113.194.172 - - [26/Oct/2025:13:41:54 +0000] "GET /comments/feed/?fileloc=/var/www/vhosts/enlugo.es/httpdocs/wp-class-menu.php&path=/var/www/vhosts/enlugo.es/httpdocs HTTP/1.0" 200 4335 "-" "Mozilla/5.0 (compatible; Barkrowler/0.9; +https://babbar.tech/crawler)"
217.113.194.177 - - [26/Oct/2025:13:42:11 +0000] "GET /comments/feed/?fileloc=/var/www/vhosts/enlugo.es/httpdocs/wp-class-user.php&path=/var/www/vhosts/enlugo.es/httpdocs HTTP/1.0" 200 4335 "-" "Mozilla/5.0 (compatible; Barkrowler/0.9; +https://babbar.tech/crawler)"
217.113.194.181 - - [26/Oct/2025:13:42:29 +0000] "GET /comments/feed/?fileloc=/var/www/vhosts/enlugo.es/httpdocs/wp-class-date.php&path=/var/www/vhosts/enlugo.es/httpdocs HTTP/1.0" 200 4334 "-" "Mozilla/5.0 (compatible; Barkrowler/0.9; +https://babbar.tech/crawler)"
217.113.194.177 - - [26/Oct/2025:13:42:46 +0000] "GET /comments/feed/?fileloc=/var/www/vhosts/enlugo.es/httpdocs/wp-class-info.php&path=/var/www/vhosts/enlugo.es/httpdocs HTTP/1.0" 200 4334 "-" "Mozilla/5.0 (compatible; Barkrowler/0.9; +https://babbar.tech/crawler)"
63.141.249.210 - - [26/Oct/2025:13:42:49 +0000] "GET /wp-includes/pl54115b/edit.php HTTP/1.0" 200 2269 "https://enlugo.es/wp-includes/pl54115b/edit.php" "Mozilla/5.0 (Windows NT 10.0; Win64; x64) AppleWebKit/537.36 (KHTML, like Gecko) Chrome/58.0.3029.110 Safari/537.3"
