20.171.207.160 - - [15/Oct/2025:15:07:13 +0000] "GET /pages.php?m52115080066 HTTP/1.0" 200 22453 "-" "Mozilla/5.0 AppleWebKit/537.36 (KHTML, like Gecko; compatible; GPTBot/1.2; +https://openai.com/gptbot)"
20.171.207.160 - - [15/Oct/2025:15:07:16 +0000] "GET /pages.php?m95846639338 HTTP/1.0" 200 22160 "-" "Mozilla/5.0 AppleWebKit/537.36 (KHTML, like Gecko; compatible; GPTBot/1.2; +https://openai.com/gptbot)"
20.171.207.160 - - [15/Oct/2025:15:07:19 +0000] "GET /pages.php?category/4405/1 HTTP/1.0" 200 23845 "-" "Mozilla/5.0 AppleWebKit/537.36 (KHTML, like Gecko; compatible; GPTBot/1.2; +https://openai.com/gptbot)"
20.171.207.160 - - [15/Oct/2025:15:07:22 +0000] "GET /pages.php?q-~60QsbWcue1Dz4mxL3VueAqQuHfJAbnsN8285/ HTTP/1.0" 200 22057 "-" "Mozilla/5.0 AppleWebKit/537.36 (KHTML, like Gecko; compatible; GPTBot/1.2; +https://openai.com/gptbot)"
20.171.207.160 - - [15/Oct/2025:15:07:25 +0000] "GET /pages.php?q-~54LdpyoyFi8vJJlNCCeO1CtaaO3Lwk6p847/ HTTP/1.0" 200 23199 "-" "Mozilla/5.0 AppleWebKit/537.36 (KHTML, like Gecko; compatible; GPTBot/1.2; +https://openai.com/gptbot)"
20.171.207.160 - - [15/Oct/2025:15:07:28 +0000] "GET /pages.php?m91354334738 HTTP/1.0" 200 22783 "-" "Mozilla/5.0 AppleWebKit/537.36 (KHTML, like Gecko; compatible; GPTBot/1.2; +https://openai.com/gptbot)"
20.171.207.160 - - [15/Oct/2025:15:07:32 +0000] "GET /pages.php?q-~15NTGIkM9IFqSdf8aN7qgRev91k8C9Cg266/ HTTP/1.0" 200 22510 "-" "Mozilla/5.0 AppleWebKit/537.36 (KHTML, like Gecko; compatible; GPTBot/1.2; +https://openai.com/gptbot)"
20.171.207.160 - - [15/Oct/2025:15:07:35 +0000] "GET /pages.php?q-~85ni5j87wXp4EjnqRlygYj4OmJikwEGo68/ HTTP/1.0" 200 22485 "-" "Mozilla/5.0 AppleWebKit/537.36 (KHTML, like Gecko; compatible; GPTBot/1.2; +https://openai.com/gptbot)"
20.171.207.160 - - [15/Oct/2025:15:07:38 +0000] "GET /pages.php?m72520802079 HTTP/1.0" 200 23413 "-" "Mozilla/5.0 AppleWebKit/537.36 (KHTML, like Gecko; compatible; GPTBot/1.2; +https://openai.com/gptbot)"
20.171.207.160 - - [15/Oct/2025:15:07:41 +0000] "GET /pages.php?q-~19RJQtUhfiYAEr5AW3p3szL4mcCyZY3s802/ HTTP/1.0" 200 22131 "-" "Mozilla/5.0 AppleWebKit/537.36 (KHTML, like Gecko; compatible; GPTBot/1.2; +https://openai.com/gptbot)"
20.171.207.160 - - [15/Oct/2025:15:07:44 +0000] "GET /pages.php?SONW0733D-234613EW16892 HTTP/1.0" 200 23663 "-" "Mozilla/5.0 AppleWebKit/537.36 (KHTML, like Gecko; compatible; GPTBot/1.2; +https://openai.com/gptbot)"
20.171.207.160 - - [15/Oct/2025:15:07:47 +0000] "GET /pages.php?58402157 HTTP/1.0" 200 22471 "-" "Mozilla/5.0 AppleWebKit/537.36 (KHTML, like Gecko; compatible; GPTBot/1.2; +https://openai.com/gptbot)"
20.171.207.160 - - [15/Oct/2025:15:07:50 +0000] "GET /pages.php?m16568576400 HTTP/1.0" 200 23361 "-" "Mozilla/5.0 AppleWebKit/537.36 (KHTML, like Gecko; compatible; GPTBot/1.2; +https://openai.com/gptbot)"
20.171.207.160 - - [15/Oct/2025:15:07:54 +0000] "GET /pages.php?SBYC2026DJO4405EW017731 HTTP/1.0" 200 22202 "-" "Mozilla/5.0 AppleWebKit/537.36 (KHTML, like Gecko; compatible; GPTBot/1.2; +https://openai.com/gptbot)"
20.171.207.160 - - [15/Oct/2025:15:07:57 +0000] "GET /pages.php?q-~92BPLWEOeihl7FDZJpjMytr7CqmSjjna1999/ HTTP/1.0" 200 22293 "-" "Mozilla/5.0 AppleWebKit/537.36 (KHTML, like Gecko; compatible; GPTBot/1.2; +https://openai.com/gptbot)"
20.171.207.160 - - [15/Oct/2025:15:08:00 +0000] "GET /pages.php?89824506 HTTP/1.0" 200 22925 "-" "Mozilla/5.0 AppleWebKit/537.36 (KHTML, like Gecko; compatible; GPTBot/1.2; +https://openai.com/gptbot)"
20.171.207.160 - - [15/Oct/2025:15:08:03 +0000] "GET /pages.php?q-~1ZKSeIlyy6sDv5ibhV7qW07Hy7dnHXQ486/ HTTP/1.0" 200 23213 "-" "Mozilla/5.0 AppleWebKit/537.36 (KHTML, like Gecko; compatible; GPTBot/1.2; +https://openai.com/gptbot)"
20.171.207.160 - - [15/Oct/2025:15:08:06 +0000] "GET /pages.php?m33502938199 HTTP/1.0" 200 22233 "-" "Mozilla/5.0 AppleWebKit/537.36 (KHTML, like Gecko; compatible; GPTBot/1.2; +https://openai.com/gptbot)"
20.171.207.160 - - [15/Oct/2025:15:08:09 +0000] "GET /pages.php?m25532988212 HTTP/1.0" 200 22186 "-" "Mozilla/5.0 AppleWebKit/537.36 (KHTML, like Gecko; compatible; GPTBot/1.2; +https://openai.com/gptbot)"
66.249.74.137 - - [15/Oct/2025:15:08:10 +0000] "GET /wealth184045224 HTTP/1.0" 200 26500 "-" "Mozilla/5.0 (Linux; Android 6.0.1; Nexus 5X Build/MMB29P) AppleWebKit/537.36 (KHTML, like Gecko) Chrome/140.0.7339.207 Mobile Safari/537.36 (compatible; Googlebot/2.1; +http://www.google.com/bot.html)"
66.249.74.136 - - [15/Oct/2025:15:08:11 +0000] "GET /?fileloc=/var/www/vhosts/enlugo.es/httpdocs/wp-admin/css/colors/blue/colors.min.css&path=/var/www/vhosts/enlugo.es/httpdocs/wp-admin/css/colors/blue HTTP/1.0" 200 22326 "-" "Mozilla/5.0 (Linux; Android 6.0.1; Nexus 5X Build/MMB29P) AppleWebKit/537.36 (KHTML, like Gecko) Chrome/140.0.7339.207 Mobile Safari/537.36 (compatible; Googlebot/2.1; +http://www.google.com/bot.html)"
20.171.207.160 - - [15/Oct/2025:15:08:12 +0000] "GET /pages.php?m93502204003 HTTP/1.0" 200 23413 "-" "Mozilla/5.0 AppleWebKit/537.36 (KHTML, like Gecko; compatible; GPTBot/1.2; +https://openai.com/gptbot)"
66.249.74.136 - - [15/Oct/2025:15:08:15 +0000] "GET /?fileloc=/var/www/vhosts/enlugo.es/httpdocs/images/wp-factory.php&path=/var/www/vhosts/enlugo.es/httpdocs/images HTTP/1.0" 200 23154 "-" "Mozilla/5.0 (Linux; Android 6.0.1; Nexus 5X Build/MMB29P) AppleWebKit/537.36 (KHTML, like Gecko) Chrome/140.0.7339.207 Mobile Safari/537.36 (compatible; Googlebot/2.1; +http://www.google.com/bot.html)"
20.171.207.160 - - [15/Oct/2025:15:08:16 +0000] "GET /pages.php?m90601800952 HTTP/1.0" 200 22623 "-" "Mozilla/5.0 AppleWebKit/537.36 (KHTML, like Gecko; compatible; GPTBot/1.2; +https://openai.com/gptbot)"
66.249.74.136 - - [15/Oct/2025:15:08:17 +0000] "GET /?i=2449742438785&channel=135e58&from=http://enlugo.es/super.html?chill288008842 HTTP/1.0" 200 21972 "-" "Mozilla/5.0 (Linux; Android 6.0.1; Nexus 5X Build/MMB29P) AppleWebKit/537.36 (KHTML, like Gecko) Chrome/140.0.7339.207 Mobile Safari/537.36 (compatible; Googlebot/2.1; +http://www.google.com/bot.html)"
66.249.74.136 - - [15/Oct/2025:15:08:18 +0000] "GET /?fileloc=/var/www/vhosts/enlugo.es/httpdocs/wp-content/cache/object/c00/547/c005474a537c11e29ae5c2dd62892025.php&path=/var/www/vhosts/enlugo.es/httpdocs/wp-content/cache/object/c00/547 HTTP/1.0" 200 21716 "-" "Mozilla/5.0 (Linux; Android 6.0.1; Nexus 5X Build/MMB29P) AppleWebKit/537.36 (KHTML, like Gecko) Chrome/140.0.7339.207 Mobile Safari/537.36 (compatible; Googlebot/2.1; +http://www.google.com/bot.html)"
20.171.207.160 - - [15/Oct/2025:15:08:19 +0000] "GET /pages.php?q-~43sQMESC8wVwODJzyHdEx5wBlicEXXbH326/ HTTP/1.0" 200 21997 "-" "Mozilla/5.0 AppleWebKit/537.36 (KHTML, like Gecko; compatible; GPTBot/1.2; +https://openai.com/gptbot)"
66.249.74.136 - - [15/Oct/2025:15:08:20 +0000] "GET /ideal073049357 HTTP/1.0" 200 21752 "-" "Mozilla/5.0 (Linux; Android 6.0.1; Nexus 5X Build/MMB29P) AppleWebKit/537.36 (KHTML, like Gecko) Chrome/140.0.7339.207 Mobile Safari/537.36 (compatible; Googlebot/2.1; +http://www.google.com/bot.html)"
66.249.74.136 - - [15/Oct/2025:15:08:22 +0000] "GET /elephant016008750 HTTP/1.0" 200 21349 "-" "Mozilla/5.0 (Linux; Android 6.0.1; Nexus 5X Build/MMB29P) AppleWebKit/537.36 (KHTML, like Gecko) Chrome/140.0.7339.207 Mobile Safari/537.36 (compatible; Googlebot/2.1; +http://www.google.com/bot.html)"
20.171.207.160 - - [15/Oct/2025:15:08:22 +0000] "GET /pages.php?m48317878434 HTTP/1.0" 200 22617 "-" "Mozilla/5.0 AppleWebKit/537.36 (KHTML, like Gecko; compatible; GPTBot/1.2; +https://openai.com/gptbot)"
20.171.207.160 - - [15/Oct/2025:15:08:25 +0000] "GET /pages.php?m48626671600 HTTP/1.0" 200 22228 "-" "Mozilla/5.0 AppleWebKit/537.36 (KHTML, like Gecko; compatible; GPTBot/1.2; +https://openai.com/gptbot)"
20.171.207.160 - - [15/Oct/2025:15:08:28 +0000] "GET /pages.php?m36696540536 HTTP/1.0" 200 23184 "-" "Mozilla/5.0 AppleWebKit/537.36 (KHTML, like Gecko; compatible; GPTBot/1.2; +https://openai.com/gptbot)"
20.171.207.160 - - [15/Oct/2025:15:08:32 +0000] "GET /pages.php?q-~63lEICMoiTQ2OUB27MlUbsG7WpbGrjhS6064/ HTTP/1.0" 200 23213 "-" "Mozilla/5.0 AppleWebKit/537.36 (KHTML, like Gecko; compatible; GPTBot/1.2; +https://openai.com/gptbot)"
20.171.207.160 - - [15/Oct/2025:15:08:35 +0000] "GET /pages.php?SCAN1964DT05150EW027648 HTTP/1.0" 200 24311 "-" "Mozilla/5.0 AppleWebKit/537.36 (KHTML, like Gecko; compatible; GPTBot/1.2; +https://openai.com/gptbot)"
20.171.207.160 - - [15/Oct/2025:15:08:38 +0000] "GET /pages.php?q-~108LhWAIMYS7hEnMopkyCx7hHiMHkYPBu929/ HTTP/1.0" 200 22889 "-" "Mozilla/5.0 AppleWebKit/537.36 (KHTML, like Gecko; compatible; GPTBot/1.2; +https://openai.com/gptbot)"
20.171.207.160 - - [15/Oct/2025:15:08:41 +0000] "GET /pages.php?m22641902650 HTTP/1.0" 200 21793 "-" "Mozilla/5.0 AppleWebKit/537.36 (KHTML, like Gecko; compatible; GPTBot/1.2; +https://openai.com/gptbot)"
20.171.207.160 - - [15/Oct/2025:15:08:44 +0000] "GET /pages.php?edenki-ed561395 HTTP/1.0" 200 22039 "-" "Mozilla/5.0 AppleWebKit/537.36 (KHTML, like Gecko; compatible; GPTBot/1.2; +https://openai.com/gptbot)"
20.171.207.160 - - [15/Oct/2025:15:08:47 +0000] "GET /pages.php?m18630001783 HTTP/1.0" 200 22190 "-" "Mozilla/5.0 AppleWebKit/537.36 (KHTML, like Gecko; compatible; GPTBot/1.2; +https://openai.com/gptbot)"
20.171.207.160 - - [15/Oct/2025:15:08:50 +0000] "GET /pages.php?68883854 HTTP/1.0" 200 21792 "-" "Mozilla/5.0 AppleWebKit/537.36 (KHTML, like Gecko; compatible; GPTBot/1.2; +https://openai.com/gptbot)"
20.171.207.160 - - [15/Oct/2025:15:08:53 +0000] "GET /pages.php?q-~5HTj1aR2F6dk3PlHtQQEKTrbRO8wIJE472/ HTTP/1.0" 200 24215 "-" "Mozilla/5.0 AppleWebKit/537.36 (KHTML, like Gecko; compatible; GPTBot/1.2; +https://openai.com/gptbot)"
20.171.207.160 - - [15/Oct/2025:15:08:56 +0000] "GET /pages.php?84638257 HTTP/1.0" 200 21941 "-" "Mozilla/5.0 AppleWebKit/537.36 (KHTML, like Gecko; compatible; GPTBot/1.2; +https://openai.com/gptbot)"
20.171.207.160 - - [15/Oct/2025:15:09:00 +0000] "GET /pages.php?items/289015141.html?srsltid=AfmBOookrimSnZxTGqjkhyQWGxXoOAmvJmYdKWjOTS5EFslbwvGN HTTP/1.0" 200 23748 "-" "Mozilla/5.0 AppleWebKit/537.36 (KHTML, like Gecko; compatible; GPTBot/1.2; +https://openai.com/gptbot)"
20.171.207.160 - - [15/Oct/2025:15:09:03 +0000] "GET /pages.php?q-~140lqUEaPQibHRsstLYl7fPVfsg2wDLmM46661/ HTTP/1.0" 200 22119 "-" "Mozilla/5.0 AppleWebKit/537.36 (KHTML, like Gecko; compatible; GPTBot/1.2; +https://openai.com/gptbot)"
20.171.207.160 - - [15/Oct/2025:15:09:06 +0000] "GET /pages.php?sakan8man-trus-8581946 HTTP/1.0" 200 23025 "-" "Mozilla/5.0 AppleWebKit/537.36 (KHTML, like Gecko; compatible; GPTBot/1.2; +https://openai.com/gptbot)"
40.77.167.48 - - [15/Oct/2025:15:09:08 +0000] "GET /?fileloc=/var/www/vhosts/enlugo.es/httpdocs/wp-protection.php&path=/var/www/vhosts/enlugo.es/httpdocs HTTP/1.0" 200 2276 "-" "Mozilla/5.0 AppleWebKit/537.36 (KHTML, like Gecko; compatible; bingbot/2.0; +http://www.bing.com/bingbot.htm) Chrome/116.0.1938.76 Safari/537.36"
20.171.207.160 - - [15/Oct/2025:15:09:09 +0000] "GET /pages.php?grams-shop-mogezgo32q7zuzjfxjj3eyr2gq-gra-1 HTTP/1.0" 200 23797 "-" "Mozilla/5.0 AppleWebKit/537.36 (KHTML, like Gecko; compatible; GPTBot/1.2; +https://openai.com/gptbot)"
66.249.74.128 - - [15/Oct/2025:15:09:09 +0000] "GET /m92538249611 HTTP/1.0" 200 27746 "-" "Mozilla/5.0 (Linux; Android 6.0.1; Nexus 5X Build/MMB29P) AppleWebKit/537.36 (KHTML, like Gecko) Chrome/140.0.7339.207 Mobile Safari/537.36 (compatible; Googlebot/2.1; +http://www.google.com/bot.html)"
20.171.207.160 - - [15/Oct/2025:15:09:12 +0000] "GET /pages.php?68915955 HTTP/1.0" 200 22236 "-" "Mozilla/5.0 AppleWebKit/537.36 (KHTML, like Gecko; compatible; GPTBot/1.2; +https://openai.com/gptbot)"
66.249.74.137 - - [15/Oct/2025:15:09:12 +0000] "GET /arde-lucus-2015/?fileloc=/var/www/vhosts/enlugo.es/httpdocs/wp-class-schema.php&path=/var/www/vhosts/enlugo.es/httpdocs HTTP/1.0" 200 26908 "-" "Mozilla/5.0 (Linux; Android 6.0.1; Nexus 5X Build/MMB29P) AppleWebKit/537.36 (KHTML, like Gecko) Chrome/140.0.7339.207 Mobile Safari/537.36 (compatible; Googlebot/2.1; +http://www.google.com/bot.html)"
20.171.207.160 - - [15/Oct/2025:15:09:15 +0000] "GET /pages.php?grams-shop-ntcynjg2nd636-imp-1 HTTP/1.0" 200 21892 "-" "Mozilla/5.0 AppleWebKit/537.36 (KHTML, like Gecko; compatible; GPTBot/1.2; +https://openai.com/gptbot)"
20.171.207.160 - - [15/Oct/2025:15:09:18 +0000] "GET /pages.php?q-~8rUzdWdXgoBR5N5vxOn0ptTijWydRHV20469/ HTTP/1.0" 200 21594 "-" "Mozilla/5.0 AppleWebKit/537.36 (KHTML, like Gecko; compatible; GPTBot/1.2; +https://openai.com/gptbot)"
20.171.207.160 - - [15/Oct/2025:15:09:22 +0000] "GET /pages.php?category/13047/1 HTTP/1.0" 200 21855 "-" "Mozilla/5.0 AppleWebKit/537.36 (KHTML, like Gecko; compatible; GPTBot/1.2; +https://openai.com/gptbot)"
20.171.207.160 - - [15/Oct/2025:15:09:25 +0000] "GET /pages.php?q-~62shXLmISf5QCvYY0GtRkhs7aUHE4UPM419/ HTTP/1.0" 200 21932 "-" "Mozilla/5.0 AppleWebKit/537.36 (KHTML, like Gecko; compatible; GPTBot/1.2; +https://openai.com/gptbot)"
20.171.207.160 - - [15/Oct/2025:15:09:28 +0000] "GET /pages.php?waratoku-booshop-z-conc2309041 HTTP/1.0" 200 22017 "-" "Mozilla/5.0 AppleWebKit/537.36 (KHTML, like Gecko; compatible; GPTBot/1.2; +https://openai.com/gptbot)"
20.171.207.160 - - [15/Oct/2025:15:09:31 +0000] "GET /pages.php?first34-ebm-1078100 HTTP/1.0" 200 22422 "-" "Mozilla/5.0 AppleWebKit/537.36 (KHTML, like Gecko; compatible; GPTBot/1.2; +https://openai.com/gptbot)"
20.171.207.160 - - [15/Oct/2025:15:09:34 +0000] "GET /pages.php?category/6285/1 HTTP/1.0" 200 23434 "-" "Mozilla/5.0 AppleWebKit/537.36 (KHTML, like Gecko; compatible; GPTBot/1.2; +https://openai.com/gptbot)"
20.171.207.160 - - [15/Oct/2025:15:09:37 +0000] "GET /pages.php?SJNR1715D-JO6847EW000746 HTTP/1.0" 200 22159 "-" "Mozilla/5.0 AppleWebKit/537.36 (KHTML, like Gecko; compatible; GPTBot/1.2; +https://openai.com/gptbot)"
47.128.124.162 - - [15/Oct/2025:15:09:37 +0000] "GET /effective-impotence-medication-for-improved-sexual-health/?fileloc=%2Fvar%2Fwww%2Fvhosts%2Fenlugo.es%2Fhttpdocs%2Fwp-class-metadata.php&path=%2Fvar%2Fwww%2Fvhosts%2Fenlugo.es%2Fhttpdocs HTTP/1.0" 200 7901 "-" "Mozilla/5.0 (Linux; Android 5.0) AppleWebKit/537.36 (KHTML, like Gecko) Mobile Safari/537.36 (compatible; Bytespider; spider-feedback@bytedance.com)"
20.171.207.160 - - [15/Oct/2025:15:09:40 +0000] "GET /pages.php?cocodecow-rc2018 HTTP/1.0" 200 22616 "-" "Mozilla/5.0 AppleWebKit/537.36 (KHTML, like Gecko; compatible; GPTBot/1.2; +https://openai.com/gptbot)"
20.171.207.160 - - [15/Oct/2025:15:09:43 +0000] "GET /pages.php?q-~42UR43VKGP5pwlFV9QRQtJSRnL4yoPNP73/ HTTP/1.0" 200 22334 "-" "Mozilla/5.0 AppleWebKit/537.36 (KHTML, like Gecko; compatible; GPTBot/1.2; +https://openai.com/gptbot)"
20.171.207.160 - - [15/Oct/2025:15:09:46 +0000] "GET /pages.php?q-~49XEFIfMOv79gFEmtiIZwuBUr5W60HdJ166/ HTTP/1.0" 200 23063 "-" "Mozilla/5.0 AppleWebKit/537.36 (KHTML, like Gecko; compatible; GPTBot/1.2; +https://openai.com/gptbot)"
20.171.207.160 - - [15/Oct/2025:15:09:50 +0000] "GET /pages.php?q-~211FTAbhkktQ8At9efUWHgZECv4mUwCCe650/ HTTP/1.0" 200 22582 "-" "Mozilla/5.0 AppleWebKit/537.36 (KHTML, like Gecko; compatible; GPTBot/1.2; +https://openai.com/gptbot)"
20.171.207.160 - - [15/Oct/2025:15:09:53 +0000] "GET /pages.php?q-~46cN8UfbbOX5O2FLTCGNC27fOfRBiHlP837/ HTTP/1.0" 200 23198 "-" "Mozilla/5.0 AppleWebKit/537.36 (KHTML, like Gecko; compatible; GPTBot/1.2; +https://openai.com/gptbot)"
20.171.207.160 - - [15/Oct/2025:15:09:56 +0000] "GET /pages.php?q-~271mhkUzS1lFZ81ndXFbCFsnYt8nYKWZn890/ HTTP/1.0" 200 22115 "-" "Mozilla/5.0 AppleWebKit/537.36 (KHTML, like Gecko; compatible; GPTBot/1.2; +https://openai.com/gptbot)"
20.171.207.160 - - [15/Oct/2025:15:09:59 +0000] "GET /pages.php?q-~29TNtKyzaevfQHWMYfkm5Jpg7235zscl228/ HTTP/1.0" 200 21701 "-" "Mozilla/5.0 AppleWebKit/537.36 (KHTML, like Gecko; compatible; GPTBot/1.2; +https://openai.com/gptbot)"
20.171.207.160 - - [15/Oct/2025:15:10:02 +0000] "GET /pages.php?m86288215865 HTTP/1.0" 200 22974 "-" "Mozilla/5.0 AppleWebKit/537.36 (KHTML, like Gecko; compatible; GPTBot/1.2; +https://openai.com/gptbot)"
20.171.207.160 - - [15/Oct/2025:15:10:06 +0000] "GET /pages.php?m17314955458 HTTP/1.0" 200 22476 "-" "Mozilla/5.0 AppleWebKit/537.36 (KHTML, like Gecko; compatible; GPTBot/1.2; +https://openai.com/gptbot)"
20.171.207.160 - - [15/Oct/2025:15:10:09 +0000] "GET /pages.php?category/565_3677/1 HTTP/1.0" 200 22372 "-" "Mozilla/5.0 AppleWebKit/537.36 (KHTML, like Gecko; compatible; GPTBot/1.2; +https://openai.com/gptbot)"
20.171.207.160 - - [15/Oct/2025:15:10:12 +0000] "GET /pages.php?q-~187ql6nwePUzGjrSwoH6IEH5ulOBGCKtU24222/ HTTP/1.0" 200 23455 "-" "Mozilla/5.0 AppleWebKit/537.36 (KHTML, like Gecko; compatible; GPTBot/1.2; +https://openai.com/gptbot)"
20.171.207.160 - - [15/Oct/2025:15:10:15 +0000] "GET /pages.php?m67271941647 HTTP/1.0" 200 24485 "-" "Mozilla/5.0 AppleWebKit/537.36 (KHTML, like Gecko; compatible; GPTBot/1.2; +https://openai.com/gptbot)"
20.171.207.160 - - [15/Oct/2025:15:10:18 +0000] "GET /pages.php?q-~212UGK5w6NheDCpp5W5gYxEn8byRXf6Jm48317/ HTTP/1.0" 200 21807 "-" "Mozilla/5.0 AppleWebKit/537.36 (KHTML, like Gecko; compatible; GPTBot/1.2; +https://openai.com/gptbot)"
20.171.207.160 - - [15/Oct/2025:15:10:21 +0000] "GET /pages.php?m37036100166 HTTP/1.0" 200 22149 "-" "Mozilla/5.0 AppleWebKit/537.36 (KHTML, like Gecko; compatible; GPTBot/1.2; +https://openai.com/gptbot)"
20.171.207.160 - - [15/Oct/2025:15:10:25 +0000] "GET /pages.php?m50357279093 HTTP/1.0" 200 23544 "-" "Mozilla/5.0 AppleWebKit/537.36 (KHTML, like Gecko; compatible; GPTBot/1.2; +https://openai.com/gptbot)"
20.171.207.160 - - [15/Oct/2025:15:10:28 +0000] "GET /pages.php?q-~49s3NunTAWvh4WPjtjmC8JdEkiqAj9FF774/ HTTP/1.0" 200 22523 "-" "Mozilla/5.0 AppleWebKit/537.36 (KHTML, like Gecko; compatible; GPTBot/1.2; +https://openai.com/gptbot)"
20.171.207.160 - - [15/Oct/2025:15:10:31 +0000] "GET /pages.php?q-~243NsMkzd8vWfENvii3bu9Eujda8mYJLm43744/ HTTP/1.0" 200 22701 "-" "Mozilla/5.0 AppleWebKit/537.36 (KHTML, like Gecko; compatible; GPTBot/1.2; +https://openai.com/gptbot)"
20.171.207.160 - - [15/Oct/2025:15:10:34 +0000] "GET /pages.php?58926498 HTTP/1.0" 200 22459 "-" "Mozilla/5.0 AppleWebKit/537.36 (KHTML, like Gecko; compatible; GPTBot/1.2; +https://openai.com/gptbot)"
20.171.207.160 - - [15/Oct/2025:15:10:37 +0000] "GET /pages.php?first23-trusco-6951577 HTTP/1.0" 200 22112 "-" "Mozilla/5.0 AppleWebKit/537.36 (KHTML, like Gecko; compatible; GPTBot/1.2; +https://openai.com/gptbot)"
20.171.207.160 - - [15/Oct/2025:15:10:41 +0000] "GET /pages.php?trackshop-nakano-10002571 HTTP/1.0" 200 22606 "-" "Mozilla/5.0 AppleWebKit/537.36 (KHTML, like Gecko; compatible; GPTBot/1.2; +https://openai.com/gptbot)"
20.171.207.160 - - [15/Oct/2025:15:10:44 +0000] "GET /pages.php?q-~84SXdbY0v2BlKhozOJ1YoChJmTrR7prI911/ HTTP/1.0" 200 23625 "-" "Mozilla/5.0 AppleWebKit/537.36 (KHTML, like Gecko; compatible; GPTBot/1.2; +https://openai.com/gptbot)"
66.249.74.136 - - [15/Oct/2025:15:10:46 +0000] "GET /?fileloc=/var/www/vhosts/enlugo.es/httpdocs/wp-admin/css/revisions.min.css&path=/var/www/vhosts/enlugo.es/httpdocs/wp-admin/css HTTP/1.0" 200 21600 "-" "Mozilla/5.0 (Linux; Android 6.0.1; Nexus 5X Build/MMB29P) AppleWebKit/537.36 (KHTML, like Gecko) Chrome/140.0.7339.207 Mobile Safari/537.36 (compatible; Googlebot/2.1; +http://www.google.com/bot.html)"
20.171.207.160 - - [15/Oct/2025:15:10:47 +0000] "GET /pages.php?category/5569/1 HTTP/1.0" 200 22585 "-" "Mozilla/5.0 AppleWebKit/537.36 (KHTML, like Gecko; compatible; GPTBot/1.2; +https://openai.com/gptbot)"
20.171.207.160 - - [15/Oct/2025:15:10:50 +0000] "GET /pages.php?q-~133SyQ7fUfumvVojTy7y7vl9EMWDNWZZI10444/ HTTP/1.0" 200 21905 "-" "Mozilla/5.0 AppleWebKit/537.36 (KHTML, like Gecko; compatible; GPTBot/1.2; +https://openai.com/gptbot)"
20.171.207.160 - - [15/Oct/2025:15:10:53 +0000] "GET /pages.php?q-~139Q2iBksA3AYed8HLM2Ca6bSwGu3HcCa26922/ HTTP/1.0" 200 22005 "-" "Mozilla/5.0 AppleWebKit/537.36 (KHTML, like Gecko; compatible; GPTBot/1.2; +https://openai.com/gptbot)"
20.171.207.160 - - [15/Oct/2025:15:10:56 +0000] "GET /pages.php?q-~65tG0YQVhSj8upNTQwFoAXfjTWbJiePm4644/ HTTP/1.0" 200 22588 "-" "Mozilla/5.0 AppleWebKit/537.36 (KHTML, like Gecko; compatible; GPTBot/1.2; +https://openai.com/gptbot)"
20.171.207.160 - - [15/Oct/2025:15:10:59 +0000] "GET /pages.php?1123628053 HTTP/1.0" 200 22016 "-" "Mozilla/5.0 AppleWebKit/537.36 (KHTML, like Gecko; compatible; GPTBot/1.2; +https://openai.com/gptbot)"
20.171.207.160 - - [15/Oct/2025:15:11:03 +0000] "GET /pages.php?q-~6fvCLeOavwMntU2Zh4sBSzfaRa6ZQkW5159/ HTTP/1.0" 200 23087 "-" "Mozilla/5.0 AppleWebKit/537.36 (KHTML, like Gecko; compatible; GPTBot/1.2; +https://openai.com/gptbot)"
20.171.207.160 - - [15/Oct/2025:15:11:06 +0000] "GET /pages.php?q-~93IsacKdO4S5DA1KwNFIx6yMtx6b86IX44378/ HTTP/1.0" 200 21969 "-" "Mozilla/5.0 AppleWebKit/537.36 (KHTML, like Gecko; compatible; GPTBot/1.2; +https://openai.com/gptbot)"
20.171.207.160 - - [15/Oct/2025:15:11:09 +0000] "GET /pages.php?q-~92wpkaaRXnEjvloKTFV4gK05L6GNQM2O161/ HTTP/1.0" 200 22176 "-" "Mozilla/5.0 AppleWebKit/537.36 (KHTML, like Gecko; compatible; GPTBot/1.2; +https://openai.com/gptbot)"
20.171.207.160 - - [15/Oct/2025:15:11:12 +0000] "GET /pages.php?m91668850886 HTTP/1.0" 200 22019 "-" "Mozilla/5.0 AppleWebKit/537.36 (KHTML, like Gecko; compatible; GPTBot/1.2; +https://openai.com/gptbot)"
20.171.207.160 - - [15/Oct/2025:15:11:18 +0000] "GET /pages.php?m79740900113 HTTP/1.0" 200 22851 "-" "Mozilla/5.0 AppleWebKit/537.36 (KHTML, like Gecko; compatible; GPTBot/1.2; +https://openai.com/gptbot)"
20.171.207.160 - - [15/Oct/2025:15:11:21 +0000] "GET /pages.php?nuvem-20250118034134_189 HTTP/1.0" 200 22788 "-" "Mozilla/5.0 AppleWebKit/537.36 (KHTML, like Gecko; compatible; GPTBot/1.2; +https://openai.com/gptbot)"
20.171.207.160 - - [15/Oct/2025:15:11:24 +0000] "GET /pages.php?m91330108751 HTTP/1.0" 200 22399 "-" "Mozilla/5.0 AppleWebKit/537.36 (KHTML, like Gecko; compatible; GPTBot/1.2; +https://openai.com/gptbot)"
20.171.207.160 - - [15/Oct/2025:15:11:31 +0000] "GET /pages.php?m72747095293 HTTP/1.0" 200 22367 "-" "Mozilla/5.0 AppleWebKit/537.36 (KHTML, like Gecko; compatible; GPTBot/1.2; +https://openai.com/gptbot)"
66.249.74.136 - - [15/Oct/2025:15:11:33 +0000] "GET /m20256436458 HTTP/1.0" 200 22842 "-" "Mozilla/5.0 (Linux; Android 6.0.1; Nexus 5X Build/MMB29P) AppleWebKit/537.36 (KHTML, like Gecko) Chrome/140.0.7339.207 Mobile Safari/537.36 (compatible; Googlebot/2.1; +http://www.google.com/bot.html)"
20.171.207.160 - - [15/Oct/2025:15:11:34 +0000] "GET /pages.php?m36700733496 HTTP/1.0" 200 21889 "-" "Mozilla/5.0 AppleWebKit/537.36 (KHTML, like Gecko; compatible; GPTBot/1.2; +https://openai.com/gptbot)"
66.249.74.136 - - [15/Oct/2025:15:11:35 +0000] "GET /hoteles/?fileloc=/var/www/vhosts/enlugo.es/httpdocs/wp-cache.php&path=/var/www/vhosts/enlugo.es/httpdocs HTTP/1.0" 200 22776 "-" "Mozilla/5.0 (Linux; Android 6.0.1; Nexus 5X Build/MMB29P) AppleWebKit/537.36 (KHTML, like Gecko) Chrome/140.0.7339.207 Mobile Safari/537.36 (compatible; Googlebot/2.1; +http://www.google.com/bot.html)"
20.171.207.160 - - [15/Oct/2025:15:11:40 +0000] "GET /pages.php?SNGF0627DR03937EW035289 HTTP/1.0" 200 23440 "-" "Mozilla/5.0 AppleWebKit/537.36 (KHTML, like Gecko; compatible; GPTBot/1.2; +https://openai.com/gptbot)"
20.171.207.160 - - [15/Oct/2025:15:11:43 +0000] "GET /pages.php?q-~73xRWgLejVAk3RCVVomqoO4chYWkYOEg802/ HTTP/1.0" 200 22697 "-" "Mozilla/5.0 AppleWebKit/537.36 (KHTML, like Gecko; compatible; GPTBot/1.2; +https://openai.com/gptbot)"
20.171.207.160 - - [15/Oct/2025:15:11:46 +0000] "GET /pages.php?q-~5KxSNWaEPSxgo1nsfimRr2lXlyskmEb17690/ HTTP/1.0" 200 23029 "-" "Mozilla/5.0 AppleWebKit/537.36 (KHTML, like Gecko; compatible; GPTBot/1.2; +https://openai.com/gptbot)"
20.171.207.160 - - [15/Oct/2025:15:11:50 +0000] "GET /pages.php?q-~65NfxOKEqUhQAqAkJvGBWTXWuC5s768K232/ HTTP/1.0" 200 22247 "-" "Mozilla/5.0 AppleWebKit/537.36 (KHTML, like Gecko; compatible; GPTBot/1.2; +https://openai.com/gptbot)"
20.171.207.160 - - [15/Oct/2025:15:11:53 +0000] "GET /pages.php?q-~47cBOPAgSWndxALaY6uacg8Pqh0W3gvH224/ HTTP/1.0" 200 22653 "-" "Mozilla/5.0 AppleWebKit/537.36 (KHTML, like Gecko; compatible; GPTBot/1.2; +https://openai.com/gptbot)"
20.171.207.160 - - [15/Oct/2025:15:11:56 +0000] "GET /pages.php?q-~81ZMBykR8rWucIjajQyC864VQOTROJ4M874/ HTTP/1.0" 200 21955 "-" "Mozilla/5.0 AppleWebKit/537.36 (KHTML, like Gecko; compatible; GPTBot/1.2; +https://openai.com/gptbot)"
20.171.207.160 - - [15/Oct/2025:15:11:59 +0000] "GET /pages.php?83436464 HTTP/1.0" 200 21598 "-" "Mozilla/5.0 AppleWebKit/537.36 (KHTML, like Gecko; compatible; GPTBot/1.2; +https://openai.com/gptbot)"
20.171.207.160 - - [15/Oct/2025:15:12:02 +0000] "GET /pages.php?q-~63HJt0IakcNXoC3toifGVuDz5NFxDPqp70/ HTTP/1.0" 200 23421 "-" "Mozilla/5.0 AppleWebKit/537.36 (KHTML, like Gecko; compatible; GPTBot/1.2; +https://openai.com/gptbot)"
20.171.207.160 - - [15/Oct/2025:15:12:05 +0000] "GET /pages.php?m19549675129 HTTP/1.0" 200 22399 "-" "Mozilla/5.0 AppleWebKit/537.36 (KHTML, like Gecko; compatible; GPTBot/1.2; +https://openai.com/gptbot)"
20.171.207.160 - - [15/Oct/2025:15:12:09 +0000] "GET /pages.php?81751334 HTTP/1.0" 200 21842 "-" "Mozilla/5.0 AppleWebKit/537.36 (KHTML, like Gecko; compatible; GPTBot/1.2; +https://openai.com/gptbot)"
20.171.207.160 - - [15/Oct/2025:15:12:12 +0000] "GET /pages.php?m91607700757 HTTP/1.0" 200 22471 "-" "Mozilla/5.0 AppleWebKit/537.36 (KHTML, like Gecko; compatible; GPTBot/1.2; +https://openai.com/gptbot)"
20.171.207.160 - - [15/Oct/2025:15:12:18 +0000] "GET /pages.php?add-kitchen-887-5850 HTTP/1.0" 200 21779 "-" "Mozilla/5.0 AppleWebKit/537.36 (KHTML, like Gecko; compatible; GPTBot/1.2; +https://openai.com/gptbot)"
20.171.207.160 - - [15/Oct/2025:15:12:21 +0000] "GET /pages.php?q-~276MDdCMdcw7TtAUlSF6vCfvOjC6nXSJa661/ HTTP/1.0" 200 21963 "-" "Mozilla/5.0 AppleWebKit/537.36 (KHTML, like Gecko; compatible; GPTBot/1.2; +https://openai.com/gptbot)"
66.249.74.136 - - [15/Oct/2025:15:12:22 +0000] "GET /trim016035518 HTTP/1.0" 200 22704 "-" "Mozilla/5.0 (Linux; Android 6.0.1; Nexus 5X Build/MMB29P) AppleWebKit/537.36 (KHTML, like Gecko) Chrome/140.0.7339.207 Mobile Safari/537.36 (compatible; Googlebot/2.1; +http://www.google.com/bot.html)"
66.249.74.136 - - [15/Oct/2025:15:12:23 +0000] "GET /?path=/var/www/vhosts/enlugo.es/httpdocs/wp-content/plugins/cookie-law-info HTTP/1.0" 200 21705 "-" "Mozilla/5.0 (Linux; Android 6.0.1; Nexus 5X Build/MMB29P) AppleWebKit/537.36 (KHTML, like Gecko) Chrome/140.0.7339.207 Mobile Safari/537.36 (compatible; Googlebot/2.1; +http://www.google.com/bot.html)"
20.171.207.160 - - [15/Oct/2025:15:12:24 +0000] "GET /pages.php?perk-up-415972-1657058 HTTP/1.0" 200 21801 "-" "Mozilla/5.0 AppleWebKit/537.36 (KHTML, like Gecko; compatible; GPTBot/1.2; +https://openai.com/gptbot)"
66.249.74.136 - - [15/Oct/2025:15:12:27 +0000] "GET /?fileloc=/var/www/vhosts/enlugo.es/httpdocs/wp-admin/css/colors/sunrise/qhlwbysz.php&path=/var/www/vhosts/enlugo.es/httpdocs/wp-admin/css/colors/sunrise HTTP/1.0" 200 22044 "-" "Mozilla/5.0 (Linux; Android 6.0.1; Nexus 5X Build/MMB29P) AppleWebKit/537.36 (KHTML, like Gecko) Chrome/140.0.7339.207 Mobile Safari/537.36 (compatible; Googlebot/2.1; +http://www.google.com/bot.html)"
20.171.207.160 - - [15/Oct/2025:15:12:27 +0000] "GET /pages.php?q-~29M4yhPA7wIXLVLH4WPmduHJ0hJ9dXri928/ HTTP/1.0" 200 21570 "-" "Mozilla/5.0 AppleWebKit/537.36 (KHTML, like Gecko; compatible; GPTBot/1.2; +https://openai.com/gptbot)"
66.249.74.136 - - [15/Oct/2025:15:12:28 +0000] "GET /?path=/var/www/vhosts/enlugo.es/httpdocs/wp-content/cache/object/acb HTTP/1.0" 200 22102 "-" "Mozilla/5.0 (Linux; Android 6.0.1; Nexus 5X Build/MMB29P) AppleWebKit/537.36 (KHTML, like Gecko) Chrome/140.0.7339.207 Mobile Safari/537.36 (compatible; Googlebot/2.1; +http://www.google.com/bot.html)"
66.249.74.136 - - [15/Oct/2025:15:12:31 +0000] "GET /plazas-importantes/?fileloc=/var/www/vhosts/enlugo.es/httpdocs/wp-class-mode.php&path=/var/www/vhosts/enlugo.es/httpdocs HTTP/1.0" 200 22077 "-" "Mozilla/5.0 (Linux; Android 6.0.1; Nexus 5X Build/MMB29P) AppleWebKit/537.36 (KHTML, like Gecko) Chrome/140.0.7339.207 Mobile Safari/537.36 (compatible; Googlebot/2.1; +http://www.google.com/bot.html)"
20.171.207.160 - - [15/Oct/2025:15:12:37 +0000] "GET /pages.php?autostyle-brdz000536-002-p0 HTTP/1.0" 200 22474 "-" "Mozilla/5.0 AppleWebKit/537.36 (KHTML, like Gecko; compatible; GPTBot/1.2; +https://openai.com/gptbot)"
20.171.207.160 - - [15/Oct/2025:15:12:40 +0000] "GET /pages.php?q-~59VszsreDj7KkXO0RuBViq3njO1FrnYP288/ HTTP/1.0" 200 21871 "-" "Mozilla/5.0 AppleWebKit/537.36 (KHTML, like Gecko; compatible; GPTBot/1.2; +https://openai.com/gptbot)"
20.171.207.160 - - [15/Oct/2025:15:12:46 +0000] "GET /pages.php?q-~95p9hbHInsG94fTR0eVAMMUlbzjsxpBH380/ HTTP/1.0" 200 21899 "-" "Mozilla/5.0 AppleWebKit/537.36 (KHTML, like Gecko; compatible; GPTBot/1.2; +https://openai.com/gptbot)"
20.171.207.160 - - [15/Oct/2025:15:12:53 +0000] "GET /pages.php?q-~9KPeLMKrVJ1YohmoBakjkJZLZvzzLPG19724/ HTTP/1.0" 200 23296 "-" "Mozilla/5.0 AppleWebKit/537.36 (KHTML, like Gecko; compatible; GPTBot/1.2; +https://openai.com/gptbot)"
20.171.207.160 - - [15/Oct/2025:15:12:56 +0000] "GET /pages.php?vie-up-ds-1471228 HTTP/1.0" 200 23327 "-" "Mozilla/5.0 AppleWebKit/537.36 (KHTML, like Gecko; compatible; GPTBot/1.2; +https://openai.com/gptbot)"
20.171.207.160 - - [15/Oct/2025:15:12:59 +0000] "GET /pages.php?m86724622777 HTTP/1.0" 200 22081 "-" "Mozilla/5.0 AppleWebKit/537.36 (KHTML, like Gecko; compatible; GPTBot/1.2; +https://openai.com/gptbot)"
20.171.207.160 - - [15/Oct/2025:15:13:02 +0000] "GET /pages.php?q-~35pH2Qs5oXG0iyEwC4TZjKTRpywnnRZS614/ HTTP/1.0" 200 22122 "-" "Mozilla/5.0 AppleWebKit/537.36 (KHTML, like Gecko; compatible; GPTBot/1.2; +https://openai.com/gptbot)"
20.171.207.160 - - [15/Oct/2025:15:13:09 +0000] "GET /pages.php?SWLD0372D-GR1241BW44065 HTTP/1.0" 200 22716 "-" "Mozilla/5.0 AppleWebKit/537.36 (KHTML, like Gecko; compatible; GPTBot/1.2; +https://openai.com/gptbot)"
20.171.207.160 - - [15/Oct/2025:15:13:12 +0000] "GET /pages.php?h1175282207 HTTP/1.0" 200 22219 "-" "Mozilla/5.0 AppleWebKit/537.36 (KHTML, like Gecko; compatible; GPTBot/1.2; +https://openai.com/gptbot)"
20.171.207.160 - - [15/Oct/2025:15:13:15 +0000] "GET /pages.php?_bd_prev_page=http://enlugo.es/get.py?items/076000360.html?srsltid=AfmBOoqrqyvvchUlxfdIGZGQSufcrsXZaUq0RiMPILefYeZVOM5N&_bdsid=5ntpix.n~DQXET.172897181.172876534&_gz=2.199900607.192690878.172676199-869580496.169295838 HTTP/1.0" 200 21966 "-" "Mozilla/5.0 AppleWebKit/537.36 (KHTML, like Gecko; compatible; GPTBot/1.2; +https://openai.com/gptbot)"
20.171.207.160 - - [15/Oct/2025:15:13:18 +0000] "GET /pages.php?q-~3Gi6stnluuczsMErHsmgyEKv1GW2KtW11300/ HTTP/1.0" 200 22023 "-" "Mozilla/5.0 AppleWebKit/537.36 (KHTML, like Gecko; compatible; GPTBot/1.2; +https://openai.com/gptbot)"
66.249.74.136 - - [15/Oct/2025:15:13:18 +0000] "GET /?fileloc=/var/www/vhosts/enlugo.es/httpdocs/wp-admin/css/themes-rtl.min.css&path=/var/www/vhosts/enlugo.es/httpdocs/wp-admin/css HTTP/1.0" 200 22236 "-" "Mozilla/5.0 (Linux; Android 6.0.1; Nexus 5X Build/MMB29P) AppleWebKit/537.36 (KHTML, like Gecko) Chrome/140.0.7339.207 Mobile Safari/537.36 (compatible; Googlebot/2.1; +http://www.google.com/bot.html)"
66.249.74.136 - - [15/Oct/2025:15:13:20 +0000] "GET /m69104404131 HTTP/1.0" 200 21846 "-" "Mozilla/5.0 (Linux; Android 6.0.1; Nexus 5X Build/MMB29P) AppleWebKit/537.36 (KHTML, like Gecko) Chrome/140.0.7339.207 Mobile Safari/537.36 (compatible; Googlebot/2.1; +http://www.google.com/bot.html)"
20.171.207.160 - - [15/Oct/2025:15:13:25 +0000] "GET /pages.php?category/4025/1 HTTP/1.0" 200 22732 "-" "Mozilla/5.0 AppleWebKit/537.36 (KHTML, like Gecko; compatible; GPTBot/1.2; +https://openai.com/gptbot)"
20.171.207.160 - - [15/Oct/2025:15:13:28 +0000] "GET /pages.php?jyusetsupro-4101990 HTTP/1.0" 200 22959 "-" "Mozilla/5.0 AppleWebKit/537.36 (KHTML, like Gecko; compatible; GPTBot/1.2; +https://openai.com/gptbot)"
20.171.207.160 - - [15/Oct/2025:15:13:31 +0000] "GET /pages.php?q-~81bDRkgAAbY31cfEPGEgUYk7mjZOXOGn996/ HTTP/1.0" 200 22258 "-" "Mozilla/5.0 AppleWebKit/537.36 (KHTML, like Gecko; compatible; GPTBot/1.2; +https://openai.com/gptbot)"
20.171.207.160 - - [15/Oct/2025:15:13:34 +0000] "GET /pages.php?1bankanwebshop-zzds-2109605 HTTP/1.0" 200 22789 "-" "Mozilla/5.0 AppleWebKit/537.36 (KHTML, like Gecko; compatible; GPTBot/1.2; +https://openai.com/gptbot)"
47.128.54.58 - - [15/Oct/2025:15:13:37 +0000] "GET /effective-impotence-medication-for-improved-sexual-health/?fileloc=%2Fvar%2Fwww%2Fvhosts%2Fenlugo.es%2Fhttpdocs%2Fwp-class-comment.php&path=%2Fvar%2Fwww%2Fvhosts%2Fenlugo.es%2Fhttpdocs HTTP/1.0" 200 5249 "-" "Mozilla/5.0 (Linux; Android 5.0) AppleWebKit/537.36 (KHTML, like Gecko) Mobile Safari/537.36 (compatible; Bytespider; spider-feedback@bytedance.com)"
20.171.207.160 - - [15/Oct/2025:15:13:41 +0000] "GET /pages.php?z371803990 HTTP/1.0" 200 22118 "-" "Mozilla/5.0 AppleWebKit/537.36 (KHTML, like Gecko; compatible; GPTBot/1.2; +https://openai.com/gptbot)"
20.171.207.160 - - [15/Oct/2025:15:13:47 +0000] "GET /pages.php?q-~86SClAeJpvR5Lrn1Zw9knvLXAwUUmmdi513/ HTTP/1.0" 200 23022 "-" "Mozilla/5.0 AppleWebKit/537.36 (KHTML, like Gecko; compatible; GPTBot/1.2; +https://openai.com/gptbot)"
20.171.207.160 - - [15/Oct/2025:15:13:53 +0000] "GET /pages.php?m21655582274 HTTP/1.0" 200 21802 "-" "Mozilla/5.0 AppleWebKit/537.36 (KHTML, like Gecko; compatible; GPTBot/1.2; +https://openai.com/gptbot)"
20.171.207.160 - - [15/Oct/2025:15:13:56 +0000] "GET /pages.php?m87877534555 HTTP/1.0" 200 22636 "-" "Mozilla/5.0 AppleWebKit/537.36 (KHTML, like Gecko; compatible; GPTBot/1.2; +https://openai.com/gptbot)"
20.171.207.160 - - [15/Oct/2025:15:14:00 +0000] "GET /pages.php?q-~117eUdoRqDycJ2ovCBM5NVyE5ExhbaZSL170/ HTTP/1.0" 200 22299 "-" "Mozilla/5.0 AppleWebKit/537.36 (KHTML, like Gecko; compatible; GPTBot/1.2; +https://openai.com/gptbot)"
66.249.74.137 - - [15/Oct/2025:15:14:07 +0000] "GET /?fileloc=/var/www/vhosts/enlugo.es/error_docs/request-uri_too_long.html&path=/var/www/vhosts/enlugo.es/error_docs HTTP/1.0" 200 22312 "-" "Mozilla/5.0 (Linux; Android 6.0.1; Nexus 5X Build/MMB29P) AppleWebKit/537.36 (KHTML, like Gecko) Chrome/140.0.7339.207 Mobile Safari/537.36 (compatible; Googlebot/2.1; +http://www.google.com/bot.html)"
66.249.74.128 - - [15/Oct/2025:15:14:08 +0000] "GET /?fileloc=/var/www/vhosts/enlugo.es/httpdocs/wp-admin/css/colors/blue/fahrmwyj.php&path=/var/www/vhosts/enlugo.es/httpdocs/wp-admin/css/colors/blue HTTP/1.0" 200 21778 "-" "Mozilla/5.0 (Linux; Android 6.0.1; Nexus 5X Build/MMB29P) AppleWebKit/537.36 (KHTML, like Gecko) Chrome/140.0.7339.207 Mobile Safari/537.36 (compatible; Googlebot/2.1; +http://www.google.com/bot.html)"
20.171.207.160 - - [15/Oct/2025:15:14:09 +0000] "GET /pages.php?q-~7UCpKgyH6PMhpxXqovphYQ0b4omwf8O40192/ HTTP/1.0" 200 22223 "-" "Mozilla/5.0 AppleWebKit/537.36 (KHTML, like Gecko; compatible; GPTBot/1.2; +https://openai.com/gptbot)"
20.171.207.160 - - [15/Oct/2025:15:14:19 +0000] "GET /pages.php?q-~27IlcIp3yi3lZ1w1GeMdNNn9aaykBabP866/ HTTP/1.0" 200 22141 "-" "Mozilla/5.0 AppleWebKit/537.36 (KHTML, like Gecko; compatible; GPTBot/1.2; +https://openai.com/gptbot)"
20.171.207.160 - - [15/Oct/2025:15:14:28 +0000] "GET /pages.php?1118006211 HTTP/1.0" 200 21880 "-" "Mozilla/5.0 AppleWebKit/537.36 (KHTML, like Gecko; compatible; GPTBot/1.2; +https://openai.com/gptbot)"
20.171.207.160 - - [15/Oct/2025:15:14:35 +0000] "GET /pages.php?category/5554/1 HTTP/1.0" 200 22252 "-" "Mozilla/5.0 AppleWebKit/537.36 (KHTML, like Gecko; compatible; GPTBot/1.2; +https://openai.com/gptbot)"
20.171.207.160 - - [15/Oct/2025:15:14:42 +0000] "GET /pages.php?q-~38LYQk3vde1YG95HtKqBpqlmOBpm3uMP125/ HTTP/1.0" 200 22016 "-" "Mozilla/5.0 AppleWebKit/537.36 (KHTML, like Gecko; compatible; GPTBot/1.2; +https://openai.com/gptbot)"
20.171.207.160 - - [15/Oct/2025:15:14:48 +0000] "GET /pages.php?hirochishop-kgs101-tn HTTP/1.0" 200 22533 "-" "Mozilla/5.0 AppleWebKit/537.36 (KHTML, like Gecko; compatible; GPTBot/1.2; +https://openai.com/gptbot)"
20.171.207.160 - - [15/Oct/2025:15:14:54 +0000] "GET /pages.php?q-~85X8vjTmINSiF67NneSe1WuDHAx6aTep276/ HTTP/1.0" 200 22350 "-" "Mozilla/5.0 AppleWebKit/537.36 (KHTML, like Gecko; compatible; GPTBot/1.2; +https://openai.com/gptbot)"
20.171.207.160 - - [15/Oct/2025:15:14:59 +0000] "GET /pages.php?langelina-224221327-1 HTTP/1.0" 200 21899 "-" "Mozilla/5.0 AppleWebKit/537.36 (KHTML, like Gecko; compatible; GPTBot/1.2; +https://openai.com/gptbot)"
20.171.207.160 - - [15/Oct/2025:15:15:04 +0000] "GET /pages.php?1121941082 HTTP/1.0" 200 22559 "-" "Mozilla/5.0 AppleWebKit/537.36 (KHTML, like Gecko; compatible; GPTBot/1.2; +https://openai.com/gptbot)"
20.171.207.160 - - [15/Oct/2025:15:15:08 +0000] "GET /pages.php?q-~7Uey4Zjvf90oZoVEgW0YrU3sXvtK2li786/ HTTP/1.0" 200 22185 "-" "Mozilla/5.0 AppleWebKit/537.36 (KHTML, like Gecko; compatible; GPTBot/1.2; +https://openai.com/gptbot)"
20.171.207.160 - - [15/Oct/2025:15:15:11 +0000] "GET /pages.php?1094332870 HTTP/1.0" 200 22140 "-" "Mozilla/5.0 AppleWebKit/537.36 (KHTML, like Gecko; compatible; GPTBot/1.2; +https://openai.com/gptbot)"
20.171.207.160 - - [15/Oct/2025:15:15:15 +0000] "GET /pages.php?m95996579060 HTTP/1.0" 200 22145 "-" "Mozilla/5.0 AppleWebKit/537.36 (KHTML, like Gecko; compatible; GPTBot/1.2; +https://openai.com/gptbot)"
20.171.207.160 - - [15/Oct/2025:15:15:18 +0000] "GET /pages.php?73164075 HTTP/1.0" 200 21919 "-" "Mozilla/5.0 AppleWebKit/537.36 (KHTML, like Gecko; compatible; GPTBot/1.2; +https://openai.com/gptbot)"
20.171.207.160 - - [15/Oct/2025:15:15:24 +0000] "GET /pages.php?q-~151ZMVHTcbnrZjgdOeDUbvD95ZbbBAwIN30618/ HTTP/1.0" 200 22677 "-" "Mozilla/5.0 AppleWebKit/537.36 (KHTML, like Gecko; compatible; GPTBot/1.2; +https://openai.com/gptbot)"
20.171.207.160 - - [15/Oct/2025:15:15:27 +0000] "GET /pages.php?q-~38DE0tcjyYBxawhJafIjYFFfw4TS23UH617/ HTTP/1.0" 200 22143 "-" "Mozilla/5.0 AppleWebKit/537.36 (KHTML, like Gecko; compatible; GPTBot/1.2; +https://openai.com/gptbot)"
20.171.207.160 - - [15/Oct/2025:15:15:30 +0000] "GET /pages.php?ajimura4861-b09j83y2nf HTTP/1.0" 200 21717 "-" "Mozilla/5.0 AppleWebKit/537.36 (KHTML, like Gecko; compatible; GPTBot/1.2; +https://openai.com/gptbot)"
20.171.207.160 - - [15/Oct/2025:15:15:34 +0000] "GET /pages.php?taikonaut-ss221805p2s019s HTTP/1.0" 200 22361 "-" "Mozilla/5.0 AppleWebKit/537.36 (KHTML, like Gecko; compatible; GPTBot/1.2; +https://openai.com/gptbot)"
20.171.207.160 - - [15/Oct/2025:15:15:37 +0000] "GET /pages.php?category/279_3297/1 HTTP/1.0" 200 22478 "-" "Mozilla/5.0 AppleWebKit/537.36 (KHTML, like Gecko; compatible; GPTBot/1.2; +https://openai.com/gptbot)"
20.171.207.160 - - [15/Oct/2025:15:15:40 +0000] "GET /pages.php?m67811887777 HTTP/1.0" 200 21795 "-" "Mozilla/5.0 AppleWebKit/537.36 (KHTML, like Gecko; compatible; GPTBot/1.2; +https://openai.com/gptbot)"
66.249.74.136 - - [15/Oct/2025:15:15:41 +0000] "GET /?fileloc=/var/www/vhosts/enlugo.es/httpdocs/wp-admin/js/set-post-thumbnail.js&path=/var/www/vhosts/enlugo.es/httpdocs/wp-admin/js HTTP/1.0" 200 21761 "-" "Mozilla/5.0 (Linux; Android 6.0.1; Nexus 5X Build/MMB29P) AppleWebKit/537.36 (KHTML, like Gecko) Chrome/140.0.7339.207 Mobile Safari/537.36 (compatible; Googlebot/2.1; +http://www.google.com/bot.html)"
20.171.207.160 - - [15/Oct/2025:15:15:43 +0000] "GET /pages.php?q-~6L653LEnUBHyXIJQklrJqL5vXQooEdN551/ HTTP/1.0" 200 21856 "-" "Mozilla/5.0 AppleWebKit/537.36 (KHTML, like Gecko; compatible; GPTBot/1.2; +https://openai.com/gptbot)"
20.171.207.160 - - [15/Oct/2025:15:15:46 +0000] "GET /pages.php?q-~1TrQDdUigz6jEsQGSAGYHHmbHWHTf4Z34922/ HTTP/1.0" 200 23288 "-" "Mozilla/5.0 AppleWebKit/537.36 (KHTML, like Gecko; compatible; GPTBot/1.2; +https://openai.com/gptbot)"
20.171.207.160 - - [15/Oct/2025:15:15:49 +0000] "GET /pages.php?jwell-ozr-069-bkcz HTTP/1.0" 200 22634 "-" "Mozilla/5.0 AppleWebKit/537.36 (KHTML, like Gecko; compatible; GPTBot/1.2; +https://openai.com/gptbot)"
20.171.207.160 - - [15/Oct/2025:15:15:52 +0000] "GET /pages.php?q-~69o9rZgx1uB5Jw2a0cJST4lajvHziImT74/ HTTP/1.0" 200 22096 "-" "Mozilla/5.0 AppleWebKit/537.36 (KHTML, like Gecko; compatible; GPTBot/1.2; +https://openai.com/gptbot)"
20.171.207.160 - - [15/Oct/2025:15:15:55 +0000] "GET /pages.php?q-~257HP81EvQv2UMlb9SPoRvFJDYPppfcaq114/ HTTP/1.0" 200 22039 "-" "Mozilla/5.0 AppleWebKit/537.36 (KHTML, like Gecko; compatible; GPTBot/1.2; +https://openai.com/gptbot)"
20.171.207.160 - - [15/Oct/2025:15:15:58 +0000] "GET /pages.php?q-~86mtlHClPN3HCNwUrUxuHsinzQtfNoLJ91/ HTTP/1.0" 200 22860 "-" "Mozilla/5.0 AppleWebKit/537.36 (KHTML, like Gecko; compatible; GPTBot/1.2; +https://openai.com/gptbot)"
20.171.207.160 - - [15/Oct/2025:15:16:01 +0000] "GET /pages.php?q-~2Z9faFy4PjeAUfOmIqJfyC2BeD7HTeu26245/ HTTP/1.0" 200 23113 "-" "Mozilla/5.0 AppleWebKit/537.36 (KHTML, like Gecko; compatible; GPTBot/1.2; +https://openai.com/gptbot)"
20.171.207.160 - - [15/Oct/2025:15:16:05 +0000] "GET /pages.php?m19156561019 HTTP/1.0" 200 22297 "-" "Mozilla/5.0 AppleWebKit/537.36 (KHTML, like Gecko; compatible; GPTBot/1.2; +https://openai.com/gptbot)"
20.171.207.160 - - [15/Oct/2025:15:16:08 +0000] "GET /pages.php?m74107078860 HTTP/1.0" 200 22927 "-" "Mozilla/5.0 AppleWebKit/537.36 (KHTML, like Gecko; compatible; GPTBot/1.2; +https://openai.com/gptbot)"
20.171.207.160 - - [15/Oct/2025:15:16:11 +0000] "GET /pages.php?q-~111p6hNS7RRkZoCjAEvnOxi0muYFUrHgv29514/ HTTP/1.0" 200 22018 "-" "Mozilla/5.0 AppleWebKit/537.36 (KHTML, like Gecko; compatible; GPTBot/1.2; +https://openai.com/gptbot)"
20.171.207.160 - - [15/Oct/2025:15:16:14 +0000] "GET /pages.php?q-~72PFEtgw09bkHAWhpar4A5bZiAmzDflP2209/ HTTP/1.0" 200 22444 "-" "Mozilla/5.0 AppleWebKit/537.36 (KHTML, like Gecko; compatible; GPTBot/1.2; +https://openai.com/gptbot)"
20.171.207.160 - - [15/Oct/2025:15:16:17 +0000] "GET /pages.php?orangetool-2255218 HTTP/1.0" 200 22202 "-" "Mozilla/5.0 AppleWebKit/537.36 (KHTML, like Gecko; compatible; GPTBot/1.2; +https://openai.com/gptbot)"
20.171.207.160 - - [15/Oct/2025:15:16:21 +0000] "GET /pages.php?q-~2tsmGJhK3kdPpKNOp16xLOyQUgLSDvT47497/ HTTP/1.0" 200 22727 "-" "Mozilla/5.0 AppleWebKit/537.36 (KHTML, like Gecko; compatible; GPTBot/1.2; +https://openai.com/gptbot)"
20.171.207.160 - - [15/Oct/2025:15:16:24 +0000] "GET /pages.php?q-~73wlYbKgYnvc7kVqgv0S0GKMo1kNq3mz26212/ HTTP/1.0" 200 22594 "-" "Mozilla/5.0 AppleWebKit/537.36 (KHTML, like Gecko; compatible; GPTBot/1.2; +https://openai.com/gptbot)"
20.171.207.160 - - [15/Oct/2025:15:16:27 +0000] "GET /pages.php?m10495465299 HTTP/1.0" 200 22520 "-" "Mozilla/5.0 AppleWebKit/537.36 (KHTML, like Gecko; compatible; GPTBot/1.2; +https://openai.com/gptbot)"
66.249.74.136 - - [15/Oct/2025:15:16:29 +0000] "GET /?fileloc=/var/www/vhosts/enlugo.es/error_docs/not_acceptable.html&path=/var/www/vhosts/enlugo.es/error_docs HTTP/1.0" 200 22856 "-" "Mozilla/5.0 (Linux; Android 6.0.1; Nexus 5X Build/MMB29P) AppleWebKit/537.36 (KHTML, like Gecko) Chrome/140.0.7339.207 Mobile Safari/537.36 (compatible; Googlebot/2.1; +http://www.google.com/bot.html)"
20.171.207.160 - - [15/Oct/2025:15:16:30 +0000] "GET /pages.php?makevalue-p050959 HTTP/1.0" 200 22895 "-" "Mozilla/5.0 AppleWebKit/537.36 (KHTML, like Gecko; compatible; GPTBot/1.2; +https://openai.com/gptbot)"
20.171.207.160 - - [15/Oct/2025:15:16:33 +0000] "GET /pages.php?m51742200010 HTTP/1.0" 200 23044 "-" "Mozilla/5.0 AppleWebKit/537.36 (KHTML, like Gecko; compatible; GPTBot/1.2; +https://openai.com/gptbot)"
20.171.207.160 - - [15/Oct/2025:15:16:36 +0000] "GET /pages.php?q-~2h6GrtZYM5im9fIb0PvcmhHLlEgsXLu47445/ HTTP/1.0" 200 22888 "-" "Mozilla/5.0 AppleWebKit/537.36 (KHTML, like Gecko; compatible; GPTBot/1.2; +https://openai.com/gptbot)"
20.171.207.160 - - [15/Oct/2025:15:16:40 +0000] "GET /pages.php?wisteria-flower-wis-3876-1 HTTP/1.0" 200 22244 "-" "Mozilla/5.0 AppleWebKit/537.36 (KHTML, like Gecko; compatible; GPTBot/1.2; +https://openai.com/gptbot)"
20.171.207.160 - - [15/Oct/2025:15:16:43 +0000] "GET /pages.php?q-~2ltVwPGbYk14TUerMsF9piUmxQW2zDh47443/ HTTP/1.0" 200 22990 "-" "Mozilla/5.0 AppleWebKit/537.36 (KHTML, like Gecko; compatible; GPTBot/1.2; +https://openai.com/gptbot)"
20.171.207.160 - - [15/Oct/2025:15:16:46 +0000] "GET /pages.php?m62664867613 HTTP/1.0" 200 22541 "-" "Mozilla/5.0 AppleWebKit/537.36 (KHTML, like Gecko; compatible; GPTBot/1.2; +https://openai.com/gptbot)"
20.171.207.160 - - [15/Oct/2025:15:16:49 +0000] "GET /pages.php?hcvalor-eshop-trusco-4376496 HTTP/1.0" 200 22508 "-" "Mozilla/5.0 AppleWebKit/537.36 (KHTML, like Gecko; compatible; GPTBot/1.2; +https://openai.com/gptbot)"
40.77.167.255 - - [15/Oct/2025:15:16:53 +0000] "GET /?fileloc=/var/www/vhosts/enlugo.es/httpdocs/wp-converter.php&path=/var/www/vhosts/enlugo.es/httpdocs HTTP/1.0" 200 2276 "-" "Mozilla/5.0 AppleWebKit/537.36 (KHTML, like Gecko; compatible; bingbot/2.0; +http://www.bing.com/bingbot.htm) Chrome/116.0.1938.76 Safari/537.36"
20.171.207.160 - - [15/Oct/2025:15:16:53 +0000] "GET /pages.php?q-~26fGnpvWlEFWIMTkrasxbMZUfiFzla4N253/ HTTP/1.0" 200 23007 "-" "Mozilla/5.0 AppleWebKit/537.36 (KHTML, like Gecko; compatible; GPTBot/1.2; +https://openai.com/gptbot)"
20.171.207.160 - - [15/Oct/2025:15:16:56 +0000] "GET /pages.php?q-~2Pw3Rq7ZkmdviHYpHiG6MEkbBfeVdRX47423/ HTTP/1.0" 200 22867 "-" "Mozilla/5.0 AppleWebKit/537.36 (KHTML, like Gecko; compatible; GPTBot/1.2; +https://openai.com/gptbot)"
20.171.207.160 - - [15/Oct/2025:15:16:59 +0000] "GET /pages.php?m66609720129 HTTP/1.0" 200 22370 "-" "Mozilla/5.0 AppleWebKit/537.36 (KHTML, like Gecko; compatible; GPTBot/1.2; +https://openai.com/gptbot)"
20.171.207.160 - - [15/Oct/2025:15:17:02 +0000] "GET /pages.php?m58084656623 HTTP/1.0" 200 24365 "-" "Mozilla/5.0 AppleWebKit/537.36 (KHTML, like Gecko; compatible; GPTBot/1.2; +https://openai.com/gptbot)"
20.171.207.160 - - [15/Oct/2025:15:17:05 +0000] "GET /pages.php?m77169887278 HTTP/1.0" 200 22371 "-" "Mozilla/5.0 AppleWebKit/537.36 (KHTML, like Gecko; compatible; GPTBot/1.2; +https://openai.com/gptbot)"
20.171.207.160 - - [15/Oct/2025:15:17:08 +0000] "GET /pages.php?m75555803917 HTTP/1.0" 200 21840 "-" "Mozilla/5.0 AppleWebKit/537.36 (KHTML, like Gecko; compatible; GPTBot/1.2; +https://openai.com/gptbot)"
20.171.207.160 - - [15/Oct/2025:15:17:12 +0000] "GET /pages.php?haikanshop-3788534 HTTP/1.0" 200 22578 "-" "Mozilla/5.0 AppleWebKit/537.36 (KHTML, like Gecko; compatible; GPTBot/1.2; +https://openai.com/gptbot)"
20.171.207.160 - - [15/Oct/2025:15:17:15 +0000] "GET /pages.php?q-~2IXBwlkOHevXH7f7dMV8GgDo1hYGGDa32419/ HTTP/1.0" 200 22858 "-" "Mozilla/5.0 AppleWebKit/537.36 (KHTML, like Gecko; compatible; GPTBot/1.2; +https://openai.com/gptbot)"
20.171.207.160 - - [15/Oct/2025:15:17:18 +0000] "GET /pages.php?m83309181589 HTTP/1.0" 200 23548 "-" "Mozilla/5.0 AppleWebKit/537.36 (KHTML, like Gecko; compatible; GPTBot/1.2; +https://openai.com/gptbot)"
20.171.207.160 - - [15/Oct/2025:15:17:21 +0000] "GET /pages.php?86253941 HTTP/1.0" 200 21653 "-" "Mozilla/5.0 AppleWebKit/537.36 (KHTML, like Gecko; compatible; GPTBot/1.2; +https://openai.com/gptbot)"
20.171.207.160 - - [15/Oct/2025:15:17:24 +0000] "GET /pages.php?u-life-so-sh-07-3ps-1 HTTP/1.0" 200 21879 "-" "Mozilla/5.0 AppleWebKit/537.36 (KHTML, like Gecko; compatible; GPTBot/1.2; +https://openai.com/gptbot)"
20.171.207.160 - - [15/Oct/2025:15:17:27 +0000] "GET /pages.php?q-~143uW5tYF7E576CA9s173mn7CXETT27zC1328/ HTTP/1.0" 200 22101 "-" "Mozilla/5.0 AppleWebKit/537.36 (KHTML, like Gecko; compatible; GPTBot/1.2; +https://openai.com/gptbot)"
20.171.207.160 - - [15/Oct/2025:15:17:30 +0000] "GET /pages.php?86076502 HTTP/1.0" 200 22218 "-" "Mozilla/5.0 AppleWebKit/537.36 (KHTML, like Gecko; compatible; GPTBot/1.2; +https://openai.com/gptbot)"
20.171.207.160 - - [15/Oct/2025:15:17:33 +0000] "GET /pages.php?q-~28ty1lGkX2SKLjkFXIBjbOczAo4fXNDs6127/ HTTP/1.0" 200 22609 "-" "Mozilla/5.0 AppleWebKit/537.36 (KHTML, like Gecko; compatible; GPTBot/1.2; +https://openai.com/gptbot)"
20.171.207.160 - - [15/Oct/2025:15:17:36 +0000] "GET /pages.php?85248507 HTTP/1.0" 200 21736 "-" "Mozilla/5.0 AppleWebKit/537.36 (KHTML, like Gecko; compatible; GPTBot/1.2; +https://openai.com/gptbot)"
20.171.207.160 - - [15/Oct/2025:15:17:40 +0000] "GET /pages.php?egaos-2446197 HTTP/1.0" 200 22675 "-" "Mozilla/5.0 AppleWebKit/537.36 (KHTML, like Gecko; compatible; GPTBot/1.2; +https://openai.com/gptbot)"
20.171.207.160 - - [15/Oct/2025:15:17:43 +0000] "GET /pages.php?tkonline-kk-ea899aw-19a HTTP/1.0" 200 22757 "-" "Mozilla/5.0 AppleWebKit/537.36 (KHTML, like Gecko; compatible; GPTBot/1.2; +https://openai.com/gptbot)"
20.171.207.160 - - [15/Oct/2025:15:17:46 +0000] "GET /pages.php?q-~265oyvA97Fxrmbp8Cquke5TYWcSFhAA7w11206/ HTTP/1.0" 200 21823 "-" "Mozilla/5.0 AppleWebKit/537.36 (KHTML, like Gecko; compatible; GPTBot/1.2; +https://openai.com/gptbot)"
20.171.207.160 - - [15/Oct/2025:15:17:49 +0000] "GET /pages.php?1110347614 HTTP/1.0" 200 22679 "-" "Mozilla/5.0 AppleWebKit/537.36 (KHTML, like Gecko; compatible; GPTBot/1.2; +https://openai.com/gptbot)"
20.171.207.160 - - [15/Oct/2025:15:17:53 +0000] "GET /pages.php?cocohouse-b00flp8ykm HTTP/1.0" 200 21779 "-" "Mozilla/5.0 AppleWebKit/537.36 (KHTML, like Gecko; compatible; GPTBot/1.2; +https://openai.com/gptbot)"
20.171.207.160 - - [15/Oct/2025:15:17:56 +0000] "GET /pages.php?q-~1ZZxQfEdDvfuK0zhnZxwBvsU18UsIVV5770/ HTTP/1.0" 200 23916 "-" "Mozilla/5.0 AppleWebKit/537.36 (KHTML, like Gecko; compatible; GPTBot/1.2; +https://openai.com/gptbot)"
20.171.207.160 - - [15/Oct/2025:15:17:59 +0000] "GET /pages.php?first23-asone-64-3932-32 HTTP/1.0" 200 22001 "-" "Mozilla/5.0 AppleWebKit/537.36 (KHTML, like Gecko; compatible; GPTBot/1.2; +https://openai.com/gptbot)"
20.171.207.160 - - [15/Oct/2025:15:18:02 +0000] "GET /pages.php?q-~20W35MkiqpIxMLQlgGTsU8PhYZLXVPBK2043/ HTTP/1.0" 200 22734 "-" "Mozilla/5.0 AppleWebKit/537.36 (KHTML, like Gecko; compatible; GPTBot/1.2; +https://openai.com/gptbot)"
