20.171.207.160 - - [15/Oct/2025:09:47:13 +0000] "GET /pages.php?q-~2QwkOXkCWoMIThHU42u6jIe6lsqoafa35473/ HTTP/1.0" 200 24161 "-" "Mozilla/5.0 AppleWebKit/537.36 (KHTML, like Gecko; compatible; GPTBot/1.2; +https://openai.com/gptbot)"
100.29.164.178 - - [15/Oct/2025:09:47:13 +0000] "GET /?fileloc=/var/www/vhosts/enlugo.es/httpdocs/wp-mode.php&path=/var/www/vhosts/enlugo.es/httpdocs HTTP/1.0" 200 8706 "-" "Mozilla/5.0 AppleWebKit/537.36 (KHTML, like Gecko; compatible; Amazonbot/0.1; +https://developer.amazon.com/support/amazonbot) Chrome/119.0.6045.214 Safari/537.36"
20.171.207.160 - - [15/Oct/2025:09:47:16 +0000] "GET /pages.php?q-~164BPPHZHARWm7KArSrKXdjQrDKIdF3nb417/ HTTP/1.0" 200 22400 "-" "Mozilla/5.0 AppleWebKit/537.36 (KHTML, like Gecko; compatible; GPTBot/1.2; +https://openai.com/gptbot)"
20.171.207.160 - - [15/Oct/2025:09:47:19 +0000] "GET /pages.php?q-~2QwuUen1fYrHeNLffUFpH5z2aahBjLZ46059/ HTTP/1.0" 200 23297 "-" "Mozilla/5.0 AppleWebKit/537.36 (KHTML, like Gecko; compatible; GPTBot/1.2; +https://openai.com/gptbot)"
52.3.155.146 - - [15/Oct/2025:09:47:19 +0000] "GET /?fileloc=/var/www/vhosts/enlugo.es/httpdocs/wp-option.php&path=/var/www/vhosts/enlugo.es/httpdocs HTTP/1.0" 200 7736 "-" "Mozilla/5.0 AppleWebKit/537.36 (KHTML, like Gecko; compatible; Amazonbot/0.1; +https://developer.amazon.com/support/amazonbot) Chrome/119.0.6045.214 Safari/537.36"
3.231.193.38 - - [15/Oct/2025:09:47:21 +0000] "GET /?fileloc=/var/www/vhosts/enlugo.es/httpdocs/wp-revision.php&path=/var/www/vhosts/enlugo.es/httpdocs HTTP/1.0" 200 5202 "-" "Mozilla/5.0 AppleWebKit/537.36 (KHTML, like Gecko; compatible; Amazonbot/0.1; +https://developer.amazon.com/support/amazonbot) Chrome/119.0.6045.214 Safari/537.36"
20.171.207.160 - - [15/Oct/2025:09:47:22 +0000] "GET /pages.php?q-~29mUrDNfnD75RApJEw9TusVcGTrPVvQt6368/ HTTP/1.0" 200 22085 "-" "Mozilla/5.0 AppleWebKit/537.36 (KHTML, like Gecko; compatible; GPTBot/1.2; +https://openai.com/gptbot)"
54.204.62.163 - - [15/Oct/2025:09:47:25 +0000] "GET /?fileloc=/var/www/vhosts/enlugo.es/httpdocs/wp-blogs.php&path=/var/www/vhosts/enlugo.es/httpdocs HTTP/1.0" 200 9801 "-" "Mozilla/5.0 AppleWebKit/537.36 (KHTML, like Gecko; compatible; Amazonbot/0.1; +https://developer.amazon.com/support/amazonbot) Chrome/119.0.6045.214 Safari/537.36"
20.171.207.160 - - [15/Oct/2025:09:47:25 +0000] "GET /pages.php?m76713113273 HTTP/1.0" 200 22621 "-" "Mozilla/5.0 AppleWebKit/537.36 (KHTML, like Gecko; compatible; GPTBot/1.2; +https://openai.com/gptbot)"
20.171.207.160 - - [15/Oct/2025:09:47:29 +0000] "GET /pages.php?q-~1RFqykGT1bhDbpkdDmL78CmWHp2JT9z9804/ HTTP/1.0" 200 23337 "-" "Mozilla/5.0 AppleWebKit/537.36 (KHTML, like Gecko; compatible; GPTBot/1.2; +https://openai.com/gptbot)"
34.224.132.215 - - [15/Oct/2025:09:47:29 +0000] "GET /?fileloc=/var/www/vhosts/enlugo.es/httpdocs/wp-tokens.php&path=/var/www/vhosts/enlugo.es/httpdocs HTTP/1.0" 200 9014 "-" "Mozilla/5.0 AppleWebKit/537.36 (KHTML, like Gecko; compatible; Amazonbot/0.1; +https://developer.amazon.com/support/amazonbot) Chrome/119.0.6045.214 Safari/537.36"
185.191.171.9 - - [15/Oct/2025:09:47:31 +0000] "GET /robots.txt HTTP/1.0" 200 2451 "-" "Mozilla/5.0 (compatible; SemrushBot/7~bl; +http://www.semrush.com/bot.html)"
20.171.207.160 - - [15/Oct/2025:09:47:32 +0000] "GET /pages.php?q-~25NC930QwZqsPlEBX3VEVUHonzg8SgLM266/ HTTP/1.0" 200 22382 "-" "Mozilla/5.0 AppleWebKit/537.36 (KHTML, like Gecko; compatible; GPTBot/1.2; +https://openai.com/gptbot)"
185.191.171.15 - - [15/Oct/2025:09:47:32 +0000] "GET /arde-lucus/ HTTP/1.0" 200 13693 "-" "Mozilla/5.0 (compatible; SemrushBot/7~bl; +http://www.semrush.com/bot.html)"
54.225.181.161 - - [15/Oct/2025:09:47:33 +0000] "GET /?fileloc=/var/www/vhosts/enlugo.es/httpdocs/wp-config.php&path=/var/www/vhosts/enlugo.es/httpdocs HTTP/1.0" 200 5863 "-" "Mozilla/5.0 AppleWebKit/537.36 (KHTML, like Gecko; compatible; Amazonbot/0.1; +https://developer.amazon.com/support/amazonbot) Chrome/119.0.6045.214 Safari/537.36"
20.171.207.160 - - [15/Oct/2025:09:47:35 +0000] "GET /pages.php?q-~1NOEXyL7EKGxynZrXaAvpQ6outefhCO8358/ HTTP/1.0" 200 23213 "-" "Mozilla/5.0 AppleWebKit/537.36 (KHTML, like Gecko; compatible; GPTBot/1.2; +https://openai.com/gptbot)"
54.83.23.103 - - [15/Oct/2025:09:47:38 +0000] "GET /?fileloc=/var/www/vhosts/enlugo.es/httpdocs/wp-utils.php&path=/var/www/vhosts/enlugo.es/httpdocs HTTP/1.0" 200 9562 "-" "Mozilla/5.0 AppleWebKit/537.36 (KHTML, like Gecko; compatible; Amazonbot/0.1; +https://developer.amazon.com/support/amazonbot) Chrome/119.0.6045.214 Safari/537.36"
20.171.207.160 - - [15/Oct/2025:09:47:38 +0000] "GET /pages.php?q-~2xspXLlkU0sVHW1CavkRsorLvTKC3RN45619/ HTTP/1.0" 200 23760 "-" "Mozilla/5.0 AppleWebKit/537.36 (KHTML, like Gecko; compatible; GPTBot/1.2; +https://openai.com/gptbot)"
20.171.207.160 - - [15/Oct/2025:09:47:41 +0000] "GET /pages.php?86503226 HTTP/1.0" 200 22787 "-" "Mozilla/5.0 AppleWebKit/537.36 (KHTML, like Gecko; compatible; GPTBot/1.2; +https://openai.com/gptbot)"
20.171.207.160 - - [15/Oct/2025:09:47:45 +0000] "GET /pages.php?first23-trusco-5320854 HTTP/1.0" 200 22286 "-" "Mozilla/5.0 AppleWebKit/537.36 (KHTML, like Gecko; compatible; GPTBot/1.2; +https://openai.com/gptbot)"
20.171.207.160 - - [15/Oct/2025:09:47:48 +0000] "GET /pages.php?cate_id=9639&channel=consecutive-gene-access&page=https://enlugo.es/item.aspx?q-~298pkvdhApyni52JNabZRwLtV0sxCws0N32267/&pid=24392447580 HTTP/1.0" 200 22619 "-" "Mozilla/5.0 AppleWebKit/537.36 (KHTML, like Gecko; compatible; GPTBot/1.2; +https://openai.com/gptbot)"
20.171.207.160 - - [15/Oct/2025:09:47:51 +0000] "GET /pages.php?category/4316/1 HTTP/1.0" 200 21972 "-" "Mozilla/5.0 AppleWebKit/537.36 (KHTML, like Gecko; compatible; GPTBot/1.2; +https://openai.com/gptbot)"
20.171.207.160 - - [15/Oct/2025:09:47:54 +0000] "GET /pages.php?m97027217313 HTTP/1.0" 200 22650 "-" "Mozilla/5.0 AppleWebKit/537.36 (KHTML, like Gecko; compatible; GPTBot/1.2; +https://openai.com/gptbot)"
20.171.207.160 - - [15/Oct/2025:09:47:57 +0000] "GET /pages.php?q-~1zxSK3XGpdwcPFepLgCC0wUiC7W3vzq8384/ HTTP/1.0" 200 23548 "-" "Mozilla/5.0 AppleWebKit/537.36 (KHTML, like Gecko; compatible; GPTBot/1.2; +https://openai.com/gptbot)"
20.171.207.160 - - [15/Oct/2025:09:48:01 +0000] "GET /pages.php?q-~3Y4Xhim7KHduRvdT5QGmytf2ech8aXq28558/ HTTP/1.0" 200 22286 "-" "Mozilla/5.0 AppleWebKit/537.36 (KHTML, like Gecko; compatible; GPTBot/1.2; +https://openai.com/gptbot)"
20.171.207.160 - - [15/Oct/2025:09:48:04 +0000] "GET /pages.php?q-~17QkQRGvKmm0tjKnigVzCrXFgeZZ2XPX3220/ HTTP/1.0" 200 22780 "-" "Mozilla/5.0 AppleWebKit/537.36 (KHTML, like Gecko; compatible; GPTBot/1.2; +https://openai.com/gptbot)"
20.171.207.160 - - [15/Oct/2025:09:48:07 +0000] "GET /pages.php?q-~1V4kODxfocJATmg9Wd7OTUYJiCqu0YF8370/ HTTP/1.0" 200 23579 "-" "Mozilla/5.0 AppleWebKit/537.36 (KHTML, like Gecko; compatible; GPTBot/1.2; +https://openai.com/gptbot)"
20.171.207.160 - - [15/Oct/2025:09:48:10 +0000] "GET /pages.php?q-~247SClAeJpvR5Lrn1Zw9knvLXAwUUmmdi352/ HTTP/1.0" 200 22992 "-" "Mozilla/5.0 AppleWebKit/537.36 (KHTML, like Gecko; compatible; GPTBot/1.2; +https://openai.com/gptbot)"
20.171.207.160 - - [15/Oct/2025:09:48:16 +0000] "GET /pages.php?q-~2Unbvx1HcbluX5sTvMtctLhGktO6c0j48783/ HTTP/1.0" 200 23996 "-" "Mozilla/5.0 AppleWebKit/537.36 (KHTML, like Gecko; compatible; GPTBot/1.2; +https://openai.com/gptbot)"
20.171.207.160 - - [15/Oct/2025:09:48:19 +0000] "GET /pages.php?q-~265mVELj5Mv2eOWEumolYTMWNsbP4DlGe4446/ HTTP/1.0" 200 22028 "-" "Mozilla/5.0 AppleWebKit/537.36 (KHTML, like Gecko; compatible; GPTBot/1.2; +https://openai.com/gptbot)"
20.171.207.160 - - [15/Oct/2025:09:48:23 +0000] "GET /pages.php?q-~75NSwaPO9ZMPrvx9QmKOoX7Hjg1IqhtN8282/ HTTP/1.0" 200 22104 "-" "Mozilla/5.0 AppleWebKit/537.36 (KHTML, like Gecko; compatible; GPTBot/1.2; +https://openai.com/gptbot)"
103.86.177.84 - - [15/Oct/2025:09:48:28 +0000] "POST /xmlrpc.php HTTP/1.0" 403 3277 "-" "Mozilla/5.0 (Windows NT 6.3; Win64; x64) AppleWebKit/537.36 (KHTML, like Gecko) Chrome/58.0.3029.110 Safari/537.36 Edge/16.16299"
20.171.207.160 - - [15/Oct/2025:09:48:29 +0000] "GET /pages.php?category/644_3219/1 HTTP/1.0" 200 22137 "-" "Mozilla/5.0 AppleWebKit/537.36 (KHTML, like Gecko; compatible; GPTBot/1.2; +https://openai.com/gptbot)"
20.171.207.160 - - [15/Oct/2025:09:48:32 +0000] "GET /pages.php?category/128_2660/1 HTTP/1.0" 200 21986 "-" "Mozilla/5.0 AppleWebKit/537.36 (KHTML, like Gecko; compatible; GPTBot/1.2; +https://openai.com/gptbot)"
20.171.207.160 - - [15/Oct/2025:09:48:35 +0000] "GET /pages.php?cocodecow-r9045h HTTP/1.0" 200 22224 "-" "Mozilla/5.0 AppleWebKit/537.36 (KHTML, like Gecko; compatible; GPTBot/1.2; +https://openai.com/gptbot)"
103.86.177.84 - - [15/Oct/2025:09:48:36 +0000] "POST /xmlrpc.php HTTP/1.0" 403 3277 "-" "Mozilla/5.0 (Windows NT 6.3; Win64; x64) AppleWebKit/537.36 (KHTML, like Gecko) Chrome/58.0.3029.110 Safari/537.36 Edge/16.16299"
20.171.207.160 - - [15/Oct/2025:09:48:38 +0000] "GET /pages.php?q-~2bX1GupAblLwopyPYiITwflK7basXVV2553/ HTTP/1.0" 200 23607 "-" "Mozilla/5.0 AppleWebKit/537.36 (KHTML, like Gecko; compatible; GPTBot/1.2; +https://openai.com/gptbot)"
20.171.207.160 - - [15/Oct/2025:09:48:42 +0000] "GET /pages.php?q-~9ctqtngy8qgAvMKeYL15IDE4sfliceS21920/ HTTP/1.0" 200 22374 "-" "Mozilla/5.0 AppleWebKit/537.36 (KHTML, like Gecko; compatible; GPTBot/1.2; +https://openai.com/gptbot)"
103.86.177.84 - - [15/Oct/2025:09:48:43 +0000] "POST /xmlrpc.php HTTP/1.0" 403 3277 "-" "Mozilla/5.0 (Windows NT 6.3; Win64; x64) AppleWebKit/537.36 (KHTML, like Gecko) Chrome/58.0.3029.110 Safari/537.36 Edge/16.16299"
20.171.207.160 - - [15/Oct/2025:09:48:45 +0000] "GET /pages.php?q-~2Vn1XMxOLeAXYQPGVjeBONJxhcyZ9qN2555/ HTTP/1.0" 200 24324 "-" "Mozilla/5.0 AppleWebKit/537.36 (KHTML, like Gecko; compatible; GPTBot/1.2; +https://openai.com/gptbot)"
20.171.207.160 - - [15/Oct/2025:09:48:48 +0000] "GET /pages.php?m64333705873 HTTP/1.0" 200 22143 "-" "Mozilla/5.0 AppleWebKit/537.36 (KHTML, like Gecko; compatible; GPTBot/1.2; +https://openai.com/gptbot)"
103.86.177.84 - - [15/Oct/2025:09:48:49 +0000] "POST /xmlrpc.php HTTP/1.0" 403 3277 "-" "Mozilla/5.0 (Windows NT 6.3; Win64; x64) AppleWebKit/537.36 (KHTML, like Gecko) Chrome/58.0.3029.110 Safari/537.36 Edge/16.16299"
20.171.207.160 - - [15/Oct/2025:09:48:51 +0000] "GET /pages.php?q-~2kGKR3zDwCa8HUVcq1KSSznIPmz6HqX27245/ HTTP/1.0" 200 23929 "-" "Mozilla/5.0 AppleWebKit/537.36 (KHTML, like Gecko; compatible; GPTBot/1.2; +https://openai.com/gptbot)"
20.171.207.160 - - [15/Oct/2025:09:48:54 +0000] "GET /pages.php?q-~81rv3VQ12CCxGq1aHxfPMMFpJsrsqgiO7034/ HTTP/1.0" 200 22262 "-" "Mozilla/5.0 AppleWebKit/537.36 (KHTML, like Gecko; compatible; GPTBot/1.2; +https://openai.com/gptbot)"
103.86.177.84 - - [15/Oct/2025:09:48:56 +0000] "POST /xmlrpc.php HTTP/1.0" 403 3277 "-" "Mozilla/5.0 (Windows NT 6.3; Win64; x64) AppleWebKit/537.36 (KHTML, like Gecko) Chrome/58.0.3029.110 Safari/537.36 Edge/16.16299"
20.171.207.160 - - [15/Oct/2025:09:48:57 +0000] "GET /pages.php?SDSC0140D-M01871EW013162 HTTP/1.0" 200 22587 "-" "Mozilla/5.0 AppleWebKit/537.36 (KHTML, like Gecko; compatible; GPTBot/1.2; +https://openai.com/gptbot)"
20.171.207.160 - - [15/Oct/2025:09:49:01 +0000] "GET /pages.php?osusumeshop777-ds-2487598 HTTP/1.0" 200 21827 "-" "Mozilla/5.0 AppleWebKit/537.36 (KHTML, like Gecko; compatible; GPTBot/1.2; +https://openai.com/gptbot)"
103.86.177.84 - - [15/Oct/2025:09:49:03 +0000] "POST /xmlrpc.php HTTP/1.0" 403 3277 "-" "Mozilla/5.0 (Windows NT 6.3; Win64; x64) AppleWebKit/537.36 (KHTML, like Gecko) Chrome/58.0.3029.110 Safari/537.36 Edge/16.16299"
20.171.207.160 - - [15/Oct/2025:09:49:04 +0000] "GET /upload/save_image/1113109_image_1_l.jpg HTTP/1.0" 200 13693 "-" "Mozilla/5.0 AppleWebKit/537.36 (KHTML, like Gecko; compatible; GPTBot/1.2; +https://openai.com/gptbot)"
20.171.207.160 - - [15/Oct/2025:09:49:07 +0000] "GET /pages.php?q-~123TdaqmtEVBLnqggOyUyIpdfKwASn07E260/ HTTP/1.0" 200 23346 "-" "Mozilla/5.0 AppleWebKit/537.36 (KHTML, like Gecko; compatible; GPTBot/1.2; +https://openai.com/gptbot)"
20.171.207.160 - - [15/Oct/2025:09:49:10 +0000] "GET /pages.php?q-~2hDOmiQKLnWerVwLgSETQYae48jti8Y46455/ HTTP/1.0" 200 23834 "-" "Mozilla/5.0 AppleWebKit/537.36 (KHTML, like Gecko; compatible; GPTBot/1.2; +https://openai.com/gptbot)"
52.167.144.160 - - [15/Oct/2025:09:49:12 +0000] "GET /?path=/ HTTP/1.0" 200 2276 "-" "Mozilla/5.0 AppleWebKit/537.36 (KHTML, like Gecko; compatible; bingbot/2.0; +http://www.bing.com/bingbot.htm) Chrome/116.0.1938.76 Safari/537.36"
20.171.207.160 - - [15/Oct/2025:09:49:13 +0000] "GET /pages.php?q-~1bIU78iVBKcSFwwGQlFg8DbHSvv3uZq15486/ HTTP/1.0" 200 24925 "-" "Mozilla/5.0 AppleWebKit/537.36 (KHTML, like Gecko; compatible; GPTBot/1.2; +https://openai.com/gptbot)"
20.171.207.160 - - [15/Oct/2025:09:49:16 +0000] "GET /pages.php?q-~2jpb5sxPkDFKaOzNqgVM0aeGw5xd1it29237/ HTTP/1.0" 200 23294 "-" "Mozilla/5.0 AppleWebKit/537.36 (KHTML, like Gecko; compatible; GPTBot/1.2; +https://openai.com/gptbot)"
20.171.207.160 - - [15/Oct/2025:09:49:19 +0000] "GET /pages.php?q-~259FHU44tW0glaKnjVdhVTv0fyhTJXCkY21808/ HTTP/1.0" 200 22092 "-" "Mozilla/5.0 AppleWebKit/537.36 (KHTML, like Gecko; compatible; GPTBot/1.2; +https://openai.com/gptbot)"
20.171.207.160 - - [15/Oct/2025:09:49:22 +0000] "GET /upload/save_image/1113109_image_1_l.jpg?fileloc=/var/www/vhosts/enlugo.es/httpdocs/wp-class-theme.php&path=/var/www/vhosts/enlugo.es/httpdocs HTTP/1.0" 200 10038 "-" "Mozilla/5.0 AppleWebKit/537.36 (KHTML, like Gecko; compatible; GPTBot/1.2; +https://openai.com/gptbot)"
20.171.207.160 - - [15/Oct/2025:09:49:25 +0000] "GET /upload/save_image/1113109_image_1_l.jpg?path=/var/www/vhosts/enlugo.es HTTP/1.0" 200 5017 "-" "Mozilla/5.0 AppleWebKit/537.36 (KHTML, like Gecko; compatible; GPTBot/1.2; +https://openai.com/gptbot)"
20.171.207.160 - - [15/Oct/2025:09:49:28 +0000] "GET /upload/save_image/1113109_image_1_l.jpg?path=/var/www/vhosts HTTP/1.0" 200 4348 "-" "Mozilla/5.0 AppleWebKit/537.36 (KHTML, like Gecko; compatible; GPTBot/1.2; +https://openai.com/gptbot)"
20.171.207.160 - - [15/Oct/2025:09:49:31 +0000] "GET /upload/save_image/1113109_image_1_l.jpg?path=/var/www/vhosts/enlugo.es/httpdocs/images HTTP/1.0" 200 6789 "-" "Mozilla/5.0 AppleWebKit/537.36 (KHTML, like Gecko; compatible; GPTBot/1.2; +https://openai.com/gptbot)"
20.171.207.160 - - [15/Oct/2025:09:49:34 +0000] "GET /pages.php?items/281011715.html?srsltid=AfmBOoppzHefVZCKuSQkYNnUXQmMkXWCvqCeGPsUfVF7dkIMJQcx HTTP/1.0" 200 23496 "-" "Mozilla/5.0 AppleWebKit/537.36 (KHTML, like Gecko; compatible; GPTBot/1.2; +https://openai.com/gptbot)"
20.171.207.160 - - [15/Oct/2025:09:49:38 +0000] "GET /upload/save_image/1113109_image_1_l.jpg?path=/var/www/vhosts/enlugo.es/httpdocs/_errorpages HTTP/1.0" 200 4842 "-" "Mozilla/5.0 AppleWebKit/537.36 (KHTML, like Gecko; compatible; GPTBot/1.2; +https://openai.com/gptbot)"
20.171.207.160 - - [15/Oct/2025:09:49:41 +0000] "GET /upload/save_image/1113109_image_2_l.jpg HTTP/1.0" 200 13693 "-" "Mozilla/5.0 AppleWebKit/537.36 (KHTML, like Gecko; compatible; GPTBot/1.2; +https://openai.com/gptbot)"
20.171.207.160 - - [15/Oct/2025:09:49:44 +0000] "GET /upload/save_image/1113109_image_1_l.jpg?path=/var/www/vhosts/enlugo.es/.analytic HTTP/1.0" 200 4609 "-" "Mozilla/5.0 AppleWebKit/537.36 (KHTML, like Gecko; compatible; GPTBot/1.2; +https://openai.com/gptbot)"
20.171.207.160 - - [15/Oct/2025:09:49:47 +0000] "GET /upload/save_image/1113109_image_1_l.jpg?path=/var/www/vhosts/enlugo.es/httpdocs/images/images HTTP/1.0" 200 4764 "-" "Mozilla/5.0 AppleWebKit/537.36 (KHTML, like Gecko; compatible; GPTBot/1.2; +https://openai.com/gptbot)"
20.171.207.160 - - [15/Oct/2025:09:49:50 +0000] "GET /upload/save_image/1113109_image_1_l.jpg?path=/var/www/vhosts/enlugo.es/httpdocs/.tmb HTTP/1.0" 200 4388 "-" "Mozilla/5.0 AppleWebKit/537.36 (KHTML, like Gecko; compatible; GPTBot/1.2; +https://openai.com/gptbot)"
20.171.207.160 - - [15/Oct/2025:09:49:54 +0000] "GET /upload/save_image/1113109_image_1_l.jpg?path=/var/www/vhosts/enlugo.es/.composer HTTP/1.0" 200 4705 "-" "Mozilla/5.0 AppleWebKit/537.36 (KHTML, like Gecko; compatible; GPTBot/1.2; +https://openai.com/gptbot)"
20.171.207.160 - - [15/Oct/2025:09:49:57 +0000] "GET /upload/save_image/1113109_image_1_l.jpg?path=/var/www/vhosts/enlugo.es/httpdocs/_errorpages/_errorpages HTTP/1.0" 200 4763 "-" "Mozilla/5.0 AppleWebKit/537.36 (KHTML, like Gecko; compatible; GPTBot/1.2; +https://openai.com/gptbot)"
20.171.207.160 - - [15/Oct/2025:09:50:00 +0000] "GET /upload/save_image/1113109_image_2_l.jpg?fileloc=/var/www/vhosts/enlugo.es/httpdocs/wp-application.php&path=/var/www/vhosts/enlugo.es/httpdocs HTTP/1.0" 200 5217 "-" "Mozilla/5.0 AppleWebKit/537.36 (KHTML, like Gecko; compatible; GPTBot/1.2; +https://openai.com/gptbot)"
20.171.207.160 - - [15/Oct/2025:09:50:03 +0000] "GET /upload/save_image/1113109_image_2_l.jpg?fileloc=/var/www/vhosts/enlugo.es/httpdocs/wp-global.php&path=/var/www/vhosts/enlugo.es/httpdocs HTTP/1.0" 200 9984 "-" "Mozilla/5.0 AppleWebKit/537.36 (KHTML, like Gecko; compatible; GPTBot/1.2; +https://openai.com/gptbot)"
20.171.207.160 - - [15/Oct/2025:09:50:06 +0000] "GET /upload/save_image/1113109_image_2_l.jpg?fileloc=/var/www/vhosts/enlugo.es/httpdocs/wp-option.php&path=/var/www/vhosts/enlugo.es/httpdocs HTTP/1.0" 200 7736 "-" "Mozilla/5.0 AppleWebKit/537.36 (KHTML, like Gecko; compatible; GPTBot/1.2; +https://openai.com/gptbot)"
20.171.207.160 - - [15/Oct/2025:09:50:09 +0000] "GET /upload/save_image/1113109_image_1_l.jpg?path=/var/www/vhosts/enlugo.es/.analytic/99bc4fdad1c5d1d2c04a047e324d4f25 HTTP/1.0" 200 4625 "-" "Mozilla/5.0 AppleWebKit/537.36 (KHTML, like Gecko; compatible; GPTBot/1.2; +https://openai.com/gptbot)"
20.171.207.160 - - [15/Oct/2025:09:50:12 +0000] "GET /upload/save_image/1113109_image_2_l.jpg?path=/var/www/vhosts HTTP/1.0" 200 4348 "-" "Mozilla/5.0 AppleWebKit/537.36 (KHTML, like Gecko; compatible; GPTBot/1.2; +https://openai.com/gptbot)"
20.171.207.160 - - [15/Oct/2025:09:50:15 +0000] "GET /upload/save_image/1113109_image_2_l.jpg?path=/var/www/vhosts/enlugo.es/httpdocs/cgi-bin HTTP/1.0" 200 4671 "-" "Mozilla/5.0 AppleWebKit/537.36 (KHTML, like Gecko; compatible; GPTBot/1.2; +https://openai.com/gptbot)"
20.171.207.160 - - [15/Oct/2025:09:50:18 +0000] "GET /upload/save_image/1113109_image_2_l.jpg?path=/var/www HTTP/1.0" 200 4338 "-" "Mozilla/5.0 AppleWebKit/537.36 (KHTML, like Gecko; compatible; GPTBot/1.2; +https://openai.com/gptbot)"
20.171.207.160 - - [15/Oct/2025:09:50:22 +0000] "GET /upload/save_image/1113109_image_2_l.jpg?path=/var/www/vhosts/enlugo.es/httpdocs/c98c4 HTTP/1.0" 200 4594 "-" "Mozilla/5.0 AppleWebKit/537.36 (KHTML, like Gecko; compatible; GPTBot/1.2; +https://openai.com/gptbot)"
20.171.207.160 - - [15/Oct/2025:09:50:25 +0000] "GET /upload/save_image/1113109_image_2_l.jpg?path=/var HTTP/1.0" 200 4327 "-" "Mozilla/5.0 AppleWebKit/537.36 (KHTML, like Gecko; compatible; GPTBot/1.2; +https://openai.com/gptbot)"
20.171.207.160 - - [15/Oct/2025:09:50:28 +0000] "GET /upload/save_image/1113109_image_2_l.jpg?path=/var/www/vhosts/enlugo.es HTTP/1.0" 200 5017 "-" "Mozilla/5.0 AppleWebKit/537.36 (KHTML, like Gecko; compatible; GPTBot/1.2; +https://openai.com/gptbot)"
20.171.207.160 - - [15/Oct/2025:09:50:31 +0000] "GET /upload/save_image/1113109_image_2_l.jpg?path=/var/www/vhosts/enlugo.es/httpdocs/.tmb HTTP/1.0" 200 4388 "-" "Mozilla/5.0 AppleWebKit/537.36 (KHTML, like Gecko; compatible; GPTBot/1.2; +https://openai.com/gptbot)"
20.171.207.160 - - [15/Oct/2025:09:50:34 +0000] "GET /upload/save_image/1113109_image_1_l.jpg?path=/var/www HTTP/1.0" 200 4338 "-" "Mozilla/5.0 AppleWebKit/537.36 (KHTML, like Gecko; compatible; GPTBot/1.2; +https://openai.com/gptbot)"
20.171.207.160 - - [15/Oct/2025:09:50:38 +0000] "GET /upload/save_image/1113109_image_2_l.jpg?path=/var/www/vhosts/enlugo.es/httpdocs/cgi-bin/cgi-bin HTTP/1.0" 200 4763 "-" "Mozilla/5.0 AppleWebKit/537.36 (KHTML, like Gecko; compatible; GPTBot/1.2; +https://openai.com/gptbot)"
20.171.207.160 - - [15/Oct/2025:09:50:41 +0000] "GET /upload/save_image/1113109_image_2_l.jpg?path=/var/www/vhosts/enlugo.es/logs HTTP/1.0" 200 5731 "-" "Mozilla/5.0 AppleWebKit/537.36 (KHTML, like Gecko; compatible; GPTBot/1.2; +https://openai.com/gptbot)"
20.171.207.160 - - [15/Oct/2025:09:50:44 +0000] "GET /upload/save_image/1113109_image_1_l.jpg?path=/var/www/vhosts/enlugo.es/logs HTTP/1.0" 200 5730 "-" "Mozilla/5.0 AppleWebKit/537.36 (KHTML, like Gecko; compatible; GPTBot/1.2; +https://openai.com/gptbot)"
20.171.207.160 - - [15/Oct/2025:09:50:47 +0000] "GET /upload/save_image/1113109_image_2_l.jpg?path=/var/www/vhosts/enlugo.es/.composer HTTP/1.0" 200 4705 "-" "Mozilla/5.0 AppleWebKit/537.36 (KHTML, like Gecko; compatible; GPTBot/1.2; +https://openai.com/gptbot)"
20.171.207.160 - - [15/Oct/2025:09:50:50 +0000] "GET /upload/save_image/1113109_image_2_l.jpg?path=/var/www/vhosts/enlugo.es/wordpress-backups HTTP/1.0" 200 4386 "-" "Mozilla/5.0 AppleWebKit/537.36 (KHTML, like Gecko; compatible; GPTBot/1.2; +https://openai.com/gptbot)"
20.171.207.160 - - [15/Oct/2025:09:50:53 +0000] "GET /upload/save_image/1113109_image_2_l.jpg?path=/var/www/vhosts/enlugo.es/.analytic HTTP/1.0" 200 4609 "-" "Mozilla/5.0 AppleWebKit/537.36 (KHTML, like Gecko; compatible; GPTBot/1.2; +https://openai.com/gptbot)"
20.171.207.160 - - [15/Oct/2025:09:50:56 +0000] "GET /upload/save_image/1113109_image_2_l.jpg?path=/var/www/vhosts/enlugo.es/httpdocs/cgi-bin/cgi-bin/cgi-bin HTTP/1.0" 200 4776 "-" "Mozilla/5.0 AppleWebKit/537.36 (KHTML, like Gecko; compatible; GPTBot/1.2; +https://openai.com/gptbot)"
20.171.207.160 - - [15/Oct/2025:09:50:59 +0000] "GET /upload/save_image/1113109_image_1_l.jpg?path=/var/www/vhosts/enlugo.es/.ssh HTTP/1.0" 200 4625 "-" "Mozilla/5.0 AppleWebKit/537.36 (KHTML, like Gecko; compatible; GPTBot/1.2; +https://openai.com/gptbot)"
20.171.207.160 - - [15/Oct/2025:09:51:03 +0000] "GET /upload/save_image/1113109_image_1_l.jpg?path=/var/www/vhosts/enlugo.es/wordpress-backups HTTP/1.0" 200 4386 "-" "Mozilla/5.0 AppleWebKit/537.36 (KHTML, like Gecko; compatible; GPTBot/1.2; +https://openai.com/gptbot)"
20.171.207.160 - - [15/Oct/2025:09:51:06 +0000] "GET /upload/save_image/1113109_image_2_l.jpg?path=/var/www/vhosts/enlugo.es/httpdocs/images HTTP/1.0" 200 6789 "-" "Mozilla/5.0 AppleWebKit/537.36 (KHTML, like Gecko; compatible; GPTBot/1.2; +https://openai.com/gptbot)"
20.171.207.160 - - [15/Oct/2025:09:51:09 +0000] "GET /upload/save_image/1113109_image_2_l.jpg?path=/var/www/vhosts/enlugo.es/httpdocs/cgi-bin/cgi-bin/cgi-bin/cgi-bin HTTP/1.0" 200 4777 "-" "Mozilla/5.0 AppleWebKit/537.36 (KHTML, like Gecko; compatible; GPTBot/1.2; +https://openai.com/gptbot)"
20.171.207.160 - - [15/Oct/2025:09:51:12 +0000] "GET /upload/save_image/1113109_image_1_l.jpg?path=/var/www/vhosts/enlugo.es/error_docs HTTP/1.0" 200 5139 "-" "Mozilla/5.0 AppleWebKit/537.36 (KHTML, like Gecko; compatible; GPTBot/1.2; +https://openai.com/gptbot)"
20.171.207.160 - - [15/Oct/2025:09:51:15 +0000] "GET /upload/save_image/1113109_image_2_l.jpg?path=/var/www/vhosts/enlugo.es/.composer/cache HTTP/1.0" 200 4712 "-" "Mozilla/5.0 AppleWebKit/537.36 (KHTML, like Gecko; compatible; GPTBot/1.2; +https://openai.com/gptbot)"
20.171.207.160 - - [15/Oct/2025:09:51:18 +0000] "GET /upload/save_image/1113109_image_1_l.jpg?path=/var/www/vhosts/enlugo.es/httpdocs/cgi-bin HTTP/1.0" 200 4671 "-" "Mozilla/5.0 AppleWebKit/537.36 (KHTML, like Gecko; compatible; GPTBot/1.2; +https://openai.com/gptbot)"
20.171.207.160 - - [15/Oct/2025:09:51:21 +0000] "GET /upload/save_image/1113109_image_2_l.jpg?path=/var/www/vhosts/enlugo.es/httpdocs/images/images HTTP/1.0" 200 4764 "-" "Mozilla/5.0 AppleWebKit/537.36 (KHTML, like Gecko; compatible; GPTBot/1.2; +https://openai.com/gptbot)"
20.171.207.160 - - [15/Oct/2025:09:51:25 +0000] "GET /upload/save_image/1113109_image_1_l.jpg?path=/var/www/vhosts/enlugo.es/.composer/cache HTTP/1.0" 200 4712 "-" "Mozilla/5.0 AppleWebKit/537.36 (KHTML, like Gecko; compatible; GPTBot/1.2; +https://openai.com/gptbot)"
20.171.207.160 - - [15/Oct/2025:09:51:28 +0000] "GET /upload/save_image/1113109_image_2_l.jpg?path=/var/www/vhosts/enlugo.es/httpdocs/cache HTTP/1.0" 200 12416 "-" "Mozilla/5.0 AppleWebKit/537.36 (KHTML, like Gecko; compatible; GPTBot/1.2; +https://openai.com/gptbot)"
20.171.207.160 - - [15/Oct/2025:09:51:31 +0000] "GET /upload/save_image/1113109_image_1_l.jpg?path=/var/www/vhosts/enlugo.es/httpdocs/cache HTTP/1.0" 200 12416 "-" "Mozilla/5.0 AppleWebKit/537.36 (KHTML, like Gecko; compatible; GPTBot/1.2; +https://openai.com/gptbot)"
20.171.207.160 - - [15/Oct/2025:09:51:34 +0000] "GET /upload/save_image/1113109_image_2_l.jpg?path=/var/www/vhosts/enlugo.es/error_docs HTTP/1.0" 200 5139 "-" "Mozilla/5.0 AppleWebKit/537.36 (KHTML, like Gecko; compatible; GPTBot/1.2; +https://openai.com/gptbot)"
20.171.207.160 - - [15/Oct/2025:09:51:37 +0000] "GET /upload/save_image/1113109_image_1_l.jpg?path=/var/www/vhosts/enlugo.es/httpdocs/cgi-bin/cgi-bin HTTP/1.0" 200 4763 "-" "Mozilla/5.0 AppleWebKit/537.36 (KHTML, like Gecko; compatible; GPTBot/1.2; +https://openai.com/gptbot)"
20.171.207.160 - - [15/Oct/2025:09:51:41 +0000] "GET /upload/save_image/1113109_image_2_l.jpg?path=/var/www/vhosts/enlugo.es/.ssh HTTP/1.0" 200 4625 "-" "Mozilla/5.0 AppleWebKit/537.36 (KHTML, like Gecko; compatible; GPTBot/1.2; +https://openai.com/gptbot)"
20.171.207.160 - - [15/Oct/2025:09:51:44 +0000] "GET /upload/save_image/1113109_image_1_l.jpg?path=/var HTTP/1.0" 200 4327 "-" "Mozilla/5.0 AppleWebKit/537.36 (KHTML, like Gecko; compatible; GPTBot/1.2; +https://openai.com/gptbot)"
20.171.207.160 - - [15/Oct/2025:09:51:47 +0000] "GET /upload/save_image/1113109_image_2_l.jpg?fileloc=/var/www/vhosts/enlugo.es/httpdocs/cache/wp-class-json.php&path=/var/www/vhosts/enlugo.es/httpdocs/cache HTTP/1.0" 200 11159 "-" "Mozilla/5.0 AppleWebKit/537.36 (KHTML, like Gecko; compatible; GPTBot/1.2; +https://openai.com/gptbot)"
20.171.207.160 - - [15/Oct/2025:09:51:50 +0000] "GET /upload/save_image/1113109_image_1_l.jpg?path=/var/www/vhosts/enlugo.es/httpdocs HTTP/1.0" 200 13693 "-" "Mozilla/5.0 AppleWebKit/537.36 (KHTML, like Gecko; compatible; GPTBot/1.2; +https://openai.com/gptbot)"
20.171.207.160 - - [15/Oct/2025:09:51:53 +0000] "GET /upload/save_image/1113109_image_1_l.jpg?path=/var/www/vhosts/enlugo.es/httpdocs/cache/cache HTTP/1.0" 200 4676 "-" "Mozilla/5.0 AppleWebKit/537.36 (KHTML, like Gecko; compatible; GPTBot/1.2; +https://openai.com/gptbot)"
20.171.207.160 - - [15/Oct/2025:09:51:56 +0000] "GET /upload/save_image/1113109_image_1_l.jpg?path=/var/www/vhosts/enlugo.es/httpdocs/cgi-bin/cgi-bin/cgi-bin HTTP/1.0" 200 4776 "-" "Mozilla/5.0 AppleWebKit/537.36 (KHTML, like Gecko; compatible; GPTBot/1.2; +https://openai.com/gptbot)"
20.171.207.160 - - [15/Oct/2025:09:52:00 +0000] "GET /upload/save_image/1113109_image_2_l.jpg?path=/var/www/vhosts/enlugo.es/httpdocs HTTP/1.0" 200 13693 "-" "Mozilla/5.0 AppleWebKit/537.36 (KHTML, like Gecko; compatible; GPTBot/1.2; +https://openai.com/gptbot)"
20.171.207.160 - - [15/Oct/2025:09:52:03 +0000] "GET /upload/save_image/1113109_image_2_l.jpg?path=/var/www/vhosts/enlugo.es/.revisium_antivirus_cache HTTP/1.0" 200 4592 "-" "Mozilla/5.0 AppleWebKit/537.36 (KHTML, like Gecko; compatible; GPTBot/1.2; +https://openai.com/gptbot)"
20.171.207.160 - - [15/Oct/2025:09:52:06 +0000] "GET /upload/save_image/1113109_image_2_l.jpg?path=/var/www/vhosts/enlugo.es/httpdocs/cache/cache HTTP/1.0" 200 4676 "-" "Mozilla/5.0 AppleWebKit/537.36 (KHTML, like Gecko; compatible; GPTBot/1.2; +https://openai.com/gptbot)"
20.171.207.160 - - [15/Oct/2025:09:52:09 +0000] "GET /upload/save_image/1113109_image_1_l.jpg?path=/var/www/vhosts/enlugo.es/httpdocs/cache/cache/cache HTTP/1.0" 200 4828 "-" "Mozilla/5.0 AppleWebKit/537.36 (KHTML, like Gecko; compatible; GPTBot/1.2; +https://openai.com/gptbot)"
20.171.207.160 - - [15/Oct/2025:09:52:12 +0000] "GET /upload/save_image/1113109_image_1_l.jpg?path=/var/www/vhosts/enlugo.es/.revisium_antivirus_cache HTTP/1.0" 200 4592 "-" "Mozilla/5.0 AppleWebKit/537.36 (KHTML, like Gecko; compatible; GPTBot/1.2; +https://openai.com/gptbot)"
20.171.207.160 - - [15/Oct/2025:09:52:15 +0000] "GET /upload/save_image/1113109_image_2_l.jpg?path=/var/www/vhosts/enlugo.es/.revisium_antivirus_cache/.revisium7 HTTP/1.0" 200 4706 "-" "Mozilla/5.0 AppleWebKit/537.36 (KHTML, like Gecko; compatible; GPTBot/1.2; +https://openai.com/gptbot)"
20.171.207.160 - - [15/Oct/2025:09:52:18 +0000] "GET /upload/save_image/1113109_image_2_l.jpg?path=/var/www/vhosts/enlugo.es/httpdocs/cache/cache/cache HTTP/1.0" 200 4828 "-" "Mozilla/5.0 AppleWebKit/537.36 (KHTML, like Gecko; compatible; GPTBot/1.2; +https://openai.com/gptbot)"
20.171.207.160 - - [15/Oct/2025:09:52:21 +0000] "GET /upload/save_image/1113109_image_1_l.jpg?path=/var/www/vhosts/enlugo.es/httpdocs/cgi-bin/cgi-bin/cgi-bin/cgi-bin HTTP/1.0" 200 4777 "-" "Mozilla/5.0 AppleWebKit/537.36 (KHTML, like Gecko; compatible; GPTBot/1.2; +https://openai.com/gptbot)"
20.171.207.160 - - [15/Oct/2025:09:52:25 +0000] "GET /upload/save_image/1113109_image_1_l.jpg?path=/var/www/vhosts/enlugo.es/.composer/cache/files HTTP/1.0" 200 4400 "-" "Mozilla/5.0 AppleWebKit/537.36 (KHTML, like Gecko; compatible; GPTBot/1.2; +https://openai.com/gptbot)"
20.171.207.160 - - [15/Oct/2025:09:52:28 +0000] "GET /upload/save_image/1113109_image_1_l.jpg?path=/var/www/vhosts/enlugo.es/.revisium_antivirus_cache/.revisium7 HTTP/1.0" 200 4706 "-" "Mozilla/5.0 AppleWebKit/537.36 (KHTML, like Gecko; compatible; GPTBot/1.2; +https://openai.com/gptbot)"
20.171.207.160 - - [15/Oct/2025:09:52:31 +0000] "GET /upload/save_image/1113109_image_1_l.jpg?path=/var/www/vhosts/enlugo.es/httpdocs/c98c4 HTTP/1.0" 200 4594 "-" "Mozilla/5.0 AppleWebKit/537.36 (KHTML, like Gecko; compatible; GPTBot/1.2; +https://openai.com/gptbot)"
20.171.207.160 - - [15/Oct/2025:09:52:34 +0000] "GET /upload/save_image/1113109_image_2_l.jpg?path=/ HTTP/1.0" 200 4317 "-" "Mozilla/5.0 AppleWebKit/537.36 (KHTML, like Gecko; compatible; GPTBot/1.2; +https://openai.com/gptbot)"
20.171.207.160 - - [15/Oct/2025:09:52:37 +0000] "GET /upload/save_image/1113109_image_2_l.jpg?path=/var/www/vhosts/enlugo.es/.composer/cache/files HTTP/1.0" 200 4400 "-" "Mozilla/5.0 AppleWebKit/537.36 (KHTML, like Gecko; compatible; GPTBot/1.2; +https://openai.com/gptbot)"
20.171.207.160 - - [15/Oct/2025:09:52:41 +0000] "GET /upload/save_image/1113109_image_1_l.jpg?path=/ HTTP/1.0" 200 4317 "-" "Mozilla/5.0 AppleWebKit/537.36 (KHTML, like Gecko; compatible; GPTBot/1.2; +https://openai.com/gptbot)"
20.171.207.160 - - [15/Oct/2025:09:52:44 +0000] "GET /upload/save_image/1113109_image_2_l.jpg?path=/var/www/vhosts/enlugo.es/httpdocs/cgi-bin/cgi-bin/cgi-bin/cgi-bin/cgi-bin HTTP/1.0" 200 4734 "-" "Mozilla/5.0 AppleWebKit/537.36 (KHTML, like Gecko; compatible; GPTBot/1.2; +https://openai.com/gptbot)"
20.171.207.160 - - [15/Oct/2025:09:52:47 +0000] "GET /upload/save_image/1113109_image_2_l.jpg?path=/var/www/vhosts/enlugo.es/httpdocs/_errorpages HTTP/1.0" 200 4842 "-" "Mozilla/5.0 AppleWebKit/537.36 (KHTML, like Gecko; compatible; GPTBot/1.2; +https://openai.com/gptbot)"
20.171.207.160 - - [15/Oct/2025:09:52:50 +0000] "GET /upload/save_image/1113109_image_1_l.jpg?path=/var/www/vhosts/enlugo.es/httpdocs/cgi-bin/cgi-bin/cgi-bin/cgi-bin/cgi-bin HTTP/1.0" 200 4734 "-" "Mozilla/5.0 AppleWebKit/537.36 (KHTML, like Gecko; compatible; GPTBot/1.2; +https://openai.com/gptbot)"
20.171.207.160 - - [15/Oct/2025:09:52:53 +0000] "GET /upload/save_image/1113109_image_1_l.jpg?path=/var/www/vhosts/enlugo.es/httpdocs/images/images/images HTTP/1.0" 200 4728 "-" "Mozilla/5.0 AppleWebKit/537.36 (KHTML, like Gecko; compatible; GPTBot/1.2; +https://openai.com/gptbot)"
20.171.207.160 - - [15/Oct/2025:09:52:56 +0000] "GET /upload/save_image/1113109_image_2_l.jpg?path=/var/www/vhosts/enlugo.es/httpdocs/cgi-bin/cgi-bin/cgi-bin/cgi-bin/cgi-bin/cgi-bin HTTP/1.0" 200 4790 "-" "Mozilla/5.0 AppleWebKit/537.36 (KHTML, like Gecko; compatible; GPTBot/1.2; +https://openai.com/gptbot)"
20.171.207.160 - - [15/Oct/2025:09:53:00 +0000] "GET /upload/save_image/1113109_image_2_l.jpg?path=/var/www/vhosts/enlugo.es/httpdocs/cache/cache/cache/cache HTTP/1.0" 200 4770 "-" "Mozilla/5.0 AppleWebKit/537.36 (KHTML, like Gecko; compatible; GPTBot/1.2; +https://openai.com/gptbot)"
20.171.207.160 - - [15/Oct/2025:09:53:03 +0000] "GET /upload/save_image/1113109_image_1_l.jpg?path=/var/www/vhosts/enlugo.es/httpdocs/cgi-bin/cgi-bin/cgi-bin/cgi-bin/cgi-bin/cgi-bin HTTP/1.0" 200 4790 "-" "Mozilla/5.0 AppleWebKit/537.36 (KHTML, like Gecko; compatible; GPTBot/1.2; +https://openai.com/gptbot)"
20.171.207.160 - - [15/Oct/2025:09:53:06 +0000] "GET /upload/save_image/1113109_image_2_l.jpg?path=/var/www/vhosts/enlugo.es/httpdocs/images/images/images HTTP/1.0" 200 4728 "-" "Mozilla/5.0 AppleWebKit/537.36 (KHTML, like Gecko; compatible; GPTBot/1.2; +https://openai.com/gptbot)"
20.171.207.160 - - [15/Oct/2025:09:53:09 +0000] "GET /upload/save_image/1113109_image_1_l.jpg?path=/var/www/vhosts/enlugo.es/httpdocs/_errorpages/_errorpages/_errorpages HTTP/1.0" 200 4727 "-" "Mozilla/5.0 AppleWebKit/537.36 (KHTML, like Gecko; compatible; GPTBot/1.2; +https://openai.com/gptbot)"
20.171.207.160 - - [15/Oct/2025:09:53:12 +0000] "GET /upload/save_image/1113109_image_2_l.jpg?path=/var/www/vhosts/enlugo.es/httpdocs/cache/cache/cache/cache/cache HTTP/1.0" 200 4740 "-" "Mozilla/5.0 AppleWebKit/537.36 (KHTML, like Gecko; compatible; GPTBot/1.2; +https://openai.com/gptbot)"
20.171.207.160 - - [15/Oct/2025:09:53:15 +0000] "GET /upload/save_image/1113109_image_2_l.jpg?path=/var/www/vhosts/enlugo.es/httpdocs/_errorpages/_errorpages HTTP/1.0" 200 4763 "-" "Mozilla/5.0 AppleWebKit/537.36 (KHTML, like Gecko; compatible; GPTBot/1.2; +https://openai.com/gptbot)"
20.171.207.160 - - [15/Oct/2025:09:53:18 +0000] "GET /upload/save_image/1113109_image_2_l.jpg?path=/var/www/vhosts/enlugo.es/httpdocs/cgi-bin/cgi-bin/cgi-bin/cgi-bin/cgi-bin/cgi-bin/cgi-bin HTTP/1.0" 200 4787 "-" "Mozilla/5.0 AppleWebKit/537.36 (KHTML, like Gecko; compatible; GPTBot/1.2; +https://openai.com/gptbot)"
20.171.207.160 - - [15/Oct/2025:09:53:22 +0000] "GET /upload/save_image/1113109_image_1_l.jpg?path=/var/www/vhosts/enlugo.es/httpdocs/cache/cache/cache/cache HTTP/1.0" 200 4770 "-" "Mozilla/5.0 AppleWebKit/537.36 (KHTML, like Gecko; compatible; GPTBot/1.2; +https://openai.com/gptbot)"
20.171.207.160 - - [15/Oct/2025:09:53:25 +0000] "GET /upload/save_image/1113109_image_2_l.jpg?path=/var/www/vhosts/enlugo.es/httpdocs/cache/cache/cache/cache/cache/cache HTTP/1.0" 200 4680 "-" "Mozilla/5.0 AppleWebKit/537.36 (KHTML, like Gecko; compatible; GPTBot/1.2; +https://openai.com/gptbot)"
20.171.207.160 - - [15/Oct/2025:09:53:28 +0000] "GET /upload/save_image/1113109_image_1_l.jpg?path=/var/www/vhosts/enlugo.es/httpdocs/_errorpages/_errorpages/_errorpages/_errorpages HTTP/1.0" 200 4695 "-" "Mozilla/5.0 AppleWebKit/537.36 (KHTML, like Gecko; compatible; GPTBot/1.2; +https://openai.com/gptbot)"
20.171.207.160 - - [15/Oct/2025:09:53:31 +0000] "GET /upload/save_image/1113109_image_2_l.jpg?path=/var/www/vhosts/enlugo.es/httpdocs/_errorpages/_errorpages/_errorpages HTTP/1.0" 200 4727 "-" "Mozilla/5.0 AppleWebKit/537.36 (KHTML, like Gecko; compatible; GPTBot/1.2; +https://openai.com/gptbot)"
20.171.207.160 - - [15/Oct/2025:09:53:34 +0000] "GET /upload/save_image/1113109_image_1_l.jpg?path=/var/www/vhosts/enlugo.es/httpdocs/images/images/images/images HTTP/1.0" 200 4857 "-" "Mozilla/5.0 AppleWebKit/537.36 (KHTML, like Gecko; compatible; GPTBot/1.2; +https://openai.com/gptbot)"
20.171.207.160 - - [15/Oct/2025:09:53:37 +0000] "GET /upload/save_image/1113109_image_2_l.jpg?path=/var/www/vhosts/enlugo.es/httpdocs/images/images/images/images HTTP/1.0" 200 4857 "-" "Mozilla/5.0 AppleWebKit/537.36 (KHTML, like Gecko; compatible; GPTBot/1.2; +https://openai.com/gptbot)"
20.171.207.160 - - [15/Oct/2025:09:53:40 +0000] "GET /upload/save_image/1113109_image_1_l.jpg?path=/var/www/vhosts/enlugo.es/httpdocs/cache/cache/cache/cache/cache HTTP/1.0" 200 4740 "-" "Mozilla/5.0 AppleWebKit/537.36 (KHTML, like Gecko; compatible; GPTBot/1.2; +https://openai.com/gptbot)"
20.171.207.160 - - [15/Oct/2025:09:53:44 +0000] "GET /upload/save_image/1113109_image_1_l.jpg?path=/var/www/vhosts/enlugo.es/httpdocs/cgi-bin/cgi-bin/cgi-bin/cgi-bin/cgi-bin/cgi-bin/cgi-bin HTTP/1.0" 200 4787 "-" "Mozilla/5.0 AppleWebKit/537.36 (KHTML, like Gecko; compatible; GPTBot/1.2; +https://openai.com/gptbot)"
20.171.207.160 - - [15/Oct/2025:09:53:47 +0000] "GET /upload/save_image/1113109_image_2_l.jpg?path=/var/www/vhosts/enlugo.es/httpdocs/_errorpages/_errorpages/_errorpages/_errorpages HTTP/1.0" 200 4695 "-" "Mozilla/5.0 AppleWebKit/537.36 (KHTML, like Gecko; compatible; GPTBot/1.2; +https://openai.com/gptbot)"
20.171.207.160 - - [15/Oct/2025:09:53:50 +0000] "GET /upload/save_image/1113109_image_1_l.jpg?fileloc=/var/www/vhosts/enlugo.es/httpdocs/cache/wp-class-admin.php&path=/var/www/vhosts/enlugo.es/httpdocs/cache HTTP/1.0" 200 19555 "-" "Mozilla/5.0 AppleWebKit/537.36 (KHTML, like Gecko; compatible; GPTBot/1.2; +https://openai.com/gptbot)"
20.171.207.160 - - [15/Oct/2025:09:53:53 +0000] "GET /upload/save_image/1113109_image_1_l.jpg?fileloc=/var/www/vhosts/enlugo.es/httpdocs/cache/cache/cache/cache/index.php&path=/var/www/vhosts/enlugo.es/httpdocs/cache/cache/cache/cache HTTP/1.0" 200 5633 "-" "Mozilla/5.0 AppleWebKit/537.36 (KHTML, like Gecko; compatible; GPTBot/1.2; +https://openai.com/gptbot)"
20.171.207.160 - - [15/Oct/2025:09:53:56 +0000] "GET /upload/save_image/1113109_image_1_l.jpg?path=/var/www/vhosts/enlugo.es/httpdocs/cache/cache/cache/cache/cache/cache HTTP/1.0" 200 4680 "-" "Mozilla/5.0 AppleWebKit/537.36 (KHTML, like Gecko; compatible; GPTBot/1.2; +https://openai.com/gptbot)"
20.171.207.160 - - [15/Oct/2025:09:53:59 +0000] "GET /upload/save_image/1113109_image_2_l.jpg?fileloc=/var/www/vhosts/enlugo.es/httpdocs/images/images/images/images/ES.flv&path=/var/www/vhosts/enlugo.es/httpdocs/images/images/images/images HTTP/1.0" 200 13033 "-" "Mozilla/5.0 AppleWebKit/537.36 (KHTML, like Gecko; compatible; GPTBot/1.2; +https://openai.com/gptbot)"
20.171.207.160 - - [15/Oct/2025:09:54:02 +0000] "GET /upload/save_image/1113109_image_1_l.jpg?path=/var/www/vhosts/enlugo.es/httpdocs/images/images/images/images/images HTTP/1.0" 200 4732 "-" "Mozilla/5.0 AppleWebKit/537.36 (KHTML, like Gecko; compatible; GPTBot/1.2; +https://openai.com/gptbot)"
20.171.207.160 - - [15/Oct/2025:09:54:06 +0000] "GET /upload/save_image/1113109_image_2_l.jpg?path=/var/www/vhosts/enlugo.es/.analytic/99bc4fdad1c5d1d2c04a047e324d4f25 HTTP/1.0" 200 4625 "-" "Mozilla/5.0 AppleWebKit/537.36 (KHTML, like Gecko; compatible; GPTBot/1.2; +https://openai.com/gptbot)"
20.171.207.160 - - [15/Oct/2025:09:54:09 +0000] "GET /upload/save_image/1113109_image_1_l.jpg?path=/var/www/vhosts/enlugo.es/httpdocs/_errorpages/_errorpages/_errorpages/_errorpages/_errorpages HTTP/1.0" 200 4745 "-" "Mozilla/5.0 AppleWebKit/537.36 (KHTML, like Gecko; compatible; GPTBot/1.2; +https://openai.com/gptbot)"
20.171.207.160 - - [15/Oct/2025:09:54:12 +0000] "GET /upload/save_image/1113109_image_2_l.jpg?path=/var/www/vhosts/enlugo.es/httpdocs/_errorpages/_errorpages/_errorpages/_errorpages/_errorpages HTTP/1.0" 200 4745 "-" "Mozilla/5.0 AppleWebKit/537.36 (KHTML, like Gecko; compatible; GPTBot/1.2; +https://openai.com/gptbot)"
20.171.207.160 - - [15/Oct/2025:09:54:15 +0000] "GET /upload/save_image/1113109_image_1_l.jpg?path=/var/www/vhosts/enlugo.es/httpdocs/cgi-bin/cgi-bin/cgi-bin/cgi-bin/cgi-bin/cgi-bin/cgi-bin/cgi-bin HTTP/1.0" 200 4783 "-" "Mozilla/5.0 AppleWebKit/537.36 (KHTML, like Gecko; compatible; GPTBot/1.2; +https://openai.com/gptbot)"
20.171.207.160 - - [15/Oct/2025:09:54:18 +0000] "GET /upload/save_image/1113109_image_1_l.jpg?path=/var/www/vhosts/enlugo.es/httpdocs/images/images/images/images/images/images HTTP/1.0" 200 4679 "-" "Mozilla/5.0 AppleWebKit/537.36 (KHTML, like Gecko; compatible; GPTBot/1.2; +https://openai.com/gptbot)"
20.171.207.160 - - [15/Oct/2025:09:54:21 +0000] "GET /upload/save_image/1113109_image_2_l.jpg?path=/var/www/vhosts/enlugo.es/httpdocs/cgi-bin/cgi-bin/cgi-bin/cgi-bin/cgi-bin/cgi-bin/cgi-bin/cgi-bin HTTP/1.0" 200 4783 "-" "Mozilla/5.0 AppleWebKit/537.36 (KHTML, like Gecko; compatible; GPTBot/1.2; +https://openai.com/gptbot)"
20.171.207.160 - - [15/Oct/2025:09:54:24 +0000] "GET /upload/save_image/1113109_image_2_l.jpg?path=/var/www/vhosts/enlugo.es/httpdocs/images/images/images/images/images HTTP/1.0" 200 4732 "-" "Mozilla/5.0 AppleWebKit/537.36 (KHTML, like Gecko; compatible; GPTBot/1.2; +https://openai.com/gptbot)"
20.171.207.160 - - [15/Oct/2025:09:54:27 +0000] "GET /upload/save_image/1113109_image_2_l.jpg?fileloc=/var/www/vhosts/enlugo.es/httpdocs/wp-version.php&path=/var/www/vhosts/enlugo.es/httpdocs HTTP/1.0" 200 10326 "-" "Mozilla/5.0 AppleWebKit/537.36 (KHTML, like Gecko; compatible; GPTBot/1.2; +https://openai.com/gptbot)"
20.171.207.160 - - [15/Oct/2025:09:54:30 +0000] "GET /upload/save_image/1113109_image_1_l.jpg?fileloc=/var/www/vhosts/enlugo.es/httpdocs/wp-editor.php&path=/var/www/vhosts/enlugo.es/httpdocs HTTP/1.0" 200 10158 "-" "Mozilla/5.0 AppleWebKit/537.36 (KHTML, like Gecko; compatible; GPTBot/1.2; +https://openai.com/gptbot)"
20.171.207.160 - - [15/Oct/2025:09:54:34 +0000] "GET /upload/save_image/1113109_image_1_l.jpg?fileloc=/var/www/vhosts/enlugo.es/httpdocs/cgi-bin/cgi-bin/cgi-bin/cgi-bin/cgi-bin/cgi-bin/cgi-bin/cgi-bin/index.php&path=/var/www/vhosts/enlugo.es/httpdocs/cgi-bin/cgi-bin/cgi-bin/cgi-bin/cgi-bin/cgi-bin/cgi-bin/cgi-bin HTTP/1.0" 200 5582 "-" "Mozilla/5.0 AppleWebKit/537.36 (KHTML, like Gecko; compatible; GPTBot/1.2; +https://openai.com/gptbot)"
20.171.207.160 - - [15/Oct/2025:09:54:37 +0000] "GET /upload/save_image/1113109_image_1_l.jpg?fileloc=/var/www/vhosts/enlugo.es/httpdocs/wp-cookie.php&path=/var/www/vhosts/enlugo.es/httpdocs HTTP/1.0" 200 7892 "-" "Mozilla/5.0 AppleWebKit/537.36 (KHTML, like Gecko; compatible; GPTBot/1.2; +https://openai.com/gptbot)"
20.171.207.160 - - [15/Oct/2025:09:54:40 +0000] "GET /pages.php?84296802 HTTP/1.0" 200 23014 "-" "Mozilla/5.0 AppleWebKit/537.36 (KHTML, like Gecko; compatible; GPTBot/1.2; +https://openai.com/gptbot)"
20.171.207.160 - - [15/Oct/2025:09:54:43 +0000] "GET /upload/save_image/1113109_image_2_l.jpg?path=/var/www/vhosts/enlugo.es/httpdocs/images/images/images/images/images/images HTTP/1.0" 200 4679 "-" "Mozilla/5.0 AppleWebKit/537.36 (KHTML, like Gecko; compatible; GPTBot/1.2; +https://openai.com/gptbot)"
20.171.207.160 - - [15/Oct/2025:09:54:46 +0000] "GET /pages.php?first34-asone-7-8189-01 HTTP/1.0" 200 22437 "-" "Mozilla/5.0 AppleWebKit/537.36 (KHTML, like Gecko; compatible; GPTBot/1.2; +https://openai.com/gptbot)"
20.171.207.160 - - [15/Oct/2025:09:54:50 +0000] "GET /upload/save_image/1113109_image_2_l.jpg?fileloc=/var/www/vhosts/enlugo.es/httpdocs/wp-taxonomy.php&path=/var/www/vhosts/enlugo.es/httpdocs HTTP/1.0" 200 8637 "-" "Mozilla/5.0 AppleWebKit/537.36 (KHTML, like Gecko; compatible; GPTBot/1.2; +https://openai.com/gptbot)"
20.171.207.160 - - [15/Oct/2025:09:54:53 +0000] "GET /upload/save_image/1113109_image_2_l.jpg?path=/var/www/vhosts/enlugo.es/httpdocs/_errorpages/_errorpages/_errorpages/_errorpages/_errorpages/_errorpages HTTP/1.0" 200 4709 "-" "Mozilla/5.0 AppleWebKit/537.36 (KHTML, like Gecko; compatible; GPTBot/1.2; +https://openai.com/gptbot)"
20.171.207.160 - - [15/Oct/2025:09:54:56 +0000] "GET /upload/save_image/1113109_image_1_l.jpg?path=/var/www/vhosts/enlugo.es/httpdocs/_errorpages/_errorpages/_errorpages/_errorpages/_errorpages/_errorpages HTTP/1.0" 200 4709 "-" "Mozilla/5.0 AppleWebKit/537.36 (KHTML, like Gecko; compatible; GPTBot/1.2; +https://openai.com/gptbot)"
20.171.207.160 - - [15/Oct/2025:09:54:59 +0000] "GET /pages.php?722492401 HTTP/1.0" 200 22414 "-" "Mozilla/5.0 AppleWebKit/537.36 (KHTML, like Gecko; compatible; GPTBot/1.2; +https://openai.com/gptbot)"
20.171.207.160 - - [15/Oct/2025:09:55:02 +0000] "GET /pages.php?category/4360/1 HTTP/1.0" 200 22424 "-" "Mozilla/5.0 AppleWebKit/537.36 (KHTML, like Gecko; compatible; GPTBot/1.2; +https://openai.com/gptbot)"
40.77.167.32 - - [15/Oct/2025:09:55:03 +0000] "GET /?fileloc=/var/www/vhosts/enlugo.es/httpdocs/wp-class-cache.php&path=/var/www/vhosts/enlugo.es/httpdocs HTTP/1.0" 200 2276 "-" "Mozilla/5.0 AppleWebKit/537.36 (KHTML, like Gecko; compatible; bingbot/2.0; +http://www.bing.com/bingbot.htm) Chrome/116.0.1938.76 Safari/537.36"
20.171.207.160 - - [15/Oct/2025:09:55:05 +0000] "GET /upload/save_image/1113109_image_1_l.jpg?fileloc=/var/www/vhosts/enlugo.es/httpdocs/enlugo.es397b795f7e01958be91539c99ed49721.zip&path=/var/www/vhosts/enlugo.es/httpdocs HTTP/1.0" 200 4357 "-" "Mozilla/5.0 AppleWebKit/537.36 (KHTML, like Gecko; compatible; GPTBot/1.2; +https://openai.com/gptbot)"
20.171.207.160 - - [15/Oct/2025:09:55:08 +0000] "GET /upload/save_image/1113109_image_2_l.jpg?path=/var/www/vhosts/enlugo.es/httpdocs/_errorpages/_errorpages/_errorpages/_errorpages/_errorpages/_errorpages/_errorpages HTTP/1.0" 200 4677 "-" "Mozilla/5.0 AppleWebKit/537.36 (KHTML, like Gecko; compatible; GPTBot/1.2; +https://openai.com/gptbot)"
51.68.233.43 - - [15/Oct/2025:09:55:10 +0000] "GET /robots.txt HTTP/1.0" 200 2626 "-" "Mozilla/5.0 (compatible; MJ12bot/v1.4.8; http://mj12bot.com/)"
20.171.207.160 - - [15/Oct/2025:09:55:12 +0000] "GET /upload/save_image/1113109_image_2_l.jpg?fileloc=/var/www/vhosts/enlugo.es/httpdocs/enlugo.es397b795f7e01958be91539c99ed49721.zip&path=/var/www/vhosts/enlugo.es/httpdocs HTTP/1.0" 200 4357 "-" "Mozilla/5.0 AppleWebKit/537.36 (KHTML, like Gecko; compatible; GPTBot/1.2; +https://openai.com/gptbot)"
51.68.233.43 - - [15/Oct/2025:09:55:12 +0000] "GET /?fileloc=/var/www/vhosts/enlugo.es/.revisium_antivirus_cache/.revisium7/result_scan.ser&path=/var/www/vhosts/enlugo.es/.revisium_antivirus_cache/.revisium7 HTTP/1.0" 200 180223 "-" "Mozilla/5.0 (compatible; MJ12bot/v1.4.8; http://mj12bot.com/)"
20.171.207.160 - - [15/Oct/2025:09:55:15 +0000] "GET /upload/save_image/1113109_image_1_l.jpg?path=/var/www/vhosts/enlugo.es/httpdocs/_errorpages/_errorpages/_errorpages/_errorpages/_errorpages/_errorpages/_errorpages HTTP/1.0" 200 4677 "-" "Mozilla/5.0 AppleWebKit/537.36 (KHTML, like Gecko; compatible; GPTBot/1.2; +https://openai.com/gptbot)"
20.171.207.160 - - [15/Oct/2025:09:55:18 +0000] "GET /upload/save_image/1113109_image_2_l.jpg?fileloc=/var/www/vhosts/enlugo.es/httpdocs/images/toggige-arrow.jpg&path=/var/www/vhosts/enlugo.es/httpdocs/images HTTP/1.0" 200 15667 "-" "Mozilla/5.0 AppleWebKit/537.36 (KHTML, like Gecko; compatible; GPTBot/1.2; +https://openai.com/gptbot)"
20.171.207.160 - - [15/Oct/2025:09:55:21 +0000] "GET /upload/save_image/1113109_image_1_l.jpg?fileloc=/var/www/vhosts/enlugo.es/httpdocs/images/toggige-arrow.jpg&path=/var/www/vhosts/enlugo.es/httpdocs/images HTTP/1.0" 200 15667 "-" "Mozilla/5.0 AppleWebKit/537.36 (KHTML, like Gecko; compatible; GPTBot/1.2; +https://openai.com/gptbot)"
20.171.207.160 - - [15/Oct/2025:09:55:24 +0000] "GET /upload/save_image/1113109_image_2_l.jpg?fileloc=/var/www/vhosts/enlugo.es/httpdocs/8e46c2d61c9f957752e933e00d582a61.avi&path=/var/www/vhosts/enlugo.es/httpdocs HTTP/1.0" 200 4354 "-" "Mozilla/5.0 AppleWebKit/537.36 (KHTML, like Gecko; compatible; GPTBot/1.2; +https://openai.com/gptbot)"
20.171.207.160 - - [15/Oct/2025:09:55:27 +0000] "GET /upload/save_image/1113109_image_1_l.jpg?fileloc=/var/www/vhosts/enlugo.es/httpdocs/8e46c2d61c9f957752e933e00d582a61.avi&path=/var/www/vhosts/enlugo.es/httpdocs HTTP/1.0" 200 4354 "-" "Mozilla/5.0 AppleWebKit/537.36 (KHTML, like Gecko; compatible; GPTBot/1.2; +https://openai.com/gptbot)"
20.171.207.160 - - [15/Oct/2025:09:55:31 +0000] "GET /upload/save_image/1113109_image_1_l.jpg?fileloc=/var/www/vhosts/enlugo.es/httpdocs/c98c4/index.php&path=/var/www/vhosts/enlugo.es/httpdocs/c98c4 HTTP/1.0" 200 4863 "-" "Mozilla/5.0 AppleWebKit/537.36 (KHTML, like Gecko; compatible; GPTBot/1.2; +https://openai.com/gptbot)"
20.171.207.160 - - [15/Oct/2025:09:55:34 +0000] "GET /upload/save_image/1113109_image_1_l.jpg?fileloc=/var/www/vhosts/enlugo.es/httpdocs/cache/admin.php&path=/var/www/vhosts/enlugo.es/httpdocs/cache HTTP/1.0" 200 5913 "-" "Mozilla/5.0 AppleWebKit/537.36 (KHTML, like Gecko; compatible; GPTBot/1.2; +https://openai.com/gptbot)"
20.171.207.160 - - [15/Oct/2025:09:55:37 +0000] "GET /upload/save_image/1113109_image_1_l.jpg?fileloc=/var/www/vhosts/enlugo.es/httpdocs/images/admin.php&path=/var/www/vhosts/enlugo.es/httpdocs/images HTTP/1.0" 200 6035 "-" "Mozilla/5.0 AppleWebKit/537.36 (KHTML, like Gecko; compatible; GPTBot/1.2; +https://openai.com/gptbot)"
20.171.207.160 - - [15/Oct/2025:09:55:40 +0000] "GET /upload/save_image/1113109_image_2_l.jpg?fileloc=/var/www/vhosts/enlugo.es/httpdocs/cache/admin.php&path=/var/www/vhosts/enlugo.es/httpdocs/cache HTTP/1.0" 200 5913 "-" "Mozilla/5.0 AppleWebKit/537.36 (KHTML, like Gecko; compatible; GPTBot/1.2; +https://openai.com/gptbot)"
20.171.207.160 - - [15/Oct/2025:09:55:43 +0000] "GET /upload/save_image/1113109_image_2_l.jpg?fileloc=/var/www/vhosts/enlugo.es/httpdocs/images/admin.php&path=/var/www/vhosts/enlugo.es/httpdocs/images HTTP/1.0" 200 6035 "-" "Mozilla/5.0 AppleWebKit/537.36 (KHTML, like Gecko; compatible; GPTBot/1.2; +https://openai.com/gptbot)"
20.171.207.160 - - [15/Oct/2025:09:55:46 +0000] "GET /upload/save_image/1113109_image_1_l.jpg?fileloc=/var/www/vhosts/enlugo.es/httpdocs/wp-class-info.php&path=/var/www/vhosts/enlugo.es/httpdocs HTTP/1.0" 200 8603 "-" "Mozilla/5.0 AppleWebKit/537.36 (KHTML, like Gecko; compatible; GPTBot/1.2; +https://openai.com/gptbot)"
20.171.207.160 - - [15/Oct/2025:09:55:49 +0000] "GET /upload/save_image/1113109_image_1_l.jpg?fileloc=/var/www/vhosts/enlugo.es/.composer/cache/radio.txt&path=/var/www/vhosts/enlugo.es/.composer/cache HTTP/1.0" 200 4382 "-" "Mozilla/5.0 AppleWebKit/537.36 (KHTML, like Gecko; compatible; GPTBot/1.2; +https://openai.com/gptbot)"
