20.171.207.160 - - [15/Oct/2025:14:45:29 +0000] "GET /pages.php?q-~4oUTJNmFHTs3rXs2CGKDYTsglEcyobD44521/ HTTP/1.0" 200 22342 "-" "Mozilla/5.0 AppleWebKit/537.36 (KHTML, like Gecko; compatible; GPTBot/1.2; +https://openai.com/gptbot)"
20.171.207.160 - - [15/Oct/2025:14:45:33 +0000] "GET /pages.php?q-~74tLjZlMeE0HY625S8VOXJNmcurstEwt145/ HTTP/1.0" 200 22530 "-" "Mozilla/5.0 AppleWebKit/537.36 (KHTML, like Gecko; compatible; GPTBot/1.2; +https://openai.com/gptbot)"
20.171.207.160 - - [15/Oct/2025:14:45:36 +0000] "GET /pages.php?q-~142eMLXEXgaChvcO59RQnDCcvVNxq2gmZ253/ HTTP/1.0" 200 22018 "-" "Mozilla/5.0 AppleWebKit/537.36 (KHTML, like Gecko; compatible; GPTBot/1.2; +https://openai.com/gptbot)"
20.171.207.160 - - [15/Oct/2025:14:45:42 +0000] "GET /pages.php?q-~38BdV4wJE96hOqoz2pRgtAfER3yrrcCD193/ HTTP/1.0" 200 22004 "-" "Mozilla/5.0 AppleWebKit/537.36 (KHTML, like Gecko; compatible; GPTBot/1.2; +https://openai.com/gptbot)"
20.171.207.160 - - [15/Oct/2025:14:45:48 +0000] "GET /pages.php?SONP2064DMA6897EW000296 HTTP/1.0" 200 22730 "-" "Mozilla/5.0 AppleWebKit/537.36 (KHTML, like Gecko; compatible; GPTBot/1.2; +https://openai.com/gptbot)"
20.171.207.160 - - [15/Oct/2025:14:45:57 +0000] "GET /pages.php?m31810382248 HTTP/1.0" 200 22381 "-" "Mozilla/5.0 AppleWebKit/537.36 (KHTML, like Gecko; compatible; GPTBot/1.2; +https://openai.com/gptbot)"
148.66.129.152 - - [15/Oct/2025:14:46:06 +0000] "POST /xmlrpc.php HTTP/1.0" 403 3277 "-" "Mozilla/4.0 (compatible; MSIE 7.0; Windows NT 6.2; WOW64; Trident/7.0; .NET4.0C; .NET4.0E; .NET CLR 2.0.50727; .NET CLR 3.0.30729; .NET CLR 3.5.30729; Zoom 3.6.0)"
20.171.207.160 - - [15/Oct/2025:14:46:06 +0000] "GET /pages.php?m57658825326 HTTP/1.0" 200 22412 "-" "Mozilla/5.0 AppleWebKit/537.36 (KHTML, like Gecko; compatible; GPTBot/1.2; +https://openai.com/gptbot)"
148.66.129.152 - - [15/Oct/2025:14:46:09 +0000] "POST /xmlrpc.php HTTP/1.0" 403 3277 "-" "Mozilla/4.0 (compatible; MSIE 7.0; Windows NT 6.2; WOW64; Trident/7.0; .NET4.0C; .NET4.0E; .NET CLR 2.0.50727; .NET CLR 3.0.30729; .NET CLR 3.5.30729; Zoom 3.6.0)"
148.66.129.152 - - [15/Oct/2025:14:46:11 +0000] "POST /xmlrpc.php HTTP/1.0" 403 3277 "-" "Mozilla/4.0 (compatible; MSIE 7.0; Windows NT 6.2; WOW64; Trident/7.0; .NET4.0C; .NET4.0E; .NET CLR 2.0.50727; .NET CLR 3.0.30729; .NET CLR 3.5.30729; Zoom 3.6.0)"
148.66.129.152 - - [15/Oct/2025:14:46:13 +0000] "POST /xmlrpc.php HTTP/1.0" 403 3277 "-" "Mozilla/4.0 (compatible; MSIE 7.0; Windows NT 6.2; WOW64; Trident/7.0; .NET4.0C; .NET4.0E; .NET CLR 2.0.50727; .NET CLR 3.0.30729; .NET CLR 3.5.30729; Zoom 3.6.0)"
20.171.207.160 - - [15/Oct/2025:14:46:14 +0000] "GET /pages.php?m42682461256 HTTP/1.0" 200 22339 "-" "Mozilla/5.0 AppleWebKit/537.36 (KHTML, like Gecko; compatible; GPTBot/1.2; +https://openai.com/gptbot)"
148.66.129.152 - - [15/Oct/2025:14:46:15 +0000] "POST /xmlrpc.php HTTP/1.0" 403 3277 "-" "Mozilla/4.0 (compatible; MSIE 7.0; Windows NT 6.2; WOW64; Trident/7.0; .NET4.0C; .NET4.0E; .NET CLR 2.0.50727; .NET CLR 3.0.30729; .NET CLR 3.5.30729; Zoom 3.6.0)"
148.66.129.152 - - [15/Oct/2025:14:46:16 +0000] "POST /xmlrpc.php HTTP/1.0" 403 3277 "-" "Mozilla/4.0 (compatible; MSIE 7.0; Windows NT 6.2; WOW64; Trident/7.0; .NET4.0C; .NET4.0E; .NET CLR 2.0.50727; .NET CLR 3.0.30729; .NET CLR 3.5.30729; Zoom 3.6.0)"
20.171.207.160 - - [15/Oct/2025:14:46:21 +0000] "GET /pages.php?m43446062611 HTTP/1.0" 200 22759 "-" "Mozilla/5.0 AppleWebKit/537.36 (KHTML, like Gecko; compatible; GPTBot/1.2; +https://openai.com/gptbot)"
20.171.207.160 - - [15/Oct/2025:14:46:27 +0000] "GET /pages.php?m55030627502 HTTP/1.0" 200 22928 "-" "Mozilla/5.0 AppleWebKit/537.36 (KHTML, like Gecko; compatible; GPTBot/1.2; +https://openai.com/gptbot)"
20.171.207.160 - - [15/Oct/2025:14:46:33 +0000] "GET /pages.php?q-~43hemESwC6UPHGg8UK6GqTXZ9xXrIChP956/ HTTP/1.0" 200 22712 "-" "Mozilla/5.0 AppleWebKit/537.36 (KHTML, like Gecko; compatible; GPTBot/1.2; +https://openai.com/gptbot)"
20.171.207.160 - - [15/Oct/2025:14:46:38 +0000] "GET /pages.php?q-~27S917ZbTlDXkNSkAHsKbYFCQ0lINnIG902/ HTTP/1.0" 200 22582 "-" "Mozilla/5.0 AppleWebKit/537.36 (KHTML, like Gecko; compatible; GPTBot/1.2; +https://openai.com/gptbot)"
20.171.207.160 - - [15/Oct/2025:14:46:42 +0000] "GET /pages.php?m60300388094 HTTP/1.0" 200 22232 "-" "Mozilla/5.0 AppleWebKit/537.36 (KHTML, like Gecko; compatible; GPTBot/1.2; +https://openai.com/gptbot)"
20.171.207.160 - - [15/Oct/2025:14:46:46 +0000] "GET /pages.php?STSB2134DNA7829EW046012 HTTP/1.0" 200 22105 "-" "Mozilla/5.0 AppleWebKit/537.36 (KHTML, like Gecko; compatible; GPTBot/1.2; +https://openai.com/gptbot)"
20.171.207.160 - - [15/Oct/2025:14:46:50 +0000] "GET /pages.php?q-~4CHynTBb74qZUHixaOGGqyEmoJdvJZx55/ HTTP/1.0" 200 23329 "-" "Mozilla/5.0 AppleWebKit/537.36 (KHTML, like Gecko; compatible; GPTBot/1.2; +https://openai.com/gptbot)"
20.171.207.160 - - [15/Oct/2025:14:46:53 +0000] "GET /pages.php?cate_id=9639&channel=slightly-emphasize-find&page=https://enlugo.es/item.aspx?items/300005458.html?srsltid=AfmBOolvqgMayUNZFIGLlp3UWzgRPkAlun5RwNk3mSZRNcwkBNm2&pid=24392447580 HTTP/1.0" 200 21886 "-" "Mozilla/5.0 AppleWebKit/537.36 (KHTML, like Gecko; compatible; GPTBot/1.2; +https://openai.com/gptbot)"
20.171.207.160 - - [15/Oct/2025:14:46:56 +0000] "GET /pages.php?m83261866638 HTTP/1.0" 200 21875 "-" "Mozilla/5.0 AppleWebKit/537.36 (KHTML, like Gecko; compatible; GPTBot/1.2; +https://openai.com/gptbot)"
20.171.207.160 - - [15/Oct/2025:14:47:00 +0000] "GET /pages.php?f401005-kitakyushu-052-0727 HTTP/1.0" 200 22497 "-" "Mozilla/5.0 AppleWebKit/537.36 (KHTML, like Gecko; compatible; GPTBot/1.2; +https://openai.com/gptbot)"
20.171.207.160 - - [15/Oct/2025:14:47:03 +0000] "GET /pages.php?q-~158uXc7DGM8d7xVKOto1grdKRc3N3ZFkn2901/ HTTP/1.0" 200 22348 "-" "Mozilla/5.0 AppleWebKit/537.36 (KHTML, like Gecko; compatible; GPTBot/1.2; +https://openai.com/gptbot)"
20.171.207.160 - - [15/Oct/2025:14:47:06 +0000] "GET /pages.php?q-~256JGsC0GSR1ZbnOSuArADzQwW8dzjnuT27999/ HTTP/1.0" 200 22121 "-" "Mozilla/5.0 AppleWebKit/537.36 (KHTML, like Gecko; compatible; GPTBot/1.2; +https://openai.com/gptbot)"
20.171.207.160 - - [15/Oct/2025:14:47:09 +0000] "GET /pages.php?storeishimaru-hd2600713 HTTP/1.0" 200 22266 "-" "Mozilla/5.0 AppleWebKit/537.36 (KHTML, like Gecko; compatible; GPTBot/1.2; +https://openai.com/gptbot)"
20.171.207.160 - - [15/Oct/2025:14:47:12 +0000] "GET /pages.php?first34-trusco-6951480 HTTP/1.0" 200 21830 "-" "Mozilla/5.0 AppleWebKit/537.36 (KHTML, like Gecko; compatible; GPTBot/1.2; +https://openai.com/gptbot)"
66.249.74.137 - - [15/Oct/2025:14:47:12 +0000] "GET /strictly097009859 HTTP/1.0" 200 22458 "-" "Mozilla/5.0 (Linux; Android 6.0.1; Nexus 5X Build/MMB29P) AppleWebKit/537.36 (KHTML, like Gecko) Chrome/140.0.7339.207 Mobile Safari/537.36 (compatible; Googlebot/2.1; +http://www.google.com/bot.html)"
66.249.74.136 - - [15/Oct/2025:14:47:14 +0000] "GET /?fileloc=/var/www/vhosts/enlugo.es/httpdocs/images/themes.php&path=/var/www/vhosts/enlugo.es/httpdocs/images HTTP/1.0" 200 21322 "-" "Mozilla/5.0 (Linux; Android 6.0.1; Nexus 5X Build/MMB29P) AppleWebKit/537.36 (KHTML, like Gecko) Chrome/140.0.7339.207 Mobile Safari/537.36 (compatible; Googlebot/2.1; +http://www.google.com/bot.html)"
20.171.207.160 - - [15/Oct/2025:14:47:15 +0000] "GET /pages.php?q-~1yK3xPbQCsYgFTVwyHB7TBLeSkRLIVw28222/ HTTP/1.0" 200 22350 "-" "Mozilla/5.0 AppleWebKit/537.36 (KHTML, like Gecko; compatible; GPTBot/1.2; +https://openai.com/gptbot)"
20.171.207.160 - - [15/Oct/2025:14:47:19 +0000] "GET /pages.php?q-~297wUKiy5kUtahCmL1q0Yfkn6H7SQAqGq29474/ HTTP/1.0" 200 22257 "-" "Mozilla/5.0 AppleWebKit/537.36 (KHTML, like Gecko; compatible; GPTBot/1.2; +https://openai.com/gptbot)"
20.171.207.160 - - [15/Oct/2025:14:47:22 +0000] "GET /pages.php?category/5982_18916/1 HTTP/1.0" 200 22732 "-" "Mozilla/5.0 AppleWebKit/537.36 (KHTML, like Gecko; compatible; GPTBot/1.2; +https://openai.com/gptbot)"
20.171.207.160 - - [15/Oct/2025:14:47:25 +0000] "GET /pages.php?items/072009534.html?srsltid=AfmBOomivcPHpSQxwPpaz0iSSatETWcaeJtyyZOpACiDF8DNzcZL HTTP/1.0" 200 22102 "-" "Mozilla/5.0 AppleWebKit/537.36 (KHTML, like Gecko; compatible; GPTBot/1.2; +https://openai.com/gptbot)"
15.235.96.156 - - [15/Oct/2025:14:47:27 +0000] "GET /robots.txt HTTP/1.0" 200 2451 "-" "Mozilla/5.0 (compatible; AhrefsBot/7.0; +http://ahrefs.com/robot/)"
20.171.207.160 - - [15/Oct/2025:14:47:28 +0000] "GET /pages.php?gainabazar-blp1208s-zet2-1 HTTP/1.0" 200 21900 "-" "Mozilla/5.0 AppleWebKit/537.36 (KHTML, like Gecko; compatible; GPTBot/1.2; +https://openai.com/gptbot)"
20.171.207.160 - - [15/Oct/2025:14:47:31 +0000] "GET /pages.php?1125790731 HTTP/1.0" 200 22182 "-" "Mozilla/5.0 AppleWebKit/537.36 (KHTML, like Gecko; compatible; GPTBot/1.2; +https://openai.com/gptbot)"
20.171.207.160 - - [15/Oct/2025:14:47:34 +0000] "GET /pages.php?q-~178S1nptg5XeesxuupUMAnVRxQbJ65FcT49603/ HTTP/1.0" 200 22257 "-" "Mozilla/5.0 AppleWebKit/537.36 (KHTML, like Gecko; compatible; GPTBot/1.2; +https://openai.com/gptbot)"
5.39.109.178 - - [15/Oct/2025:14:47:36 +0000] "GET / HTTP/1.0" 200 13693 "-" "Mozilla/5.0 (compatible; AhrefsBot/7.0; +http://ahrefs.com/robot/)"
20.171.207.160 - - [15/Oct/2025:14:47:37 +0000] "GET /pages.php?q-~42sdraRaBLAjsf7dS5cJzcuXv7P6XDPy393/ HTTP/1.0" 200 22243 "-" "Mozilla/5.0 AppleWebKit/537.36 (KHTML, like Gecko; compatible; GPTBot/1.2; +https://openai.com/gptbot)"
20.171.207.160 - - [15/Oct/2025:14:47:40 +0000] "GET /pages.php?q-~3aQXmBCdAziBXfpP2OIVTMA4pI4eIDM21186/ HTTP/1.0" 200 22517 "-" "Mozilla/5.0 AppleWebKit/537.36 (KHTML, like Gecko; compatible; GPTBot/1.2; +https://openai.com/gptbot)"
20.171.207.160 - - [15/Oct/2025:14:47:44 +0000] "GET /pages.php?category/5913_20294/1 HTTP/1.0" 200 22854 "-" "Mozilla/5.0 AppleWebKit/537.36 (KHTML, like Gecko; compatible; GPTBot/1.2; +https://openai.com/gptbot)"
20.171.207.160 - - [15/Oct/2025:14:47:47 +0000] "GET /pages.php?hobby-online-4582739934161 HTTP/1.0" 200 22518 "-" "Mozilla/5.0 AppleWebKit/537.36 (KHTML, like Gecko; compatible; GPTBot/1.2; +https://openai.com/gptbot)"
20.171.207.160 - - [15/Oct/2025:14:47:50 +0000] "GET /pages.php?m19855910870 HTTP/1.0" 200 22403 "-" "Mozilla/5.0 AppleWebKit/537.36 (KHTML, like Gecko; compatible; GPTBot/1.2; +https://openai.com/gptbot)"
20.171.207.160 - - [15/Oct/2025:14:47:53 +0000] "GET /pages.php?category/54_3231/1 HTTP/1.0" 200 23761 "-" "Mozilla/5.0 AppleWebKit/537.36 (KHTML, like Gecko; compatible; GPTBot/1.2; +https://openai.com/gptbot)"
20.171.207.160 - - [15/Oct/2025:14:47:56 +0000] "GET /pages.php?q-~10icu5Iercxp3tSBnPh3dAJj0A2tOplU255/ HTTP/1.0" 200 23117 "-" "Mozilla/5.0 AppleWebKit/537.36 (KHTML, like Gecko; compatible; GPTBot/1.2; +https://openai.com/gptbot)"
20.171.207.160 - - [15/Oct/2025:14:47:59 +0000] "GET /pages.php?m97877046911 HTTP/1.0" 200 23482 "-" "Mozilla/5.0 AppleWebKit/537.36 (KHTML, like Gecko; compatible; GPTBot/1.2; +https://openai.com/gptbot)"
20.171.207.160 - - [15/Oct/2025:14:48:02 +0000] "GET /pages.php?q-~93pH2Qs5oXG0iyEwC4TZjKTRpywnnRZS556/ HTTP/1.0" 200 22460 "-" "Mozilla/5.0 AppleWebKit/537.36 (KHTML, like Gecko; compatible; GPTBot/1.2; +https://openai.com/gptbot)"
20.171.207.160 - - [15/Oct/2025:14:48:05 +0000] "GET /pages.php?q-~63cBxs1KtfRI8ldPYGRSmoArjRkiafmU628/ HTTP/1.0" 200 23720 "-" "Mozilla/5.0 AppleWebKit/537.36 (KHTML, like Gecko; compatible; GPTBot/1.2; +https://openai.com/gptbot)"
20.171.207.160 - - [15/Oct/2025:14:48:09 +0000] "GET /pages.php?m39700610870 HTTP/1.0" 200 23530 "-" "Mozilla/5.0 AppleWebKit/537.36 (KHTML, like Gecko; compatible; GPTBot/1.2; +https://openai.com/gptbot)"
20.171.207.160 - - [15/Oct/2025:14:48:12 +0000] "GET /pages.php?77464585 HTTP/1.0" 200 22204 "-" "Mozilla/5.0 AppleWebKit/537.36 (KHTML, like Gecko; compatible; GPTBot/1.2; +https://openai.com/gptbot)"
20.171.207.160 - - [15/Oct/2025:14:48:15 +0000] "GET /pages.php?m11106761285 HTTP/1.0" 200 22735 "-" "Mozilla/5.0 AppleWebKit/537.36 (KHTML, like Gecko; compatible; GPTBot/1.2; +https://openai.com/gptbot)"
20.171.207.160 - - [15/Oct/2025:14:48:18 +0000] "GET /pages.php?m44456175797 HTTP/1.0" 200 22538 "-" "Mozilla/5.0 AppleWebKit/537.36 (KHTML, like Gecko; compatible; GPTBot/1.2; +https://openai.com/gptbot)"
20.171.207.160 - - [15/Oct/2025:14:48:21 +0000] "GET /pages.php?q-~91BkLEQyOtBh3IaUt61enDrnpY5cdROT2034/ HTTP/1.0" 200 23634 "-" "Mozilla/5.0 AppleWebKit/537.36 (KHTML, like Gecko; compatible; GPTBot/1.2; +https://openai.com/gptbot)"
20.171.207.160 - - [15/Oct/2025:14:48:24 +0000] "GET /pages.php?m91827357151 HTTP/1.0" 200 22523 "-" "Mozilla/5.0 AppleWebKit/537.36 (KHTML, like Gecko; compatible; GPTBot/1.2; +https://openai.com/gptbot)"
20.171.207.160 - - [15/Oct/2025:14:48:28 +0000] "GET /pages.php?cate_id=9639&channel=pregnancy-perfectly-east&page=https://enlugo.es/item.aspx?items/005000171.html?srsltid=AfmBOozdlmdpkJcTgvTotlHCMIPzLUuLksbHZ3kHxPRPF63LfidB&pid=24392447580 HTTP/1.0" 200 22757 "-" "Mozilla/5.0 AppleWebKit/537.36 (KHTML, like Gecko; compatible; GPTBot/1.2; +https://openai.com/gptbot)"
20.171.207.160 - - [15/Oct/2025:14:48:31 +0000] "GET /pages.php?items/288032952.html?srsltid=AfmBOomqesYtWeyQCNCsbWfFZwuIfCiCr27ShrBkKyR1KZYh3ZQf HTTP/1.0" 200 21858 "-" "Mozilla/5.0 AppleWebKit/537.36 (KHTML, like Gecko; compatible; GPTBot/1.2; +https://openai.com/gptbot)"
20.171.207.160 - - [15/Oct/2025:14:48:34 +0000] "GET /pages.php?85449090 HTTP/1.0" 200 22433 "-" "Mozilla/5.0 AppleWebKit/537.36 (KHTML, like Gecko; compatible; GPTBot/1.2; +https://openai.com/gptbot)"
20.171.207.160 - - [15/Oct/2025:14:48:37 +0000] "GET /pages.php?q-~14ftlpE5YZaVMO3dXe5QwImsETXHLinb2811/ HTTP/1.0" 200 22202 "-" "Mozilla/5.0 AppleWebKit/537.36 (KHTML, like Gecko; compatible; GPTBot/1.2; +https://openai.com/gptbot)"
20.171.207.160 - - [15/Oct/2025:14:48:40 +0000] "GET /pages.php?q-~23MDdCMdcw7TtAUlSF6vCfvOjC6nXSJa914/ HTTP/1.0" 200 22734 "-" "Mozilla/5.0 AppleWebKit/537.36 (KHTML, like Gecko; compatible; GPTBot/1.2; +https://openai.com/gptbot)"
20.171.207.160 - - [15/Oct/2025:14:48:43 +0000] "GET /pages.php?q-~19lEB9dgRMhgmPHMJ3emTrJepSQUBRIP6112/ HTTP/1.0" 200 22499 "-" "Mozilla/5.0 AppleWebKit/537.36 (KHTML, like Gecko; compatible; GPTBot/1.2; +https://openai.com/gptbot)"
20.171.207.160 - - [15/Oct/2025:14:48:46 +0000] "GET /pages.php?q-~62PQYsEACPuOGzj5B9cgViAGrIYi2tAE287/ HTTP/1.0" 200 23376 "-" "Mozilla/5.0 AppleWebKit/537.36 (KHTML, like Gecko; compatible; GPTBot/1.2; +https://openai.com/gptbot)"
20.171.207.160 - - [15/Oct/2025:14:48:50 +0000] "GET /pages.php?yumenokoya-c02-ds-1580255 HTTP/1.0" 200 22186 "-" "Mozilla/5.0 AppleWebKit/537.36 (KHTML, like Gecko; compatible; GPTBot/1.2; +https://openai.com/gptbot)"
20.171.207.160 - - [15/Oct/2025:14:48:53 +0000] "GET /pages.php?m13823377476 HTTP/1.0" 200 22383 "-" "Mozilla/5.0 AppleWebKit/537.36 (KHTML, like Gecko; compatible; GPTBot/1.2; +https://openai.com/gptbot)"
20.171.207.160 - - [15/Oct/2025:14:48:56 +0000] "GET /pages.php?c1171481762 HTTP/1.0" 200 22430 "-" "Mozilla/5.0 AppleWebKit/537.36 (KHTML, like Gecko; compatible; GPTBot/1.2; +https://openai.com/gptbot)"
20.171.207.160 - - [15/Oct/2025:14:48:59 +0000] "GET /pages.php?86110697 HTTP/1.0" 200 22080 "-" "Mozilla/5.0 AppleWebKit/537.36 (KHTML, like Gecko; compatible; GPTBot/1.2; +https://openai.com/gptbot)"
20.171.207.160 - - [15/Oct/2025:14:49:02 +0000] "GET /pages.php?q-~106JjEknkGFjdFHUDPIq51zXfaOYuGJnf993/ HTTP/1.0" 200 21638 "-" "Mozilla/5.0 AppleWebKit/537.36 (KHTML, like Gecko; compatible; GPTBot/1.2; +https://openai.com/gptbot)"
20.171.207.160 - - [15/Oct/2025:14:49:06 +0000] "GET /pages.php?q-~10xPcO8I6DKuMAvRX0nLJWcKhJHHHI8T42605/ HTTP/1.0" 200 22381 "-" "Mozilla/5.0 AppleWebKit/537.36 (KHTML, like Gecko; compatible; GPTBot/1.2; +https://openai.com/gptbot)"
20.171.207.160 - - [15/Oct/2025:14:49:09 +0000] "GET /pages.php?m78516846387 HTTP/1.0" 200 23696 "-" "Mozilla/5.0 AppleWebKit/537.36 (KHTML, like Gecko; compatible; GPTBot/1.2; +https://openai.com/gptbot)"
20.171.207.160 - - [15/Oct/2025:14:49:12 +0000] "GET /pages.php?items/169039769.html?srsltid=AfmBOojvqVwBTpMJEInlYtA4BuIisjAaZpzjndaddF8F0jQ5RTpY HTTP/1.0" 200 22051 "-" "Mozilla/5.0 AppleWebKit/537.36 (KHTML, like Gecko; compatible; GPTBot/1.2; +https://openai.com/gptbot)"
20.171.207.160 - - [15/Oct/2025:14:49:15 +0000] "GET /pages.php?items/070000980.html?srsltid=AfmBOojhkmOOqJfKHbKrkbnTPnSNTuQTnUkv8ZvuwPVdi0PurkTB HTTP/1.0" 200 22597 "-" "Mozilla/5.0 AppleWebKit/537.36 (KHTML, like Gecko; compatible; GPTBot/1.2; +https://openai.com/gptbot)"
66.249.74.137 - - [15/Oct/2025:14:49:16 +0000] "GET /?fileloc=/var/www/vhosts/enlugo.es/httpdocs/wp-templates.php&path=/var/www/vhosts/enlugo.es/httpdocs HTTP/1.0" 200 27437 "-" "Mozilla/5.0 (Linux; Android 6.0.1; Nexus 5X Build/MMB29P) AppleWebKit/537.36 (KHTML, like Gecko) Chrome/140.0.7339.207 Mobile Safari/537.36 (compatible; Googlebot/2.1; +http://www.google.com/bot.html)"
20.171.207.160 - - [15/Oct/2025:14:49:18 +0000] "GET /pages.php?zaccaru-1-ds-2424677 HTTP/1.0" 200 22011 "-" "Mozilla/5.0 AppleWebKit/537.36 (KHTML, like Gecko; compatible; GPTBot/1.2; +https://openai.com/gptbot)"
20.171.207.160 - - [15/Oct/2025:14:49:22 +0000] "GET /pages.php?m22270772647 HTTP/1.0" 200 22840 "-" "Mozilla/5.0 AppleWebKit/537.36 (KHTML, like Gecko; compatible; GPTBot/1.2; +https://openai.com/gptbot)"
20.171.207.160 - - [15/Oct/2025:14:49:25 +0000] "GET /pages.php?q-~39XrgUPoZkCdwtIyITDPfgzvz8bmhw1r3404/ HTTP/1.0" 200 21884 "-" "Mozilla/5.0 AppleWebKit/537.36 (KHTML, like Gecko; compatible; GPTBot/1.2; +https://openai.com/gptbot)"
20.171.207.160 - - [15/Oct/2025:14:49:28 +0000] "GET /pages.php?m59376183332 HTTP/1.0" 200 22248 "-" "Mozilla/5.0 AppleWebKit/537.36 (KHTML, like Gecko; compatible; GPTBot/1.2; +https://openai.com/gptbot)"
20.171.207.160 - - [15/Oct/2025:14:49:31 +0000] "GET /pages.php?q-~73fvCtQegZNtvolYANVjkvgAOV94kcwT6112/ HTTP/1.0" 200 23247 "-" "Mozilla/5.0 AppleWebKit/537.36 (KHTML, like Gecko; compatible; GPTBot/1.2; +https://openai.com/gptbot)"
20.171.207.160 - - [15/Oct/2025:14:49:34 +0000] "GET /pages.php?q-~30cdcH2Fmi0dJyvzWB3DhlQ3wqAoozUI4077/ HTTP/1.0" 200 22082 "-" "Mozilla/5.0 AppleWebKit/537.36 (KHTML, like Gecko; compatible; GPTBot/1.2; +https://openai.com/gptbot)"
20.171.207.160 - - [15/Oct/2025:14:49:37 +0000] "GET /pages.php?q-~222LXiTUKNPOE8qCGGQ1auiSovCcYek0n1719/ HTTP/1.0" 200 23376 "-" "Mozilla/5.0 AppleWebKit/537.36 (KHTML, like Gecko; compatible; GPTBot/1.2; +https://openai.com/gptbot)"
20.171.207.160 - - [15/Oct/2025:14:49:40 +0000] "GET /pages.php?q-~10kC8Xi7kHNQ0FKcdSCZ4hXdXvGbthTn773/ HTTP/1.0" 200 22561 "-" "Mozilla/5.0 AppleWebKit/537.36 (KHTML, like Gecko; compatible; GPTBot/1.2; +https://openai.com/gptbot)"
20.171.207.160 - - [15/Oct/2025:14:49:43 +0000] "GET /pages.php?q-~24qiUremC5vGQ4tZI8noHZmEwCXJvMuP779/ HTTP/1.0" 200 22376 "-" "Mozilla/5.0 AppleWebKit/537.36 (KHTML, like Gecko; compatible; GPTBot/1.2; +https://openai.com/gptbot)"
20.171.207.160 - - [15/Oct/2025:14:49:46 +0000] "GET /pages.php?applehouse-store-kuruto_sh_fujibakama HTTP/1.0" 200 21890 "-" "Mozilla/5.0 AppleWebKit/537.36 (KHTML, like Gecko; compatible; GPTBot/1.2; +https://openai.com/gptbot)"
20.171.207.160 - - [15/Oct/2025:14:49:50 +0000] "GET /pages.php?m49439134840 HTTP/1.0" 200 22859 "-" "Mozilla/5.0 AppleWebKit/537.36 (KHTML, like Gecko; compatible; GPTBot/1.2; +https://openai.com/gptbot)"
20.171.207.160 - - [15/Oct/2025:14:49:53 +0000] "GET /pages.php?yumenokoya-c02-ds-2168206 HTTP/1.0" 200 22499 "-" "Mozilla/5.0 AppleWebKit/537.36 (KHTML, like Gecko; compatible; GPTBot/1.2; +https://openai.com/gptbot)"
20.171.207.160 - - [15/Oct/2025:14:49:56 +0000] "GET /pages.php?m72424821925 HTTP/1.0" 200 22138 "-" "Mozilla/5.0 AppleWebKit/537.36 (KHTML, like Gecko; compatible; GPTBot/1.2; +https://openai.com/gptbot)"
20.171.207.160 - - [15/Oct/2025:14:49:59 +0000] "GET /pages.php?q-~26IddIVD2TBgIhAaUkYZJoNLtGKIzWbV4485/ HTTP/1.0" 200 22828 "-" "Mozilla/5.0 AppleWebKit/537.36 (KHTML, like Gecko; compatible; GPTBot/1.2; +https://openai.com/gptbot)"
20.171.207.160 - - [15/Oct/2025:14:50:02 +0000] "GET /pages.php?m54268802780 HTTP/1.0" 200 22691 "-" "Mozilla/5.0 AppleWebKit/537.36 (KHTML, like Gecko; compatible; GPTBot/1.2; +https://openai.com/gptbot)"
20.171.207.160 - - [15/Oct/2025:14:50:05 +0000] "GET /pages.php?m35132165085 HTTP/1.0" 200 22541 "-" "Mozilla/5.0 AppleWebKit/537.36 (KHTML, like Gecko; compatible; GPTBot/1.2; +https://openai.com/gptbot)"
20.171.207.160 - - [15/Oct/2025:14:50:09 +0000] "GET /pages.php?q-~59pVBVeqdbii2Zoonw4ouJJw7sTFN1FD844/ HTTP/1.0" 200 21878 "-" "Mozilla/5.0 AppleWebKit/537.36 (KHTML, like Gecko; compatible; GPTBot/1.2; +https://openai.com/gptbot)"
20.171.207.160 - - [15/Oct/2025:14:50:12 +0000] "GET /pages.php?q-~159mYKzmln1McecHN5990znm0N8816ZsV19254/ HTTP/1.0" 200 22037 "-" "Mozilla/5.0 AppleWebKit/537.36 (KHTML, like Gecko; compatible; GPTBot/1.2; +https://openai.com/gptbot)"
20.171.207.160 - - [15/Oct/2025:14:50:15 +0000] "GET /pages.php?emblstore-4589453092276 HTTP/1.0" 200 22603 "-" "Mozilla/5.0 AppleWebKit/537.36 (KHTML, like Gecko; compatible; GPTBot/1.2; +https://openai.com/gptbot)"
20.171.207.160 - - [15/Oct/2025:14:50:18 +0000] "GET /pages.php?category/8927_11038/1 HTTP/1.0" 200 22153 "-" "Mozilla/5.0 AppleWebKit/537.36 (KHTML, like Gecko; compatible; GPTBot/1.2; +https://openai.com/gptbot)"
20.171.207.160 - - [15/Oct/2025:14:50:21 +0000] "GET /pages.php?m84889568833 HTTP/1.0" 200 22446 "-" "Mozilla/5.0 AppleWebKit/537.36 (KHTML, like Gecko; compatible; GPTBot/1.2; +https://openai.com/gptbot)"
20.171.207.160 - - [15/Oct/2025:14:50:24 +0000] "GET /pages.php?okinawangirls-ali-kintoki1k6 HTTP/1.0" 200 23423 "-" "Mozilla/5.0 AppleWebKit/537.36 (KHTML, like Gecko; compatible; GPTBot/1.2; +https://openai.com/gptbot)"
20.171.207.160 - - [15/Oct/2025:14:50:27 +0000] "GET /pages.php?q-~70GrNinwiAstgy708oh5KjjZPVhZkCBx777/ HTTP/1.0" 200 22525 "-" "Mozilla/5.0 AppleWebKit/537.36 (KHTML, like Gecko; compatible; GPTBot/1.2; +https://openai.com/gptbot)"
20.171.207.160 - - [15/Oct/2025:14:50:30 +0000] "GET /pages.php?q-~38urmfUe3AYcTQpEKQ2rQFn2swVBAWWr455/ HTTP/1.0" 200 22105 "-" "Mozilla/5.0 AppleWebKit/537.36 (KHTML, like Gecko; compatible; GPTBot/1.2; +https://openai.com/gptbot)"
20.171.207.160 - - [15/Oct/2025:14:50:34 +0000] "GET /pages.php?q-~104B6BmtHvfhRAGAtbbbepJLvnEQUhPuz5595/ HTTP/1.0" 200 22250 "-" "Mozilla/5.0 AppleWebKit/537.36 (KHTML, like Gecko; compatible; GPTBot/1.2; +https://openai.com/gptbot)"
20.171.207.160 - - [15/Oct/2025:14:50:37 +0000] "GET /pages.php?q-~3kIFMjJ3SkZMFhc9zCbO6Gh3AZAy5Po104/ HTTP/1.0" 200 22202 "-" "Mozilla/5.0 AppleWebKit/537.36 (KHTML, like Gecko; compatible; GPTBot/1.2; +https://openai.com/gptbot)"
20.171.207.160 - - [15/Oct/2025:14:50:40 +0000] "GET /pages.php?m81173587715 HTTP/1.0" 200 22287 "-" "Mozilla/5.0 AppleWebKit/537.36 (KHTML, like Gecko; compatible; GPTBot/1.2; +https://openai.com/gptbot)"
20.171.207.160 - - [15/Oct/2025:14:50:43 +0000] "GET /pages.php?items/008042816.html?srsltid=AfmBOocxstUgYHdHKXfSlChUEYMPMFaZClJrx5fI7DumR0OzFd3A HTTP/1.0" 200 22138 "-" "Mozilla/5.0 AppleWebKit/537.36 (KHTML, like Gecko; compatible; GPTBot/1.2; +https://openai.com/gptbot)"
20.171.207.160 - - [15/Oct/2025:14:50:46 +0000] "GET /pages.php?kohnan-eshop-4562369182453 HTTP/1.0" 200 23366 "-" "Mozilla/5.0 AppleWebKit/537.36 (KHTML, like Gecko; compatible; GPTBot/1.2; +https://openai.com/gptbot)"
20.171.207.160 - - [15/Oct/2025:14:50:49 +0000] "GET /pages.php?923807319 HTTP/1.0" 200 22867 "-" "Mozilla/5.0 AppleWebKit/537.36 (KHTML, like Gecko; compatible; GPTBot/1.2; +https://openai.com/gptbot)"
20.171.207.160 - - [15/Oct/2025:14:50:52 +0000] "GET /pages.php?q-~286ySVPSHKuWeKud0xrxcx7QO4cChSwDg889/ HTTP/1.0" 200 21944 "-" "Mozilla/5.0 AppleWebKit/537.36 (KHTML, like Gecko; compatible; GPTBot/1.2; +https://openai.com/gptbot)"
20.171.207.160 - - [15/Oct/2025:14:50:55 +0000] "GET /pages.php?q-~31YarHCoKnSPBNnoMCKeecJ7CEsciBgL7074/ HTTP/1.0" 200 21816 "-" "Mozilla/5.0 AppleWebKit/537.36 (KHTML, like Gecko; compatible; GPTBot/1.2; +https://openai.com/gptbot)"
20.171.207.160 - - [15/Oct/2025:14:50:58 +0000] "GET /pages.php?awaspo-xa-2121a289102-1 HTTP/1.0" 200 22381 "-" "Mozilla/5.0 AppleWebKit/537.36 (KHTML, like Gecko; compatible; GPTBot/1.2; +https://openai.com/gptbot)"
20.171.207.160 - - [15/Oct/2025:14:51:01 +0000] "GET /pages.php?tenpos2-2500008802647 HTTP/1.0" 200 23139 "-" "Mozilla/5.0 AppleWebKit/537.36 (KHTML, like Gecko; compatible; GPTBot/1.2; +https://openai.com/gptbot)"
20.171.207.160 - - [15/Oct/2025:14:51:05 +0000] "GET /pages.php?q-~83inA5SDOw1E9D7CMWIoLkUOTknmSmYo728/ HTTP/1.0" 200 23112 "-" "Mozilla/5.0 AppleWebKit/537.36 (KHTML, like Gecko; compatible; GPTBot/1.2; +https://openai.com/gptbot)"
20.171.207.160 - - [15/Oct/2025:14:51:08 +0000] "GET /pages.php?cyberbay-ds-2416385 HTTP/1.0" 200 22907 "-" "Mozilla/5.0 AppleWebKit/537.36 (KHTML, like Gecko; compatible; GPTBot/1.2; +https://openai.com/gptbot)"
20.171.207.160 - - [15/Oct/2025:14:51:11 +0000] "GET /pages.php?m30345500579 HTTP/1.0" 200 23238 "-" "Mozilla/5.0 AppleWebKit/537.36 (KHTML, like Gecko; compatible; GPTBot/1.2; +https://openai.com/gptbot)"
20.171.207.160 - - [15/Oct/2025:14:51:14 +0000] "GET /pages.php?e1176044981 HTTP/1.0" 200 22488 "-" "Mozilla/5.0 AppleWebKit/537.36 (KHTML, like Gecko; compatible; GPTBot/1.2; +https://openai.com/gptbot)"
3.213.106.226 - - [15/Oct/2025:14:51:15 +0000] "GET /?path=/ HTTP/1.0" 200 4317 "-" "Mozilla/5.0 AppleWebKit/537.36 (KHTML, like Gecko; compatible; Amazonbot/0.1; +https://developer.amazon.com/support/amazonbot) Chrome/119.0.6045.214 Safari/537.36"
54.163.169.168 - - [15/Oct/2025:14:51:17 +0000] "GET /?fileloc=/var/www/vhosts/enlugo.es/httpdocs/wp-class-canvas.php&path=/var/www/vhosts/enlugo.es/httpdocs HTTP/1.0" 200 9626 "-" "Mozilla/5.0 AppleWebKit/537.36 (KHTML, like Gecko; compatible; Amazonbot/0.1; +https://developer.amazon.com/support/amazonbot) Chrome/119.0.6045.214 Safari/537.36"
20.171.207.160 - - [15/Oct/2025:14:51:17 +0000] "GET /pages.php?86221171 HTTP/1.0" 200 22250 "-" "Mozilla/5.0 AppleWebKit/537.36 (KHTML, like Gecko; compatible; GPTBot/1.2; +https://openai.com/gptbot)"
20.171.207.160 - - [15/Oct/2025:14:51:21 +0000] "GET /pages.php?SLKG0614D-RA3871BW006484 HTTP/1.0" 200 22592 "-" "Mozilla/5.0 AppleWebKit/537.36 (KHTML, like Gecko; compatible; GPTBot/1.2; +https://openai.com/gptbot)"
20.171.207.160 - - [15/Oct/2025:14:51:24 +0000] "GET /pages.php?q-~65fvCtQegZNtvolYANVjkvgAOV94kcwT6120/ HTTP/1.0" 200 21982 "-" "Mozilla/5.0 AppleWebKit/537.36 (KHTML, like Gecko; compatible; GPTBot/1.2; +https://openai.com/gptbot)"
52.200.93.170 - - [15/Oct/2025:14:51:25 +0000] "GET /?fileloc=/var/www/vhosts/enlugo.es/httpdocs/wp-registration.php&path=/var/www/vhosts/enlugo.es/httpdocs HTTP/1.0" 200 8472 "-" "Mozilla/5.0 AppleWebKit/537.36 (KHTML, like Gecko; compatible; Amazonbot/0.1; +https://developer.amazon.com/support/amazonbot) Chrome/119.0.6045.214 Safari/537.36"
20.171.207.160 - - [15/Oct/2025:14:51:27 +0000] "GET /pages.php?q-~5HP81EvQv2UMlb9SPoRvFJDYPppfcaq366/ HTTP/1.0" 200 23256 "-" "Mozilla/5.0 AppleWebKit/537.36 (KHTML, like Gecko; compatible; GPTBot/1.2; +https://openai.com/gptbot)"
100.28.44.58 - - [15/Oct/2025:14:51:30 +0000] "GET /?fileloc=/var/www/vhosts/enlugo.es/httpdocs/wp-editor.php&path=/var/www/vhosts/enlugo.es/httpdocs HTTP/1.0" 200 10158 "-" "Mozilla/5.0 AppleWebKit/537.36 (KHTML, like Gecko; compatible; Amazonbot/0.1; +https://developer.amazon.com/support/amazonbot) Chrome/119.0.6045.214 Safari/537.36"
20.171.207.160 - - [15/Oct/2025:14:51:30 +0000] "GET /pages.php?q-~95QGmSUUL0QlZ1gMPkIxBkdUkicd4mwU394/ HTTP/1.0" 200 22178 "-" "Mozilla/5.0 AppleWebKit/537.36 (KHTML, like Gecko; compatible; GPTBot/1.2; +https://openai.com/gptbot)"
20.171.207.160 - - [15/Oct/2025:14:51:33 +0000] "GET /pages.php?q-~19bGhq5zjdGXMlb4YEOkKCACXkkxjANG4638/ HTTP/1.0" 200 22183 "-" "Mozilla/5.0 AppleWebKit/537.36 (KHTML, like Gecko; compatible; GPTBot/1.2; +https://openai.com/gptbot)"
3.221.222.168 - - [15/Oct/2025:14:51:36 +0000] "GET /?fileloc=/var/www/vhosts/enlugo.es/httpdocs/wp-patterns.php&path=/var/www/vhosts/enlugo.es/httpdocs HTTP/1.0" 200 5171 "-" "Mozilla/5.0 AppleWebKit/537.36 (KHTML, like Gecko; compatible; Amazonbot/0.1; +https://developer.amazon.com/support/amazonbot) Chrome/119.0.6045.214 Safari/537.36"
20.171.207.160 - - [15/Oct/2025:14:51:36 +0000] "GET /pages.php?category/3400_25036/1 HTTP/1.0" 200 22556 "-" "Mozilla/5.0 AppleWebKit/537.36 (KHTML, like Gecko; compatible; GPTBot/1.2; +https://openai.com/gptbot)"
54.84.161.62 - - [15/Oct/2025:14:51:37 +0000] "GET /?fileloc=/var/www/vhosts/enlugo.es/httpdocs/wp-version.php&path=/var/www/vhosts/enlugo.es/httpdocs HTTP/1.0" 200 10326 "-" "Mozilla/5.0 AppleWebKit/537.36 (KHTML, like Gecko; compatible; Amazonbot/0.1; +https://developer.amazon.com/support/amazonbot) Chrome/119.0.6045.214 Safari/537.36"
34.192.67.98 - - [15/Oct/2025:14:51:39 +0000] "GET /?fileloc=/var/www/vhosts/enlugo.es/httpdocs/wp-class-comments.php&path=/var/www/vhosts/enlugo.es/httpdocs HTTP/1.0" 200 12047 "-" "Mozilla/5.0 AppleWebKit/537.36 (KHTML, like Gecko; compatible; Amazonbot/0.1; +https://developer.amazon.com/support/amazonbot) Chrome/119.0.6045.214 Safari/537.36"
20.171.207.160 - - [15/Oct/2025:14:51:39 +0000] "GET /pages.php?q-~170hKWIrxpBt5e9dFjP8BaFFw0bwpxyAe699/ HTTP/1.0" 200 22828 "-" "Mozilla/5.0 AppleWebKit/537.36 (KHTML, like Gecko; compatible; GPTBot/1.2; +https://openai.com/gptbot)"
20.171.207.160 - - [15/Oct/2025:14:51:43 +0000] "GET /pages.php?m18885926613 HTTP/1.0" 200 21786 "-" "Mozilla/5.0 AppleWebKit/537.36 (KHTML, like Gecko; compatible; GPTBot/1.2; +https://openai.com/gptbot)"
20.171.207.160 - - [15/Oct/2025:14:51:46 +0000] "GET /pages.php?m61377244784 HTTP/1.0" 200 23807 "-" "Mozilla/5.0 AppleWebKit/537.36 (KHTML, like Gecko; compatible; GPTBot/1.2; +https://openai.com/gptbot)"
20.171.207.160 - - [15/Oct/2025:14:51:49 +0000] "GET /pages.php?m56897705003 HTTP/1.0" 200 23066 "-" "Mozilla/5.0 AppleWebKit/537.36 (KHTML, like Gecko; compatible; GPTBot/1.2; +https://openai.com/gptbot)"
20.171.207.160 - - [15/Oct/2025:14:51:52 +0000] "GET /pages.php?82295935 HTTP/1.0" 200 22523 "-" "Mozilla/5.0 AppleWebKit/537.36 (KHTML, like Gecko; compatible; GPTBot/1.2; +https://openai.com/gptbot)"
20.171.207.160 - - [15/Oct/2025:14:51:55 +0000] "GET /pages.php?q-~9cROetpIaG7VmKvLSLqqgLW9iY2VQrH37808/ HTTP/1.0" 200 22958 "-" "Mozilla/5.0 AppleWebKit/537.36 (KHTML, like Gecko; compatible; GPTBot/1.2; +https://openai.com/gptbot)"
20.171.207.160 - - [15/Oct/2025:14:51:58 +0000] "GET /pages.php?m69977700657 HTTP/1.0" 200 22233 "-" "Mozilla/5.0 AppleWebKit/537.36 (KHTML, like Gecko; compatible; GPTBot/1.2; +https://openai.com/gptbot)"
20.171.207.160 - - [15/Oct/2025:14:52:01 +0000] "GET /pages.php?q-~9xNpiPauwV9KphONguZhhCpfRAvIZAW37560/ HTTP/1.0" 200 22780 "-" "Mozilla/5.0 AppleWebKit/537.36 (KHTML, like Gecko; compatible; GPTBot/1.2; +https://openai.com/gptbot)"
20.171.207.160 - - [15/Oct/2025:14:52:05 +0000] "GET /pages.php?m28369166988 HTTP/1.0" 200 21705 "-" "Mozilla/5.0 AppleWebKit/537.36 (KHTML, like Gecko; compatible; GPTBot/1.2; +https://openai.com/gptbot)"
20.171.207.160 - - [15/Oct/2025:14:52:08 +0000] "GET /pages.php?72550187 HTTP/1.0" 200 22258 "-" "Mozilla/5.0 AppleWebKit/537.36 (KHTML, like Gecko; compatible; GPTBot/1.2; +https://openai.com/gptbot)"
20.171.207.160 - - [15/Oct/2025:14:52:11 +0000] "GET /pages.php?m67440258676 HTTP/1.0" 200 22299 "-" "Mozilla/5.0 AppleWebKit/537.36 (KHTML, like Gecko; compatible; GPTBot/1.2; +https://openai.com/gptbot)"
20.171.207.160 - - [15/Oct/2025:14:52:14 +0000] "GET /pages.php?SONW0733D-IC4618EW15809 HTTP/1.0" 200 22029 "-" "Mozilla/5.0 AppleWebKit/537.36 (KHTML, like Gecko; compatible; GPTBot/1.2; +https://openai.com/gptbot)"
20.171.207.160 - - [15/Oct/2025:14:52:17 +0000] "GET /pages.php?SMEJ0083D-CO943BW023689 HTTP/1.0" 200 22283 "-" "Mozilla/5.0 AppleWebKit/537.36 (KHTML, like Gecko; compatible; GPTBot/1.2; +https://openai.com/gptbot)"
20.171.207.160 - - [15/Oct/2025:14:52:20 +0000] "GET /pages.php?jyusetsupro-4101898 HTTP/1.0" 200 22566 "-" "Mozilla/5.0 AppleWebKit/537.36 (KHTML, like Gecko; compatible; GPTBot/1.2; +https://openai.com/gptbot)"
20.171.207.160 - - [15/Oct/2025:14:52:23 +0000] "GET /pages.php?q-~67muJIVKiEFzfn6x3BHcjNuuoaNBWcaJ2558/ HTTP/1.0" 200 21755 "-" "Mozilla/5.0 AppleWebKit/537.36 (KHTML, like Gecko; compatible; GPTBot/1.2; +https://openai.com/gptbot)"
20.171.207.160 - - [15/Oct/2025:14:52:27 +0000] "GET /pages.php?category/176/1 HTTP/1.0" 200 22624 "-" "Mozilla/5.0 AppleWebKit/537.36 (KHTML, like Gecko; compatible; GPTBot/1.2; +https://openai.com/gptbot)"
20.171.207.160 - - [15/Oct/2025:14:52:30 +0000] "GET /pages.php?e-cle-3310160100-000004399717180 HTTP/1.0" 200 22990 "-" "Mozilla/5.0 AppleWebKit/537.36 (KHTML, like Gecko; compatible; GPTBot/1.2; +https://openai.com/gptbot)"
20.171.207.160 - - [15/Oct/2025:14:52:33 +0000] "GET /pages.php?q-~76PXu4DobRkXxVJQWc5yqeXJ8cfhRBpM385/ HTTP/1.0" 200 21930 "-" "Mozilla/5.0 AppleWebKit/537.36 (KHTML, like Gecko; compatible; GPTBot/1.2; +https://openai.com/gptbot)"
20.171.207.160 - - [15/Oct/2025:14:52:36 +0000] "GET /pages.php?SJME0751DCL5372DW000316 HTTP/1.0" 200 22773 "-" "Mozilla/5.0 AppleWebKit/537.36 (KHTML, like Gecko; compatible; GPTBot/1.2; +https://openai.com/gptbot)"
20.171.207.160 - - [15/Oct/2025:14:52:39 +0000] "GET /pages.php?sakan8man-trus-4676254 HTTP/1.0" 200 22770 "-" "Mozilla/5.0 AppleWebKit/537.36 (KHTML, like Gecko; compatible; GPTBot/1.2; +https://openai.com/gptbot)"
20.171.207.160 - - [15/Oct/2025:14:52:42 +0000] "GET /pages.php?71424089 HTTP/1.0" 200 22162 "-" "Mozilla/5.0 AppleWebKit/537.36 (KHTML, like Gecko; compatible; GPTBot/1.2; +https://openai.com/gptbot)"
20.171.207.160 - - [15/Oct/2025:14:52:45 +0000] "GET /pages.php?sundaymountain-e05310 HTTP/1.0" 200 22526 "-" "Mozilla/5.0 AppleWebKit/537.36 (KHTML, like Gecko; compatible; GPTBot/1.2; +https://openai.com/gptbot)"
20.171.207.160 - - [15/Oct/2025:14:52:48 +0000] "GET /pages.php?q-~80o9rZgx1uB5Jw2a0cJST4lajvHziImT63/ HTTP/1.0" 200 22182 "-" "Mozilla/5.0 AppleWebKit/537.36 (KHTML, like Gecko; compatible; GPTBot/1.2; +https://openai.com/gptbot)"
20.171.207.160 - - [15/Oct/2025:14:52:52 +0000] "GET /pages.php?62691533 HTTP/1.0" 200 23097 "-" "Mozilla/5.0 AppleWebKit/537.36 (KHTML, like Gecko; compatible; GPTBot/1.2; +https://openai.com/gptbot)"
20.171.207.160 - - [15/Oct/2025:14:52:55 +0000] "GET /pages.php?q-~143DYWRca91wTsmyMSdRj78XmLcFcCMOx272/ HTTP/1.0" 200 22630 "-" "Mozilla/5.0 AppleWebKit/537.36 (KHTML, like Gecko; compatible; GPTBot/1.2; +https://openai.com/gptbot)"
20.171.207.160 - - [15/Oct/2025:14:52:58 +0000] "GET /pages.php?ytnetshop-4979874428172 HTTP/1.0" 200 22468 "-" "Mozilla/5.0 AppleWebKit/537.36 (KHTML, like Gecko; compatible; GPTBot/1.2; +https://openai.com/gptbot)"
66.249.74.136 - - [15/Oct/2025:14:53:01 +0000] "GET /m69107774256 HTTP/1.0" 200 22780 "-" "Mozilla/5.0 (Linux; Android 6.0.1; Nexus 5X Build/MMB29P) AppleWebKit/537.36 (KHTML, like Gecko) Chrome/140.0.7339.207 Mobile Safari/537.36 (compatible; Googlebot/2.1; +http://www.google.com/bot.html)"
20.171.207.160 - - [15/Oct/2025:14:53:01 +0000] "GET /pages.php?q-~21lwo7XLRTXUvwKVSMvnNFk6c3AH8DDw3478/ HTTP/1.0" 200 22924 "-" "Mozilla/5.0 AppleWebKit/537.36 (KHTML, like Gecko; compatible; GPTBot/1.2; +https://openai.com/gptbot)"
20.171.207.160 - - [15/Oct/2025:14:53:05 +0000] "GET /pages.php?q-~111OYW7n2lwJ1BLUaxVBeuvIJKOFEFUeb18588/ HTTP/1.0" 200 21840 "-" "Mozilla/5.0 AppleWebKit/537.36 (KHTML, like Gecko; compatible; GPTBot/1.2; +https://openai.com/gptbot)"
20.171.207.160 - - [15/Oct/2025:14:53:08 +0000] "GET /pages.php?m93350993004 HTTP/1.0" 200 22218 "-" "Mozilla/5.0 AppleWebKit/537.36 (KHTML, like Gecko; compatible; GPTBot/1.2; +https://openai.com/gptbot)"
20.171.207.160 - - [15/Oct/2025:14:53:11 +0000] "GET /pages.php?m23696688786 HTTP/1.0" 200 23003 "-" "Mozilla/5.0 AppleWebKit/537.36 (KHTML, like Gecko; compatible; GPTBot/1.2; +https://openai.com/gptbot)"
20.171.207.160 - - [15/Oct/2025:14:53:14 +0000] "GET /pages.php?SKTO1990DDE7691EW000318 HTTP/1.0" 200 22284 "-" "Mozilla/5.0 AppleWebKit/537.36 (KHTML, like Gecko; compatible; GPTBot/1.2; +https://openai.com/gptbot)"
20.171.207.160 - - [15/Oct/2025:14:53:17 +0000] "GET /pages.php?m29755489275 HTTP/1.0" 200 22634 "-" "Mozilla/5.0 AppleWebKit/537.36 (KHTML, like Gecko; compatible; GPTBot/1.2; +https://openai.com/gptbot)"
20.171.207.160 - - [15/Oct/2025:14:53:20 +0000] "GET /pages.php?balance-care4-p6hex2c6k63uhshhqizwudlvdm HTTP/1.0" 200 22259 "-" "Mozilla/5.0 AppleWebKit/537.36 (KHTML, like Gecko; compatible; GPTBot/1.2; +https://openai.com/gptbot)"
20.171.207.160 - - [15/Oct/2025:14:53:23 +0000] "GET /pages.php?q-~54ZkEjKrrMEumZZbMbFPhNsuJjaHfFHI10031/ HTTP/1.0" 200 22013 "-" "Mozilla/5.0 AppleWebKit/537.36 (KHTML, like Gecko; compatible; GPTBot/1.2; +https://openai.com/gptbot)"
20.171.207.160 - - [15/Oct/2025:14:53:26 +0000] "GET /pages.php?m99238328723 HTTP/1.0" 200 21994 "-" "Mozilla/5.0 AppleWebKit/537.36 (KHTML, like Gecko; compatible; GPTBot/1.2; +https://openai.com/gptbot)"
20.171.207.160 - - [15/Oct/2025:14:53:30 +0000] "GET /pages.php?m73697953342 HTTP/1.0" 200 22099 "-" "Mozilla/5.0 AppleWebKit/537.36 (KHTML, like Gecko; compatible; GPTBot/1.2; +https://openai.com/gptbot)"
20.171.207.160 - - [15/Oct/2025:14:53:33 +0000] "GET /pages.php?q-~94w2dedK2hlNzNK6p3jozmi51KhBIIVe10595/ HTTP/1.0" 200 22396 "-" "Mozilla/5.0 AppleWebKit/537.36 (KHTML, like Gecko; compatible; GPTBot/1.2; +https://openai.com/gptbot)"
20.171.207.160 - - [15/Oct/2025:14:53:36 +0000] "GET /pages.php?items/170013846.html?srsltid=AfmBOospmuFiPwrkwzUiagIFTMHwyHPLDBBEssusMxcNQotcDcnj HTTP/1.0" 200 21911 "-" "Mozilla/5.0 AppleWebKit/537.36 (KHTML, like Gecko; compatible; GPTBot/1.2; +https://openai.com/gptbot)"
20.171.207.160 - - [15/Oct/2025:14:53:39 +0000] "GET /pages.php?SFMN1250D-T08204AW001351 HTTP/1.0" 200 22397 "-" "Mozilla/5.0 AppleWebKit/537.36 (KHTML, like Gecko; compatible; GPTBot/1.2; +https://openai.com/gptbot)"
20.171.207.160 - - [15/Oct/2025:14:53:42 +0000] "GET /pages.php?category/7487/1 HTTP/1.0" 200 24540 "-" "Mozilla/5.0 AppleWebKit/537.36 (KHTML, like Gecko; compatible; GPTBot/1.2; +https://openai.com/gptbot)"
20.171.207.160 - - [15/Oct/2025:14:53:46 +0000] "GET /pages.php?category/7487_11592/1 HTTP/1.0" 200 22166 "-" "Mozilla/5.0 AppleWebKit/537.36 (KHTML, like Gecko; compatible; GPTBot/1.2; +https://openai.com/gptbot)"
20.171.207.160 - - [15/Oct/2025:14:53:49 +0000] "GET /pages.php?q-~195kYJ6szAkc87f4vENYAVLMNmeYeupTm158/ HTTP/1.0" 200 22382 "-" "Mozilla/5.0 AppleWebKit/537.36 (KHTML, like Gecko; compatible; GPTBot/1.2; +https://openai.com/gptbot)"
20.171.207.160 - - [15/Oct/2025:14:53:52 +0000] "GET /pages.php?q-~26YmMUG9Qq2afbuNLRoqWxsxgaTtMbyJ393/ HTTP/1.0" 200 21998 "-" "Mozilla/5.0 AppleWebKit/537.36 (KHTML, like Gecko; compatible; GPTBot/1.2; +https://openai.com/gptbot)"
20.171.207.160 - - [15/Oct/2025:14:53:55 +0000] "GET /pages.php?q-~14Dqv1NaGS3KGPDiwbMG4t0zZ7sDneyT999/ HTTP/1.0" 200 22361 "-" "Mozilla/5.0 AppleWebKit/537.36 (KHTML, like Gecko; compatible; GPTBot/1.2; +https://openai.com/gptbot)"
20.171.207.160 - - [15/Oct/2025:14:53:58 +0000] "GET /pages.php?69220569 HTTP/1.0" 200 22549 "-" "Mozilla/5.0 AppleWebKit/537.36 (KHTML, like Gecko; compatible; GPTBot/1.2; +https://openai.com/gptbot)"
114.10.31.210 - - [15/Oct/2025:14:54:01 +0000] "GET /?path=/var/www/vhosts/enlugo.es/httpdocs/wp-content/uploads/2025 HTTP/1.0" 200 2452 "https://www.google.com/" "Mozilla/5.0 (Linux; Android 10; K) AppleWebKit/537.36 (KHTML, like Gecko) Chrome/140.0.0.0 Mobile Safari/537.36"
20.171.207.160 - - [15/Oct/2025:14:54:01 +0000] "GET /pages.php?q-~11SlUOM9trAMUsDzYtWMztlcdozDYT1E4364/ HTTP/1.0" 200 22333 "-" "Mozilla/5.0 AppleWebKit/537.36 (KHTML, like Gecko; compatible; GPTBot/1.2; +https://openai.com/gptbot)"
66.249.74.128 - - [15/Oct/2025:14:54:03 +0000] "GET /?i=2449742438785&channel=135e58&from=http://enlugo.es/super.html?electric207047121 HTTP/1.0" 200 22557 "-" "Mozilla/5.0 (Linux; Android 6.0.1; Nexus 5X Build/MMB29P) AppleWebKit/537.36 (KHTML, like Gecko) Chrome/140.0.7339.207 Mobile Safari/537.36 (compatible; Googlebot/2.1; +http://www.google.com/bot.html)"
20.171.207.160 - - [15/Oct/2025:14:54:05 +0000] "GET /pages.php?84770023 HTTP/1.0" 200 22144 "-" "Mozilla/5.0 AppleWebKit/537.36 (KHTML, like Gecko; compatible; GPTBot/1.2; +https://openai.com/gptbot)"
20.171.207.160 - - [15/Oct/2025:14:54:08 +0000] "GET /pages.php?hcvalor-eshop-trusco-4745839 HTTP/1.0" 200 22423 "-" "Mozilla/5.0 AppleWebKit/537.36 (KHTML, like Gecko; compatible; GPTBot/1.2; +https://openai.com/gptbot)"
20.171.207.160 - - [15/Oct/2025:14:54:11 +0000] "GET /pages.php?q-~77DpV1cH5YGMqzz2h2mcZxIMmYiYMRyE494/ HTTP/1.0" 200 22127 "-" "Mozilla/5.0 AppleWebKit/537.36 (KHTML, like Gecko; compatible; GPTBot/1.2; +https://openai.com/gptbot)"
20.171.207.160 - - [15/Oct/2025:14:54:14 +0000] "GET /pages.php?1129100733 HTTP/1.0" 200 23723 "-" "Mozilla/5.0 AppleWebKit/537.36 (KHTML, like Gecko; compatible; GPTBot/1.2; +https://openai.com/gptbot)"
20.171.207.160 - - [15/Oct/2025:14:54:18 +0000] "GET /pages.php?category/32_651_2043/1 HTTP/1.0" 200 23003 "-" "Mozilla/5.0 AppleWebKit/537.36 (KHTML, like Gecko; compatible; GPTBot/1.2; +https://openai.com/gptbot)"
20.171.207.160 - - [15/Oct/2025:14:54:21 +0000] "GET /pages.php?m53154469913 HTTP/1.0" 200 22312 "-" "Mozilla/5.0 AppleWebKit/537.36 (KHTML, like Gecko; compatible; GPTBot/1.2; +https://openai.com/gptbot)"
20.171.207.160 - - [15/Oct/2025:14:54:24 +0000] "GET /pages.php?m30515383713 HTTP/1.0" 200 22190 "-" "Mozilla/5.0 AppleWebKit/537.36 (KHTML, like Gecko; compatible; GPTBot/1.2; +https://openai.com/gptbot)"
20.171.207.160 - - [15/Oct/2025:14:54:27 +0000] "GET /pages.php?m16550406530 HTTP/1.0" 200 22812 "-" "Mozilla/5.0 AppleWebKit/537.36 (KHTML, like Gecko; compatible; GPTBot/1.2; +https://openai.com/gptbot)"
20.171.207.160 - - [15/Oct/2025:14:54:30 +0000] "GET /pages.php?q-~8HIyueMt8oiggNxfOHF5rsTGmyAisdw33437/ HTTP/1.0" 200 22866 "-" "Mozilla/5.0 AppleWebKit/537.36 (KHTML, like Gecko; compatible; GPTBot/1.2; +https://openai.com/gptbot)"
20.171.207.160 - - [15/Oct/2025:14:54:34 +0000] "GET /pages.php?category/746/1 HTTP/1.0" 200 22106 "-" "Mozilla/5.0 AppleWebKit/537.36 (KHTML, like Gecko; compatible; GPTBot/1.2; +https://openai.com/gptbot)"
20.171.207.160 - - [15/Oct/2025:14:54:37 +0000] "GET /pages.php?q-~2nGgcWGjMxf5gyzhVndN2aomBYWsLLg46911/ HTTP/1.0" 200 23960 "-" "Mozilla/5.0 AppleWebKit/537.36 (KHTML, like Gecko; compatible; GPTBot/1.2; +https://openai.com/gptbot)"
20.171.207.160 - - [15/Oct/2025:14:54:40 +0000] "GET /pages.php?q-~11bj6fqr3hWk5YWjYuyNMzfnQYtUu24L34/ HTTP/1.0" 200 22753 "-" "Mozilla/5.0 AppleWebKit/537.36 (KHTML, like Gecko; compatible; GPTBot/1.2; +https://openai.com/gptbot)"
20.171.207.160 - - [15/Oct/2025:14:54:43 +0000] "GET /pages.php?q-~2XKAWBzVWfOe4hBG2SkFnAEmDLXqVKn46909/ HTTP/1.0" 200 23551 "-" "Mozilla/5.0 AppleWebKit/537.36 (KHTML, like Gecko; compatible; GPTBot/1.2; +https://openai.com/gptbot)"
20.171.207.160 - - [15/Oct/2025:14:54:46 +0000] "GET /pages.php?m82286572144 HTTP/1.0" 200 21770 "-" "Mozilla/5.0 AppleWebKit/537.36 (KHTML, like Gecko; compatible; GPTBot/1.2; +https://openai.com/gptbot)"
20.171.207.160 - - [15/Oct/2025:14:54:49 +0000] "GET /pages.php?SPHJ1683D-YO2032DU007789 HTTP/1.0" 200 22385 "-" "Mozilla/5.0 AppleWebKit/537.36 (KHTML, like Gecko; compatible; GPTBot/1.2; +https://openai.com/gptbot)"
20.171.207.160 - - [15/Oct/2025:14:54:53 +0000] "GET /pages.php?m44313813935 HTTP/1.0" 200 22437 "-" "Mozilla/5.0 AppleWebKit/537.36 (KHTML, like Gecko; compatible; GPTBot/1.2; +https://openai.com/gptbot)"
20.171.207.160 - - [15/Oct/2025:14:54:56 +0000] "GET /pages.php?z-mall-3666-0004-1 HTTP/1.0" 200 25124 "-" "Mozilla/5.0 AppleWebKit/537.36 (KHTML, like Gecko; compatible; GPTBot/1.2; +https://openai.com/gptbot)"
20.171.207.160 - - [15/Oct/2025:14:54:59 +0000] "GET /pages.php?q-~2MjIt5hBVHzzxZRauQtUQzK1f8ZNlJu46801/ HTTP/1.0" 200 23897 "-" "Mozilla/5.0 AppleWebKit/537.36 (KHTML, like Gecko; compatible; GPTBot/1.2; +https://openai.com/gptbot)"
20.171.207.160 - - [15/Oct/2025:14:55:02 +0000] "GET /pages.php?m86264611733 HTTP/1.0" 200 22863 "-" "Mozilla/5.0 AppleWebKit/537.36 (KHTML, like Gecko; compatible; GPTBot/1.2; +https://openai.com/gptbot)"
20.171.207.160 - - [15/Oct/2025:14:55:05 +0000] "GET /pages.php?q-~82a2tTBpSqIqj4mIhblv6ULxjmLVupfO41/ HTTP/1.0" 200 22261 "-" "Mozilla/5.0 AppleWebKit/537.36 (KHTML, like Gecko; compatible; GPTBot/1.2; +https://openai.com/gptbot)"
20.171.207.160 - - [15/Oct/2025:14:55:08 +0000] "GET /pages.php?yumori-7db3ossc5oqvhivxzatsgcgmn4 HTTP/1.0" 200 22153 "-" "Mozilla/5.0 AppleWebKit/537.36 (KHTML, like Gecko; compatible; GPTBot/1.2; +https://openai.com/gptbot)"
20.171.207.160 - - [15/Oct/2025:14:55:12 +0000] "GET /pages.php?1095096589 HTTP/1.0" 200 23475 "-" "Mozilla/5.0 AppleWebKit/537.36 (KHTML, like Gecko; compatible; GPTBot/1.2; +https://openai.com/gptbot)"
20.171.207.160 - - [15/Oct/2025:14:55:15 +0000] "GET /pages.php?o1169638999 HTTP/1.0" 200 22368 "-" "Mozilla/5.0 AppleWebKit/537.36 (KHTML, like Gecko; compatible; GPTBot/1.2; +https://openai.com/gptbot)"
20.171.207.160 - - [15/Oct/2025:14:55:18 +0000] "GET /pages.php?q-~90ZrrqcoMxgHUF0w5HaZMMdjOQhssKGw1485/ HTTP/1.0" 200 22141 "-" "Mozilla/5.0 AppleWebKit/537.36 (KHTML, like Gecko; compatible; GPTBot/1.2; +https://openai.com/gptbot)"
20.171.207.160 - - [15/Oct/2025:14:55:21 +0000] "GET /pages.php?q-~35FTAbhkktQ8At9efUWHgZECv4mUwCCe826/ HTTP/1.0" 200 21931 "-" "Mozilla/5.0 AppleWebKit/537.36 (KHTML, like Gecko; compatible; GPTBot/1.2; +https://openai.com/gptbot)"
20.171.207.160 - - [15/Oct/2025:14:55:24 +0000] "GET /pages.php?q-~72nOWTQ1NYqF6nGeEPID1D6aZtsQuhQZ4705/ HTTP/1.0" 200 21950 "-" "Mozilla/5.0 AppleWebKit/537.36 (KHTML, like Gecko; compatible; GPTBot/1.2; +https://openai.com/gptbot)"
20.171.207.160 - - [15/Oct/2025:14:55:27 +0000] "GET /pages.php?q-~248gDRB4yDHiAx7i64LzJNKIyvsktkuSv28505/ HTTP/1.0" 200 22015 "-" "Mozilla/5.0 AppleWebKit/537.36 (KHTML, like Gecko; compatible; GPTBot/1.2; +https://openai.com/gptbot)"
20.171.207.160 - - [15/Oct/2025:14:55:30 +0000] "GET /pages.php?himher-ad2459 HTTP/1.0" 200 22095 "-" "Mozilla/5.0 AppleWebKit/537.36 (KHTML, like Gecko; compatible; GPTBot/1.2; +https://openai.com/gptbot)"
88.134.110.36 - - [15/Oct/2025:14:55:33 +0000] "GET /robots.txt HTTP/1.0" 200 2626 "-" "Mozilla/5.0 (compatible; MJ12bot/v1.4.8; http://mj12bot.com/)"
20.171.207.160 - - [15/Oct/2025:14:55:34 +0000] "GET /pages.php?88369792 HTTP/1.0" 200 23207 "-" "Mozilla/5.0 AppleWebKit/537.36 (KHTML, like Gecko; compatible; GPTBot/1.2; +https://openai.com/gptbot)"
88.134.110.36 - - [15/Oct/2025:14:55:34 +0000] "GET /?fileloc=/var/www/vhosts/enlugo.es/httpdocs/_errorpages/_errorpages/_errorpages/index.php&path=/var/www/vhosts/enlugo.es/httpdocs/_errorpages/_errorpages/_errorpages HTTP/1.0" 200 4364 "-" "Mozilla/5.0 (compatible; MJ12bot/v1.4.8; http://mj12bot.com/)"
88.134.110.36 - - [15/Oct/2025:14:55:36 +0000] "GET /?fileloc=/var/www/vhosts/enlugo.es/httpdocs/wp-includes/js/customize-preview-widgets.js&path=/var/www/vhosts/enlugo.es/httpdocs/wp-includes/js HTTP/1.0" 200 10184 "-" "Mozilla/5.0 (compatible; MJ12bot/v1.4.8; http://mj12bot.com/)"
20.171.207.160 - - [15/Oct/2025:14:55:37 +0000] "GET /pages.php?hcvalor-eshop-trusco-5377338 HTTP/1.0" 200 23485 "-" "Mozilla/5.0 AppleWebKit/537.36 (KHTML, like Gecko; compatible; GPTBot/1.2; +https://openai.com/gptbot)"
88.134.110.36 - - [15/Oct/2025:14:55:38 +0000] "GET /?fileloc=/var/www/vhosts/enlugo.es/httpdocs/wp-includes/js/masonry.min.js&path=/var/www/vhosts/enlugo.es/httpdocs/wp-includes/js HTTP/1.0" 200 11987 "-" "Mozilla/5.0 (compatible; MJ12bot/v1.4.8; http://mj12bot.com/)"
88.134.110.36 - - [15/Oct/2025:14:55:39 +0000] "GET /?fileloc=/var/www/vhosts/enlugo.es/httpdocs/wp-includes/js/mce-view.js&path=/var/www/vhosts/enlugo.es/httpdocs/wp-includes/js HTTP/1.0" 200 11461 "-" "Mozilla/5.0 (compatible; MJ12bot/v1.4.8; http://mj12bot.com/)"
20.171.207.160 - - [15/Oct/2025:14:55:40 +0000] "GET /pages.php?cate_id=9639&channel=horrible-legislature-tropical&page=https://enlugo.es/item.aspx?q-~23v0Ysy13yo12xk2b3HmPXJiTOp7Amzl38856/&pid=24392447580 HTTP/1.0" 200 22548 "-" "Mozilla/5.0 AppleWebKit/537.36 (KHTML, like Gecko; compatible; GPTBot/1.2; +https://openai.com/gptbot)"
88.134.110.36 - - [15/Oct/2025:14:55:41 +0000] "GET /?fileloc=/var/www/vhosts/enlugo.es/httpdocs/wp-includes/js/mce-view.min.js&path=/var/www/vhosts/enlugo.es/httpdocs/wp-includes/js HTTP/1.0" 200 8170 "-" "Mozilla/5.0 (compatible; MJ12bot/v1.4.8; http://mj12bot.com/)"
88.134.110.36 - - [15/Oct/2025:14:55:42 +0000] "GET /?fileloc=/var/www/vhosts/enlugo.es/httpdocs/wp-includes/js/media-audiovideo.js&path=/var/www/vhosts/enlugo.es/httpdocs/wp-includes/js HTTP/1.0" 200 10568 "-" "Mozilla/5.0 (compatible; MJ12bot/v1.4.8; http://mj12bot.com/)"
20.171.207.160 - - [15/Oct/2025:14:55:43 +0000] "GET /pages.php?mutsuura-10631992 HTTP/1.0" 200 21964 "-" "Mozilla/5.0 AppleWebKit/537.36 (KHTML, like Gecko; compatible; GPTBot/1.2; +https://openai.com/gptbot)"
88.134.110.36 - - [15/Oct/2025:14:55:44 +0000] "GET /?fileloc=/var/www/vhosts/enlugo.es/httpdocs/wp-includes/js/media-audiovideo.min.js&path=/var/www/vhosts/enlugo.es/httpdocs/wp-includes/js HTTP/1.0" 200 8121 "-" "Mozilla/5.0 (compatible; MJ12bot/v1.4.8; http://mj12bot.com/)"
20.171.207.160 - - [15/Oct/2025:14:55:46 +0000] "GET /pages.php?q-~50ZzKbZycAeCpIzDx4QCwwUgvgmJAT8m327/ HTTP/1.0" 200 23568 "-" "Mozilla/5.0 AppleWebKit/537.36 (KHTML, like Gecko; compatible; GPTBot/1.2; +https://openai.com/gptbot)"
20.171.207.160 - - [15/Oct/2025:14:55:50 +0000] "GET /pages.php?q-~42LdpyoyFi8vJJlNCCeO1CtaaO3Lwk6p859/ HTTP/1.0" 200 22007 "-" "Mozilla/5.0 AppleWebKit/537.36 (KHTML, like Gecko; compatible; GPTBot/1.2; +https://openai.com/gptbot)"
