20.171.207.160 - - [15/Oct/2025:12:10:29 +0000] "GET /pages.php?q-~11ViBHicrBCxUMvYlul2cLCjzA2eKBeZ942/ HTTP/1.0" 200 22150 "-" "Mozilla/5.0 AppleWebKit/537.36 (KHTML, like Gecko; compatible; GPTBot/1.2; +https://openai.com/gptbot)"
20.171.207.160 - - [15/Oct/2025:12:10:32 +0000] "GET /pages.php?category/57_58/1 HTTP/1.0" 200 22717 "-" "Mozilla/5.0 AppleWebKit/537.36 (KHTML, like Gecko; compatible; GPTBot/1.2; +https://openai.com/gptbot)"
20.171.207.160 - - [15/Oct/2025:12:10:35 +0000] "GET /pages.php?89689315 HTTP/1.0" 200 23179 "-" "Mozilla/5.0 AppleWebKit/537.36 (KHTML, like Gecko; compatible; GPTBot/1.2; +https://openai.com/gptbot)"
20.171.207.160 - - [15/Oct/2025:12:10:39 +0000] "GET /pages.php?hayaritsushin-babycarboard02 HTTP/1.0" 200 22184 "-" "Mozilla/5.0 AppleWebKit/537.36 (KHTML, like Gecko; compatible; GPTBot/1.2; +https://openai.com/gptbot)"
20.171.207.160 - - [15/Oct/2025:12:10:42 +0000] "GET /pages.php?m69220030166 HTTP/1.0" 200 21903 "-" "Mozilla/5.0 AppleWebKit/537.36 (KHTML, like Gecko; compatible; GPTBot/1.2; +https://openai.com/gptbot)"
20.171.207.160 - - [15/Oct/2025:12:10:45 +0000] "GET /pages.php?eeena-g21007-1 HTTP/1.0" 200 22461 "-" "Mozilla/5.0 AppleWebKit/537.36 (KHTML, like Gecko; compatible; GPTBot/1.2; +https://openai.com/gptbot)"
20.171.207.160 - - [15/Oct/2025:12:10:48 +0000] "GET /pages.php?category/5943_20780/1 HTTP/1.0" 200 22421 "-" "Mozilla/5.0 AppleWebKit/537.36 (KHTML, like Gecko; compatible; GPTBot/1.2; +https://openai.com/gptbot)"
20.171.207.160 - - [15/Oct/2025:12:10:51 +0000] "GET /pages.php?q-~25qAdBMRV2EbdnwWjSVOaeg8UVlvOHlB1488/ HTTP/1.0" 200 21978 "-" "Mozilla/5.0 AppleWebKit/537.36 (KHTML, like Gecko; compatible; GPTBot/1.2; +https://openai.com/gptbot)"
20.171.207.160 - - [15/Oct/2025:12:10:54 +0000] "GET /pages.php?q-~69Md8CDUENKobjndYbY62Vs4TZFTmlud224/ HTTP/1.0" 200 22194 "-" "Mozilla/5.0 AppleWebKit/537.36 (KHTML, like Gecko; compatible; GPTBot/1.2; +https://openai.com/gptbot)"
20.171.207.160 - - [15/Oct/2025:12:10:57 +0000] "GET /pages.php?q-~91jiZ11u6x6KhhuZQmjTIpbFkwGMIO8m590/ HTTP/1.0" 200 22234 "-" "Mozilla/5.0 AppleWebKit/537.36 (KHTML, like Gecko; compatible; GPTBot/1.2; +https://openai.com/gptbot)"
66.249.74.128 - - [15/Oct/2025:12:11:02 +0000] "GET /cargo181038127 HTTP/1.0" 200 22593 "-" "Mozilla/5.0 (Linux; Android 6.0.1; Nexus 5X Build/MMB29P) AppleWebKit/537.36 (KHTML, like Gecko) Chrome/140.0.7339.207 Mobile Safari/537.36 (compatible; Googlebot/2.1; +http://www.google.com/bot.html)"
20.171.207.160 - - [15/Oct/2025:12:11:03 +0000] "GET /pages.php?kaientai-2-sumigd-604075-4s HTTP/1.0" 200 23040 "-" "Mozilla/5.0 AppleWebKit/537.36 (KHTML, like Gecko; compatible; GPTBot/1.2; +https://openai.com/gptbot)"
20.171.207.160 - - [15/Oct/2025:12:11:09 +0000] "GET /pages.php?m77621770242 HTTP/1.0" 200 22250 "-" "Mozilla/5.0 AppleWebKit/537.36 (KHTML, like Gecko; compatible; GPTBot/1.2; +https://openai.com/gptbot)"
20.171.207.160 - - [15/Oct/2025:12:11:13 +0000] "GET /pages.php?m20525655949 HTTP/1.0" 200 22552 "-" "Mozilla/5.0 AppleWebKit/537.36 (KHTML, like Gecko; compatible; GPTBot/1.2; +https://openai.com/gptbot)"
20.171.207.160 - - [15/Oct/2025:12:11:16 +0000] "GET /pages.php?m88493352148 HTTP/1.0" 200 22211 "-" "Mozilla/5.0 AppleWebKit/537.36 (KHTML, like Gecko; compatible; GPTBot/1.2; +https://openai.com/gptbot)"
20.171.207.160 - - [15/Oct/2025:12:11:19 +0000] "GET /pages.php?m56195257647 HTTP/1.0" 200 22772 "-" "Mozilla/5.0 AppleWebKit/537.36 (KHTML, like Gecko; compatible; GPTBot/1.2; +https://openai.com/gptbot)"
40.77.167.28 - - [15/Oct/2025:12:11:21 +0000] "GET /?fileloc=/var/www/vhosts/enlugo.es/httpdocs/wp-class-locale.php&path=/var/www/vhosts/enlugo.es/httpdocs HTTP/1.0" 200 2276 "-" "Mozilla/5.0 AppleWebKit/537.36 (KHTML, like Gecko; compatible; bingbot/2.0; +http://www.bing.com/bingbot.htm) Chrome/116.0.1938.76 Safari/537.36"
20.171.207.160 - - [15/Oct/2025:12:11:25 +0000] "GET /pages.php?q-~25FOxRecLHuLhrj0OZBqX3RCHECifHRY908/ HTTP/1.0" 200 23106 "-" "Mozilla/5.0 AppleWebKit/537.36 (KHTML, like Gecko; compatible; GPTBot/1.2; +https://openai.com/gptbot)"
20.171.207.160 - - [15/Oct/2025:12:11:28 +0000] "GET /pages.php?q-~46ni1KNYBV6eM7cIpgv0rfgABNXIvaaL509/ HTTP/1.0" 200 22962 "-" "Mozilla/5.0 AppleWebKit/537.36 (KHTML, like Gecko; compatible; GPTBot/1.2; +https://openai.com/gptbot)"
20.171.207.160 - - [15/Oct/2025:12:11:31 +0000] "GET /pages.php?q-~18PKqjiLMUOuNBhG5GnxCfaHjJiatleo609/ HTTP/1.0" 200 22777 "-" "Mozilla/5.0 AppleWebKit/537.36 (KHTML, like Gecko; compatible; GPTBot/1.2; +https://openai.com/gptbot)"
20.171.207.160 - - [15/Oct/2025:12:11:35 +0000] "GET /pages.php?q-~48gdWImi67eEcdfqhqAIrYXiwdoOBKGt377/ HTTP/1.0" 200 22229 "-" "Mozilla/5.0 AppleWebKit/537.36 (KHTML, like Gecko; compatible; GPTBot/1.2; +https://openai.com/gptbot)"
47.251.67.217 - - [15/Oct/2025:12:11:37 +0000] "POST /xmlrpc.php HTTP/1.0" 403 3277 "-" "Mozilla/5.0 (Windows NT 6.3; WOW64; Trident/7.0; TNJB; rv:11.0) like Gecko"
20.171.207.160 - - [15/Oct/2025:12:11:38 +0000] "GET /pages.php?m59865894444 HTTP/1.0" 200 22438 "-" "Mozilla/5.0 AppleWebKit/537.36 (KHTML, like Gecko; compatible; GPTBot/1.2; +https://openai.com/gptbot)"
20.171.207.160 - - [15/Oct/2025:12:11:41 +0000] "GET /pages.php?category/10656/1 HTTP/1.0" 200 22560 "-" "Mozilla/5.0 AppleWebKit/537.36 (KHTML, like Gecko; compatible; GPTBot/1.2; +https://openai.com/gptbot)"
20.171.207.160 - - [15/Oct/2025:12:11:48 +0000] "GET /pages.php?p1154010060 HTTP/1.0" 200 24692 "-" "Mozilla/5.0 AppleWebKit/537.36 (KHTML, like Gecko; compatible; GPTBot/1.2; +https://openai.com/gptbot)"
20.171.207.160 - - [15/Oct/2025:12:11:51 +0000] "GET /pages.php?m94653991577 HTTP/1.0" 200 22308 "-" "Mozilla/5.0 AppleWebKit/537.36 (KHTML, like Gecko; compatible; GPTBot/1.2; +https://openai.com/gptbot)"
20.171.207.160 - - [15/Oct/2025:12:11:54 +0000] "GET /pages.php?m81217441378 HTTP/1.0" 200 21967 "-" "Mozilla/5.0 AppleWebKit/537.36 (KHTML, like Gecko; compatible; GPTBot/1.2; +https://openai.com/gptbot)"
20.171.207.160 - - [15/Oct/2025:12:11:57 +0000] "GET /pages.php?m21282291845 HTTP/1.0" 200 22644 "-" "Mozilla/5.0 AppleWebKit/537.36 (KHTML, like Gecko; compatible; GPTBot/1.2; +https://openai.com/gptbot)"
20.171.207.160 - - [15/Oct/2025:12:12:00 +0000] "GET /pages.php?m50977010748 HTTP/1.0" 200 22694 "-" "Mozilla/5.0 AppleWebKit/537.36 (KHTML, like Gecko; compatible; GPTBot/1.2; +https://openai.com/gptbot)"
47.251.67.217 - - [15/Oct/2025:12:12:01 +0000] "POST /xmlrpc.php HTTP/1.0" 403 3277 "-" "Mozilla/5.0 (Windows NT 6.3; WOW64; Trident/7.0; TNJB; rv:11.0) like Gecko"
20.171.207.160 - - [15/Oct/2025:12:12:16 +0000] "GET /pages.php?q-~53JnsGc7BAoa2PDGaX7DfJhvLDXdGH4Z6118/ HTTP/1.0" 200 22530 "-" "Mozilla/5.0 AppleWebKit/537.36 (KHTML, like Gecko; compatible; GPTBot/1.2; +https://openai.com/gptbot)"
20.171.207.160 - - [15/Oct/2025:12:12:25 +0000] "GET /pages.php?q-~90PMG0mWyoVykLojqjwWFxR6RuPVOMHY8851/ HTTP/1.0" 200 21696 "-" "Mozilla/5.0 AppleWebKit/537.36 (KHTML, like Gecko; compatible; GPTBot/1.2; +https://openai.com/gptbot)"
20.171.207.160 - - [15/Oct/2025:12:12:32 +0000] "GET /pages.php?m83813190489 HTTP/1.0" 200 21898 "-" "Mozilla/5.0 AppleWebKit/537.36 (KHTML, like Gecko; compatible; GPTBot/1.2; +https://openai.com/gptbot)"
20.171.207.160 - - [15/Oct/2025:12:12:40 +0000] "GET /pages.php?m69951294663 HTTP/1.0" 200 21941 "-" "Mozilla/5.0 AppleWebKit/537.36 (KHTML, like Gecko; compatible; GPTBot/1.2; +https://openai.com/gptbot)"
20.171.207.160 - - [15/Oct/2025:12:12:46 +0000] "GET /pages.php?dcmonline-311950 HTTP/1.0" 200 23472 "-" "Mozilla/5.0 AppleWebKit/537.36 (KHTML, like Gecko; compatible; GPTBot/1.2; +https://openai.com/gptbot)"
47.251.67.217 - - [15/Oct/2025:12:12:52 +0000] "POST /xmlrpc.php HTTP/1.0" 403 3277 "-" "Mozilla/5.0 (Windows NT 6.3; WOW64; Trident/7.0; TNJB; rv:11.0) like Gecko"
20.171.207.160 - - [15/Oct/2025:12:12:57 +0000] "GET /pages.php?first23-asone-78-0642-16 HTTP/1.0" 200 21961 "-" "Mozilla/5.0 AppleWebKit/537.36 (KHTML, like Gecko; compatible; GPTBot/1.2; +https://openai.com/gptbot)"
20.171.207.160 - - [15/Oct/2025:12:13:01 +0000] "GET /pages.php?SONW0733D-KU4614EW14531 HTTP/1.0" 200 22836 "-" "Mozilla/5.0 AppleWebKit/537.36 (KHTML, like Gecko; compatible; GPTBot/1.2; +https://openai.com/gptbot)"
20.171.207.160 - - [15/Oct/2025:12:13:05 +0000] "GET /pages.php?q-~3a9lSe1WVvLDzWiOSwYsXjwO9zBVj8Z40026/ HTTP/1.0" 200 22455 "-" "Mozilla/5.0 AppleWebKit/537.36 (KHTML, like Gecko; compatible; GPTBot/1.2; +https://openai.com/gptbot)"
20.171.207.160 - - [15/Oct/2025:12:13:09 +0000] "GET /pages.php?items/031000627.html?srsltid=AfmBOooyfmCPxRCXyodxQFCAAHqtpJIh8U2TdL2kW5qNNkT3vzCI HTTP/1.0" 200 21878 "-" "Mozilla/5.0 AppleWebKit/537.36 (KHTML, like Gecko; compatible; GPTBot/1.2; +https://openai.com/gptbot)"
20.171.207.160 - - [15/Oct/2025:12:13:12 +0000] "GET /pages.php?m78432849969 HTTP/1.0" 200 21818 "-" "Mozilla/5.0 AppleWebKit/537.36 (KHTML, like Gecko; compatible; GPTBot/1.2; +https://openai.com/gptbot)"
20.171.207.160 - - [15/Oct/2025:12:13:15 +0000] "GET /pages.php?m70285478740 HTTP/1.0" 200 22248 "-" "Mozilla/5.0 AppleWebKit/537.36 (KHTML, like Gecko; compatible; GPTBot/1.2; +https://openai.com/gptbot)"
20.171.207.160 - - [15/Oct/2025:12:13:18 +0000] "GET /pages.php?category/84_1853/1 HTTP/1.0" 200 22397 "-" "Mozilla/5.0 AppleWebKit/537.36 (KHTML, like Gecko; compatible; GPTBot/1.2; +https://openai.com/gptbot)"
47.251.67.217 - - [15/Oct/2025:12:13:23 +0000] "POST /xmlrpc.php HTTP/1.0" 403 3277 "-" "Mozilla/5.0 (Windows NT 6.3; WOW64; Trident/7.0; TNJB; rv:11.0) like Gecko"
20.171.207.160 - - [15/Oct/2025:12:13:25 +0000] "GET /pages.php?category/7927/1 HTTP/1.0" 200 22275 "-" "Mozilla/5.0 AppleWebKit/537.36 (KHTML, like Gecko; compatible; GPTBot/1.2; +https://openai.com/gptbot)"
20.171.207.160 - - [15/Oct/2025:12:13:28 +0000] "GET /pages.php?m34577740044 HTTP/1.0" 200 21963 "-" "Mozilla/5.0 AppleWebKit/537.36 (KHTML, like Gecko; compatible; GPTBot/1.2; +https://openai.com/gptbot)"
20.171.207.160 - - [15/Oct/2025:12:13:31 +0000] "GET /pages.php?cookwares-0341004 HTTP/1.0" 200 22111 "-" "Mozilla/5.0 AppleWebKit/537.36 (KHTML, like Gecko; compatible; GPTBot/1.2; +https://openai.com/gptbot)"
20.171.207.160 - - [15/Oct/2025:12:13:34 +0000] "GET /pages.php?ohstore-2b4jrg12x4 HTTP/1.0" 200 21966 "-" "Mozilla/5.0 AppleWebKit/537.36 (KHTML, like Gecko; compatible; GPTBot/1.2; +https://openai.com/gptbot)"
20.171.207.160 - - [15/Oct/2025:12:13:37 +0000] "GET /pages.php?hcvalor-eshop-trusco-6934101 HTTP/1.0" 200 25960 "-" "Mozilla/5.0 AppleWebKit/537.36 (KHTML, like Gecko; compatible; GPTBot/1.2; +https://openai.com/gptbot)"
20.171.207.160 - - [15/Oct/2025:12:13:40 +0000] "GET /pages.php?1068245979 HTTP/1.0" 200 22025 "-" "Mozilla/5.0 AppleWebKit/537.36 (KHTML, like Gecko; compatible; GPTBot/1.2; +https://openai.com/gptbot)"
20.171.207.160 - - [15/Oct/2025:12:13:43 +0000] "GET /pages.php?q-~26ULuB6CdDgIvO5bVglfeX8fhIjDoTkK241/ HTTP/1.0" 200 22222 "-" "Mozilla/5.0 AppleWebKit/537.36 (KHTML, like Gecko; compatible; GPTBot/1.2; +https://openai.com/gptbot)"
20.171.207.160 - - [15/Oct/2025:12:13:47 +0000] "GET /pages.php?q-~138CX3DqSTlFcdqIHZAzmwTho6nudvTFW881/ HTTP/1.0" 200 22580 "-" "Mozilla/5.0 AppleWebKit/537.36 (KHTML, like Gecko; compatible; GPTBot/1.2; +https://openai.com/gptbot)"
20.171.207.160 - - [15/Oct/2025:12:13:50 +0000] "GET /pages.php?kys-tr-1285608 HTTP/1.0" 200 23098 "-" "Mozilla/5.0 AppleWebKit/537.36 (KHTML, like Gecko; compatible; GPTBot/1.2; +https://openai.com/gptbot)"
20.171.207.160 - - [15/Oct/2025:12:13:53 +0000] "GET /pages.php?items/038000904.html?srsltid=AfmBOobefvzgCKtvTaagenTYPIQCFXAA1FTsu3k2fh2XrfkKSu04 HTTP/1.0" 200 26166 "-" "Mozilla/5.0 AppleWebKit/537.36 (KHTML, like Gecko; compatible; GPTBot/1.2; +https://openai.com/gptbot)"
20.171.207.160 - - [15/Oct/2025:12:13:56 +0000] "GET /pages.php?flaner-10022150-1 HTTP/1.0" 200 22359 "-" "Mozilla/5.0 AppleWebKit/537.36 (KHTML, like Gecko; compatible; GPTBot/1.2; +https://openai.com/gptbot)"
47.251.67.217 - - [15/Oct/2025:12:13:58 +0000] "POST /xmlrpc.php HTTP/1.0" 403 3277 "-" "Mozilla/5.0 (Windows NT 6.3; WOW64; Trident/7.0; TNJB; rv:11.0) like Gecko"
20.171.207.160 - - [15/Oct/2025:12:13:59 +0000] "GET /pages.php?q-~97nnSzkBtLb5vNZUGERfF2ynpTiVlZpo128/ HTTP/1.0" 200 21563 "-" "Mozilla/5.0 AppleWebKit/537.36 (KHTML, like Gecko; compatible; GPTBot/1.2; +https://openai.com/gptbot)"
20.171.207.160 - - [15/Oct/2025:12:14:02 +0000] "GET /pages.php?q-~88u9qgj6WWlBUBVHCrmo8FjXkg4ComQL301/ HTTP/1.0" 200 22048 "-" "Mozilla/5.0 AppleWebKit/537.36 (KHTML, like Gecko; compatible; GPTBot/1.2; +https://openai.com/gptbot)"
20.171.207.160 - - [15/Oct/2025:12:14:05 +0000] "GET /pages.php?q-~64jiZ11u6x6KhhuZQmjTIpbFkwGMIO8m617/ HTTP/1.0" 200 22105 "-" "Mozilla/5.0 AppleWebKit/537.36 (KHTML, like Gecko; compatible; GPTBot/1.2; +https://openai.com/gptbot)"
20.171.207.160 - - [15/Oct/2025:12:14:09 +0000] "GET /pages.php?bees-high-nt32407-w HTTP/1.0" 200 22055 "-" "Mozilla/5.0 AppleWebKit/537.36 (KHTML, like Gecko; compatible; GPTBot/1.2; +https://openai.com/gptbot)"
20.171.207.160 - - [15/Oct/2025:12:14:12 +0000] "GET /pages.php?q-~52KtOq7NasDK0ix5WdknXQIVjHqPxbeo931/ HTTP/1.0" 200 22526 "-" "Mozilla/5.0 AppleWebKit/537.36 (KHTML, like Gecko; compatible; GPTBot/1.2; +https://openai.com/gptbot)"
20.171.207.160 - - [15/Oct/2025:12:14:18 +0000] "GET /pages.php?m31642981134 HTTP/1.0" 200 21819 "-" "Mozilla/5.0 AppleWebKit/537.36 (KHTML, like Gecko; compatible; GPTBot/1.2; +https://openai.com/gptbot)"
47.251.67.217 - - [15/Oct/2025:12:14:27 +0000] "POST /xmlrpc.php HTTP/1.0" 403 3277 "-" "Mozilla/5.0 (Windows NT 6.3; WOW64; Trident/7.0; TNJB; rv:11.0) like Gecko"
20.171.207.160 - - [15/Oct/2025:12:14:28 +0000] "GET /pages.php?m46376560661 HTTP/1.0" 200 22196 "-" "Mozilla/5.0 AppleWebKit/537.36 (KHTML, like Gecko; compatible; GPTBot/1.2; +https://openai.com/gptbot)"
20.171.207.160 - - [15/Oct/2025:12:14:36 +0000] "GET /pages.php?q-~218UnmSQIpublm2Abyg2PoLIXeCrHALFb24761/ HTTP/1.0" 200 22920 "-" "Mozilla/5.0 AppleWebKit/537.36 (KHTML, like Gecko; compatible; GPTBot/1.2; +https://openai.com/gptbot)"
52.4.229.9 - - [15/Oct/2025:12:14:38 +0000] "GET /?fileloc=/var/www/vhosts/enlugo.es/httpdocs/wp-loader.php&path=/var/www/vhosts/enlugo.es/httpdocs HTTP/1.0" 200 5185 "-" "Mozilla/5.0 AppleWebKit/537.36 (KHTML, like Gecko; compatible; Amazonbot/0.1; +https://developer.amazon.com/support/amazonbot) Chrome/119.0.6045.214 Safari/537.36"
52.3.104.214 - - [15/Oct/2025:12:14:41 +0000] "GET /?fileloc=/var/www/vhosts/enlugo.es/httpdocs/wp-renderer.php&path=/var/www/vhosts/enlugo.es/httpdocs HTTP/1.0" 200 11541 "-" "Mozilla/5.0 AppleWebKit/537.36 (KHTML, like Gecko; compatible; Amazonbot/0.1; +https://developer.amazon.com/support/amazonbot) Chrome/119.0.6045.214 Safari/537.36"
20.171.207.160 - - [15/Oct/2025:12:14:44 +0000] "GET /pages.php?q-~191fteSvomRRUKF4QeM83vusaP3LBzHEB58/ HTTP/1.0" 200 22254 "-" "Mozilla/5.0 AppleWebKit/537.36 (KHTML, like Gecko; compatible; GPTBot/1.2; +https://openai.com/gptbot)"
44.205.120.22 - - [15/Oct/2025:12:14:47 +0000] "GET /?fileloc=/var/www/vhosts/enlugo.es/httpdocs/wp-nav.php&path=/var/www/vhosts/enlugo.es/httpdocs HTTP/1.0" 200 5176 "-" "Mozilla/5.0 AppleWebKit/537.36 (KHTML, like Gecko; compatible; Amazonbot/0.1; +https://developer.amazon.com/support/amazonbot) Chrome/119.0.6045.214 Safari/537.36"
3.230.69.161 - - [15/Oct/2025:12:14:50 +0000] "GET /?fileloc=/var/www/vhosts/enlugo.es/httpdocs/wp-fonts.php&path=/var/www/vhosts/enlugo.es/httpdocs HTTP/1.0" 200 8452 "-" "Mozilla/5.0 AppleWebKit/537.36 (KHTML, like Gecko; compatible; Amazonbot/0.1; +https://developer.amazon.com/support/amazonbot) Chrome/119.0.6045.214 Safari/537.36"
20.171.207.160 - - [15/Oct/2025:12:14:50 +0000] "GET /pages.php?jyusetsupro-4101785 HTTP/1.0" 200 21870 "-" "Mozilla/5.0 AppleWebKit/537.36 (KHTML, like Gecko; compatible; GPTBot/1.2; +https://openai.com/gptbot)"
54.167.32.123 - - [15/Oct/2025:12:14:54 +0000] "GET /?fileloc=/var/www/vhosts/enlugo.es/httpdocs/wp-client.php&path=/var/www/vhosts/enlugo.es/httpdocs HTTP/1.0" 200 5184 "-" "Mozilla/5.0 AppleWebKit/537.36 (KHTML, like Gecko; compatible; Amazonbot/0.1; +https://developer.amazon.com/support/amazonbot) Chrome/119.0.6045.214 Safari/537.36"
20.171.207.160 - - [15/Oct/2025:12:14:57 +0000] "GET /pages.php?q-~8Lt7QPq8gsiJMjufX1mAfE9XkpmCZUW31485/ HTTP/1.0" 200 23380 "-" "Mozilla/5.0 AppleWebKit/537.36 (KHTML, like Gecko; compatible; GPTBot/1.2; +https://openai.com/gptbot)"
54.84.161.62 - - [15/Oct/2025:12:14:58 +0000] "GET /?fileloc=/var/www/vhosts/enlugo.es/httpdocs/wp-class-fonts.php&path=/var/www/vhosts/enlugo.es/httpdocs HTTP/1.0" 200 5210 "-" "Mozilla/5.0 AppleWebKit/537.36 (KHTML, like Gecko; compatible; Amazonbot/0.1; +https://developer.amazon.com/support/amazonbot) Chrome/119.0.6045.214 Safari/537.36"
3.232.39.98 - - [15/Oct/2025:12:15:02 +0000] "GET /?fileloc=/var/www/vhosts/enlugo.es/httpdocs/wp-class-tax.php&path=/var/www/vhosts/enlugo.es/httpdocs HTTP/1.0" 200 11826 "-" "Mozilla/5.0 AppleWebKit/537.36 (KHTML, like Gecko; compatible; Amazonbot/0.1; +https://developer.amazon.com/support/amazonbot) Chrome/119.0.6045.214 Safari/537.36"
20.171.207.160 - - [15/Oct/2025:12:15:02 +0000] "GET /pages.php?m71539105951 HTTP/1.0" 200 22451 "-" "Mozilla/5.0 AppleWebKit/537.36 (KHTML, like Gecko; compatible; GPTBot/1.2; +https://openai.com/gptbot)"
20.171.207.160 - - [15/Oct/2025:12:15:07 +0000] "GET /pages.php?edenki-ed3297029 HTTP/1.0" 200 22393 "-" "Mozilla/5.0 AppleWebKit/537.36 (KHTML, like Gecko; compatible; GPTBot/1.2; +https://openai.com/gptbot)"
44.223.116.180 - - [15/Oct/2025:12:15:08 +0000] "GET /?fileloc=/var/www/vhosts/enlugo.es/httpdocs/wp-class-json.php&path=/var/www/vhosts/enlugo.es/httpdocs HTTP/1.0" 200 9427 "-" "Mozilla/5.0 AppleWebKit/537.36 (KHTML, like Gecko; compatible; Amazonbot/0.1; +https://developer.amazon.com/support/amazonbot) Chrome/119.0.6045.214 Safari/537.36"
34.206.212.24 - - [15/Oct/2025:12:15:10 +0000] "GET /?fileloc=/var/www/vhosts/enlugo.es/httpdocs/wp-class-shortcodes.php&path=/var/www/vhosts/enlugo.es/httpdocs HTTP/1.0" 200 9607 "-" "Mozilla/5.0 AppleWebKit/537.36 (KHTML, like Gecko; compatible; Amazonbot/0.1; +https://developer.amazon.com/support/amazonbot) Chrome/119.0.6045.214 Safari/537.36"
20.171.207.160 - - [15/Oct/2025:12:15:12 +0000] "GET /pages.php?richard-np00960-1 HTTP/1.0" 200 21854 "-" "Mozilla/5.0 AppleWebKit/537.36 (KHTML, like Gecko; compatible; GPTBot/1.2; +https://openai.com/gptbot)"
20.171.207.160 - - [15/Oct/2025:12:15:16 +0000] "GET /pages.php?hokusei-nw-1387-0216 HTTP/1.0" 200 22518 "-" "Mozilla/5.0 AppleWebKit/537.36 (KHTML, like Gecko; compatible; GPTBot/1.2; +https://openai.com/gptbot)"
20.171.207.160 - - [15/Oct/2025:12:15:20 +0000] "GET /pages.php?q-~235mDOylVDNvwdeOvjxTgSR6FVIq1bCuu47778/ HTTP/1.0" 200 22282 "-" "Mozilla/5.0 AppleWebKit/537.36 (KHTML, like Gecko; compatible; GPTBot/1.2; +https://openai.com/gptbot)"
20.171.207.160 - - [15/Oct/2025:12:15:23 +0000] "GET /pages.php?joypre-9281256 HTTP/1.0" 200 21847 "-" "Mozilla/5.0 AppleWebKit/537.36 (KHTML, like Gecko; compatible; GPTBot/1.2; +https://openai.com/gptbot)"
20.171.207.160 - - [15/Oct/2025:12:15:26 +0000] "GET /pages.php?q-~48P4e2xfMpl4WWqqrmiODGM0VbIuHCQo565/ HTTP/1.0" 200 22645 "-" "Mozilla/5.0 AppleWebKit/537.36 (KHTML, like Gecko; compatible; GPTBot/1.2; +https://openai.com/gptbot)"
20.171.207.160 - - [15/Oct/2025:12:15:29 +0000] "GET /pages.php?q-~65ZMS5jksZd0PiRPfOvmFBy9OV4caFFf43860/ HTTP/1.0" 200 23351 "-" "Mozilla/5.0 AppleWebKit/537.36 (KHTML, like Gecko; compatible; GPTBot/1.2; +https://openai.com/gptbot)"
20.171.207.160 - - [15/Oct/2025:12:15:32 +0000] "GET /pages.php?perk-up-414760-1655846 HTTP/1.0" 200 22360 "-" "Mozilla/5.0 AppleWebKit/537.36 (KHTML, like Gecko; compatible; GPTBot/1.2; +https://openai.com/gptbot)"
20.171.207.160 - - [15/Oct/2025:12:15:36 +0000] "GET /pages.php?otakarasouko-1-240017581137 HTTP/1.0" 200 22321 "-" "Mozilla/5.0 AppleWebKit/537.36 (KHTML, like Gecko; compatible; GPTBot/1.2; +https://openai.com/gptbot)"
20.171.207.160 - - [15/Oct/2025:12:15:42 +0000] "GET /pages.php?q-~296KtOq7NasDK0ix5WdknXQIVjHqPxbeo687/ HTTP/1.0" 200 23065 "-" "Mozilla/5.0 AppleWebKit/537.36 (KHTML, like Gecko; compatible; GPTBot/1.2; +https://openai.com/gptbot)"
20.171.207.160 - - [15/Oct/2025:12:15:45 +0000] "GET /pages.php?m44402490954 HTTP/1.0" 200 22283 "-" "Mozilla/5.0 AppleWebKit/537.36 (KHTML, like Gecko; compatible; GPTBot/1.2; +https://openai.com/gptbot)"
20.171.207.160 - - [15/Oct/2025:12:15:48 +0000] "GET /pages.php?q-~169AsI3gfFBgUeasMMUfxNLOJ5NNLojos492/ HTTP/1.0" 200 22334 "-" "Mozilla/5.0 AppleWebKit/537.36 (KHTML, like Gecko; compatible; GPTBot/1.2; +https://openai.com/gptbot)"
20.171.207.160 - - [15/Oct/2025:12:15:52 +0000] "GET /pages.php?q-~98XfkRBUly2VfO5urBJm5nSuRxLjhk7l5287/ HTTP/1.0" 200 23053 "-" "Mozilla/5.0 AppleWebKit/537.36 (KHTML, like Gecko; compatible; GPTBot/1.2; +https://openai.com/gptbot)"
20.171.207.160 - - [15/Oct/2025:12:15:58 +0000] "GET /pages.php?1131288356 HTTP/1.0" 200 22861 "-" "Mozilla/5.0 AppleWebKit/537.36 (KHTML, like Gecko; compatible; GPTBot/1.2; +https://openai.com/gptbot)"
20.171.207.160 - - [15/Oct/2025:12:16:01 +0000] "GET /pages.php?q-~42HoWjziJMgqHK2hJCL5nQBQn5OFarYt4199/ HTTP/1.0" 200 22099 "-" "Mozilla/5.0 AppleWebKit/537.36 (KHTML, like Gecko; compatible; GPTBot/1.2; +https://openai.com/gptbot)"
20.171.207.160 - - [15/Oct/2025:12:16:04 +0000] "GET /pages.php?q-~17PnQzzYRNYC1HT9vr9C4QYQl7Kabbhb868/ HTTP/1.0" 200 22321 "-" "Mozilla/5.0 AppleWebKit/537.36 (KHTML, like Gecko; compatible; GPTBot/1.2; +https://openai.com/gptbot)"
20.171.207.160 - - [15/Oct/2025:12:16:10 +0000] "GET /pages.php?q-~33Mjl8sgASXb55cnetypxd0zLqVzN5za450/ HTTP/1.0" 200 22066 "-" "Mozilla/5.0 AppleWebKit/537.36 (KHTML, like Gecko; compatible; GPTBot/1.2; +https://openai.com/gptbot)"
20.171.207.160 - - [15/Oct/2025:12:16:14 +0000] "GET /pages.php?q-~43UfXTzFVXZxp0kqhccfU66RPK1vLyKd2212/ HTTP/1.0" 200 22643 "-" "Mozilla/5.0 AppleWebKit/537.36 (KHTML, like Gecko; compatible; GPTBot/1.2; +https://openai.com/gptbot)"
103.109.180.104 - - [15/Oct/2025:12:16:16 +0000] "POST /xmlrpc.php HTTP/1.0" 403 3277 "-" "Mozilla/4.0 (compatible; MSIE 7.0; Windows NT 6.2; WOW64; Trident/7.0; .NET4.0E; .NET4.0C; Tablet PC 2.0; .NET CLR 3.5.30729; .NET CLR 2.0.50727; .NET CLR 3.0.30729; WebMoney Advisor)"
20.171.207.160 - - [15/Oct/2025:12:16:17 +0000] "GET /pages.php?turn-420215 HTTP/1.0" 200 24359 "-" "Mozilla/5.0 AppleWebKit/537.36 (KHTML, like Gecko; compatible; GPTBot/1.2; +https://openai.com/gptbot)"
20.171.207.160 - - [15/Oct/2025:12:16:20 +0000] "GET /pages.php?q-~78Do0tDAqqBujjOPTjnvvP2QmLE1LCFE827/ HTTP/1.0" 200 22373 "-" "Mozilla/5.0 AppleWebKit/537.36 (KHTML, like Gecko; compatible; GPTBot/1.2; +https://openai.com/gptbot)"
20.171.207.160 - - [15/Oct/2025:12:16:23 +0000] "GET /pages.php?q-~88EPXcOOz5qH7SQeIU5drhFOE0o8fPYY677/ HTTP/1.0" 200 21723 "-" "Mozilla/5.0 AppleWebKit/537.36 (KHTML, like Gecko; compatible; GPTBot/1.2; +https://openai.com/gptbot)"
103.109.180.104 - - [15/Oct/2025:12:16:24 +0000] "POST /xmlrpc.php HTTP/1.0" 403 3277 "-" "Mozilla/4.0 (compatible; MSIE 7.0; Windows NT 6.2; WOW64; Trident/7.0; .NET4.0E; .NET4.0C; Tablet PC 2.0; .NET CLR 3.5.30729; .NET CLR 2.0.50727; .NET CLR 3.0.30729; WebMoney Advisor)"
20.171.207.160 - - [15/Oct/2025:12:16:29 +0000] "GET /pages.php?q-~83QcW0NAYRUFBfkAGjznUjsBdYOaCW6G1206/ HTTP/1.0" 200 22015 "-" "Mozilla/5.0 AppleWebKit/537.36 (KHTML, like Gecko; compatible; GPTBot/1.2; +https://openai.com/gptbot)"
20.171.207.160 - - [15/Oct/2025:12:16:32 +0000] "GET /pages.php?82296802 HTTP/1.0" 200 22786 "-" "Mozilla/5.0 AppleWebKit/537.36 (KHTML, like Gecko; compatible; GPTBot/1.2; +https://openai.com/gptbot)"
20.171.207.160 - - [15/Oct/2025:12:16:36 +0000] "GET /pages.php?q-~5zLlewaLwt6FNfk6Ab1uqSRBv8q9uFD8604/ HTTP/1.0" 200 22802 "-" "Mozilla/5.0 AppleWebKit/537.36 (KHTML, like Gecko; compatible; GPTBot/1.2; +https://openai.com/gptbot)"
20.171.207.160 - - [15/Oct/2025:12:16:39 +0000] "GET /pages.php?m85206038836 HTTP/1.0" 200 22225 "-" "Mozilla/5.0 AppleWebKit/537.36 (KHTML, like Gecko; compatible; GPTBot/1.2; +https://openai.com/gptbot)"
20.171.207.160 - - [15/Oct/2025:12:16:51 +0000] "GET /pages.php?85314382 HTTP/1.0" 200 21985 "-" "Mozilla/5.0 AppleWebKit/537.36 (KHTML, like Gecko; compatible; GPTBot/1.2; +https://openai.com/gptbot)"
20.171.207.160 - - [15/Oct/2025:12:16:54 +0000] "GET /pages.php?q-~48cBxs1KtfRI8ldPYGRSmoArjRkiafmU643/ HTTP/1.0" 200 22393 "-" "Mozilla/5.0 AppleWebKit/537.36 (KHTML, like Gecko; compatible; GPTBot/1.2; +https://openai.com/gptbot)"
20.171.207.160 - - [15/Oct/2025:12:16:57 +0000] "GET /pages.php?q-~81PnQzzYRNYC1HT9vr9C4QYQl7Kabbhb804/ HTTP/1.0" 200 22722 "-" "Mozilla/5.0 AppleWebKit/537.36 (KHTML, like Gecko; compatible; GPTBot/1.2; +https://openai.com/gptbot)"
20.171.207.160 - - [15/Oct/2025:12:17:04 +0000] "GET /pages.php?q-~1tof7NEmqbatWI9C5z2FcdXRRVUFZGy746/ HTTP/1.0" 200 23139 "-" "Mozilla/5.0 AppleWebKit/537.36 (KHTML, like Gecko; compatible; GPTBot/1.2; +https://openai.com/gptbot)"
20.171.207.160 - - [15/Oct/2025:12:17:07 +0000] "GET /pages.php?q-~183pHmnhV54rskLTFdXRFyIGflCbTZ3mG33000/ HTTP/1.0" 200 22331 "-" "Mozilla/5.0 AppleWebKit/537.36 (KHTML, like Gecko; compatible; GPTBot/1.2; +https://openai.com/gptbot)"
20.171.207.160 - - [15/Oct/2025:12:17:10 +0000] "GET /pages.php?vie-up-ds-2536733 HTTP/1.0" 200 21971 "-" "Mozilla/5.0 AppleWebKit/537.36 (KHTML, like Gecko; compatible; GPTBot/1.2; +https://openai.com/gptbot)"
20.171.207.160 - - [15/Oct/2025:12:17:13 +0000] "GET /pages.php?q-~24l2EdTrArqCMjZAiqQUT3X8Tj8mBnvm11/ HTTP/1.0" 200 22034 "-" "Mozilla/5.0 AppleWebKit/537.36 (KHTML, like Gecko; compatible; GPTBot/1.2; +https://openai.com/gptbot)"
20.171.207.160 - - [15/Oct/2025:12:17:20 +0000] "GET /pages.php?m32006281055 HTTP/1.0" 200 23307 "-" "Mozilla/5.0 AppleWebKit/537.36 (KHTML, like Gecko; compatible; GPTBot/1.2; +https://openai.com/gptbot)"
20.171.207.160 - - [15/Oct/2025:12:17:23 +0000] "GET /pages.php?category/5095/1 HTTP/1.0" 200 21697 "-" "Mozilla/5.0 AppleWebKit/537.36 (KHTML, like Gecko; compatible; GPTBot/1.2; +https://openai.com/gptbot)"
20.171.207.160 - - [15/Oct/2025:12:17:29 +0000] "GET /pages.php?1116388802 HTTP/1.0" 200 22200 "-" "Mozilla/5.0 AppleWebKit/537.36 (KHTML, like Gecko; compatible; GPTBot/1.2; +https://openai.com/gptbot)"
20.171.207.160 - - [15/Oct/2025:12:17:32 +0000] "GET /pages.php?q-~111AKK9ngeh8ZnDJXilPbmDHe4GttkDSu20962/ HTTP/1.0" 200 21557 "-" "Mozilla/5.0 AppleWebKit/537.36 (KHTML, like Gecko; compatible; GPTBot/1.2; +https://openai.com/gptbot)"
20.171.207.160 - - [15/Oct/2025:12:17:35 +0000] "GET /pages.php?m19031917174 HTTP/1.0" 200 22424 "-" "Mozilla/5.0 AppleWebKit/537.36 (KHTML, like Gecko; compatible; GPTBot/1.2; +https://openai.com/gptbot)"
20.171.207.160 - - [15/Oct/2025:12:17:38 +0000] "GET /pages.php?85941760 HTTP/1.0" 200 22163 "-" "Mozilla/5.0 AppleWebKit/537.36 (KHTML, like Gecko; compatible; GPTBot/1.2; +https://openai.com/gptbot)"
20.171.207.160 - - [15/Oct/2025:12:17:48 +0000] "GET /pages.php?hcvalor-eshop-trusco-4803772 HTTP/1.0" 200 22525 "-" "Mozilla/5.0 AppleWebKit/537.36 (KHTML, like Gecko; compatible; GPTBot/1.2; +https://openai.com/gptbot)"
20.171.207.160 - - [15/Oct/2025:12:18:06 +0000] "GET /pages.php?q-~99KyPsm3RvMDfJGRwQ24rQKvx3auYDgc170/ HTTP/1.0" 200 22396 "-" "Mozilla/5.0 AppleWebKit/537.36 (KHTML, like Gecko; compatible; GPTBot/1.2; +https://openai.com/gptbot)"
20.171.207.160 - - [15/Oct/2025:12:19:15 +0000] "GET /pages.php?m75455568256 HTTP/1.0" 200 22868 "-" "Mozilla/5.0 AppleWebKit/537.36 (KHTML, like Gecko; compatible; GPTBot/1.2; +https://openai.com/gptbot)"
20.171.207.160 - - [15/Oct/2025:12:19:33 +0000] "GET /pages.php?m17157027415 HTTP/1.0" 200 22484 "-" "Mozilla/5.0 AppleWebKit/537.36 (KHTML, like Gecko; compatible; GPTBot/1.2; +https://openai.com/gptbot)"
20.171.207.160 - - [15/Oct/2025:12:19:50 +0000] "GET /pages.php?joshin-cddvd-4988101226603 HTTP/1.0" 200 22509 "-" "Mozilla/5.0 AppleWebKit/537.36 (KHTML, like Gecko; compatible; GPTBot/1.2; +https://openai.com/gptbot)"
20.171.207.160 - - [15/Oct/2025:12:20:06 +0000] "GET /pages.php?m55848053889 HTTP/1.0" 200 22984 "-" "Mozilla/5.0 AppleWebKit/537.36 (KHTML, like Gecko; compatible; GPTBot/1.2; +https://openai.com/gptbot)"
20.171.207.160 - - [15/Oct/2025:12:20:20 +0000] "GET /pages.php?category/658_855/1 HTTP/1.0" 200 22543 "-" "Mozilla/5.0 AppleWebKit/537.36 (KHTML, like Gecko; compatible; GPTBot/1.2; +https://openai.com/gptbot)"
20.171.207.160 - - [15/Oct/2025:12:21:02 +0000] "GET /pages.php?q-~83r5PomWvIGx4XMqHnVTj7tklcxQDRXp692/ HTTP/1.0" 200 22596 "-" "Mozilla/5.0 AppleWebKit/537.36 (KHTML, like Gecko; compatible; GPTBot/1.2; +https://openai.com/gptbot)"
20.171.207.160 - - [15/Oct/2025:12:21:10 +0000] "GET /pages.php?q-~52x6ykdc5kKO4Atf4wkescliZHuqBwGC42223/ HTTP/1.0" 200 22061 "-" "Mozilla/5.0 AppleWebKit/537.36 (KHTML, like Gecko; compatible; GPTBot/1.2; +https://openai.com/gptbot)"
20.171.207.160 - - [15/Oct/2025:12:21:17 +0000] "GET /pages.php?q-~3JrrhwzYT9B4lvIwfdw79fZDNVTNXbJ31356/ HTTP/1.0" 200 22261 "-" "Mozilla/5.0 AppleWebKit/537.36 (KHTML, like Gecko; compatible; GPTBot/1.2; +https://openai.com/gptbot)"
20.171.207.160 - - [15/Oct/2025:12:21:34 +0000] "GET /pages.php?q-~18jbdJS1EQ4TSFd3PQLLYYzxMyX6dJAp589/ HTTP/1.0" 200 22406 "-" "Mozilla/5.0 AppleWebKit/537.36 (KHTML, like Gecko; compatible; GPTBot/1.2; +https://openai.com/gptbot)"
20.171.207.160 - - [15/Oct/2025:12:21:39 +0000] "GET /pages.php?q-~64VkIjgM7WNBpX0K4cSN2aPDqxdmVqxz44403/ HTTP/1.0" 200 22091 "-" "Mozilla/5.0 AppleWebKit/537.36 (KHTML, like Gecko; compatible; GPTBot/1.2; +https://openai.com/gptbot)"
20.171.207.160 - - [15/Oct/2025:12:21:43 +0000] "GET /pages.php?category/3256/1 HTTP/1.0" 200 22993 "-" "Mozilla/5.0 AppleWebKit/537.36 (KHTML, like Gecko; compatible; GPTBot/1.2; +https://openai.com/gptbot)"
20.171.207.160 - - [15/Oct/2025:12:21:54 +0000] "GET /pages.php?1128649575 HTTP/1.0" 200 23007 "-" "Mozilla/5.0 AppleWebKit/537.36 (KHTML, like Gecko; compatible; GPTBot/1.2; +https://openai.com/gptbot)"
20.171.207.160 - - [15/Oct/2025:12:22:00 +0000] "GET /pages.php?category/4228_17749_17750_22824/1 HTTP/1.0" 200 22214 "-" "Mozilla/5.0 AppleWebKit/537.36 (KHTML, like Gecko; compatible; GPTBot/1.2; +https://openai.com/gptbot)"
20.171.207.160 - - [15/Oct/2025:12:22:03 +0000] "GET /pages.php?q-~34s2B27pImAd4DfAqSHNEUGWhbdVZwtQ605/ HTTP/1.0" 200 22867 "-" "Mozilla/5.0 AppleWebKit/537.36 (KHTML, like Gecko; compatible; GPTBot/1.2; +https://openai.com/gptbot)"
20.171.207.160 - - [15/Oct/2025:12:22:06 +0000] "GET /pages.php?q-~85SBlE3iqtiyHwVsm1GoBixXdUONYiGO9532/ HTTP/1.0" 200 24036 "-" "Mozilla/5.0 AppleWebKit/537.36 (KHTML, like Gecko; compatible; GPTBot/1.2; +https://openai.com/gptbot)"
20.171.207.160 - - [15/Oct/2025:12:22:09 +0000] "GET /pages.php?q-~81WutI2peCLxphLi14DQOhR78MFCbstK370/ HTTP/1.0" 200 22936 "-" "Mozilla/5.0 AppleWebKit/537.36 (KHTML, like Gecko; compatible; GPTBot/1.2; +https://openai.com/gptbot)"
20.171.207.160 - - [15/Oct/2025:12:22:19 +0000] "GET /pages.php?m73139923569 HTTP/1.0" 200 22680 "-" "Mozilla/5.0 AppleWebKit/537.36 (KHTML, like Gecko; compatible; GPTBot/1.2; +https://openai.com/gptbot)"
20.171.207.160 - - [15/Oct/2025:12:22:22 +0000] "GET /pages.php?m51266514650 HTTP/1.0" 200 22073 "-" "Mozilla/5.0 AppleWebKit/537.36 (KHTML, like Gecko; compatible; GPTBot/1.2; +https://openai.com/gptbot)"
20.171.207.160 - - [15/Oct/2025:12:22:31 +0000] "GET /pages.php?m32440097370 HTTP/1.0" 200 22360 "-" "Mozilla/5.0 AppleWebKit/537.36 (KHTML, like Gecko; compatible; GPTBot/1.2; +https://openai.com/gptbot)"
20.171.207.160 - - [15/Oct/2025:12:22:34 +0000] "GET /pages.php?q-~54fJI0J2SO2ejbWggCjheDBLXOOHbVIC7995/ HTTP/1.0" 200 22709 "-" "Mozilla/5.0 AppleWebKit/537.36 (KHTML, like Gecko; compatible; GPTBot/1.2; +https://openai.com/gptbot)"
20.171.207.160 - - [15/Oct/2025:12:22:38 +0000] "GET /pages.php?q-~96PQYsEACPuOGzj5B9cgViAGrIYi2tAE253/ HTTP/1.0" 200 22083 "-" "Mozilla/5.0 AppleWebKit/537.36 (KHTML, like Gecko; compatible; GPTBot/1.2; +https://openai.com/gptbot)"
20.171.207.160 - - [15/Oct/2025:12:22:41 +0000] "GET /pages.php?q-~34NP8w9IiRdH9vyjmReQ0k5aqRjVptIL115/ HTTP/1.0" 200 22762 "-" "Mozilla/5.0 AppleWebKit/537.36 (KHTML, like Gecko; compatible; GPTBot/1.2; +https://openai.com/gptbot)"
20.171.207.160 - - [15/Oct/2025:12:22:47 +0000] "GET /pages.php?q-~79Pkwv9K31S8VJuINBxxDLuPiZTUa5LW674/ HTTP/1.0" 200 22146 "-" "Mozilla/5.0 AppleWebKit/537.36 (KHTML, like Gecko; compatible; GPTBot/1.2; +https://openai.com/gptbot)"
20.171.207.160 - - [15/Oct/2025:12:22:50 +0000] "GET /pages.php?q-~23hNjbfgqdcsURW7XDty0syMjO0p7eSl2818/ HTTP/1.0" 200 23383 "-" "Mozilla/5.0 AppleWebKit/537.36 (KHTML, like Gecko; compatible; GPTBot/1.2; +https://openai.com/gptbot)"
20.171.207.160 - - [15/Oct/2025:12:22:53 +0000] "GET /pages.php?m40125097220 HTTP/1.0" 200 23011 "-" "Mozilla/5.0 AppleWebKit/537.36 (KHTML, like Gecko; compatible; GPTBot/1.2; +https://openai.com/gptbot)"
20.171.207.160 - - [15/Oct/2025:12:23:02 +0000] "GET /pages.php?m27554896884 HTTP/1.0" 200 22134 "-" "Mozilla/5.0 AppleWebKit/537.36 (KHTML, like Gecko; compatible; GPTBot/1.2; +https://openai.com/gptbot)"
20.171.207.160 - - [15/Oct/2025:12:23:11 +0000] "GET /pages.php?m52973547253 HTTP/1.0" 200 22124 "-" "Mozilla/5.0 AppleWebKit/537.36 (KHTML, like Gecko; compatible; GPTBot/1.2; +https://openai.com/gptbot)"
20.171.207.160 - - [15/Oct/2025:12:23:20 +0000] "GET /pages.php?m75607710381 HTTP/1.0" 200 23324 "-" "Mozilla/5.0 AppleWebKit/537.36 (KHTML, like Gecko; compatible; GPTBot/1.2; +https://openai.com/gptbot)"
20.171.207.160 - - [15/Oct/2025:12:23:41 +0000] "GET /pages.php?m98614854816 HTTP/1.0" 200 23102 "-" "Mozilla/5.0 AppleWebKit/537.36 (KHTML, like Gecko; compatible; GPTBot/1.2; +https://openai.com/gptbot)"
20.171.207.160 - - [15/Oct/2025:12:23:46 +0000] "GET /pages.php?m99661863469 HTTP/1.0" 200 22718 "-" "Mozilla/5.0 AppleWebKit/537.36 (KHTML, like Gecko; compatible; GPTBot/1.2; +https://openai.com/gptbot)"
20.171.207.160 - - [15/Oct/2025:12:23:56 +0000] "GET /pages.php?q-~45qiUremC5vGQ4tZI8noHZmEwCXJvMuP758/ HTTP/1.0" 200 23007 "-" "Mozilla/5.0 AppleWebKit/537.36 (KHTML, like Gecko; compatible; GPTBot/1.2; +https://openai.com/gptbot)"
20.171.207.160 - - [15/Oct/2025:12:24:00 +0000] "GET /pages.php?q-~14GKrnkEMbwQmvx0pL8bIpGgnWfuKVhv695/ HTTP/1.0" 200 22494 "-" "Mozilla/5.0 AppleWebKit/537.36 (KHTML, like Gecko; compatible; GPTBot/1.2; +https://openai.com/gptbot)"
20.171.207.160 - - [15/Oct/2025:12:24:03 +0000] "GET /pages.php?q-~3KcEL54WCcJAHgekmnah0twJpBhIjWk2062/ HTTP/1.0" 200 22105 "-" "Mozilla/5.0 AppleWebKit/537.36 (KHTML, like Gecko; compatible; GPTBot/1.2; +https://openai.com/gptbot)"
20.171.207.160 - - [15/Oct/2025:12:24:06 +0000] "GET /pages.php?kaientai-tnob-3703321 HTTP/1.0" 200 22926 "-" "Mozilla/5.0 AppleWebKit/537.36 (KHTML, like Gecko; compatible; GPTBot/1.2; +https://openai.com/gptbot)"
20.171.207.160 - - [15/Oct/2025:12:24:10 +0000] "GET /pages.php?q-~49IEk8gyByFUMQbJhK5aT5CvoTBFOqSY29222/ HTTP/1.0" 200 22739 "-" "Mozilla/5.0 AppleWebKit/537.36 (KHTML, like Gecko; compatible; GPTBot/1.2; +https://openai.com/gptbot)"
20.171.207.160 - - [15/Oct/2025:12:24:16 +0000] "GET /pages.php?m21761740427 HTTP/1.0" 200 22126 "-" "Mozilla/5.0 AppleWebKit/537.36 (KHTML, like Gecko; compatible; GPTBot/1.2; +https://openai.com/gptbot)"
20.171.207.160 - - [15/Oct/2025:12:24:19 +0000] "GET /pages.php?kimuraen-829879-1 HTTP/1.0" 200 22588 "-" "Mozilla/5.0 AppleWebKit/537.36 (KHTML, like Gecko; compatible; GPTBot/1.2; +https://openai.com/gptbot)"
20.171.207.160 - - [15/Oct/2025:12:24:22 +0000] "GET /pages.php?q-~67Rvs4QNL6gyiYpWCyf5uMtDjPGQdZNv3132/ HTTP/1.0" 200 23152 "-" "Mozilla/5.0 AppleWebKit/537.36 (KHTML, like Gecko; compatible; GPTBot/1.2; +https://openai.com/gptbot)"
20.171.207.160 - - [15/Oct/2025:12:24:26 +0000] "GET /pages.php?q-~57ooCfkVeDsszz6NxpGbkEZ8R5WaKajj558/ HTTP/1.0" 200 22116 "-" "Mozilla/5.0 AppleWebKit/537.36 (KHTML, like Gecko; compatible; GPTBot/1.2; +https://openai.com/gptbot)"
20.171.207.160 - - [15/Oct/2025:12:24:29 +0000] "GET /pages.php?m22737548723 HTTP/1.0" 200 22502 "-" "Mozilla/5.0 AppleWebKit/537.36 (KHTML, like Gecko; compatible; GPTBot/1.2; +https://openai.com/gptbot)"
20.171.207.160 - - [15/Oct/2025:12:24:32 +0000] "GET /pages.php?q-~8ziGMgR5DHdag8qKNbmVisY8Q8ihYOy28979/ HTTP/1.0" 200 22585 "-" "Mozilla/5.0 AppleWebKit/537.36 (KHTML, like Gecko; compatible; GPTBot/1.2; +https://openai.com/gptbot)"
20.171.207.160 - - [15/Oct/2025:12:24:35 +0000] "GET /pages.php?m91113039398 HTTP/1.0" 200 22560 "-" "Mozilla/5.0 AppleWebKit/537.36 (KHTML, like Gecko; compatible; GPTBot/1.2; +https://openai.com/gptbot)"
20.171.207.160 - - [15/Oct/2025:12:24:38 +0000] "GET /pages.php?q-~188Bi0sNN9XTj6Q0QfAqkNE5R68lMV0UX17799/ HTTP/1.0" 200 22551 "-" "Mozilla/5.0 AppleWebKit/537.36 (KHTML, like Gecko; compatible; GPTBot/1.2; +https://openai.com/gptbot)"
20.171.207.160 - - [15/Oct/2025:12:24:41 +0000] "GET /pages.php?m65956369293 HTTP/1.0" 200 22860 "-" "Mozilla/5.0 AppleWebKit/537.36 (KHTML, like Gecko; compatible; GPTBot/1.2; +https://openai.com/gptbot)"
20.171.207.160 - - [15/Oct/2025:12:24:44 +0000] "GET /pages.php?m66128246287 HTTP/1.0" 200 22404 "-" "Mozilla/5.0 AppleWebKit/537.36 (KHTML, like Gecko; compatible; GPTBot/1.2; +https://openai.com/gptbot)"
20.171.207.160 - - [15/Oct/2025:12:24:47 +0000] "GET /pages.php?q-~113P2gXFRCnmAcp1IPfDpX0TFWKCrq1at692/ HTTP/1.0" 200 22543 "-" "Mozilla/5.0 AppleWebKit/537.36 (KHTML, like Gecko; compatible; GPTBot/1.2; +https://openai.com/gptbot)"
20.171.207.160 - - [15/Oct/2025:12:24:50 +0000] "GET /pages.php?lefutur-low966-1 HTTP/1.0" 200 22274 "-" "Mozilla/5.0 AppleWebKit/537.36 (KHTML, like Gecko; compatible; GPTBot/1.2; +https://openai.com/gptbot)"
20.171.207.160 - - [15/Oct/2025:12:24:54 +0000] "GET /pages.php?m48115712657 HTTP/1.0" 200 22144 "-" "Mozilla/5.0 AppleWebKit/537.36 (KHTML, like Gecko; compatible; GPTBot/1.2; +https://openai.com/gptbot)"
66.249.74.136 - - [15/Oct/2025:12:24:56 +0000] "GET /plazas-importantes/?fileloc=/var/www/vhosts/enlugo.es/httpdocs/wp-script.php&path=/var/www/vhosts/enlugo.es/httpdocs HTTP/1.0" 200 26525 "-" "Mozilla/5.0 (Linux; Android 6.0.1; Nexus 5X Build/MMB29P) AppleWebKit/537.36 (KHTML, like Gecko) Chrome/140.0.7339.207 Mobile Safari/537.36 (compatible; Googlebot/2.1; +http://www.google.com/bot.html)"
20.171.207.160 - - [15/Oct/2025:12:24:57 +0000] "GET /pages.php?m10953114908 HTTP/1.0" 200 21677 "-" "Mozilla/5.0 AppleWebKit/537.36 (KHTML, like Gecko; compatible; GPTBot/1.2; +https://openai.com/gptbot)"
20.171.207.160 - - [15/Oct/2025:12:25:00 +0000] "GET /pages.php?SUSA1951DEM6377EW032049 HTTP/1.0" 200 22333 "-" "Mozilla/5.0 AppleWebKit/537.36 (KHTML, like Gecko; compatible; GPTBot/1.2; +https://openai.com/gptbot)"
20.171.207.160 - - [15/Oct/2025:12:25:03 +0000] "GET /pages.php?m35645450893 HTTP/1.0" 200 22879 "-" "Mozilla/5.0 AppleWebKit/537.36 (KHTML, like Gecko; compatible; GPTBot/1.2; +https://openai.com/gptbot)"
20.171.207.160 - - [15/Oct/2025:12:25:06 +0000] "GET /pages.php?q-~55YDLFy55DfKfdMMDylIwoWCSJPhq0Wj624/ HTTP/1.0" 200 22229 "-" "Mozilla/5.0 AppleWebKit/537.36 (KHTML, like Gecko; compatible; GPTBot/1.2; +https://openai.com/gptbot)"
20.171.207.160 - - [15/Oct/2025:12:25:09 +0000] "GET /pages.php?q-~63Tpumhy1bkxgjcnddHsnxLjs42bHw8U2568/ HTTP/1.0" 200 25347 "-" "Mozilla/5.0 AppleWebKit/537.36 (KHTML, like Gecko; compatible; GPTBot/1.2; +https://openai.com/gptbot)"
20.171.207.160 - - [15/Oct/2025:12:25:12 +0000] "GET /pages.php?q-~3RJQtUhfiYAEr5AW3p3szL4mcCyZY3s818/ HTTP/1.0" 200 22237 "-" "Mozilla/5.0 AppleWebKit/537.36 (KHTML, like Gecko; compatible; GPTBot/1.2; +https://openai.com/gptbot)"
20.171.207.160 - - [15/Oct/2025:12:25:15 +0000] "GET /pages.php?category/7298/1 HTTP/1.0" 200 22098 "-" "Mozilla/5.0 AppleWebKit/537.36 (KHTML, like Gecko; compatible; GPTBot/1.2; +https://openai.com/gptbot)"
20.171.207.160 - - [15/Oct/2025:12:25:18 +0000] "GET /pages.php?m30383106626 HTTP/1.0" 200 22319 "-" "Mozilla/5.0 AppleWebKit/537.36 (KHTML, like Gecko; compatible; GPTBot/1.2; +https://openai.com/gptbot)"
20.171.207.160 - - [15/Oct/2025:12:25:22 +0000] "GET /pages.php?m37167627965 HTTP/1.0" 200 22134 "-" "Mozilla/5.0 AppleWebKit/537.36 (KHTML, like Gecko; compatible; GPTBot/1.2; +https://openai.com/gptbot)"
20.171.207.160 - - [15/Oct/2025:12:25:25 +0000] "GET /pages.php?m27443370345 HTTP/1.0" 200 23126 "-" "Mozilla/5.0 AppleWebKit/537.36 (KHTML, like Gecko; compatible; GPTBot/1.2; +https://openai.com/gptbot)"
20.171.207.160 - - [15/Oct/2025:12:25:28 +0000] "GET /pages.php?86397783 HTTP/1.0" 200 23386 "-" "Mozilla/5.0 AppleWebKit/537.36 (KHTML, like Gecko; compatible; GPTBot/1.2; +https://openai.com/gptbot)"
20.171.207.160 - - [15/Oct/2025:12:25:31 +0000] "GET /pages.php?ebest-4967576638739 HTTP/1.0" 200 21787 "-" "Mozilla/5.0 AppleWebKit/537.36 (KHTML, like Gecko; compatible; GPTBot/1.2; +https://openai.com/gptbot)"
20.171.207.160 - - [15/Oct/2025:12:25:34 +0000] "GET /pages.php?m92629968538 HTTP/1.0" 200 22047 "-" "Mozilla/5.0 AppleWebKit/537.36 (KHTML, like Gecko; compatible; GPTBot/1.2; +https://openai.com/gptbot)"
20.171.207.160 - - [15/Oct/2025:12:25:38 +0000] "GET /pages.php?m35553133206 HTTP/1.0" 200 22401 "-" "Mozilla/5.0 AppleWebKit/537.36 (KHTML, like Gecko; compatible; GPTBot/1.2; +https://openai.com/gptbot)"
20.171.207.160 - - [15/Oct/2025:12:25:41 +0000] "GET /pages.php?items/133043175.html?srsltid=AfmBOogcsBVGfbGWCryC6rp4DbNZxjDU57497ddwXZKcSuUVUIH0 HTTP/1.0" 200 21976 "-" "Mozilla/5.0 AppleWebKit/537.36 (KHTML, like Gecko; compatible; GPTBot/1.2; +https://openai.com/gptbot)"
20.171.207.160 - - [15/Oct/2025:12:25:44 +0000] "GET /pages.php?59833945 HTTP/1.0" 200 22293 "-" "Mozilla/5.0 AppleWebKit/537.36 (KHTML, like Gecko; compatible; GPTBot/1.2; +https://openai.com/gptbot)"
20.171.207.160 - - [15/Oct/2025:12:25:47 +0000] "GET /pages.php?q1126105228 HTTP/1.0" 200 22715 "-" "Mozilla/5.0 AppleWebKit/537.36 (KHTML, like Gecko; compatible; GPTBot/1.2; +https://openai.com/gptbot)"
20.171.207.160 - - [15/Oct/2025:12:25:50 +0000] "GET /pages.php?edenki-ed1812546 HTTP/1.0" 200 24307 "-" "Mozilla/5.0 AppleWebKit/537.36 (KHTML, like Gecko; compatible; GPTBot/1.2; +https://openai.com/gptbot)"
20.171.207.160 - - [15/Oct/2025:12:25:54 +0000] "GET /pages.php?m14515213183 HTTP/1.0" 200 22347 "-" "Mozilla/5.0 AppleWebKit/537.36 (KHTML, like Gecko; compatible; GPTBot/1.2; +https://openai.com/gptbot)"
186.193.140.158 - - [15/Oct/2025:12:25:55 +0000] "POST /xmlrpc.php HTTP/1.0" 403 3277 "-" "Mozilla/5.0 (Windows NT 6.3; WOW64; Trident/7.0; MAGWJS; rv:11.0) like Gecko"
20.171.207.160 - - [15/Oct/2025:12:26:00 +0000] "GET /pages.php?e-cle-3330530100-000005202761400 HTTP/1.0" 200 22477 "-" "Mozilla/5.0 AppleWebKit/537.36 (KHTML, like Gecko; compatible; GPTBot/1.2; +https://openai.com/gptbot)"
20.171.207.160 - - [15/Oct/2025:12:26:03 +0000] "GET /pages.php?m23834979917 HTTP/1.0" 200 22430 "-" "Mozilla/5.0 AppleWebKit/537.36 (KHTML, like Gecko; compatible; GPTBot/1.2; +https://openai.com/gptbot)"
20.171.207.160 - - [15/Oct/2025:12:26:06 +0000] "GET /pages.php?SBRG0929D-G02364DM001787 HTTP/1.0" 200 21914 "-" "Mozilla/5.0 AppleWebKit/537.36 (KHTML, like Gecko; compatible; GPTBot/1.2; +https://openai.com/gptbot)"
20.171.207.160 - - [15/Oct/2025:12:26:10 +0000] "GET /pages.php?m27268831287 HTTP/1.0" 200 21977 "-" "Mozilla/5.0 AppleWebKit/537.36 (KHTML, like Gecko; compatible; GPTBot/1.2; +https://openai.com/gptbot)"
20.171.207.160 - - [15/Oct/2025:12:26:13 +0000] "GET /pages.php?q-~9Yn5meeOrQLv6uCKCuWBcwjOW7IlmAP37904/ HTTP/1.0" 200 23013 "-" "Mozilla/5.0 AppleWebKit/537.36 (KHTML, like Gecko; compatible; GPTBot/1.2; +https://openai.com/gptbot)"
20.171.207.160 - - [15/Oct/2025:12:26:16 +0000] "GET /pages.php?q-~9xI2XQD4CZKqJbBINmjhKG2S2MJcRQY408/ HTTP/1.0" 200 24170 "-" "Mozilla/5.0 AppleWebKit/537.36 (KHTML, like Gecko; compatible; GPTBot/1.2; +https://openai.com/gptbot)"
20.171.207.160 - - [15/Oct/2025:12:26:19 +0000] "GET /pages.php?q-~61mtlHClPN3HCNwUrUxuHsinzQtfNoLJ116/ HTTP/1.0" 200 21796 "-" "Mozilla/5.0 AppleWebKit/537.36 (KHTML, like Gecko; compatible; GPTBot/1.2; +https://openai.com/gptbot)"
20.171.207.160 - - [15/Oct/2025:12:26:22 +0000] "GET /pages.php?q-~27K1DnA1TKRKkCeOQyUvEZKfdWfGoQ1c802/ HTTP/1.0" 200 22129 "-" "Mozilla/5.0 AppleWebKit/537.36 (KHTML, like Gecko; compatible; GPTBot/1.2; +https://openai.com/gptbot)"
186.193.140.158 - - [15/Oct/2025:12:26:23 +0000] "POST /xmlrpc.php HTTP/1.0" 403 3277 "-" "Mozilla/5.0 (Windows NT 6.3; WOW64; Trident/7.0; MAGWJS; rv:11.0) like Gecko"
20.171.207.160 - - [15/Oct/2025:12:26:25 +0000] "GET /pages.php?m20126089444 HTTP/1.0" 200 21887 "-" "Mozilla/5.0 AppleWebKit/537.36 (KHTML, like Gecko; compatible; GPTBot/1.2; +https://openai.com/gptbot)"
20.171.207.160 - - [15/Oct/2025:12:26:28 +0000] "GET /pages.php?SUSA1230D-EM6377EW032280 HTTP/1.0" 200 22252 "-" "Mozilla/5.0 AppleWebKit/537.36 (KHTML, like Gecko; compatible; GPTBot/1.2; +https://openai.com/gptbot)"
20.171.207.160 - - [15/Oct/2025:12:26:32 +0000] "GET /pages.php?category/166_1538/1 HTTP/1.0" 200 22019 "-" "Mozilla/5.0 AppleWebKit/537.36 (KHTML, like Gecko; compatible; GPTBot/1.2; +https://openai.com/gptbot)"
20.171.207.160 - - [15/Oct/2025:12:26:35 +0000] "GET /pages.php?q-~14ACdnTuoWplR1PduTMtaDjs3CS9dgZk387/ HTTP/1.0" 200 22719 "-" "Mozilla/5.0 AppleWebKit/537.36 (KHTML, like Gecko; compatible; GPTBot/1.2; +https://openai.com/gptbot)"
20.171.207.160 - - [15/Oct/2025:12:26:38 +0000] "GET /pages.php?vie-up-ds-2437032 HTTP/1.0" 200 23424 "-" "Mozilla/5.0 AppleWebKit/537.36 (KHTML, like Gecko; compatible; GPTBot/1.2; +https://openai.com/gptbot)"
20.171.207.160 - - [15/Oct/2025:12:26:41 +0000] "GET /pages.php?m23267073389 HTTP/1.0" 200 22165 "-" "Mozilla/5.0 AppleWebKit/537.36 (KHTML, like Gecko; compatible; GPTBot/1.2; +https://openai.com/gptbot)"
20.171.207.160 - - [15/Oct/2025:12:26:44 +0000] "GET /pages.php?q-~60CjbFoNULGppLASzbpPaSlEPswwMG2R18107/ HTTP/1.0" 200 22872 "-" "Mozilla/5.0 AppleWebKit/537.36 (KHTML, like Gecko; compatible; GPTBot/1.2; +https://openai.com/gptbot)"
20.171.207.160 - - [15/Oct/2025:12:26:47 +0000] "GET /pages.php?m41569059354 HTTP/1.0" 200 21996 "-" "Mozilla/5.0 AppleWebKit/537.36 (KHTML, like Gecko; compatible; GPTBot/1.2; +https://openai.com/gptbot)"
20.171.207.160 - - [15/Oct/2025:12:26:50 +0000] "GET /pages.php?fleume-flu3-078g6gm8s HTTP/1.0" 200 22502 "-" "Mozilla/5.0 AppleWebKit/537.36 (KHTML, like Gecko; compatible; GPTBot/1.2; +https://openai.com/gptbot)"
20.171.207.160 - - [15/Oct/2025:12:26:53 +0000] "GET /pages.php?momu-a102534500027289-1 HTTP/1.0" 200 22746 "-" "Mozilla/5.0 AppleWebKit/537.36 (KHTML, like Gecko; compatible; GPTBot/1.2; +https://openai.com/gptbot)"
20.171.207.160 - - [15/Oct/2025:12:26:56 +0000] "GET /pages.php?q-~1v4dN5xSDN9iiUyiAJBPAT5rZuZcLSu1752/ HTTP/1.0" 200 23682 "-" "Mozilla/5.0 AppleWebKit/537.36 (KHTML, like Gecko; compatible; GPTBot/1.2; +https://openai.com/gptbot)"
20.171.207.160 - - [15/Oct/2025:12:26:59 +0000] "GET /pages.php?c1114515009 HTTP/1.0" 200 23031 "-" "Mozilla/5.0 AppleWebKit/537.36 (KHTML, like Gecko; compatible; GPTBot/1.2; +https://openai.com/gptbot)"
66.249.74.136 - - [15/Oct/2025:12:26:59 +0000] "GET /m80262619093 HTTP/1.0" 200 23100 "-" "Mozilla/5.0 (Linux; Android 6.0.1; Nexus 5X Build/MMB29P) AppleWebKit/537.36 (KHTML, like Gecko) Chrome/140.0.7339.207 Mobile Safari/537.36 (compatible; Googlebot/2.1; +http://www.google.com/bot.html)"
20.171.207.160 - - [15/Oct/2025:12:27:02 +0000] "GET /pages.php?1065013071 HTTP/1.0" 200 21920 "-" "Mozilla/5.0 AppleWebKit/537.36 (KHTML, like Gecko; compatible; GPTBot/1.2; +https://openai.com/gptbot)"
20.171.207.160 - - [15/Oct/2025:12:27:05 +0000] "GET /pages.php?aeonbike-4582428114133 HTTP/1.0" 200 22494 "-" "Mozilla/5.0 AppleWebKit/537.36 (KHTML, like Gecko; compatible; GPTBot/1.2; +https://openai.com/gptbot)"
20.171.207.160 - - [15/Oct/2025:12:27:09 +0000] "GET /pages.php?m15485842895 HTTP/1.0" 200 22147 "-" "Mozilla/5.0 AppleWebKit/537.36 (KHTML, like Gecko; compatible; GPTBot/1.2; +https://openai.com/gptbot)"
20.171.207.160 - - [15/Oct/2025:12:27:12 +0000] "GET /pages.php?m71065476972 HTTP/1.0" 200 21975 "-" "Mozilla/5.0 AppleWebKit/537.36 (KHTML, like Gecko; compatible; GPTBot/1.2; +https://openai.com/gptbot)"
20.171.207.160 - - [15/Oct/2025:12:27:15 +0000] "GET /pages.php?q-~4EhIMtB6DUhLLoV2VrOCJWGu5UKnDgj381/ HTTP/1.0" 200 22851 "-" "Mozilla/5.0 AppleWebKit/537.36 (KHTML, like Gecko; compatible; GPTBot/1.2; +https://openai.com/gptbot)"
20.171.207.160 - - [15/Oct/2025:12:27:18 +0000] "GET /pages.php?SMSR2030DDE8351EM000046 HTTP/1.0" 200 22149 "-" "Mozilla/5.0 AppleWebKit/537.36 (KHTML, like Gecko; compatible; GPTBot/1.2; +https://openai.com/gptbot)"
20.171.207.160 - - [15/Oct/2025:12:27:21 +0000] "GET /pages.php?q-~86dy13fIQVzhkhEAtWvRNMFJiKKJJfmS40009/ HTTP/1.0" 200 22011 "-" "Mozilla/5.0 AppleWebKit/537.36 (KHTML, like Gecko; compatible; GPTBot/1.2; +https://openai.com/gptbot)"
20.171.207.160 - - [15/Oct/2025:12:27:24 +0000] "GET /pages.php?q-~9I4WibUm5vdruCzpi4qlaGHGJdOFDNy37014/ HTTP/1.0" 200 22859 "-" "Mozilla/5.0 AppleWebKit/537.36 (KHTML, like Gecko; compatible; GPTBot/1.2; +https://openai.com/gptbot)"
20.171.207.160 - - [15/Oct/2025:12:27:27 +0000] "GET /pages.php?m79721747534 HTTP/1.0" 200 22501 "-" "Mozilla/5.0 AppleWebKit/537.36 (KHTML, like Gecko; compatible; GPTBot/1.2; +https://openai.com/gptbot)"
20.171.207.160 - - [15/Oct/2025:12:27:31 +0000] "GET /pages.php?q-~1OvkUKVtqNVEnBCGyU0WOFlPBtqT29S17524/ HTTP/1.0" 200 23779 "-" "Mozilla/5.0 AppleWebKit/537.36 (KHTML, like Gecko; compatible; GPTBot/1.2; +https://openai.com/gptbot)"
