20.171.207.160 - - [15/Oct/2025:13:52:34 +0000] "GET /pages.php?q-~11aYTtSe040RcI1eiJufysTW7OlsIZdm786/ HTTP/1.0" 200 23813 "-" "Mozilla/5.0 AppleWebKit/537.36 (KHTML, like Gecko; compatible; GPTBot/1.2; +https://openai.com/gptbot)"
20.171.207.160 - - [15/Oct/2025:13:52:37 +0000] "GET /pages.php?category/166_2495/1 HTTP/1.0" 200 22218 "-" "Mozilla/5.0 AppleWebKit/537.36 (KHTML, like Gecko; compatible; GPTBot/1.2; +https://openai.com/gptbot)"
20.171.207.160 - - [15/Oct/2025:13:52:41 +0000] "GET /pages.php?items/149018437.html?srsltid=AfmBOoiunBqZKCoMlkWHYHCWHOsWhlbIt552stg2KpEs5wEC4GdT HTTP/1.0" 200 23185 "-" "Mozilla/5.0 AppleWebKit/537.36 (KHTML, like Gecko; compatible; GPTBot/1.2; +https://openai.com/gptbot)"
20.171.207.160 - - [15/Oct/2025:13:52:44 +0000] "GET /pages.php?m77473424319 HTTP/1.0" 200 22157 "-" "Mozilla/5.0 AppleWebKit/537.36 (KHTML, like Gecko; compatible; GPTBot/1.2; +https://openai.com/gptbot)"
20.171.207.160 - - [15/Oct/2025:13:52:47 +0000] "GET /pages.php?q-~57aTEC5BsZfGrFRKMngYqsvNaH87Rv7m9172/ HTTP/1.0" 200 22352 "-" "Mozilla/5.0 AppleWebKit/537.36 (KHTML, like Gecko; compatible; GPTBot/1.2; +https://openai.com/gptbot)"
20.171.207.160 - - [15/Oct/2025:13:52:50 +0000] "GET /pages.php?q-~206lOnEbGDfUgJuuX2Ks7nRiINXM2ekiS12229/ HTTP/1.0" 200 22225 "-" "Mozilla/5.0 AppleWebKit/537.36 (KHTML, like Gecko; compatible; GPTBot/1.2; +https://openai.com/gptbot)"
20.171.207.160 - - [15/Oct/2025:13:52:53 +0000] "GET /pages.php?e-hakaru-lrb050tf15-y1208879 HTTP/1.0" 200 21824 "-" "Mozilla/5.0 AppleWebKit/537.36 (KHTML, like Gecko; compatible; GPTBot/1.2; +https://openai.com/gptbot)"
20.171.207.160 - - [15/Oct/2025:13:52:56 +0000] "GET /pages.php?m30923513725 HTTP/1.0" 200 22114 "-" "Mozilla/5.0 AppleWebKit/537.36 (KHTML, like Gecko; compatible; GPTBot/1.2; +https://openai.com/gptbot)"
20.171.207.160 - - [15/Oct/2025:13:52:59 +0000] "GET /pages.php?79706863 HTTP/1.0" 200 22832 "-" "Mozilla/5.0 AppleWebKit/537.36 (KHTML, like Gecko; compatible; GPTBot/1.2; +https://openai.com/gptbot)"
20.171.207.160 - - [15/Oct/2025:13:53:02 +0000] "GET /pages.php?87499975 HTTP/1.0" 200 22971 "-" "Mozilla/5.0 AppleWebKit/537.36 (KHTML, like Gecko; compatible; GPTBot/1.2; +https://openai.com/gptbot)"
20.171.207.160 - - [15/Oct/2025:13:53:05 +0000] "GET /pages.php?category/4413/1 HTTP/1.0" 200 22798 "-" "Mozilla/5.0 AppleWebKit/537.36 (KHTML, like Gecko; compatible; GPTBot/1.2; +https://openai.com/gptbot)"
20.171.207.160 - - [15/Oct/2025:13:53:08 +0000] "GET /pages.php?e-kikai-4282957 HTTP/1.0" 200 22328 "-" "Mozilla/5.0 AppleWebKit/537.36 (KHTML, like Gecko; compatible; GPTBot/1.2; +https://openai.com/gptbot)"
20.171.207.160 - - [15/Oct/2025:13:53:11 +0000] "GET /pages.php?q-~13AiWiIALwSnRFM1iZsUZNPSoWQnA7RL822/ HTTP/1.0" 200 21928 "-" "Mozilla/5.0 AppleWebKit/537.36 (KHTML, like Gecko; compatible; GPTBot/1.2; +https://openai.com/gptbot)"
20.171.207.160 - - [15/Oct/2025:13:53:15 +0000] "GET /pages.php?q-~89utIXIJm2roCXbqDZikplR1w3ATj8nC36000/ HTTP/1.0" 200 21716 "-" "Mozilla/5.0 AppleWebKit/537.36 (KHTML, like Gecko; compatible; GPTBot/1.2; +https://openai.com/gptbot)"
20.171.207.160 - - [15/Oct/2025:13:53:18 +0000] "GET /pages.php?69030738 HTTP/1.0" 200 23018 "-" "Mozilla/5.0 AppleWebKit/537.36 (KHTML, like Gecko; compatible; GPTBot/1.2; +https://openai.com/gptbot)"
20.171.207.160 - - [15/Oct/2025:13:53:21 +0000] "GET /pages.php?m67036848636 HTTP/1.0" 200 22761 "-" "Mozilla/5.0 AppleWebKit/537.36 (KHTML, like Gecko; compatible; GPTBot/1.2; +https://openai.com/gptbot)"
20.171.207.160 - - [15/Oct/2025:13:53:24 +0000] "GET /pages.php?m71517331005 HTTP/1.0" 200 22590 "-" "Mozilla/5.0 AppleWebKit/537.36 (KHTML, like Gecko; compatible; GPTBot/1.2; +https://openai.com/gptbot)"
20.171.207.160 - - [15/Oct/2025:13:53:28 +0000] "GET /pages.php?cate_id=9639&channel=who-much-optimistic&page=https://enlugo.es/item.aspx?items/028000498.html?srsltid=AfmBOocrqOqRuydrfGWNGaQGIBKAfUDNU1vJpPWJDlUF0pMCYJEc&pid=24392447580 HTTP/1.0" 200 22389 "-" "Mozilla/5.0 AppleWebKit/537.36 (KHTML, like Gecko; compatible; GPTBot/1.2; +https://openai.com/gptbot)"
20.171.207.160 - - [15/Oct/2025:13:53:31 +0000] "GET /pages.php?partsjapan-ymt-88119 HTTP/1.0" 200 22035 "-" "Mozilla/5.0 AppleWebKit/537.36 (KHTML, like Gecko; compatible; GPTBot/1.2; +https://openai.com/gptbot)"
20.171.207.160 - - [15/Oct/2025:13:53:37 +0000] "GET /pages.php?m41118271245 HTTP/1.0" 200 23257 "-" "Mozilla/5.0 AppleWebKit/537.36 (KHTML, like Gecko; compatible; GPTBot/1.2; +https://openai.com/gptbot)"
20.171.207.160 - - [15/Oct/2025:13:53:40 +0000] "GET /pages.php?m22626365998 HTTP/1.0" 200 22485 "-" "Mozilla/5.0 AppleWebKit/537.36 (KHTML, like Gecko; compatible; GPTBot/1.2; +https://openai.com/gptbot)"
20.171.207.160 - - [15/Oct/2025:13:53:43 +0000] "GET /pages.php?q-~47LdpyoyFi8vJJlNCCeO1CtaaO3Lwk6p854/ HTTP/1.0" 200 23023 "-" "Mozilla/5.0 AppleWebKit/537.36 (KHTML, like Gecko; compatible; GPTBot/1.2; +https://openai.com/gptbot)"
20.171.207.160 - - [15/Oct/2025:13:53:46 +0000] "GET /pages.php?la-graine-eyxvdumds5vy66tnpftsdtplee-lag-1 HTTP/1.0" 200 21621 "-" "Mozilla/5.0 AppleWebKit/537.36 (KHTML, like Gecko; compatible; GPTBot/1.2; +https://openai.com/gptbot)"
20.171.207.160 - - [15/Oct/2025:13:53:50 +0000] "GET /pages.php?m83512298339 HTTP/1.0" 200 21710 "-" "Mozilla/5.0 AppleWebKit/537.36 (KHTML, like Gecko; compatible; GPTBot/1.2; +https://openai.com/gptbot)"
20.171.207.160 - - [15/Oct/2025:13:53:53 +0000] "GET /pages.php?87804511 HTTP/1.0" 200 22933 "-" "Mozilla/5.0 AppleWebKit/537.36 (KHTML, like Gecko; compatible; GPTBot/1.2; +https://openai.com/gptbot)"
20.171.207.160 - - [15/Oct/2025:13:53:56 +0000] "GET /pages.php?category/4415/1 HTTP/1.0" 200 22995 "-" "Mozilla/5.0 AppleWebKit/537.36 (KHTML, like Gecko; compatible; GPTBot/1.2; +https://openai.com/gptbot)"
20.171.207.160 - - [15/Oct/2025:13:53:59 +0000] "GET /pages.php?q-~13cBxs1KtfRI8ldPYGRSmoArjRkiafmU678/ HTTP/1.0" 200 22973 "-" "Mozilla/5.0 AppleWebKit/537.36 (KHTML, like Gecko; compatible; GPTBot/1.2; +https://openai.com/gptbot)"
66.249.74.136 - - [15/Oct/2025:13:54:00 +0000] "GET /recognize062015098 HTTP/1.0" 200 27090 "-" "Mozilla/5.0 (Linux; Android 6.0.1; Nexus 5X Build/MMB29P) AppleWebKit/537.36 (KHTML, like Gecko) Chrome/140.0.7339.207 Mobile Safari/537.36 (compatible; Googlebot/2.1; +http://www.google.com/bot.html)"
66.249.74.136 - - [15/Oct/2025:13:54:01 +0000] "GET /catedral/?fileloc=/var/www/vhosts/enlugo.es/httpdocs/wp-class-query.php&path=/var/www/vhosts/enlugo.es/httpdocs HTTP/1.0" 200 22529 "-" "Mozilla/5.0 (Linux; Android 6.0.1; Nexus 5X Build/MMB29P) AppleWebKit/537.36 (KHTML, like Gecko) Chrome/140.0.7339.207 Mobile Safari/537.36 (compatible; Googlebot/2.1; +http://www.google.com/bot.html)"
20.171.207.160 - - [15/Oct/2025:13:54:02 +0000] "GET /pages.php?vie-up-ds-1825854 HTTP/1.0" 200 22264 "-" "Mozilla/5.0 AppleWebKit/537.36 (KHTML, like Gecko; compatible; GPTBot/1.2; +https://openai.com/gptbot)"
95.91.104.195 - - [15/Oct/2025:13:54:06 +0000] "GET /robots.txt HTTP/1.0" 200 2626 "-" "Mozilla/5.0 (compatible; MJ12bot/v1.4.8; http://mj12bot.com/)"
20.171.207.160 - - [15/Oct/2025:13:54:05 +0000] "GET /pages.php?category/466/1 HTTP/1.0" 200 23216 "-" "Mozilla/5.0 AppleWebKit/537.36 (KHTML, like Gecko; compatible; GPTBot/1.2; +https://openai.com/gptbot)"
95.91.104.195 - - [15/Oct/2025:13:54:07 +0000] "GET /?fileloc=/var/www/vhosts/enlugo.es/httpdocs/_errorpages/_errorpages/_errorpages/.e7591d4e.oti&path=/var/www/vhosts/enlugo.es/httpdocs/_errorpages/_errorpages/_errorpages HTTP/1.0" 200 19895 "-" "Mozilla/5.0 (compatible; MJ12bot/v1.4.8; http://mj12bot.com/)"
20.171.207.160 - - [15/Oct/2025:13:54:08 +0000] "GET /pages.php?items/044007774.html?srsltid=AfmBOobpwCLVfxEvlMlUTIxBCFlhxbkbUEt1KGTnVmsjyf8TA1ew HTTP/1.0" 200 21864 "-" "Mozilla/5.0 AppleWebKit/537.36 (KHTML, like Gecko; compatible; GPTBot/1.2; +https://openai.com/gptbot)"
95.91.104.195 - - [15/Oct/2025:13:54:10 +0000] "GET /?fileloc=/var/www/vhosts/enlugo.es/httpdocs/wp-includes/js/customize-models.min.js&path=/var/www/vhosts/enlugo.es/httpdocs/wp-includes/js HTTP/1.0" 200 13479 "-" "Mozilla/5.0 (compatible; MJ12bot/v1.4.8; http://mj12bot.com/)"
20.171.207.160 - - [15/Oct/2025:13:54:12 +0000] "GET /pages.php?q-~35QCOVqhBbHs0r1ISwhHQr7JVZzs8EoC430/ HTTP/1.0" 200 21760 "-" "Mozilla/5.0 AppleWebKit/537.36 (KHTML, like Gecko; compatible; GPTBot/1.2; +https://openai.com/gptbot)"
20.171.207.160 - - [15/Oct/2025:13:54:15 +0000] "GET /pages.php?q-~4qsryfmulwS39acHZkrut7am3lThoEU35597/ HTTP/1.0" 200 23482 "-" "Mozilla/5.0 AppleWebKit/537.36 (KHTML, like Gecko; compatible; GPTBot/1.2; +https://openai.com/gptbot)"
95.91.104.195 - - [15/Oct/2025:13:54:18 +0000] "GET /?fileloc=/var/www/vhosts/enlugo.es/httpdocs/wp-includes/js/heartbeat.min.js&path=/var/www/vhosts/enlugo.es/httpdocs/wp-includes/js HTTP/1.0" 200 15893 "-" "Mozilla/5.0 (compatible; MJ12bot/v1.4.8; http://mj12bot.com/)"
20.171.207.160 - - [15/Oct/2025:13:54:18 +0000] "GET /pages.php?hiro-shop01-6emxxje2cqc2x3vmrod3il7yxy HTTP/1.0" 200 22227 "-" "Mozilla/5.0 AppleWebKit/537.36 (KHTML, like Gecko; compatible; GPTBot/1.2; +https://openai.com/gptbot)"
95.91.104.195 - - [15/Oct/2025:13:54:20 +0000] "GET /?fileloc=/var/www/vhosts/enlugo.es/httpdocs/wp-includes/js/hoverIntent.js&path=/var/www/vhosts/enlugo.es/httpdocs/wp-includes/js HTTP/1.0" 200 16288 "-" "Mozilla/5.0 (compatible; MJ12bot/v1.4.8; http://mj12bot.com/)"
20.171.207.160 - - [15/Oct/2025:13:54:21 +0000] "GET /pages.php?m76198785552 HTTP/1.0" 200 22825 "-" "Mozilla/5.0 AppleWebKit/537.36 (KHTML, like Gecko; compatible; GPTBot/1.2; +https://openai.com/gptbot)"
95.91.104.195 - - [15/Oct/2025:13:54:23 +0000] "GET /?fileloc=/var/www/vhosts/enlugo.es/httpdocs/wp-includes/js/hoverIntent.min.js&path=/var/www/vhosts/enlugo.es/httpdocs/wp-includes/js HTTP/1.0" 200 10683 "-" "Mozilla/5.0 (compatible; MJ12bot/v1.4.8; http://mj12bot.com/)"
20.171.207.160 - - [15/Oct/2025:13:54:24 +0000] "GET /pages.php?m43616943990 HTTP/1.0" 200 21946 "-" "Mozilla/5.0 AppleWebKit/537.36 (KHTML, like Gecko; compatible; GPTBot/1.2; +https://openai.com/gptbot)"
95.91.104.195 - - [15/Oct/2025:13:54:26 +0000] "GET /?fileloc=/var/www/vhosts/enlugo.es/httpdocs/wp-includes/js/hoverintent-js.min.js&path=/var/www/vhosts/enlugo.es/httpdocs/wp-includes/js HTTP/1.0" 200 10975 "-" "Mozilla/5.0 (compatible; MJ12bot/v1.4.8; http://mj12bot.com/)"
20.171.207.160 - - [15/Oct/2025:13:54:27 +0000] "GET /pages.php?STUS2135DAV1129EC018409 HTTP/1.0" 200 21944 "-" "Mozilla/5.0 AppleWebKit/537.36 (KHTML, like Gecko; compatible; GPTBot/1.2; +https://openai.com/gptbot)"
95.91.104.195 - - [15/Oct/2025:13:54:28 +0000] "GET /?fileloc=/var/www/vhosts/enlugo.es/httpdocs/wp-includes/js/imagesloaded.min.js&path=/var/www/vhosts/enlugo.es/httpdocs/wp-includes/js HTTP/1.0" 200 15362 "-" "Mozilla/5.0 (compatible; MJ12bot/v1.4.8; http://mj12bot.com/)"
20.171.207.160 - - [15/Oct/2025:13:54:30 +0000] "GET /pages.php?m94667199514 HTTP/1.0" 200 23068 "-" "Mozilla/5.0 AppleWebKit/537.36 (KHTML, like Gecko; compatible; GPTBot/1.2; +https://openai.com/gptbot)"
35.170.205.140 - - [15/Oct/2025:13:54:33 +0000] "GET /?fileloc=/var/www/vhosts/enlugo.es/httpdocs/wp-class-diff.php&path=/var/www/vhosts/enlugo.es/httpdocs HTTP/1.0" 200 9073 "-" "Mozilla/5.0 AppleWebKit/537.36 (KHTML, like Gecko; compatible; Amazonbot/0.1; +https://developer.amazon.com/support/amazonbot) Chrome/119.0.6045.214 Safari/537.36"
20.171.207.160 - - [15/Oct/2025:13:54:33 +0000] "GET /pages.php?q-~23XcU1c6kelgiJWcvO6DdsKSSckBwHLG32/ HTTP/1.0" 200 22198 "-" "Mozilla/5.0 AppleWebKit/537.36 (KHTML, like Gecko; compatible; GPTBot/1.2; +https://openai.com/gptbot)"
66.249.74.136 - - [15/Oct/2025:13:54:35 +0000] "GET /biography047015711 HTTP/1.0" 200 22319 "-" "Mozilla/5.0 (Linux; Android 6.0.1; Nexus 5X Build/MMB29P) AppleWebKit/537.36 (KHTML, like Gecko) Chrome/140.0.7339.207 Mobile Safari/537.36 (compatible; Googlebot/2.1; +http://www.google.com/bot.html)"
65.108.124.220 - - [15/Oct/2025:13:54:34 +0000] "GET / HTTP/1.0" 200 13693 "-" "Mozilla/5.0 (X11; Linux x86_64) AppleWebKit/537.36 (KHTML, like Gecko) Chrome/120.0.0.0 Safari/537.36"
20.171.207.160 - - [15/Oct/2025:13:54:37 +0000] "GET /pages.php?shoes-iland-8401-467-553-25-1 HTTP/1.0" 200 21745 "-" "Mozilla/5.0 AppleWebKit/537.36 (KHTML, like Gecko; compatible; GPTBot/1.2; +https://openai.com/gptbot)"
34.192.125.239 - - [15/Oct/2025:13:54:37 +0000] "GET /?fileloc=/var/www/vhosts/enlugo.es/httpdocs/wp-request.php&path=/var/www/vhosts/enlugo.es/httpdocs HTTP/1.0" 200 10565 "-" "Mozilla/5.0 AppleWebKit/537.36 (KHTML, like Gecko; compatible; Amazonbot/0.1; +https://developer.amazon.com/support/amazonbot) Chrome/119.0.6045.214 Safari/537.36"
65.108.124.220 - - [15/Oct/2025:13:54:37 +0000] "GET /contact HTTP/1.0" 200 13693 "-" "Mozilla/5.0 (Macintosh; Intel Mac OS X 10_15_7) AppleWebKit/537.36 (KHTML, like Gecko) Chrome/120.0.0.0 Safari/537.36"
20.171.207.160 - - [15/Oct/2025:13:54:40 +0000] "GET /pages.php?m19371397809 HTTP/1.0" 200 22619 "-" "Mozilla/5.0 AppleWebKit/537.36 (KHTML, like Gecko; compatible; GPTBot/1.2; +https://openai.com/gptbot)"
23.23.180.225 - - [15/Oct/2025:13:54:41 +0000] "GET /?fileloc=/var/www/vhosts/enlugo.es/httpdocs/wp-section.php&path=/var/www/vhosts/enlugo.es/httpdocs HTTP/1.0" 200 9308 "-" "Mozilla/5.0 AppleWebKit/537.36 (KHTML, like Gecko; compatible; Amazonbot/0.1; +https://developer.amazon.com/support/amazonbot) Chrome/119.0.6045.214 Safari/537.36"
20.171.207.160 - - [15/Oct/2025:13:54:43 +0000] "GET /pages.php?m63613819987 HTTP/1.0" 200 21944 "-" "Mozilla/5.0 AppleWebKit/537.36 (KHTML, like Gecko; compatible; GPTBot/1.2; +https://openai.com/gptbot)"
34.203.111.15 - - [15/Oct/2025:13:54:46 +0000] "GET /?fileloc=/var/www/vhosts/enlugo.es/httpdocs/wp-class-patterns.php&path=/var/www/vhosts/enlugo.es/httpdocs HTTP/1.0" 200 8522 "-" "Mozilla/5.0 AppleWebKit/537.36 (KHTML, like Gecko; compatible; Amazonbot/0.1; +https://developer.amazon.com/support/amazonbot) Chrome/119.0.6045.214 Safari/537.36"
20.171.207.160 - - [15/Oct/2025:13:54:49 +0000] "GET /pages.php?m50599977288 HTTP/1.0" 200 22331 "-" "Mozilla/5.0 AppleWebKit/537.36 (KHTML, like Gecko; compatible; GPTBot/1.2; +https://openai.com/gptbot)"
98.82.40.168 - - [15/Oct/2025:13:54:50 +0000] "GET /?fileloc=/var/www/vhosts/enlugo.es/httpdocs/wp-class-previews.php&path=/var/www/vhosts/enlugo.es/httpdocs HTTP/1.0" 200 8314 "-" "Mozilla/5.0 AppleWebKit/537.36 (KHTML, like Gecko; compatible; Amazonbot/0.1; +https://developer.amazon.com/support/amazonbot) Chrome/119.0.6045.214 Safari/537.36"
23.23.137.202 - - [15/Oct/2025:13:54:54 +0000] "GET /?fileloc=/var/www/vhosts/enlugo.es/httpdocs/wp-walker.php&path=/var/www/vhosts/enlugo.es/httpdocs HTTP/1.0" 200 7595 "-" "Mozilla/5.0 AppleWebKit/537.36 (KHTML, like Gecko; compatible; Amazonbot/0.1; +https://developer.amazon.com/support/amazonbot) Chrome/119.0.6045.214 Safari/537.36"
20.171.207.160 - - [15/Oct/2025:13:54:56 +0000] "GET /pages.php?q-~27tof7NEmqbatWI9C5z2FcdXRRVUFZGy720/ HTTP/1.0" 200 21898 "-" "Mozilla/5.0 AppleWebKit/537.36 (KHTML, like Gecko; compatible; GPTBot/1.2; +https://openai.com/gptbot)"
20.171.207.160 - - [15/Oct/2025:13:54:59 +0000] "GET /pages.php?m51219312728 HTTP/1.0" 200 22945 "-" "Mozilla/5.0 AppleWebKit/537.36 (KHTML, like Gecko; compatible; GPTBot/1.2; +https://openai.com/gptbot)"
20.171.207.160 - - [15/Oct/2025:13:55:02 +0000] "GET /pages.php?q-~78PZwfAuQn6JR4q9PVePx52Ve5wOzOMW87/ HTTP/1.0" 200 23002 "-" "Mozilla/5.0 AppleWebKit/537.36 (KHTML, like Gecko; compatible; GPTBot/1.2; +https://openai.com/gptbot)"
20.171.207.160 - - [15/Oct/2025:13:55:11 +0000] "GET /pages.php?m31035573058 HTTP/1.0" 200 22488 "-" "Mozilla/5.0 AppleWebKit/537.36 (KHTML, like Gecko; compatible; GPTBot/1.2; +https://openai.com/gptbot)"
20.171.207.160 - - [15/Oct/2025:13:55:29 +0000] "GET /pages.php?m56844081183 HTTP/1.0" 200 22101 "-" "Mozilla/5.0 AppleWebKit/537.36 (KHTML, like Gecko; compatible; GPTBot/1.2; +https://openai.com/gptbot)"
44.195.145.102 - - [15/Oct/2025:13:55:49 +0000] "GET /?fileloc=/var/www/vhosts/enlugo.es/httpdocs/wp-class-bookmark.php&path=/var/www/vhosts/enlugo.es/httpdocs HTTP/1.0" 200 11485 "-" "Mozilla/5.0 AppleWebKit/537.36 (KHTML, like Gecko; compatible; Amazonbot/0.1; +https://developer.amazon.com/support/amazonbot) Chrome/119.0.6045.214 Safari/537.36"
20.171.207.160 - - [15/Oct/2025:13:55:50 +0000] "GET /pages.php?q-~40Y4CxmJt6BLxil0izBpKJvPC6YadSbh927/ HTTP/1.0" 200 22567 "-" "Mozilla/5.0 AppleWebKit/537.36 (KHTML, like Gecko; compatible; GPTBot/1.2; +https://openai.com/gptbot)"
20.171.207.160 - - [15/Oct/2025:13:56:09 +0000] "GET /pages.php?1078084139 HTTP/1.0" 200 22133 "-" "Mozilla/5.0 AppleWebKit/537.36 (KHTML, like Gecko; compatible; GPTBot/1.2; +https://openai.com/gptbot)"
20.171.207.160 - - [15/Oct/2025:13:56:22 +0000] "GET /pages.php?bizshop-rmbyv3lw6frksh35jpgam5ix5y-1 HTTP/1.0" 200 22138 "-" "Mozilla/5.0 AppleWebKit/537.36 (KHTML, like Gecko; compatible; GPTBot/1.2; +https://openai.com/gptbot)"
20.171.207.160 - - [15/Oct/2025:13:56:26 +0000] "GET /pages.php?q-~29CPkIAufa7MHdepIfwM4XPOjasK55kK438/ HTTP/1.0" 200 22195 "-" "Mozilla/5.0 AppleWebKit/537.36 (KHTML, like Gecko; compatible; GPTBot/1.2; +https://openai.com/gptbot)"
47.128.99.92 - - [15/Oct/2025:13:56:31 +0000] "GET /effective-impotence-medication-for-improved-sexual-health/?fileloc=%2Fvar%2Fwww%2Fvhosts%2Fenlugo.es%2Fhttpdocs%2Fwp-class-protection.php&path=%2Fvar%2Fwww%2Fvhosts%2Fenlugo.es%2Fhttpdocs HTTP/1.0" 200 11838 "-" "Mozilla/5.0 (Linux; Android 5.0) AppleWebKit/537.36 (KHTML, like Gecko) Mobile Safari/537.36 (compatible; Bytespider; spider-feedback@bytedance.com)"
20.171.207.160 - - [15/Oct/2025:13:56:35 +0000] "GET /pages.php?m16538869013 HTTP/1.0" 200 22124 "-" "Mozilla/5.0 AppleWebKit/537.36 (KHTML, like Gecko; compatible; GPTBot/1.2; +https://openai.com/gptbot)"
20.171.207.160 - - [15/Oct/2025:13:56:38 +0000] "GET /pages.php?q-~96TdaqmtEVBLnqggOyUyIpdfKwASn07E287/ HTTP/1.0" 200 22147 "-" "Mozilla/5.0 AppleWebKit/537.36 (KHTML, like Gecko; compatible; GPTBot/1.2; +https://openai.com/gptbot)"
20.171.207.160 - - [15/Oct/2025:13:56:45 +0000] "GET /pages.php?1084729737 HTTP/1.0" 200 22062 "-" "Mozilla/5.0 AppleWebKit/537.36 (KHTML, like Gecko; compatible; GPTBot/1.2; +https://openai.com/gptbot)"
20.171.207.160 - - [15/Oct/2025:13:57:04 +0000] "GET /pages.php?q-~42uQOpiSXYLCgBa7uhNKccHvub2oMUwP709/ HTTP/1.0" 200 22092 "-" "Mozilla/5.0 AppleWebKit/537.36 (KHTML, like Gecko; compatible; GPTBot/1.2; +https://openai.com/gptbot)"
40.77.167.230 - - [15/Oct/2025:13:57:12 +0000] "GET /?fileloc=/var/www/vhosts/enlugo.es/httpdocs/wp-version.php&path=/var/www/vhosts/enlugo.es/httpdocs HTTP/1.0" 200 2276 "-" "Mozilla/5.0 AppleWebKit/537.36 (KHTML, like Gecko; compatible; bingbot/2.0; +http://www.bing.com/bingbot.htm) Chrome/116.0.1938.76 Safari/537.36"
20.171.207.160 - - [15/Oct/2025:13:57:20 +0000] "GET /pages.php?q-~40gdWImi67eEcdfqhqAIrYXiwdoOBKGt385/ HTTP/1.0" 200 22011 "-" "Mozilla/5.0 AppleWebKit/537.36 (KHTML, like Gecko; compatible; GPTBot/1.2; +https://openai.com/gptbot)"
20.171.207.160 - - [15/Oct/2025:13:57:27 +0000] "GET /pages.php?1078105466 HTTP/1.0" 200 21674 "-" "Mozilla/5.0 AppleWebKit/537.36 (KHTML, like Gecko; compatible; GPTBot/1.2; +https://openai.com/gptbot)"
20.171.207.160 - - [15/Oct/2025:13:57:43 +0000] "GET /pages.php?asty-shop-k0-1rgvd7m7cq-epc3 HTTP/1.0" 200 22038 "-" "Mozilla/5.0 AppleWebKit/537.36 (KHTML, like Gecko; compatible; GPTBot/1.2; +https://openai.com/gptbot)"
20.171.207.160 - - [15/Oct/2025:13:57:52 +0000] "GET /pages.php?first23-trusco-5397924 HTTP/1.0" 200 21732 "-" "Mozilla/5.0 AppleWebKit/537.36 (KHTML, like Gecko; compatible; GPTBot/1.2; +https://openai.com/gptbot)"
20.171.207.160 - - [15/Oct/2025:13:57:59 +0000] "GET /pages.php?q-~10lhyKaIzWlqcGxZPHIQnPdxq7QIKOin83/ HTTP/1.0" 200 21955 "-" "Mozilla/5.0 AppleWebKit/537.36 (KHTML, like Gecko; compatible; GPTBot/1.2; +https://openai.com/gptbot)"
20.171.207.160 - - [15/Oct/2025:13:58:02 +0000] "GET /pages.php?kaminorth-10016304 HTTP/1.0" 200 22128 "-" "Mozilla/5.0 AppleWebKit/537.36 (KHTML, like Gecko; compatible; GPTBot/1.2; +https://openai.com/gptbot)"
20.171.207.160 - - [15/Oct/2025:13:58:08 +0000] "GET /pages.php?jordan23-19_003flk_cecc4518 HTTP/1.0" 200 22076 "-" "Mozilla/5.0 AppleWebKit/537.36 (KHTML, like Gecko; compatible; GPTBot/1.2; +https://openai.com/gptbot)"
20.171.207.160 - - [15/Oct/2025:13:58:11 +0000] "GET /pages.php?q-~282hAfHcSMCtFXPWexFBIiYYYWbuKgSIh5049/ HTTP/1.0" 200 22831 "-" "Mozilla/5.0 AppleWebKit/537.36 (KHTML, like Gecko; compatible; GPTBot/1.2; +https://openai.com/gptbot)"
20.171.207.160 - - [15/Oct/2025:13:58:21 +0000] "GET /pages.php?category/827/1 HTTP/1.0" 200 22431 "-" "Mozilla/5.0 AppleWebKit/537.36 (KHTML, like Gecko; compatible; GPTBot/1.2; +https://openai.com/gptbot)"
20.171.207.160 - - [15/Oct/2025:13:58:24 +0000] "GET /pages.php?q-~56ZwrmWefPQJAs5v0iuPoSCVBddo0V8G6663/ HTTP/1.0" 200 24066 "-" "Mozilla/5.0 AppleWebKit/537.36 (KHTML, like Gecko; compatible; GPTBot/1.2; +https://openai.com/gptbot)"
20.171.207.160 - - [15/Oct/2025:13:58:27 +0000] "GET /pages.php?q-~3niW8QGhtkDAq0ZvsEhzf6XqioRVE4P2004/ HTTP/1.0" 200 22332 "-" "Mozilla/5.0 AppleWebKit/537.36 (KHTML, like Gecko; compatible; GPTBot/1.2; +https://openai.com/gptbot)"
20.171.207.160 - - [15/Oct/2025:13:58:36 +0000] "GET /pages.php?77498013 HTTP/1.0" 200 23149 "-" "Mozilla/5.0 AppleWebKit/537.36 (KHTML, like Gecko; compatible; GPTBot/1.2; +https://openai.com/gptbot)"
20.171.207.160 - - [15/Oct/2025:13:58:39 +0000] "GET /pages.php?SNRZ1726DNO6616EW006548 HTTP/1.0" 200 22376 "-" "Mozilla/5.0 AppleWebKit/537.36 (KHTML, like Gecko; compatible; GPTBot/1.2; +https://openai.com/gptbot)"
20.171.207.160 - - [15/Oct/2025:13:58:43 +0000] "GET /pages.php?q-~28MiNUXpzGLMPPjW39PrDFIYKGuP9WiF173/ HTTP/1.0" 200 22446 "-" "Mozilla/5.0 AppleWebKit/537.36 (KHTML, like Gecko; compatible; GPTBot/1.2; +https://openai.com/gptbot)"
20.171.207.160 - - [15/Oct/2025:13:59:01 +0000] "GET /pages.php?q-~49EzOjbPAiM7SAiCwiPz046EQgQryoOo44434/ HTTP/1.0" 200 22472 "-" "Mozilla/5.0 AppleWebKit/537.36 (KHTML, like Gecko; compatible; GPTBot/1.2; +https://openai.com/gptbot)"
20.171.207.160 - - [15/Oct/2025:13:59:30 +0000] "GET /pages.php?q-~93VdXOnw5vypBt3CSGJR9pL4fLhIrRde9830/ HTTP/1.0" 200 22241 "-" "Mozilla/5.0 AppleWebKit/537.36 (KHTML, like Gecko; compatible; GPTBot/1.2; +https://openai.com/gptbot)"
20.171.207.160 - - [15/Oct/2025:13:59:36 +0000] "GET /pages.php?q-~1fd8IBDcDwJtWr0UK5LNANwjcp93qvY7432/ HTTP/1.0" 200 23090 "-" "Mozilla/5.0 AppleWebKit/537.36 (KHTML, like Gecko; compatible; GPTBot/1.2; +https://openai.com/gptbot)"
20.171.207.160 - - [15/Oct/2025:14:00:00 +0000] "GET /pages.php?m90040766706 HTTP/1.0" 200 22176 "-" "Mozilla/5.0 AppleWebKit/537.36 (KHTML, like Gecko; compatible; GPTBot/1.2; +https://openai.com/gptbot)"
20.171.207.160 - - [15/Oct/2025:14:00:03 +0000] "GET /pages.php?q-~134BdV4wJE96hOqoz2pRgtAfER3yrrcCD97/ HTTP/1.0" 200 22228 "-" "Mozilla/5.0 AppleWebKit/537.36 (KHTML, like Gecko; compatible; GPTBot/1.2; +https://openai.com/gptbot)"
20.171.207.160 - - [15/Oct/2025:14:00:06 +0000] "GET /pages.php?m19700870004 HTTP/1.0" 200 23754 "-" "Mozilla/5.0 AppleWebKit/537.36 (KHTML, like Gecko; compatible; GPTBot/1.2; +https://openai.com/gptbot)"
20.171.207.160 - - [15/Oct/2025:14:00:22 +0000] "GET /pages.php?q-~59MjZ5yoeIJuQsPjkNrSYcnOVdJtviSd1634/ HTTP/1.0" 200 22284 "-" "Mozilla/5.0 AppleWebKit/537.36 (KHTML, like Gecko; compatible; GPTBot/1.2; +https://openai.com/gptbot)"
20.171.207.160 - - [15/Oct/2025:14:00:30 +0000] "GET /pages.php?q-~22SXdbY0v2BlKhozOJ1YoChJmTrR7prI973/ HTTP/1.0" 200 22257 "-" "Mozilla/5.0 AppleWebKit/537.36 (KHTML, like Gecko; compatible; GPTBot/1.2; +https://openai.com/gptbot)"
20.171.207.160 - - [15/Oct/2025:14:00:38 +0000] "GET /pages.php?m91444702642 HTTP/1.0" 200 21645 "-" "Mozilla/5.0 AppleWebKit/537.36 (KHTML, like Gecko; compatible; GPTBot/1.2; +https://openai.com/gptbot)"
20.171.207.160 - - [15/Oct/2025:14:00:51 +0000] "GET /pages.php?80929106 HTTP/1.0" 200 22851 "-" "Mozilla/5.0 AppleWebKit/537.36 (KHTML, like Gecko; compatible; GPTBot/1.2; +https://openai.com/gptbot)"
20.171.207.160 - - [15/Oct/2025:14:00:56 +0000] "GET /pages.php?m36386610738 HTTP/1.0" 200 21769 "-" "Mozilla/5.0 AppleWebKit/537.36 (KHTML, like Gecko; compatible; GPTBot/1.2; +https://openai.com/gptbot)"
20.171.207.160 - - [15/Oct/2025:14:01:01 +0000] "GET /pages.php?webby-50113170 HTTP/1.0" 200 22873 "-" "Mozilla/5.0 AppleWebKit/537.36 (KHTML, like Gecko; compatible; GPTBot/1.2; +https://openai.com/gptbot)"
20.171.207.160 - - [15/Oct/2025:14:01:06 +0000] "GET /pages.php?q-~31GKrnkEMbwQmvx0pL8bIpGgnWfuKVhv678/ HTTP/1.0" 200 21644 "-" "Mozilla/5.0 AppleWebKit/537.36 (KHTML, like Gecko; compatible; GPTBot/1.2; +https://openai.com/gptbot)"
20.171.207.160 - - [15/Oct/2025:14:01:10 +0000] "GET /pages.php?q-~99pmvLYjHp29ioO66VuUiVqsF8SwAGdP754/ HTTP/1.0" 200 22049 "-" "Mozilla/5.0 AppleWebKit/537.36 (KHTML, like Gecko; compatible; GPTBot/1.2; +https://openai.com/gptbot)"
20.171.207.160 - - [15/Oct/2025:14:01:14 +0000] "GET /pages.php?q-~88DQSeNXavEpBOWgPjJd7NPqAHHD8kby145/ HTTP/1.0" 200 21777 "-" "Mozilla/5.0 AppleWebKit/537.36 (KHTML, like Gecko; compatible; GPTBot/1.2; +https://openai.com/gptbot)"
20.171.207.160 - - [15/Oct/2025:14:01:20 +0000] "GET /pages.php?q-~59CX3DqSTlFcdqIHZAzmwTho6nudvTFW960/ HTTP/1.0" 200 22894 "-" "Mozilla/5.0 AppleWebKit/537.36 (KHTML, like Gecko; compatible; GPTBot/1.2; +https://openai.com/gptbot)"
20.171.207.160 - - [15/Oct/2025:14:01:23 +0000] "GET /pages.php?items/107022305.html?srsltid=AfmBOozzhJgReSzCYWoFX9gmIiCpwbHuW2AsxsuElrtI0yjHUBJ1 HTTP/1.0" 200 23180 "-" "Mozilla/5.0 AppleWebKit/537.36 (KHTML, like Gecko; compatible; GPTBot/1.2; +https://openai.com/gptbot)"
20.171.207.160 - - [15/Oct/2025:14:01:26 +0000] "GET /pages.php?q-~32GuvUQ3AlIkRPxaYT1Flsw3QwNbSfOS4149/ HTTP/1.0" 200 23878 "-" "Mozilla/5.0 AppleWebKit/537.36 (KHTML, like Gecko; compatible; GPTBot/1.2; +https://openai.com/gptbot)"
20.171.207.160 - - [15/Oct/2025:14:01:39 +0000] "GET /pages.php?1140928855 HTTP/1.0" 200 24038 "-" "Mozilla/5.0 AppleWebKit/537.36 (KHTML, like Gecko; compatible; GPTBot/1.2; +https://openai.com/gptbot)"
66.249.74.136 - - [15/Oct/2025:14:01:39 +0000] "GET /however154033322 HTTP/1.0" 200 21680 "-" "Mozilla/5.0 (Linux; Android 6.0.1; Nexus 5X Build/MMB29P) AppleWebKit/537.36 (KHTML, like Gecko) Chrome/140.0.7339.207 Mobile Safari/537.36 (compatible; Googlebot/2.1; +http://www.google.com/bot.html)"
20.171.207.160 - - [15/Oct/2025:14:01:45 +0000] "GET /pages.php?glomarket-11609050 HTTP/1.0" 200 22496 "-" "Mozilla/5.0 AppleWebKit/537.36 (KHTML, like Gecko; compatible; GPTBot/1.2; +https://openai.com/gptbot)"
20.171.207.160 - - [15/Oct/2025:14:02:10 +0000] "GET /pages.php?q-~6z1ao8OMxgvQiGdHbfirmUVDXvujodJ16925/ HTTP/1.0" 200 22371 "-" "Mozilla/5.0 AppleWebKit/537.36 (KHTML, like Gecko; compatible; GPTBot/1.2; +https://openai.com/gptbot)"
20.171.207.160 - - [15/Oct/2025:14:02:16 +0000] "GET /pages.php?88501966 HTTP/1.0" 200 24183 "-" "Mozilla/5.0 AppleWebKit/537.36 (KHTML, like Gecko; compatible; GPTBot/1.2; +https://openai.com/gptbot)"
20.171.207.160 - - [15/Oct/2025:14:02:33 +0000] "GET /pages.php?q-~71WSwErAiEdULU5uAeNRpjM7EYaPUcvi110/ HTTP/1.0" 200 22091 "-" "Mozilla/5.0 AppleWebKit/537.36 (KHTML, like Gecko; compatible; GPTBot/1.2; +https://openai.com/gptbot)"
20.171.207.160 - - [15/Oct/2025:14:02:37 +0000] "GET /pages.php?m35596466498 HTTP/1.0" 200 21952 "-" "Mozilla/5.0 AppleWebKit/537.36 (KHTML, like Gecko; compatible; GPTBot/1.2; +https://openai.com/gptbot)"
20.171.207.160 - - [15/Oct/2025:14:02:42 +0000] "GET /pages.php?m55228247492 HTTP/1.0" 200 22377 "-" "Mozilla/5.0 AppleWebKit/537.36 (KHTML, like Gecko; compatible; GPTBot/1.2; +https://openai.com/gptbot)"
20.171.207.160 - - [15/Oct/2025:14:02:45 +0000] "GET /pages.php?q-~1YwT7GihGRP2avImASowQiDQcOiwgHM934/ HTTP/1.0" 200 23316 "-" "Mozilla/5.0 AppleWebKit/537.36 (KHTML, like Gecko; compatible; GPTBot/1.2; +https://openai.com/gptbot)"
20.171.207.160 - - [15/Oct/2025:14:02:49 +0000] "GET /pages.php?q-~1FOxRecLHuLhrj0OZBqX3RCHECifHRY932/ HTTP/1.0" 200 23359 "-" "Mozilla/5.0 AppleWebKit/537.36 (KHTML, like Gecko; compatible; GPTBot/1.2; +https://openai.com/gptbot)"
20.171.207.160 - - [15/Oct/2025:14:02:52 +0000] "GET /pages.php?q-~1ab1z9a4uQ3cUqSdobeo0LbdrFqMNVc938/ HTTP/1.0" 200 23102 "-" "Mozilla/5.0 AppleWebKit/537.36 (KHTML, like Gecko; compatible; GPTBot/1.2; +https://openai.com/gptbot)"
20.171.207.160 - - [15/Oct/2025:14:02:55 +0000] "GET /pages.php?84328769 HTTP/1.0" 200 22564 "-" "Mozilla/5.0 AppleWebKit/537.36 (KHTML, like Gecko; compatible; GPTBot/1.2; +https://openai.com/gptbot)"
20.171.207.160 - - [15/Oct/2025:14:02:58 +0000] "GET /pages.php?q-~96HP81EvQv2UMlb9SPoRvFJDYPppfcaq275/ HTTP/1.0" 200 21803 "-" "Mozilla/5.0 AppleWebKit/537.36 (KHTML, like Gecko; compatible; GPTBot/1.2; +https://openai.com/gptbot)"
20.171.207.160 - - [15/Oct/2025:14:03:01 +0000] "GET /pages.php?q-~1eZjMzkNxVhruhvDrVLQN7y9390vqVx944/ HTTP/1.0" 200 23983 "-" "Mozilla/5.0 AppleWebKit/537.36 (KHTML, like Gecko; compatible; GPTBot/1.2; +https://openai.com/gptbot)"
20.171.207.160 - - [15/Oct/2025:14:03:05 +0000] "GET /pages.php?q-~64ni1KNYBV6eM7cIpgv0rfgABNXIvaaL491/ HTTP/1.0" 200 23019 "-" "Mozilla/5.0 AppleWebKit/537.36 (KHTML, like Gecko; compatible; GPTBot/1.2; +https://openai.com/gptbot)"
20.171.207.160 - - [15/Oct/2025:14:03:08 +0000] "GET /pages.php?q-~1giFadaDnHYmUGCOBli3UaempBC1toE1772/ HTTP/1.0" 200 22804 "-" "Mozilla/5.0 AppleWebKit/537.36 (KHTML, like Gecko; compatible; GPTBot/1.2; +https://openai.com/gptbot)"
20.171.207.160 - - [15/Oct/2025:14:03:11 +0000] "GET /pages.php?q-~19s9qFiMqJ2EbHHJF7OKwIBOOKnSnEpM644/ HTTP/1.0" 200 22441 "-" "Mozilla/5.0 AppleWebKit/537.36 (KHTML, like Gecko; compatible; GPTBot/1.2; +https://openai.com/gptbot)"
20.171.207.160 - - [15/Oct/2025:14:03:14 +0000] "GET /pages.php?q-~1c7OC8zt4lFwDQJInJfqIQv2wRrAkAv940/ HTTP/1.0" 200 23002 "-" "Mozilla/5.0 AppleWebKit/537.36 (KHTML, like Gecko; compatible; GPTBot/1.2; +https://openai.com/gptbot)"
20.171.207.160 - - [15/Oct/2025:14:03:17 +0000] "GET /pages.php?q-~3Gsjy2kcBJW8wUvgpFVRu0CNwebVTxl30722/ HTTP/1.0" 200 22670 "-" "Mozilla/5.0 AppleWebKit/537.36 (KHTML, like Gecko; compatible; GPTBot/1.2; +https://openai.com/gptbot)"
20.171.207.160 - - [15/Oct/2025:14:03:20 +0000] "GET /pages.php?q-~1Ehnh2RoMTrcHQY15wrhST9YHpbzIlm1774/ HTTP/1.0" 200 23247 "-" "Mozilla/5.0 AppleWebKit/537.36 (KHTML, like Gecko; compatible; GPTBot/1.2; +https://openai.com/gptbot)"
20.171.207.160 - - [15/Oct/2025:14:03:27 +0000] "GET /pages.php?q-~81QTvhlXNcJtsyqBvF5aIY8NJPD0IL8n5142/ HTTP/1.0" 200 22228 "-" "Mozilla/5.0 AppleWebKit/537.36 (KHTML, like Gecko; compatible; GPTBot/1.2; +https://openai.com/gptbot)"
20.171.207.160 - - [15/Oct/2025:14:03:30 +0000] "GET /pages.php?m51570741097 HTTP/1.0" 200 22591 "-" "Mozilla/5.0 AppleWebKit/537.36 (KHTML, like Gecko; compatible; GPTBot/1.2; +https://openai.com/gptbot)"
20.171.207.160 - - [15/Oct/2025:14:03:33 +0000] "GET /pages.php?m56601083616 HTTP/1.0" 200 21579 "-" "Mozilla/5.0 AppleWebKit/537.36 (KHTML, like Gecko; compatible; GPTBot/1.2; +https://openai.com/gptbot)"
20.171.207.160 - - [15/Oct/2025:14:03:36 +0000] "GET /pages.php?m72849443948 HTTP/1.0" 200 22684 "-" "Mozilla/5.0 AppleWebKit/537.36 (KHTML, like Gecko; compatible; GPTBot/1.2; +https://openai.com/gptbot)"
20.171.207.160 - - [15/Oct/2025:14:03:40 +0000] "GET /pages.php?category/160_598/1 HTTP/1.0" 200 22503 "-" "Mozilla/5.0 AppleWebKit/537.36 (KHTML, like Gecko; compatible; GPTBot/1.2; +https://openai.com/gptbot)"
20.171.207.160 - - [15/Oct/2025:14:03:43 +0000] "GET /pages.php?m14343437147 HTTP/1.0" 200 22183 "-" "Mozilla/5.0 AppleWebKit/537.36 (KHTML, like Gecko; compatible; GPTBot/1.2; +https://openai.com/gptbot)"
20.171.207.160 - - [15/Oct/2025:14:03:49 +0000] "GET /pages.php?items/005025351.html?srsltid=AfmBOoyeevDXSyTPinxdljAEJHvkiQVx2YH6AUkS6y4yvmgrYoos HTTP/1.0" 200 23118 "-" "Mozilla/5.0 AppleWebKit/537.36 (KHTML, like Gecko; compatible; GPTBot/1.2; +https://openai.com/gptbot)"
20.171.207.160 - - [15/Oct/2025:14:03:59 +0000] "GET /pages.php?pocchi-shop-m-4518340584532 HTTP/1.0" 200 22300 "-" "Mozilla/5.0 AppleWebKit/537.36 (KHTML, like Gecko; compatible; GPTBot/1.2; +https://openai.com/gptbot)"
20.171.207.160 - - [15/Oct/2025:14:04:08 +0000] "GET /pages.php?69907025 HTTP/1.0" 200 22019 "-" "Mozilla/5.0 AppleWebKit/537.36 (KHTML, like Gecko; compatible; GPTBot/1.2; +https://openai.com/gptbot)"
20.171.207.160 - - [15/Oct/2025:14:04:16 +0000] "GET /pages.php?m33332993535 HTTP/1.0" 200 22162 "-" "Mozilla/5.0 AppleWebKit/537.36 (KHTML, like Gecko; compatible; GPTBot/1.2; +https://openai.com/gptbot)"
20.171.207.160 - - [15/Oct/2025:14:04:42 +0000] "GET /pages.php?washi-pyye002l HTTP/1.0" 200 22048 "-" "Mozilla/5.0 AppleWebKit/537.36 (KHTML, like Gecko; compatible; GPTBot/1.2; +https://openai.com/gptbot)"
20.171.207.160 - - [15/Oct/2025:14:04:47 +0000] "GET /pages.php?q-~72WGwduJcE6wMyBTvqLuOazUe69ucwUZ949/ HTTP/1.0" 200 21661 "-" "Mozilla/5.0 AppleWebKit/537.36 (KHTML, like Gecko; compatible; GPTBot/1.2; +https://openai.com/gptbot)"
20.171.207.160 - - [15/Oct/2025:14:04:56 +0000] "GET /pages.php?hcvalor-eshop-trusco-6959223 HTTP/1.0" 200 22474 "-" "Mozilla/5.0 AppleWebKit/537.36 (KHTML, like Gecko; compatible; GPTBot/1.2; +https://openai.com/gptbot)"
20.171.207.160 - - [15/Oct/2025:14:05:00 +0000] "GET /pages.php?q-~4ZGk1WPjJDjqlXZUqjJtrwJHqSHZrMw32883/ HTTP/1.0" 200 22556 "-" "Mozilla/5.0 AppleWebKit/537.36 (KHTML, like Gecko; compatible; GPTBot/1.2; +https://openai.com/gptbot)"
20.171.207.160 - - [15/Oct/2025:14:05:03 +0000] "GET /pages.php?q-~207lcy7QerWIIdALdbMDXfzpkIw3BGGkP13336/ HTTP/1.0" 200 22092 "-" "Mozilla/5.0 AppleWebKit/537.36 (KHTML, like Gecko; compatible; GPTBot/1.2; +https://openai.com/gptbot)"
20.171.207.160 - - [15/Oct/2025:14:05:09 +0000] "GET /pages.php?q-~80SK3nWxYy7kODFqMuIlYXXxTWzrfZuh8419/ HTTP/1.0" 200 22210 "-" "Mozilla/5.0 AppleWebKit/537.36 (KHTML, like Gecko; compatible; GPTBot/1.2; +https://openai.com/gptbot)"
20.171.207.160 - - [15/Oct/2025:14:05:12 +0000] "GET /pages.php?SMGP2038DAD381EM095439 HTTP/1.0" 200 23226 "-" "Mozilla/5.0 AppleWebKit/537.36 (KHTML, like Gecko; compatible; GPTBot/1.2; +https://openai.com/gptbot)"
20.171.207.160 - - [15/Oct/2025:14:05:16 +0000] "GET /pages.php?q-~79eYJnQSytG05uIXWSguuwMCwQn8xsyY792/ HTTP/1.0" 200 22934 "-" "Mozilla/5.0 AppleWebKit/537.36 (KHTML, like Gecko; compatible; GPTBot/1.2; +https://openai.com/gptbot)"
20.171.207.160 - - [15/Oct/2025:14:05:19 +0000] "GET /pages.php?q-~79bUoWxSZ5AB3fGXrmR7pxZgz9ODOpBH6990/ HTTP/1.0" 200 22264 "-" "Mozilla/5.0 AppleWebKit/537.36 (KHTML, like Gecko; compatible; GPTBot/1.2; +https://openai.com/gptbot)"
20.171.207.160 - - [15/Oct/2025:14:05:22 +0000] "GET /pages.php?q-~98pmvLYjHp29ioO66VuUiVqsF8SwAGdP755/ HTTP/1.0" 200 22924 "-" "Mozilla/5.0 AppleWebKit/537.36 (KHTML, like Gecko; compatible; GPTBot/1.2; +https://openai.com/gptbot)"
20.171.207.160 - - [15/Oct/2025:14:05:25 +0000] "GET /pages.php?q-~98WgpkhVYb9Eqf0amOLbwoq9FW7QPLRg4905/ HTTP/1.0" 200 23320 "-" "Mozilla/5.0 AppleWebKit/537.36 (KHTML, like Gecko; compatible; GPTBot/1.2; +https://openai.com/gptbot)"
20.171.207.160 - - [15/Oct/2025:14:05:31 +0000] "GET /pages.php?m83834444905 HTTP/1.0" 200 22462 "-" "Mozilla/5.0 AppleWebKit/537.36 (KHTML, like Gecko; compatible; GPTBot/1.2; +https://openai.com/gptbot)"
20.171.207.160 - - [15/Oct/2025:14:05:34 +0000] "GET /pages.php?m47298526449 HTTP/1.0" 200 23040 "-" "Mozilla/5.0 AppleWebKit/537.36 (KHTML, like Gecko; compatible; GPTBot/1.2; +https://openai.com/gptbot)"
20.171.207.160 - - [15/Oct/2025:14:05:38 +0000] "GET /pages.php?category/196_575/1 HTTP/1.0" 200 21746 "-" "Mozilla/5.0 AppleWebKit/537.36 (KHTML, like Gecko; compatible; GPTBot/1.2; +https://openai.com/gptbot)"
20.171.207.160 - - [15/Oct/2025:14:05:41 +0000] "GET /pages.php?m48885744575 HTTP/1.0" 200 22211 "-" "Mozilla/5.0 AppleWebKit/537.36 (KHTML, like Gecko; compatible; GPTBot/1.2; +https://openai.com/gptbot)"
20.171.207.160 - - [15/Oct/2025:14:05:44 +0000] "GET /pages.php?q-~6o6NOHYjElmLgLwwhP7eXIwLNHb5tZu41735/ HTTP/1.0" 200 22330 "-" "Mozilla/5.0 AppleWebKit/537.36 (KHTML, like Gecko; compatible; GPTBot/1.2; +https://openai.com/gptbot)"
20.171.207.160 - - [15/Oct/2025:14:05:47 +0000] "GET /pages.php?m36541038030 HTTP/1.0" 200 22496 "-" "Mozilla/5.0 AppleWebKit/537.36 (KHTML, like Gecko; compatible; GPTBot/1.2; +https://openai.com/gptbot)"
20.171.207.160 - - [15/Oct/2025:14:05:50 +0000] "GET /pages.php?q-~9ZzKbZycAeCpIzDx4QCwwUgvgmJAT8m368/ HTTP/1.0" 200 23009 "-" "Mozilla/5.0 AppleWebKit/537.36 (KHTML, like Gecko; compatible; GPTBot/1.2; +https://openai.com/gptbot)"
20.171.207.160 - - [15/Oct/2025:14:05:53 +0000] "GET /pages.php?asty-shop-k0-1xnbtmw7x5-fjs5 HTTP/1.0" 200 22079 "-" "Mozilla/5.0 AppleWebKit/537.36 (KHTML, like Gecko; compatible; GPTBot/1.2; +https://openai.com/gptbot)"
20.171.207.160 - - [15/Oct/2025:14:05:57 +0000] "GET /pages.php?q-~33lWYAxFdtRnXUGIiJiRw7UkqpUvP0uU7046/ HTTP/1.0" 200 22663 "-" "Mozilla/5.0 AppleWebKit/537.36 (KHTML, like Gecko; compatible; GPTBot/1.2; +https://openai.com/gptbot)"
20.171.207.160 - - [15/Oct/2025:14:06:00 +0000] "GET /pages.php?SSOT1365D-R09254EW011331 HTTP/1.0" 200 22247 "-" "Mozilla/5.0 AppleWebKit/537.36 (KHTML, like Gecko; compatible; GPTBot/1.2; +https://openai.com/gptbot)"
20.171.207.160 - - [15/Oct/2025:14:06:03 +0000] "GET /pages.php?q-~74EOsyQQfLmb0GMC9xLvNdyNd20HJOQo18919/ HTTP/1.0" 200 21765 "-" "Mozilla/5.0 AppleWebKit/537.36 (KHTML, like Gecko; compatible; GPTBot/1.2; +https://openai.com/gptbot)"
20.171.207.160 - - [15/Oct/2025:14:06:06 +0000] "GET /pages.php?at-shop-189057c01-50 HTTP/1.0" 200 22413 "-" "Mozilla/5.0 AppleWebKit/537.36 (KHTML, like Gecko; compatible; GPTBot/1.2; +https://openai.com/gptbot)"
20.171.207.160 - - [15/Oct/2025:14:06:09 +0000] "GET /pages.php?1066951117 HTTP/1.0" 200 22011 "-" "Mozilla/5.0 AppleWebKit/537.36 (KHTML, like Gecko; compatible; GPTBot/1.2; +https://openai.com/gptbot)"
20.171.207.160 - - [15/Oct/2025:14:06:13 +0000] "GET /pages.php?q-~98jBkZaRrOXUKQ7aZBhsRncuqJltPNmX115/ HTTP/1.0" 200 22696 "-" "Mozilla/5.0 AppleWebKit/537.36 (KHTML, like Gecko; compatible; GPTBot/1.2; +https://openai.com/gptbot)"
20.171.207.160 - - [15/Oct/2025:14:06:16 +0000] "GET /pages.php?q-~198hqrA8zgKZOl53ZDDDpNJdEvVdmvcAJ42427/ HTTP/1.0" 200 22076 "-" "Mozilla/5.0 AppleWebKit/537.36 (KHTML, like Gecko; compatible; GPTBot/1.2; +https://openai.com/gptbot)"
20.171.207.160 - - [15/Oct/2025:14:06:19 +0000] "GET /pages.php?category/5053_16512/1 HTTP/1.0" 200 22644 "-" "Mozilla/5.0 AppleWebKit/537.36 (KHTML, like Gecko; compatible; GPTBot/1.2; +https://openai.com/gptbot)"
20.171.207.160 - - [15/Oct/2025:14:06:22 +0000] "GET /pages.php?category/35_430_2827/1 HTTP/1.0" 200 22049 "-" "Mozilla/5.0 AppleWebKit/537.36 (KHTML, like Gecko; compatible; GPTBot/1.2; +https://openai.com/gptbot)"
20.171.207.160 - - [15/Oct/2025:14:06:25 +0000] "GET /pages.php?q-~89J1dno6WSPzHXF3KgVk82DKGQMXyNba450/ HTTP/1.0" 200 22243 "-" "Mozilla/5.0 AppleWebKit/537.36 (KHTML, like Gecko; compatible; GPTBot/1.2; +https://openai.com/gptbot)"
20.171.207.160 - - [15/Oct/2025:14:06:28 +0000] "GET /pages.php?q-~76G9bsTgflE8t8NAZt3HGkj9ahNZaUua45/ HTTP/1.0" 200 22113 "-" "Mozilla/5.0 AppleWebKit/537.36 (KHTML, like Gecko; compatible; GPTBot/1.2; +https://openai.com/gptbot)"
20.171.207.160 - - [15/Oct/2025:14:06:32 +0000] "GET /pages.php?setagaya-kagu-ds-2312952 HTTP/1.0" 200 22421 "-" "Mozilla/5.0 AppleWebKit/537.36 (KHTML, like Gecko; compatible; GPTBot/1.2; +https://openai.com/gptbot)"
20.171.207.160 - - [15/Oct/2025:14:06:35 +0000] "GET /pages.php?1119493343 HTTP/1.0" 200 22289 "-" "Mozilla/5.0 AppleWebKit/537.36 (KHTML, like Gecko; compatible; GPTBot/1.2; +https://openai.com/gptbot)"
20.171.207.160 - - [15/Oct/2025:14:06:38 +0000] "GET /pages.php?q-~37QkrxHhvDiY7BBvrYl7C7SVFN4iVJwT6694/ HTTP/1.0" 200 22975 "-" "Mozilla/5.0 AppleWebKit/537.36 (KHTML, like Gecko; compatible; GPTBot/1.2; +https://openai.com/gptbot)"
20.171.207.160 - - [15/Oct/2025:14:06:41 +0000] "GET /pages.php?q-~6Osdp3nPQD0N0n5nzRg0llcvYvRnKkw7977/ HTTP/1.0" 200 22244 "-" "Mozilla/5.0 AppleWebKit/537.36 (KHTML, like Gecko; compatible; GPTBot/1.2; +https://openai.com/gptbot)"
20.171.207.160 - - [15/Oct/2025:14:06:44 +0000] "GET /pages.php?m16008024122 HTTP/1.0" 200 23169 "-" "Mozilla/5.0 AppleWebKit/537.36 (KHTML, like Gecko; compatible; GPTBot/1.2; +https://openai.com/gptbot)"
20.171.207.160 - - [15/Oct/2025:14:06:48 +0000] "GET /pages.php?m16213207641 HTTP/1.0" 200 21895 "-" "Mozilla/5.0 AppleWebKit/537.36 (KHTML, like Gecko; compatible; GPTBot/1.2; +https://openai.com/gptbot)"
20.171.207.160 - - [15/Oct/2025:14:06:51 +0000] "GET /pages.php?m77062782811 HTTP/1.0" 200 23408 "-" "Mozilla/5.0 AppleWebKit/537.36 (KHTML, like Gecko; compatible; GPTBot/1.2; +https://openai.com/gptbot)"
20.171.207.160 - - [15/Oct/2025:14:06:54 +0000] "GET /pages.php?q-~3UkCYIjnSmKtau3nPEcb5Rn2A6jEsYH690/ HTTP/1.0" 200 22273 "-" "Mozilla/5.0 AppleWebKit/537.36 (KHTML, like Gecko; compatible; GPTBot/1.2; +https://openai.com/gptbot)"
20.171.207.160 - - [15/Oct/2025:14:06:57 +0000] "GET /pages.php?m41279454197 HTTP/1.0" 200 22429 "-" "Mozilla/5.0 AppleWebKit/537.36 (KHTML, like Gecko; compatible; GPTBot/1.2; +https://openai.com/gptbot)"
20.171.207.160 - - [15/Oct/2025:14:07:00 +0000] "GET /pages.php?l1169986406 HTTP/1.0" 200 23432 "-" "Mozilla/5.0 AppleWebKit/537.36 (KHTML, like Gecko; compatible; GPTBot/1.2; +https://openai.com/gptbot)"
20.171.207.160 - - [15/Oct/2025:14:07:03 +0000] "GET /pages.php?q-~28GY6kdMonN7zNflLckat3QyMJ7vJrTF903/ HTTP/1.0" 200 23359 "-" "Mozilla/5.0 AppleWebKit/537.36 (KHTML, like Gecko; compatible; GPTBot/1.2; +https://openai.com/gptbot)"
20.171.207.160 - - [15/Oct/2025:14:07:07 +0000] "GET /pages.php?k1155014985 HTTP/1.0" 200 22313 "-" "Mozilla/5.0 AppleWebKit/537.36 (KHTML, like Gecko; compatible; GPTBot/1.2; +https://openai.com/gptbot)"
20.171.207.160 - - [15/Oct/2025:14:07:10 +0000] "GET /pages.php?SSTC1319D-NO911BW11410 HTTP/1.0" 200 22101 "-" "Mozilla/5.0 AppleWebKit/537.36 (KHTML, like Gecko; compatible; GPTBot/1.2; +https://openai.com/gptbot)"
20.171.207.160 - - [15/Oct/2025:14:07:13 +0000] "GET /pages.php?q-~24ruNnHCfAZZkOP6zIUdKK0bhSBfuhAV6003/ HTTP/1.0" 200 22231 "-" "Mozilla/5.0 AppleWebKit/537.36 (KHTML, like Gecko; compatible; GPTBot/1.2; +https://openai.com/gptbot)"
20.171.207.160 - - [15/Oct/2025:14:07:16 +0000] "GET /pages.php?q-~217Z6j6VaqWSrMvILDp9qrSUQONZVFa2n180/ HTTP/1.0" 200 21714 "-" "Mozilla/5.0 AppleWebKit/537.36 (KHTML, like Gecko; compatible; GPTBot/1.2; +https://openai.com/gptbot)"
20.171.207.160 - - [15/Oct/2025:14:07:19 +0000] "GET /pages.php?q-~23EPXcOOz5qH7SQeIU5drhFOE0o8fPYY742/ HTTP/1.0" 200 22440 "-" "Mozilla/5.0 AppleWebKit/537.36 (KHTML, like Gecko; compatible; GPTBot/1.2; +https://openai.com/gptbot)"
20.171.207.160 - - [15/Oct/2025:14:07:23 +0000] "GET /pages.php?m24557527317 HTTP/1.0" 200 21961 "-" "Mozilla/5.0 AppleWebKit/537.36 (KHTML, like Gecko; compatible; GPTBot/1.2; +https://openai.com/gptbot)"
20.171.207.160 - - [15/Oct/2025:14:07:26 +0000] "GET /pages.php?category/59_6208_10254_10255/1 HTTP/1.0" 200 22326 "-" "Mozilla/5.0 AppleWebKit/537.36 (KHTML, like Gecko; compatible; GPTBot/1.2; +https://openai.com/gptbot)"
20.171.207.160 - - [15/Oct/2025:14:07:29 +0000] "GET /pages.php?87296834 HTTP/1.0" 200 22349 "-" "Mozilla/5.0 AppleWebKit/537.36 (KHTML, like Gecko; compatible; GPTBot/1.2; +https://openai.com/gptbot)"
20.171.207.160 - - [15/Oct/2025:14:07:32 +0000] "GET /pages.php?hcvalor-eshop-trusco-1813415 HTTP/1.0" 200 22182 "-" "Mozilla/5.0 AppleWebKit/537.36 (KHTML, like Gecko; compatible; GPTBot/1.2; +https://openai.com/gptbot)"
20.171.207.160 - - [15/Oct/2025:14:07:35 +0000] "GET /pages.php?q-~3NBDyajZS9PU5bTcRbDmh4tFOEGUQAX22346/ HTTP/1.0" 200 22397 "-" "Mozilla/5.0 AppleWebKit/537.36 (KHTML, like Gecko; compatible; GPTBot/1.2; +https://openai.com/gptbot)"
20.171.207.160 - - [15/Oct/2025:14:07:38 +0000] "GET /pages.php?q-~81ZaqXJrmivP7mvTC7hjsQWmzFWMPWdp8446/ HTTP/1.0" 200 23165 "-" "Mozilla/5.0 AppleWebKit/537.36 (KHTML, like Gecko; compatible; GPTBot/1.2; +https://openai.com/gptbot)"
20.171.207.160 - - [15/Oct/2025:14:07:41 +0000] "GET /pages.php?hirochishop-2-dt119-tn HTTP/1.0" 200 22352 "-" "Mozilla/5.0 AppleWebKit/537.36 (KHTML, like Gecko; compatible; GPTBot/1.2; +https://openai.com/gptbot)"
20.171.207.160 - - [15/Oct/2025:14:07:45 +0000] "GET /pages.php?708888614 HTTP/1.0" 200 21761 "-" "Mozilla/5.0 AppleWebKit/537.36 (KHTML, like Gecko; compatible; GPTBot/1.2; +https://openai.com/gptbot)"
20.171.207.160 - - [15/Oct/2025:14:07:48 +0000] "GET /pages.php?q-~8zoyWxkAUMbUtUeokTO2PjYk0wV1gUb23011/ HTTP/1.0" 200 21637 "-" "Mozilla/5.0 AppleWebKit/537.36 (KHTML, like Gecko; compatible; GPTBot/1.2; +https://openai.com/gptbot)"
20.171.207.160 - - [15/Oct/2025:14:07:51 +0000] "GET /pages.php?m55586921446 HTTP/1.0" 200 22144 "-" "Mozilla/5.0 AppleWebKit/537.36 (KHTML, like Gecko; compatible; GPTBot/1.2; +https://openai.com/gptbot)"
20.171.207.160 - - [15/Oct/2025:14:07:54 +0000] "GET /pages.php?category/192_1025/1 HTTP/1.0" 200 22170 "-" "Mozilla/5.0 AppleWebKit/537.36 (KHTML, like Gecko; compatible; GPTBot/1.2; +https://openai.com/gptbot)"
20.171.207.160 - - [15/Oct/2025:14:07:57 +0000] "GET /pages.php?q-~65LhWAIMYS7hEnMopkyCx7hHiMHkYPBu972/ HTTP/1.0" 200 21795 "-" "Mozilla/5.0 AppleWebKit/537.36 (KHTML, like Gecko; compatible; GPTBot/1.2; +https://openai.com/gptbot)"
20.171.207.160 - - [15/Oct/2025:14:08:00 +0000] "GET /pages.php?biccamera-4963360121791 HTTP/1.0" 200 22274 "-" "Mozilla/5.0 AppleWebKit/537.36 (KHTML, like Gecko; compatible; GPTBot/1.2; +https://openai.com/gptbot)"
20.171.207.160 - - [15/Oct/2025:14:08:03 +0000] "GET /pages.php?q-~84pH2Qs5oXG0iyEwC4TZjKTRpywnnRZS565/ HTTP/1.0" 200 22468 "-" "Mozilla/5.0 AppleWebKit/537.36 (KHTML, like Gecko; compatible; GPTBot/1.2; +https://openai.com/gptbot)"
20.171.207.160 - - [15/Oct/2025:14:08:07 +0000] "GET /pages.php?m89777970204 HTTP/1.0" 200 22194 "-" "Mozilla/5.0 AppleWebKit/537.36 (KHTML, like Gecko; compatible; GPTBot/1.2; +https://openai.com/gptbot)"
20.171.207.160 - - [15/Oct/2025:14:08:10 +0000] "GET /pages.php?q-~64U8o3TJ8NifqAoRRBcBk85elAkfSfAD505/ HTTP/1.0" 200 22203 "-" "Mozilla/5.0 AppleWebKit/537.36 (KHTML, like Gecko; compatible; GPTBot/1.2; +https://openai.com/gptbot)"
20.171.207.160 - - [15/Oct/2025:14:08:13 +0000] "GET /pages.php?m30393969706 HTTP/1.0" 200 22281 "-" "Mozilla/5.0 AppleWebKit/537.36 (KHTML, like Gecko; compatible; GPTBot/1.2; +https://openai.com/gptbot)"
20.171.207.160 - - [15/Oct/2025:14:08:16 +0000] "GET /pages.php?m77023036506 HTTP/1.0" 200 22664 "-" "Mozilla/5.0 AppleWebKit/537.36 (KHTML, like Gecko; compatible; GPTBot/1.2; +https://openai.com/gptbot)"
20.171.207.160 - - [15/Oct/2025:14:08:19 +0000] "GET /pages.php?q-~16u77PLVHPmyWqhYa3IpjGZqXpp8Kd8x849/ HTTP/1.0" 200 21930 "-" "Mozilla/5.0 AppleWebKit/537.36 (KHTML, like Gecko; compatible; GPTBot/1.2; +https://openai.com/gptbot)"
20.171.207.160 - - [15/Oct/2025:14:08:22 +0000] "GET /pages.php?q-~93vVKsVlalbS1PENsfDJGeHjzWgtPDuI250/ HTTP/1.0" 200 22327 "-" "Mozilla/5.0 AppleWebKit/537.36 (KHTML, like Gecko; compatible; GPTBot/1.2; +https://openai.com/gptbot)"
20.171.207.160 - - [15/Oct/2025:14:08:26 +0000] "GET /pages.php?m33893113366 HTTP/1.0" 200 23377 "-" "Mozilla/5.0 AppleWebKit/537.36 (KHTML, like Gecko; compatible; GPTBot/1.2; +https://openai.com/gptbot)"
20.171.207.160 - - [15/Oct/2025:14:08:29 +0000] "GET /pages.php?m55235457370 HTTP/1.0" 200 23340 "-" "Mozilla/5.0 AppleWebKit/537.36 (KHTML, like Gecko; compatible; GPTBot/1.2; +https://openai.com/gptbot)"
20.171.207.160 - - [15/Oct/2025:14:08:32 +0000] "GET /pages.php?SHMP0071D-MA6486AW000400 HTTP/1.0" 200 22921 "-" "Mozilla/5.0 AppleWebKit/537.36 (KHTML, like Gecko; compatible; GPTBot/1.2; +https://openai.com/gptbot)"
20.171.207.160 - - [15/Oct/2025:14:08:35 +0000] "GET /pages.php?m44369215191 HTTP/1.0" 200 22100 "-" "Mozilla/5.0 AppleWebKit/537.36 (KHTML, like Gecko; compatible; GPTBot/1.2; +https://openai.com/gptbot)"
20.171.207.160 - - [15/Oct/2025:14:08:38 +0000] "GET /pages.php?m66915314495 HTTP/1.0" 200 22161 "-" "Mozilla/5.0 AppleWebKit/537.36 (KHTML, like Gecko; compatible; GPTBot/1.2; +https://openai.com/gptbot)"
20.171.207.160 - - [15/Oct/2025:14:08:41 +0000] "GET /pages.php?q-~177r5PomWvIGx4XMqHnVTj7tklcxQDRXp598/ HTTP/1.0" 200 21918 "-" "Mozilla/5.0 AppleWebKit/537.36 (KHTML, like Gecko; compatible; GPTBot/1.2; +https://openai.com/gptbot)"
20.171.207.160 - - [15/Oct/2025:14:08:45 +0000] "GET /pages.php?m43012708042 HTTP/1.0" 200 21941 "-" "Mozilla/5.0 AppleWebKit/537.36 (KHTML, like Gecko; compatible; GPTBot/1.2; +https://openai.com/gptbot)"
20.171.207.160 - - [15/Oct/2025:14:08:51 +0000] "GET /pages.php?1068373293 HTTP/1.0" 200 22715 "-" "Mozilla/5.0 AppleWebKit/537.36 (KHTML, like Gecko; compatible; GPTBot/1.2; +https://openai.com/gptbot)"
20.171.207.160 - - [15/Oct/2025:14:08:54 +0000] "GET /pages.php?q-~50ffFUJSzi6yrL7Bd2nyVfBbGFZucnyq979/ HTTP/1.0" 200 22471 "-" "Mozilla/5.0 AppleWebKit/537.36 (KHTML, like Gecko; compatible; GPTBot/1.2; +https://openai.com/gptbot)"
20.171.207.160 - - [15/Oct/2025:14:08:57 +0000] "GET /pages.php?m86632119698 HTTP/1.0" 200 22055 "-" "Mozilla/5.0 AppleWebKit/537.36 (KHTML, like Gecko; compatible; GPTBot/1.2; +https://openai.com/gptbot)"
20.171.207.160 - - [15/Oct/2025:14:09:00 +0000] "GET /pages.php?m82508275892 HTTP/1.0" 200 22321 "-" "Mozilla/5.0 AppleWebKit/537.36 (KHTML, like Gecko; compatible; GPTBot/1.2; +https://openai.com/gptbot)"
20.171.207.160 - - [15/Oct/2025:14:09:03 +0000] "GET /pages.php?m79794008985 HTTP/1.0" 200 21972 "-" "Mozilla/5.0 AppleWebKit/537.36 (KHTML, like Gecko; compatible; GPTBot/1.2; +https://openai.com/gptbot)"
