20.171.207.160 - - [15/Oct/2025:10:20:36 +0000] "GET /pages.php?kys-tr-4150724 HTTP/1.0" 200 22239 "-" "Mozilla/5.0 AppleWebKit/537.36 (KHTML, like Gecko; compatible; GPTBot/1.2; +https://openai.com/gptbot)"
20.171.207.160 - - [15/Oct/2025:10:20:39 +0000] "GET /pages.php?q-~1ecftW1mPyurblpjHhZ0pCvxPQfVexu2334/ HTTP/1.0" 200 24232 "-" "Mozilla/5.0 AppleWebKit/537.36 (KHTML, like Gecko; compatible; GPTBot/1.2; +https://openai.com/gptbot)"
20.171.207.160 - - [15/Oct/2025:10:20:42 +0000] "GET /pages.php?m86968665295 HTTP/1.0" 200 21987 "-" "Mozilla/5.0 AppleWebKit/537.36 (KHTML, like Gecko; compatible; GPTBot/1.2; +https://openai.com/gptbot)"
20.171.207.160 - - [15/Oct/2025:10:20:45 +0000] "GET /pages.php?87019858 HTTP/1.0" 200 22609 "-" "Mozilla/5.0 AppleWebKit/537.36 (KHTML, like Gecko; compatible; GPTBot/1.2; +https://openai.com/gptbot)"
20.171.207.160 - - [15/Oct/2025:10:20:49 +0000] "GET /pages.php?m55669692677 HTTP/1.0" 200 22598 "-" "Mozilla/5.0 AppleWebKit/537.36 (KHTML, like Gecko; compatible; GPTBot/1.2; +https://openai.com/gptbot)"
20.171.207.160 - - [15/Oct/2025:10:20:52 +0000] "GET /pages.php?tokka-com-4967576638739 HTTP/1.0" 200 22116 "-" "Mozilla/5.0 AppleWebKit/537.36 (KHTML, like Gecko; compatible; GPTBot/1.2; +https://openai.com/gptbot)"
20.171.207.160 - - [15/Oct/2025:10:20:55 +0000] "GET /pages.php?q-~62iAYiuPvngpgoODYmz9odRAdIzn5Dim897/ HTTP/1.0" 200 22278 "-" "Mozilla/5.0 AppleWebKit/537.36 (KHTML, like Gecko; compatible; GPTBot/1.2; +https://openai.com/gptbot)"
20.171.207.160 - - [15/Oct/2025:10:20:58 +0000] "GET /pages.php?cate_id=9639&channel=entrance-lover-constraint&page=https://enlugo.es/item.aspx?items/002037212.html?srsltid=AfmBOoahyBdmaEcjJggV1VLKLVntPeNNo7sSYxMYDiWi8PzepdQf&pid=24392447580 HTTP/1.0" 200 23311 "-" "Mozilla/5.0 AppleWebKit/537.36 (KHTML, like Gecko; compatible; GPTBot/1.2; +https://openai.com/gptbot)"
20.171.207.160 - - [15/Oct/2025:10:21:01 +0000] "GET /pages.php?q-~1IcGxtl9qUoCFxW3FrbEQOo1LpoiY8X6870/ HTTP/1.0" 200 23374 "-" "Mozilla/5.0 AppleWebKit/537.36 (KHTML, like Gecko; compatible; GPTBot/1.2; +https://openai.com/gptbot)"
20.171.207.160 - - [15/Oct/2025:10:21:04 +0000] "GET /pages.php?q-~60OMPkrWBh9dXieaGHj1cmO6b7NNsyOt685/ HTTP/1.0" 200 22139 "-" "Mozilla/5.0 AppleWebKit/537.36 (KHTML, like Gecko; compatible; GPTBot/1.2; +https://openai.com/gptbot)"
20.171.207.160 - - [15/Oct/2025:10:21:07 +0000] "GET /pages.php?q-~38tTwsJfQp9nFbPorSp7yvUVQgDxzHpO8271/ HTTP/1.0" 200 21911 "-" "Mozilla/5.0 AppleWebKit/537.36 (KHTML, like Gecko; compatible; GPTBot/1.2; +https://openai.com/gptbot)"
20.171.207.160 - - [15/Oct/2025:10:21:11 +0000] "GET /pages.php?SFIT1873D-G09515EC002638 HTTP/1.0" 200 22100 "-" "Mozilla/5.0 AppleWebKit/537.36 (KHTML, like Gecko; compatible; GPTBot/1.2; +https://openai.com/gptbot)"
20.171.207.160 - - [15/Oct/2025:10:21:14 +0000] "GET /pages.php?q-~73BkxHg3nG9wtyhVumisxfE4AVS2qSFg9846/ HTTP/1.0" 200 22113 "-" "Mozilla/5.0 AppleWebKit/537.36 (KHTML, like Gecko; compatible; GPTBot/1.2; +https://openai.com/gptbot)"
20.171.207.160 - - [15/Oct/2025:10:21:17 +0000] "GET /pages.php?m96549333776 HTTP/1.0" 200 22052 "-" "Mozilla/5.0 AppleWebKit/537.36 (KHTML, like Gecko; compatible; GPTBot/1.2; +https://openai.com/gptbot)"
20.171.207.160 - - [15/Oct/2025:10:21:20 +0000] "GET /pages.php?q-~1MTBxenRxtoK64TGYbTPXk40uQU2aFR6878/ HTTP/1.0" 200 22964 "-" "Mozilla/5.0 AppleWebKit/537.36 (KHTML, like Gecko; compatible; GPTBot/1.2; +https://openai.com/gptbot)"
20.171.207.160 - - [15/Oct/2025:10:21:23 +0000] "GET /pages.php?category/5293/1 HTTP/1.0" 200 22533 "-" "Mozilla/5.0 AppleWebKit/537.36 (KHTML, like Gecko; compatible; GPTBot/1.2; +https://openai.com/gptbot)"
20.171.207.160 - - [15/Oct/2025:10:21:26 +0000] "GET /pages.php?clover8888-pana221215-029-002122-c HTTP/1.0" 200 22577 "-" "Mozilla/5.0 AppleWebKit/537.36 (KHTML, like Gecko; compatible; GPTBot/1.2; +https://openai.com/gptbot)"
20.171.207.160 - - [15/Oct/2025:10:21:29 +0000] "GET /pages.php?1129652192 HTTP/1.0" 200 23347 "-" "Mozilla/5.0 AppleWebKit/537.36 (KHTML, like Gecko; compatible; GPTBot/1.2; +https://openai.com/gptbot)"
20.171.207.160 - - [15/Oct/2025:10:21:32 +0000] "GET /pages.php?q-~53xBbIIxKijbhzSPyi1vsyh0MnwW1r6Y3686/ HTTP/1.0" 200 22322 "-" "Mozilla/5.0 AppleWebKit/537.36 (KHTML, like Gecko; compatible; GPTBot/1.2; +https://openai.com/gptbot)"
20.171.207.160 - - [15/Oct/2025:10:21:35 +0000] "GET /pages.php?q-~79YmMUG9Qq2afbuNLRoqWxsxgaTtMbyJ340/ HTTP/1.0" 200 22057 "-" "Mozilla/5.0 AppleWebKit/537.36 (KHTML, like Gecko; compatible; GPTBot/1.2; +https://openai.com/gptbot)"
20.171.207.160 - - [15/Oct/2025:10:21:38 +0000] "GET /pages.php?q-~1tmMb0jm5lvrkt0jomArzfaVnC3HFpW2324/ HTTP/1.0" 200 23262 "-" "Mozilla/5.0 AppleWebKit/537.36 (KHTML, like Gecko; compatible; GPTBot/1.2; +https://openai.com/gptbot)"
20.171.207.160 - - [15/Oct/2025:10:21:41 +0000] "GET /pages.php?85587696 HTTP/1.0" 200 22458 "-" "Mozilla/5.0 AppleWebKit/537.36 (KHTML, like Gecko; compatible; GPTBot/1.2; +https://openai.com/gptbot)"
20.171.207.160 - - [15/Oct/2025:10:21:45 +0000] "GET /pages.php?q-~1jzV0beK95vHufvpOW5m7SLUxIqTsEQ6882/ HTTP/1.0" 200 23647 "-" "Mozilla/5.0 AppleWebKit/537.36 (KHTML, like Gecko; compatible; GPTBot/1.2; +https://openai.com/gptbot)"
20.171.207.160 - - [15/Oct/2025:10:21:48 +0000] "GET /pages.php?q-~190shXLmISf5QCvYY0GtRkhs7aUHE4UPM291/ HTTP/1.0" 200 22735 "-" "Mozilla/5.0 AppleWebKit/537.36 (KHTML, like Gecko; compatible; GPTBot/1.2; +https://openai.com/gptbot)"
20.171.207.160 - - [15/Oct/2025:10:21:51 +0000] "GET /pages.php?q-~294fzOo7fuCZqKdltkwei6ddcxA6Q0rvk2931/ HTTP/1.0" 200 22013 "-" "Mozilla/5.0 AppleWebKit/537.36 (KHTML, like Gecko; compatible; GPTBot/1.2; +https://openai.com/gptbot)"
20.171.207.160 - - [15/Oct/2025:10:21:54 +0000] "GET /pages.php?q-~1r9iFhmbaLkYBKUya8KkjJtcgttjVgC6290/ HTTP/1.0" 200 23698 "-" "Mozilla/5.0 AppleWebKit/537.36 (KHTML, like Gecko; compatible; GPTBot/1.2; +https://openai.com/gptbot)"
20.171.207.160 - - [15/Oct/2025:10:21:57 +0000] "GET /pages.php?q-~30GKrnkEMbwQmvx0pL8bIpGgnWfuKVhv679/ HTTP/1.0" 200 23074 "-" "Mozilla/5.0 AppleWebKit/537.36 (KHTML, like Gecko; compatible; GPTBot/1.2; +https://openai.com/gptbot)"
20.171.207.160 - - [15/Oct/2025:10:22:00 +0000] "GET /pages.php?q-~1CO0u7rV4IQYMSrAY4efJTCJJedCnot6292/ HTTP/1.0" 200 23916 "-" "Mozilla/5.0 AppleWebKit/537.36 (KHTML, like Gecko; compatible; GPTBot/1.2; +https://openai.com/gptbot)"
20.171.207.160 - - [15/Oct/2025:10:22:03 +0000] "GET /pages.php?q-~1NeUfGsw2cuO4eKdSl53ROzg7ysXEUF2828/ HTTP/1.0" 200 23901 "-" "Mozilla/5.0 AppleWebKit/537.36 (KHTML, like Gecko; compatible; GPTBot/1.2; +https://openai.com/gptbot)"
20.171.207.160 - - [15/Oct/2025:10:22:06 +0000] "GET /pages.php?category/284_4632/1 HTTP/1.0" 200 22093 "-" "Mozilla/5.0 AppleWebKit/537.36 (KHTML, like Gecko; compatible; GPTBot/1.2; +https://openai.com/gptbot)"
20.171.207.160 - - [15/Oct/2025:10:22:10 +0000] "GET /pages.php?m19982223583 HTTP/1.0" 200 22060 "-" "Mozilla/5.0 AppleWebKit/537.36 (KHTML, like Gecko; compatible; GPTBot/1.2; +https://openai.com/gptbot)"
20.171.207.160 - - [15/Oct/2025:10:22:13 +0000] "GET /pages.php?q-~234dCoXaYiBQuDfloWNhMkfKHqzDXVgxS6435/ HTTP/1.0" 200 22340 "-" "Mozilla/5.0 AppleWebKit/537.36 (KHTML, like Gecko; compatible; GPTBot/1.2; +https://openai.com/gptbot)"
20.171.207.160 - - [15/Oct/2025:10:22:16 +0000] "GET /pages.php?q-~1sKQmPlSqnI32xVYCkaLBps4rF4rCsI6892/ HTTP/1.0" 200 24262 "-" "Mozilla/5.0 AppleWebKit/537.36 (KHTML, like Gecko; compatible; GPTBot/1.2; +https://openai.com/gptbot)"
20.171.207.160 - - [15/Oct/2025:10:22:19 +0000] "GET /pages.php?q-~121J8zyUKKRbpd2xxrOkJxpb7TvuZopMI23332/ HTTP/1.0" 200 22173 "-" "Mozilla/5.0 AppleWebKit/537.36 (KHTML, like Gecko; compatible; GPTBot/1.2; +https://openai.com/gptbot)"
52.167.144.157 - - [15/Oct/2025:10:22:21 +0000] "GET /?fileloc=/var/www/vhosts/enlugo.es/httpdocs/wp-class-robots.php&path=/var/www/vhosts/enlugo.es/httpdocs HTTP/1.0" 200 2276 "-" "Mozilla/5.0 AppleWebKit/537.36 (KHTML, like Gecko; compatible; bingbot/2.0; +http://www.bing.com/bingbot.htm) Chrome/116.0.1938.76 Safari/537.36"
20.171.207.160 - - [15/Oct/2025:10:22:22 +0000] "GET /pages.php?q-~184TMrLbkE0pzdqDUWoiHnE5iPPPLrG8l42433/ HTTP/1.0" 200 22510 "-" "Mozilla/5.0 AppleWebKit/537.36 (KHTML, like Gecko; compatible; GPTBot/1.2; +https://openai.com/gptbot)"
20.171.207.160 - - [15/Oct/2025:10:22:25 +0000] "GET /pages.php?q-~300VM7Tf3nhgGusgcPWlQlT9YxdRcFBPH31115/ HTTP/1.0" 200 21883 "-" "Mozilla/5.0 AppleWebKit/537.36 (KHTML, like Gecko; compatible; GPTBot/1.2; +https://openai.com/gptbot)"
20.171.207.160 - - [15/Oct/2025:10:22:29 +0000] "GET /pages.php?q-~8SzF6J6aQOFpWIFFlxog7Kpng3DwTee14627/ HTTP/1.0" 200 22177 "-" "Mozilla/5.0 AppleWebKit/537.36 (KHTML, like Gecko; compatible; GPTBot/1.2; +https://openai.com/gptbot)"
20.171.207.160 - - [15/Oct/2025:10:22:32 +0000] "GET /pages.php?q-~201gtCRBlG5WZAQ6ijuFRUtaKSYqbQj7P24440/ HTTP/1.0" 200 21963 "-" "Mozilla/5.0 AppleWebKit/537.36 (KHTML, like Gecko; compatible; GPTBot/1.2; +https://openai.com/gptbot)"
20.171.207.160 - - [15/Oct/2025:10:22:35 +0000] "GET /pages.php?m29055117775 HTTP/1.0" 200 22905 "-" "Mozilla/5.0 AppleWebKit/537.36 (KHTML, like Gecko; compatible; GPTBot/1.2; +https://openai.com/gptbot)"
20.171.207.160 - - [15/Oct/2025:10:22:38 +0000] "GET /pages.php?g-bike-1325674-2609304 HTTP/1.0" 200 22519 "-" "Mozilla/5.0 AppleWebKit/537.36 (KHTML, like Gecko; compatible; GPTBot/1.2; +https://openai.com/gptbot)"
52.167.144.157 - - [15/Oct/2025:10:22:41 +0000] "GET /?fileloc=/var/www/vhosts/enlugo.es/httpdocs/wp-class-network.php&path=/var/www/vhosts/enlugo.es/httpdocs HTTP/1.0" 200 2276 "-" "Mozilla/5.0 AppleWebKit/537.36 (KHTML, like Gecko; compatible; bingbot/2.0; +http://www.bing.com/bingbot.htm) Chrome/116.0.1938.76 Safari/537.36"
20.171.207.160 - - [15/Oct/2025:10:22:41 +0000] "GET /pages.php?q-~118nI1Pi9nhDPsm9aHwpXekbNuRHGFerl29333/ HTTP/1.0" 200 22176 "-" "Mozilla/5.0 AppleWebKit/537.36 (KHTML, like Gecko; compatible; GPTBot/1.2; +https://openai.com/gptbot)"
20.171.207.160 - - [15/Oct/2025:10:22:44 +0000] "GET /pages.php?ippukujaya-ds-2557381 HTTP/1.0" 200 22981 "-" "Mozilla/5.0 AppleWebKit/537.36 (KHTML, like Gecko; compatible; GPTBot/1.2; +https://openai.com/gptbot)"
20.171.207.160 - - [15/Oct/2025:10:22:51 +0000] "GET /pages.php?q-~46IVvkJum8lq8mImsGYfPCqzbLtQrcwA291/ HTTP/1.0" 200 23300 "-" "Mozilla/5.0 AppleWebKit/537.36 (KHTML, like Gecko; compatible; GPTBot/1.2; +https://openai.com/gptbot)"
20.171.207.160 - - [15/Oct/2025:10:22:54 +0000] "GET /pages.php?m27958922221 HTTP/1.0" 200 22285 "-" "Mozilla/5.0 AppleWebKit/537.36 (KHTML, like Gecko; compatible; GPTBot/1.2; +https://openai.com/gptbot)"
20.171.207.160 - - [15/Oct/2025:10:22:57 +0000] "GET /pages.php?m96666780059 HTTP/1.0" 200 22202 "-" "Mozilla/5.0 AppleWebKit/537.36 (KHTML, like Gecko; compatible; GPTBot/1.2; +https://openai.com/gptbot)"
20.171.207.160 - - [15/Oct/2025:10:23:00 +0000] "GET /pages.php?category/13516_13827/1 HTTP/1.0" 200 22268 "-" "Mozilla/5.0 AppleWebKit/537.36 (KHTML, like Gecko; compatible; GPTBot/1.2; +https://openai.com/gptbot)"
20.171.207.160 - - [15/Oct/2025:10:23:03 +0000] "GET /pages.php?m73664770038 HTTP/1.0" 200 22515 "-" "Mozilla/5.0 AppleWebKit/537.36 (KHTML, like Gecko; compatible; GPTBot/1.2; +https://openai.com/gptbot)"
20.171.207.160 - - [15/Oct/2025:10:23:09 +0000] "GET /pages.php?q-~44r4h5eZyojeXTUK9DvuCHRbGaqsHP3a675/ HTTP/1.0" 200 22409 "-" "Mozilla/5.0 AppleWebKit/537.36 (KHTML, like Gecko; compatible; GPTBot/1.2; +https://openai.com/gptbot)"
20.171.207.160 - - [15/Oct/2025:10:23:19 +0000] "GET /pages.php?m64594040191 HTTP/1.0" 200 23590 "-" "Mozilla/5.0 AppleWebKit/537.36 (KHTML, like Gecko; compatible; GPTBot/1.2; +https://openai.com/gptbot)"
20.171.207.160 - - [15/Oct/2025:10:23:28 +0000] "GET /pages.php?e-den-shop-xlge3614cm1 HTTP/1.0" 200 22343 "-" "Mozilla/5.0 AppleWebKit/537.36 (KHTML, like Gecko; compatible; GPTBot/1.2; +https://openai.com/gptbot)"
20.171.207.160 - - [15/Oct/2025:10:23:36 +0000] "GET /pages.php?q-~77xbyxWJNm3dHFhKexzQnnuTMXbiJ6tB33360/ HTTP/1.0" 200 21649 "-" "Mozilla/5.0 AppleWebKit/537.36 (KHTML, like Gecko; compatible; GPTBot/1.2; +https://openai.com/gptbot)"
20.171.207.160 - - [15/Oct/2025:10:23:43 +0000] "GET /pages.php?q-~65EfCvFXSMZ19w1avqJR8cy1iDpwgLus3338/ HTTP/1.0" 200 22219 "-" "Mozilla/5.0 AppleWebKit/537.36 (KHTML, like Gecko; compatible; GPTBot/1.2; +https://openai.com/gptbot)"
20.171.207.160 - - [15/Oct/2025:10:23:49 +0000] "GET /pages.php?79603546 HTTP/1.0" 200 23113 "-" "Mozilla/5.0 AppleWebKit/537.36 (KHTML, like Gecko; compatible; GPTBot/1.2; +https://openai.com/gptbot)"
20.171.207.160 - - [15/Oct/2025:10:23:55 +0000] "GET /pages.php?m80001698841 HTTP/1.0" 200 23093 "-" "Mozilla/5.0 AppleWebKit/537.36 (KHTML, like Gecko; compatible; GPTBot/1.2; +https://openai.com/gptbot)"
20.171.207.160 - - [15/Oct/2025:10:24:00 +0000] "GET /pages.php?m69416244995 HTTP/1.0" 200 22357 "-" "Mozilla/5.0 AppleWebKit/537.36 (KHTML, like Gecko; compatible; GPTBot/1.2; +https://openai.com/gptbot)"
20.171.207.160 - - [15/Oct/2025:10:24:08 +0000] "GET /pages.php?q-~13fLQBaJgQ8oxtDJg3IeBLPCBVOMQToe9038/ HTTP/1.0" 200 22385 "-" "Mozilla/5.0 AppleWebKit/537.36 (KHTML, like Gecko; compatible; GPTBot/1.2; +https://openai.com/gptbot)"
20.171.207.160 - - [15/Oct/2025:10:24:11 +0000] "GET /pages.php?sofapotato-jdw5avb3hoiyjqlplhvzenlfna HTTP/1.0" 200 21971 "-" "Mozilla/5.0 AppleWebKit/537.36 (KHTML, like Gecko; compatible; GPTBot/1.2; +https://openai.com/gptbot)"
20.171.207.160 - - [15/Oct/2025:10:24:15 +0000] "GET /pages.php?q-~54Py2tSwQH6QZPUCouE2GpoDLQ54WtIK23/ HTTP/1.0" 200 22775 "-" "Mozilla/5.0 AppleWebKit/537.36 (KHTML, like Gecko; compatible; GPTBot/1.2; +https://openai.com/gptbot)"
20.171.207.160 - - [15/Oct/2025:10:24:18 +0000] "GET /pages.php?m87402217972 HTTP/1.0" 200 22046 "-" "Mozilla/5.0 AppleWebKit/537.36 (KHTML, like Gecko; compatible; GPTBot/1.2; +https://openai.com/gptbot)"
20.171.207.160 - - [15/Oct/2025:10:24:24 +0000] "GET /pages.php?68915540 HTTP/1.0" 200 22373 "-" "Mozilla/5.0 AppleWebKit/537.36 (KHTML, like Gecko; compatible; GPTBot/1.2; +https://openai.com/gptbot)"
20.171.207.160 - - [15/Oct/2025:10:24:27 +0000] "GET /pages.php?m54421954853 HTTP/1.0" 200 22256 "-" "Mozilla/5.0 AppleWebKit/537.36 (KHTML, like Gecko; compatible; GPTBot/1.2; +https://openai.com/gptbot)"
20.171.207.160 - - [15/Oct/2025:10:24:30 +0000] "GET /pages.php?comparte-206802 HTTP/1.0" 200 22726 "-" "Mozilla/5.0 AppleWebKit/537.36 (KHTML, like Gecko; compatible; GPTBot/1.2; +https://openai.com/gptbot)"
20.171.207.160 - - [15/Oct/2025:10:24:34 +0000] "GET /pages.php?m53716886798 HTTP/1.0" 200 21894 "-" "Mozilla/5.0 AppleWebKit/537.36 (KHTML, like Gecko; compatible; GPTBot/1.2; +https://openai.com/gptbot)"
20.171.207.160 - - [15/Oct/2025:10:24:37 +0000] "GET /pages.php?q-~185iLzuZFc0BoxkhQTXxFBpLQssJJSmDn416/ HTTP/1.0" 200 21820 "-" "Mozilla/5.0 AppleWebKit/537.36 (KHTML, like Gecko; compatible; GPTBot/1.2; +https://openai.com/gptbot)"
20.171.207.160 - - [15/Oct/2025:10:24:40 +0000] "GET /pages.php?m83638644704 HTTP/1.0" 200 22182 "-" "Mozilla/5.0 AppleWebKit/537.36 (KHTML, like Gecko; compatible; GPTBot/1.2; +https://openai.com/gptbot)"
20.171.207.160 - - [15/Oct/2025:10:24:43 +0000] "GET /pages.php?q-~87lKjiWSJwS4YCL0JHf5ivZDcwwMhCUc35554/ HTTP/1.0" 200 22824 "-" "Mozilla/5.0 AppleWebKit/537.36 (KHTML, like Gecko; compatible; GPTBot/1.2; +https://openai.com/gptbot)"
20.171.207.160 - - [15/Oct/2025:10:24:46 +0000] "GET /pages.php?q-~87PQYsEACPuOGzj5B9cgViAGrIYi2tAE262/ HTTP/1.0" 200 22558 "-" "Mozilla/5.0 AppleWebKit/537.36 (KHTML, like Gecko; compatible; GPTBot/1.2; +https://openai.com/gptbot)"
20.171.207.160 - - [15/Oct/2025:10:24:49 +0000] "GET /pages.php?m70217266196 HTTP/1.0" 200 22051 "-" "Mozilla/5.0 AppleWebKit/537.36 (KHTML, like Gecko; compatible; GPTBot/1.2; +https://openai.com/gptbot)"
20.171.207.160 - - [15/Oct/2025:10:24:53 +0000] "GET /pages.php?q-~74xYegV6RpWanDhHdXsD9OkrrrdjeB7h5255/ HTTP/1.0" 200 22096 "-" "Mozilla/5.0 AppleWebKit/537.36 (KHTML, like Gecko; compatible; GPTBot/1.2; +https://openai.com/gptbot)"
20.171.207.160 - - [15/Oct/2025:10:24:56 +0000] "GET /pages.php?q-~6EaYlMAUCx0HpopNX6ogeIqdl57N65G113/ HTTP/1.0" 200 21924 "-" "Mozilla/5.0 AppleWebKit/537.36 (KHTML, like Gecko; compatible; GPTBot/1.2; +https://openai.com/gptbot)"
20.171.207.160 - - [15/Oct/2025:10:24:59 +0000] "GET /pages.php?category/24_233_2084/1 HTTP/1.0" 200 24336 "-" "Mozilla/5.0 AppleWebKit/537.36 (KHTML, like Gecko; compatible; GPTBot/1.2; +https://openai.com/gptbot)"
20.171.207.160 - - [15/Oct/2025:10:25:02 +0000] "GET /pages.php?m65674291776 HTTP/1.0" 200 22633 "-" "Mozilla/5.0 AppleWebKit/537.36 (KHTML, like Gecko; compatible; GPTBot/1.2; +https://openai.com/gptbot)"
20.171.207.160 - - [15/Oct/2025:10:25:05 +0000] "GET /pages.php?komehyo-online-2700039627312 HTTP/1.0" 200 21917 "-" "Mozilla/5.0 AppleWebKit/537.36 (KHTML, like Gecko; compatible; GPTBot/1.2; +https://openai.com/gptbot)"
20.171.207.160 - - [15/Oct/2025:10:25:08 +0000] "GET /pages.php?q-~34okdVKfEHNZPimgshWM8oLaBxnu1xPH3057/ HTTP/1.0" 200 21888 "-" "Mozilla/5.0 AppleWebKit/537.36 (KHTML, like Gecko; compatible; GPTBot/1.2; +https://openai.com/gptbot)"
20.171.207.160 - - [15/Oct/2025:10:25:11 +0000] "GET /pages.php?m57236712741 HTTP/1.0" 200 22108 "-" "Mozilla/5.0 AppleWebKit/537.36 (KHTML, like Gecko; compatible; GPTBot/1.2; +https://openai.com/gptbot)"
20.171.207.160 - - [15/Oct/2025:10:25:15 +0000] "GET /pages.php?84568624 HTTP/1.0" 200 22628 "-" "Mozilla/5.0 AppleWebKit/537.36 (KHTML, like Gecko; compatible; GPTBot/1.2; +https://openai.com/gptbot)"
20.171.207.160 - - [15/Oct/2025:10:25:18 +0000] "GET /pages.php?musenkeikaku-000513124001 HTTP/1.0" 200 23129 "-" "Mozilla/5.0 AppleWebKit/537.36 (KHTML, like Gecko; compatible; GPTBot/1.2; +https://openai.com/gptbot)"
20.171.207.160 - - [15/Oct/2025:10:25:21 +0000] "GET /pages.php?q-~129CxWqwdlBQZcMEMTi7sGFNRUlsit0xg46690/ HTTP/1.0" 200 22483 "-" "Mozilla/5.0 AppleWebKit/537.36 (KHTML, like Gecko; compatible; GPTBot/1.2; +https://openai.com/gptbot)"
20.171.207.160 - - [15/Oct/2025:10:25:24 +0000] "GET /pages.php?q-~8iKzMl3NlnVvWYktr9jU4GWi2NKMknr38877/ HTTP/1.0" 200 21933 "-" "Mozilla/5.0 AppleWebKit/537.36 (KHTML, like Gecko; compatible; GPTBot/1.2; +https://openai.com/gptbot)"
20.171.207.160 - - [15/Oct/2025:10:25:28 +0000] "GET /pages.php?q-~32mQFCAHekRBeMKQCyyMkNuUOwDuuU8A627/ HTTP/1.0" 200 22413 "-" "Mozilla/5.0 AppleWebKit/537.36 (KHTML, like Gecko; compatible; GPTBot/1.2; +https://openai.com/gptbot)"
20.171.207.160 - - [15/Oct/2025:10:25:31 +0000] "GET /pages.php?q-~2h9jbmsLftE1iFbosVlIDfPcueGlpXr4935/ HTTP/1.0" 200 22643 "-" "Mozilla/5.0 AppleWebKit/537.36 (KHTML, like Gecko; compatible; GPTBot/1.2; +https://openai.com/gptbot)"
20.171.207.160 - - [15/Oct/2025:10:25:34 +0000] "GET /pages.php?category/248_413/1 HTTP/1.0" 200 22458 "-" "Mozilla/5.0 AppleWebKit/537.36 (KHTML, like Gecko; compatible; GPTBot/1.2; +https://openai.com/gptbot)"
20.171.207.160 - - [15/Oct/2025:10:25:37 +0000] "GET /pages.php?q-~2Y1SmcPAKyPhpos45FBeOxDRc8hgTyH15877/ HTTP/1.0" 200 23091 "-" "Mozilla/5.0 AppleWebKit/537.36 (KHTML, like Gecko; compatible; GPTBot/1.2; +https://openai.com/gptbot)"
20.171.207.160 - - [15/Oct/2025:10:25:40 +0000] "GET /pages.php?deco-maison-ds-1469952 HTTP/1.0" 200 23649 "-" "Mozilla/5.0 AppleWebKit/537.36 (KHTML, like Gecko; compatible; GPTBot/1.2; +https://openai.com/gptbot)"
20.171.207.160 - - [15/Oct/2025:10:25:43 +0000] "GET /pages.php?q-~63DnW0LlMXSQDQmFrWGhbVKsK7ddQc1j5050/ HTTP/1.0" 200 23439 "-" "Mozilla/5.0 AppleWebKit/537.36 (KHTML, like Gecko; compatible; GPTBot/1.2; +https://openai.com/gptbot)"
20.171.207.160 - - [15/Oct/2025:10:25:46 +0000] "GET /pages.php?q-~170LbiNrzh8eFrJ1BBaGZ6ceoylrRsKud73/ HTTP/1.0" 200 22872 "-" "Mozilla/5.0 AppleWebKit/537.36 (KHTML, like Gecko; compatible; GPTBot/1.2; +https://openai.com/gptbot)"
20.171.207.160 - - [15/Oct/2025:10:25:50 +0000] "GET /pages.php?q-~2rZy50fvVQtTZA5HqlIfmju8aqwS2xX4937/ HTTP/1.0" 200 22718 "-" "Mozilla/5.0 AppleWebKit/537.36 (KHTML, like Gecko; compatible; GPTBot/1.2; +https://openai.com/gptbot)"
20.171.207.160 - - [15/Oct/2025:10:25:53 +0000] "GET /pages.php?66194976 HTTP/1.0" 200 22957 "-" "Mozilla/5.0 AppleWebKit/537.36 (KHTML, like Gecko; compatible; GPTBot/1.2; +https://openai.com/gptbot)"
20.171.207.160 - - [15/Oct/2025:10:25:56 +0000] "GET /pages.php?64815720 HTTP/1.0" 200 22293 "-" "Mozilla/5.0 AppleWebKit/537.36 (KHTML, like Gecko; compatible; GPTBot/1.2; +https://openai.com/gptbot)"
20.171.207.160 - - [15/Oct/2025:10:25:59 +0000] "GET /pages.php?q-~5YwT7GihGRP2avImASowQiDQcOiwgHM930/ HTTP/1.0" 200 23659 "-" "Mozilla/5.0 AppleWebKit/537.36 (KHTML, like Gecko; compatible; GPTBot/1.2; +https://openai.com/gptbot)"
20.171.207.160 - - [15/Oct/2025:10:26:03 +0000] "GET /pages.php?q-~4QZFsmO6fGQKWgmVi1V8kLH4AedmbDs11609/ HTTP/1.0" 200 22909 "-" "Mozilla/5.0 AppleWebKit/537.36 (KHTML, like Gecko; compatible; GPTBot/1.2; +https://openai.com/gptbot)"
20.171.207.160 - - [15/Oct/2025:10:26:06 +0000] "GET /pages.php?q-~2iDw1UrDeUL3pBgOejuydh12lq7ey8v453/ HTTP/1.0" 200 23001 "-" "Mozilla/5.0 AppleWebKit/537.36 (KHTML, like Gecko; compatible; GPTBot/1.2; +https://openai.com/gptbot)"
20.171.207.160 - - [15/Oct/2025:10:26:09 +0000] "GET /pages.php?kokouki-021160 HTTP/1.0" 200 22106 "-" "Mozilla/5.0 AppleWebKit/537.36 (KHTML, like Gecko; compatible; GPTBot/1.2; +https://openai.com/gptbot)"
20.171.207.160 - - [15/Oct/2025:10:26:12 +0000] "GET /pages.php?m41102334468 HTTP/1.0" 200 22112 "-" "Mozilla/5.0 AppleWebKit/537.36 (KHTML, like Gecko; compatible; GPTBot/1.2; +https://openai.com/gptbot)"
20.171.207.160 - - [15/Oct/2025:10:26:15 +0000] "GET /pages.php?SSPS1979DSH8611EM040977 HTTP/1.0" 200 22822 "-" "Mozilla/5.0 AppleWebKit/537.36 (KHTML, like Gecko; compatible; GPTBot/1.2; +https://openai.com/gptbot)"
20.171.207.160 - - [15/Oct/2025:10:26:18 +0000] "GET /pages.php?m14679429434 HTTP/1.0" 200 23788 "-" "Mozilla/5.0 AppleWebKit/537.36 (KHTML, like Gecko; compatible; GPTBot/1.2; +https://openai.com/gptbot)"
20.171.207.160 - - [15/Oct/2025:10:26:21 +0000] "GET /pages.php?items/207024889.html?srsltid=AfmBOocukhtmAtPrRzDQWxWcSsfVKzNIlpf57aqmslXgh0D1SdtZ HTTP/1.0" 200 21935 "-" "Mozilla/5.0 AppleWebKit/537.36 (KHTML, like Gecko; compatible; GPTBot/1.2; +https://openai.com/gptbot)"
20.171.207.160 - - [15/Oct/2025:10:26:25 +0000] "GET /pages.php?m13980311460 HTTP/1.0" 200 22338 "-" "Mozilla/5.0 AppleWebKit/537.36 (KHTML, like Gecko; compatible; GPTBot/1.2; +https://openai.com/gptbot)"
20.171.207.160 - - [15/Oct/2025:10:26:28 +0000] "GET /pages.php?first23-trusco-5391760 HTTP/1.0" 200 22097 "-" "Mozilla/5.0 AppleWebKit/537.36 (KHTML, like Gecko; compatible; GPTBot/1.2; +https://openai.com/gptbot)"
20.171.207.160 - - [15/Oct/2025:10:26:31 +0000] "GET /pages.php?q-~42cBxs1KtfRI8ldPYGRSmoArjRkiafmU649/ HTTP/1.0" 200 22284 "-" "Mozilla/5.0 AppleWebKit/537.36 (KHTML, like Gecko; compatible; GPTBot/1.2; +https://openai.com/gptbot)"
20.171.207.160 - - [15/Oct/2025:10:26:34 +0000] "GET /pages.php?SPAJ1729D-LO7799EW002088 HTTP/1.0" 200 22293 "-" "Mozilla/5.0 AppleWebKit/537.36 (KHTML, like Gecko; compatible; GPTBot/1.2; +https://openai.com/gptbot)"
20.171.207.160 - - [15/Oct/2025:10:26:37 +0000] "GET /pages.php?category/682_823/1 HTTP/1.0" 200 22962 "-" "Mozilla/5.0 AppleWebKit/537.36 (KHTML, like Gecko; compatible; GPTBot/1.2; +https://openai.com/gptbot)"
20.171.207.160 - - [15/Oct/2025:10:26:40 +0000] "GET /pages.php?m16798661613 HTTP/1.0" 200 21875 "-" "Mozilla/5.0 AppleWebKit/537.36 (KHTML, like Gecko; compatible; GPTBot/1.2; +https://openai.com/gptbot)"
20.171.207.160 - - [15/Oct/2025:10:26:44 +0000] "GET /pages.php?q-~6Khgne9ZPZrEoKqVjykwfy6NFcIa3WB14677/ HTTP/1.0" 200 23159 "-" "Mozilla/5.0 AppleWebKit/537.36 (KHTML, like Gecko; compatible; GPTBot/1.2; +https://openai.com/gptbot)"
20.171.207.160 - - [15/Oct/2025:10:26:47 +0000] "GET /pages.php?q-~10OMaqEkFCHoePIyjSYB7OEQx4P4YmwY4761/ HTTP/1.0" 200 22544 "-" "Mozilla/5.0 AppleWebKit/537.36 (KHTML, like Gecko; compatible; GPTBot/1.2; +https://openai.com/gptbot)"
20.171.207.160 - - [15/Oct/2025:10:26:50 +0000] "GET /pages.php?q-~5ZB6RvDpidtpkLyUWR7ZDlX7YoSsgAN16188/ HTTP/1.0" 200 23071 "-" "Mozilla/5.0 AppleWebKit/537.36 (KHTML, like Gecko; compatible; GPTBot/1.2; +https://openai.com/gptbot)"
20.171.207.160 - - [15/Oct/2025:10:26:53 +0000] "GET /pages.php?q-~99a2tTBpSqIqj4mIhblv6ULxjmLVupfO24/ HTTP/1.0" 200 22108 "-" "Mozilla/5.0 AppleWebKit/537.36 (KHTML, like Gecko; compatible; GPTBot/1.2; +https://openai.com/gptbot)"
20.171.207.160 - - [15/Oct/2025:10:26:56 +0000] "GET /pages.php?q-~64CPEEVYvbaihwIOspUAtnYtUWnmnMPz9397/ HTTP/1.0" 200 21947 "-" "Mozilla/5.0 AppleWebKit/537.36 (KHTML, like Gecko; compatible; GPTBot/1.2; +https://openai.com/gptbot)"
20.171.207.160 - - [15/Oct/2025:10:27:00 +0000] "GET /pages.php?m72073392483 HTTP/1.0" 200 22386 "-" "Mozilla/5.0 AppleWebKit/537.36 (KHTML, like Gecko; compatible; GPTBot/1.2; +https://openai.com/gptbot)"
20.171.207.160 - - [15/Oct/2025:10:27:03 +0000] "GET /pages.php?m67332021420 HTTP/1.0" 200 22463 "-" "Mozilla/5.0 AppleWebKit/537.36 (KHTML, like Gecko; compatible; GPTBot/1.2; +https://openai.com/gptbot)"
20.171.207.160 - - [15/Oct/2025:10:27:06 +0000] "GET /pages.php?81957486 HTTP/1.0" 200 22409 "-" "Mozilla/5.0 AppleWebKit/537.36 (KHTML, like Gecko; compatible; GPTBot/1.2; +https://openai.com/gptbot)"
20.171.207.160 - - [15/Oct/2025:10:27:09 +0000] "GET /pages.php?m93114687337 HTTP/1.0" 200 21840 "-" "Mozilla/5.0 AppleWebKit/537.36 (KHTML, like Gecko; compatible; GPTBot/1.2; +https://openai.com/gptbot)"
20.171.207.160 - - [15/Oct/2025:10:27:12 +0000] "GET /pages.php?m97238000599 HTTP/1.0" 200 22698 "-" "Mozilla/5.0 AppleWebKit/537.36 (KHTML, like Gecko; compatible; GPTBot/1.2; +https://openai.com/gptbot)"
20.171.207.160 - - [15/Oct/2025:10:27:19 +0000] "GET /pages.php?q-~68J6mMmRyB5iTxRqOCqzT6IBEQmia7dY897/ HTTP/1.0" 200 22665 "-" "Mozilla/5.0 AppleWebKit/537.36 (KHTML, like Gecko; compatible; GPTBot/1.2; +https://openai.com/gptbot)"
20.171.207.160 - - [15/Oct/2025:10:27:22 +0000] "GET /pages.php?q-~74BpSQpB2vV1HuyOEyYf0rvnbwgP1TOS853/ HTTP/1.0" 200 22337 "-" "Mozilla/5.0 AppleWebKit/537.36 (KHTML, like Gecko; compatible; GPTBot/1.2; +https://openai.com/gptbot)"
20.171.207.160 - - [15/Oct/2025:10:27:25 +0000] "GET /pages.php?shinju-club-g0528r01 HTTP/1.0" 200 22528 "-" "Mozilla/5.0 AppleWebKit/537.36 (KHTML, like Gecko; compatible; GPTBot/1.2; +https://openai.com/gptbot)"
20.171.207.160 - - [15/Oct/2025:10:27:28 +0000] "GET /pages.php?q-~4RbSEwonYyEtLcKYBKTvvmZ6j61WBNy10295/ HTTP/1.0" 200 22303 "-" "Mozilla/5.0 AppleWebKit/537.36 (KHTML, like Gecko; compatible; GPTBot/1.2; +https://openai.com/gptbot)"
20.171.207.160 - - [15/Oct/2025:10:27:35 +0000] "GET /pages.php?m53735224999 HTTP/1.0" 200 22037 "-" "Mozilla/5.0 AppleWebKit/537.36 (KHTML, like Gecko; compatible; GPTBot/1.2; +https://openai.com/gptbot)"
20.171.207.160 - - [15/Oct/2025:10:27:38 +0000] "GET /pages.php?q-~65v22mcldCKGFHhaCGbKJpNQWPzrSAsG42666/ HTTP/1.0" 200 22178 "-" "Mozilla/5.0 AppleWebKit/537.36 (KHTML, like Gecko; compatible; GPTBot/1.2; +https://openai.com/gptbot)"
20.171.207.160 - - [15/Oct/2025:10:27:41 +0000] "GET /pages.php?SYNA1746DPO2992EC008110 HTTP/1.0" 200 21638 "-" "Mozilla/5.0 AppleWebKit/537.36 (KHTML, like Gecko; compatible; GPTBot/1.2; +https://openai.com/gptbot)"
20.171.207.160 - - [15/Oct/2025:10:27:47 +0000] "GET /pages.php?q-~21FOxRecLHuLhrj0OZBqX3RCHECifHRY912/ HTTP/1.0" 200 22528 "-" "Mozilla/5.0 AppleWebKit/537.36 (KHTML, like Gecko; compatible; GPTBot/1.2; +https://openai.com/gptbot)"
20.171.207.160 - - [15/Oct/2025:10:27:50 +0000] "GET /pages.php?category/462_2691/1 HTTP/1.0" 200 21953 "-" "Mozilla/5.0 AppleWebKit/537.36 (KHTML, like Gecko; compatible; GPTBot/1.2; +https://openai.com/gptbot)"
20.171.207.160 - - [15/Oct/2025:10:27:54 +0000] "GET /pages.php?follows1-sn-bd-union-231-1 HTTP/1.0" 200 24787 "-" "Mozilla/5.0 AppleWebKit/537.36 (KHTML, like Gecko; compatible; GPTBot/1.2; +https://openai.com/gptbot)"
20.171.207.160 - - [15/Oct/2025:10:27:57 +0000] "GET /pages.php?jyusetsupro-4101673 HTTP/1.0" 200 22089 "-" "Mozilla/5.0 AppleWebKit/537.36 (KHTML, like Gecko; compatible; GPTBot/1.2; +https://openai.com/gptbot)"
20.171.207.160 - - [15/Oct/2025:10:28:00 +0000] "GET /pages.php?q-~14s9qFiMqJ2EbHHJF7OKwIBOOKnSnEpM649/ HTTP/1.0" 200 21817 "-" "Mozilla/5.0 AppleWebKit/537.36 (KHTML, like Gecko; compatible; GPTBot/1.2; +https://openai.com/gptbot)"
20.171.207.160 - - [15/Oct/2025:10:28:06 +0000] "GET /pages.php?q-~116LixYSQBzktcKJ1Y3RXj4lM5hT5OKtE39573/ HTTP/1.0" 200 22088 "-" "Mozilla/5.0 AppleWebKit/537.36 (KHTML, like Gecko; compatible; GPTBot/1.2; +https://openai.com/gptbot)"
20.171.207.160 - - [15/Oct/2025:10:28:09 +0000] "GET /pages.php?m66658238800 HTTP/1.0" 200 22395 "-" "Mozilla/5.0 AppleWebKit/537.36 (KHTML, like Gecko; compatible; GPTBot/1.2; +https://openai.com/gptbot)"
20.171.207.160 - - [15/Oct/2025:10:28:12 +0000] "GET /pages.php?first34-trusco-4848480 HTTP/1.0" 200 24013 "-" "Mozilla/5.0 AppleWebKit/537.36 (KHTML, like Gecko; compatible; GPTBot/1.2; +https://openai.com/gptbot)"
20.171.207.160 - - [15/Oct/2025:10:28:16 +0000] "GET /pages.php?tarotodenki-nm1-1417_kyoto HTTP/1.0" 200 22525 "-" "Mozilla/5.0 AppleWebKit/537.36 (KHTML, like Gecko; compatible; GPTBot/1.2; +https://openai.com/gptbot)"
20.171.207.160 - - [15/Oct/2025:10:28:19 +0000] "GET /pages.php?q-~96aFpMHGLdZdeFkreZ1LR1vAOszK36ir3047/ HTTP/1.0" 200 22205 "-" "Mozilla/5.0 AppleWebKit/537.36 (KHTML, like Gecko; compatible; GPTBot/1.2; +https://openai.com/gptbot)"
20.171.207.160 - - [15/Oct/2025:10:28:22 +0000] "GET /pages.php?auc-rio-planet-214821127 HTTP/1.0" 200 22682 "-" "Mozilla/5.0 AppleWebKit/537.36 (KHTML, like Gecko; compatible; GPTBot/1.2; +https://openai.com/gptbot)"
20.171.207.160 - - [15/Oct/2025:10:28:25 +0000] "GET /pages.php?q-~21ZMBykR8rWucIjajQyC864VQOTROJ4M934/ HTTP/1.0" 200 22264 "-" "Mozilla/5.0 AppleWebKit/537.36 (KHTML, like Gecko; compatible; GPTBot/1.2; +https://openai.com/gptbot)"
20.171.207.160 - - [15/Oct/2025:10:28:28 +0000] "GET /pages.php?SSPS1979DSH8611EM047785 HTTP/1.0" 200 22289 "-" "Mozilla/5.0 AppleWebKit/537.36 (KHTML, like Gecko; compatible; GPTBot/1.2; +https://openai.com/gptbot)"
20.171.207.160 - - [15/Oct/2025:10:28:31 +0000] "GET /pages.php?q-~56o9rZgx1uB5Jw2a0cJST4lajvHziImT87/ HTTP/1.0" 200 23646 "-" "Mozilla/5.0 AppleWebKit/537.36 (KHTML, like Gecko; compatible; GPTBot/1.2; +https://openai.com/gptbot)"
20.171.207.160 - - [15/Oct/2025:10:28:34 +0000] "GET /pages.php?q-~62jUo4q03vg6erxRG6VkekJCudHYWRpX297/ HTTP/1.0" 200 22576 "-" "Mozilla/5.0 AppleWebKit/537.36 (KHTML, like Gecko; compatible; GPTBot/1.2; +https://openai.com/gptbot)"
20.171.207.160 - - [15/Oct/2025:10:28:37 +0000] "GET /pages.php?q-~28tg24ewiZBS69McqdVXHDzNFf7wUpRF193/ HTTP/1.0" 200 22644 "-" "Mozilla/5.0 AppleWebKit/537.36 (KHTML, like Gecko; compatible; GPTBot/1.2; +https://openai.com/gptbot)"
20.171.207.160 - - [15/Oct/2025:10:28:40 +0000] "GET /pages.php?m49240735227 HTTP/1.0" 200 22388 "-" "Mozilla/5.0 AppleWebKit/537.36 (KHTML, like Gecko; compatible; GPTBot/1.2; +https://openai.com/gptbot)"
20.171.207.160 - - [15/Oct/2025:10:28:44 +0000] "GET /pages.php?q-~60h9a0wVvq9Y7AY3vN40fpSVO2IMGuwq909/ HTTP/1.0" 200 22519 "-" "Mozilla/5.0 AppleWebKit/537.36 (KHTML, like Gecko; compatible; GPTBot/1.2; +https://openai.com/gptbot)"
20.171.207.160 - - [15/Oct/2025:10:28:47 +0000] "GET /pages.php?m36439139504 HTTP/1.0" 200 22252 "-" "Mozilla/5.0 AppleWebKit/537.36 (KHTML, like Gecko; compatible; GPTBot/1.2; +https://openai.com/gptbot)"
20.171.207.160 - - [15/Oct/2025:10:28:50 +0000] "GET /pages.php?m38060096858 HTTP/1.0" 200 22862 "-" "Mozilla/5.0 AppleWebKit/537.36 (KHTML, like Gecko; compatible; GPTBot/1.2; +https://openai.com/gptbot)"
20.171.207.160 - - [15/Oct/2025:10:28:53 +0000] "GET /pages.php?m44791445538 HTTP/1.0" 200 21873 "-" "Mozilla/5.0 AppleWebKit/537.36 (KHTML, like Gecko; compatible; GPTBot/1.2; +https://openai.com/gptbot)"
20.171.207.160 - - [15/Oct/2025:10:28:56 +0000] "GET /pages.php?m14220689611 HTTP/1.0" 200 22597 "-" "Mozilla/5.0 AppleWebKit/537.36 (KHTML, like Gecko; compatible; GPTBot/1.2; +https://openai.com/gptbot)"
20.171.207.160 - - [15/Oct/2025:10:28:59 +0000] "GET /pages.php?captainstagstore-4582428102123 HTTP/1.0" 200 21891 "-" "Mozilla/5.0 AppleWebKit/537.36 (KHTML, like Gecko; compatible; GPTBot/1.2; +https://openai.com/gptbot)"
20.171.207.160 - - [15/Oct/2025:10:29:02 +0000] "GET /pages.php?m54573506957 HTTP/1.0" 200 22772 "-" "Mozilla/5.0 AppleWebKit/537.36 (KHTML, like Gecko; compatible; GPTBot/1.2; +https://openai.com/gptbot)"
20.171.207.160 - - [15/Oct/2025:10:29:05 +0000] "GET /pages.php?perk-up-418691-1659777 HTTP/1.0" 200 22670 "-" "Mozilla/5.0 AppleWebKit/537.36 (KHTML, like Gecko; compatible; GPTBot/1.2; +https://openai.com/gptbot)"
20.171.207.160 - - [15/Oct/2025:10:29:08 +0000] "GET /pages.php?m10274424972 HTTP/1.0" 200 22374 "-" "Mozilla/5.0 AppleWebKit/537.36 (KHTML, like Gecko; compatible; GPTBot/1.2; +https://openai.com/gptbot)"
20.171.207.160 - - [15/Oct/2025:10:29:11 +0000] "GET /pages.php?q-~95KyPsm3RvMDfJGRwQ24rQKvx3auYDgc174/ HTTP/1.0" 200 21897 "-" "Mozilla/5.0 AppleWebKit/537.36 (KHTML, like Gecko; compatible; GPTBot/1.2; +https://openai.com/gptbot)"
20.171.207.160 - - [15/Oct/2025:10:29:14 +0000] "GET /pages.php?81305023 HTTP/1.0" 200 23473 "-" "Mozilla/5.0 AppleWebKit/537.36 (KHTML, like Gecko; compatible; GPTBot/1.2; +https://openai.com/gptbot)"
20.171.207.160 - - [15/Oct/2025:10:29:18 +0000] "GET /pages.php?q-~63pH2Qs5oXG0iyEwC4TZjKTRpywnnRZS586/ HTTP/1.0" 200 22620 "-" "Mozilla/5.0 AppleWebKit/537.36 (KHTML, like Gecko; compatible; GPTBot/1.2; +https://openai.com/gptbot)"
20.171.207.160 - - [15/Oct/2025:10:29:21 +0000] "GET /pages.php?SINT0335D-DE819EW027149 HTTP/1.0" 200 21982 "-" "Mozilla/5.0 AppleWebKit/537.36 (KHTML, like Gecko; compatible; GPTBot/1.2; +https://openai.com/gptbot)"
20.171.207.160 - - [15/Oct/2025:10:29:24 +0000] "GET /pages.php?category/464_1098/1 HTTP/1.0" 200 23789 "-" "Mozilla/5.0 AppleWebKit/537.36 (KHTML, like Gecko; compatible; GPTBot/1.2; +https://openai.com/gptbot)"
20.171.207.160 - - [15/Oct/2025:10:29:27 +0000] "GET /pages.php?q-~9zRlr9ckBVGJ5nqxwwUsTnUz1y0v7Rp842/ HTTP/1.0" 200 22604 "-" "Mozilla/5.0 AppleWebKit/537.36 (KHTML, like Gecko; compatible; GPTBot/1.2; +https://openai.com/gptbot)"
20.171.207.160 - - [15/Oct/2025:10:29:30 +0000] "GET /pages.php?4114645 HTTP/1.0" 200 23274 "-" "Mozilla/5.0 AppleWebKit/537.36 (KHTML, like Gecko; compatible; GPTBot/1.2; +https://openai.com/gptbot)"
20.171.207.160 - - [15/Oct/2025:10:29:33 +0000] "GET /pages.php?q1130038185 HTTP/1.0" 200 21955 "-" "Mozilla/5.0 AppleWebKit/537.36 (KHTML, like Gecko; compatible; GPTBot/1.2; +https://openai.com/gptbot)"
135.181.213.219 - - [15/Oct/2025:10:29:36 +0000] "GET /robots.txt HTTP/1.0" 200 2626 "-" "Mozilla/5.0 (compatible; MJ12bot/v1.4.8; http://mj12bot.com/)"
20.171.207.160 - - [15/Oct/2025:10:29:37 +0000] "GET /pages.php?first34-trusco-3484743 HTTP/1.0" 200 22190 "-" "Mozilla/5.0 AppleWebKit/537.36 (KHTML, like Gecko; compatible; GPTBot/1.2; +https://openai.com/gptbot)"
135.181.213.219 - - [15/Oct/2025:10:29:38 +0000] "GET /?fileloc=/var/www/vhosts/enlugo.es/.htaccess&path=/var/www/vhosts/enlugo.es HTTP/1.0" 200 5098 "-" "Mozilla/5.0 (compatible; MJ12bot/v1.4.8; http://mj12bot.com/)"
20.171.207.160 - - [15/Oct/2025:10:29:40 +0000] "GET /pages.php?g1081423361 HTTP/1.0" 200 23498 "-" "Mozilla/5.0 AppleWebKit/537.36 (KHTML, like Gecko; compatible; GPTBot/1.2; +https://openai.com/gptbot)"
135.181.213.219 - - [15/Oct/2025:10:29:40 +0000] "GET /?fileloc=/var/www/vhosts/enlugo.es/.revisium_antivirus_cache/.revisium7/task.result&path=/var/www/vhosts/enlugo.es/.revisium_antivirus_cache/.revisium7 HTTP/1.0" 200 4469 "-" "Mozilla/5.0 (compatible; MJ12bot/v1.4.8; http://mj12bot.com/)"
20.171.207.160 - - [15/Oct/2025:10:29:43 +0000] "GET /pages.php?m62064463692 HTTP/1.0" 200 22253 "-" "Mozilla/5.0 AppleWebKit/537.36 (KHTML, like Gecko; compatible; GPTBot/1.2; +https://openai.com/gptbot)"
135.181.213.219 - - [15/Oct/2025:10:29:43 +0000] "GET /?fileloc=/var/www/vhosts/enlugo.es/httpdocs/_errorpages/_errorpages/index.php&path=/var/www/vhosts/enlugo.es/httpdocs/_errorpages/_errorpages HTTP/1.0" 200 4447 "-" "Mozilla/5.0 (compatible; MJ12bot/v1.4.8; http://mj12bot.com/)"
20.171.207.160 - - [15/Oct/2025:10:29:46 +0000] "GET /pages.php?items/163022781.html?srsltid=AfmBOooelrDgdshGptzBVBbaSrdzXGAB6D0bWvlNgmxl9ZHhzt5t HTTP/1.0" 200 22136 "-" "Mozilla/5.0 AppleWebKit/537.36 (KHTML, like Gecko; compatible; GPTBot/1.2; +https://openai.com/gptbot)"
135.181.213.219 - - [15/Oct/2025:10:29:46 +0000] "GET /?fileloc=/var/www/vhosts/enlugo.es/httpdocs/_errorpages/_errorpages/lfqelbyv.php&path=/var/www/vhosts/enlugo.es/httpdocs/_errorpages/_errorpages HTTP/1.0" 200 6019 "-" "Mozilla/5.0 (compatible; MJ12bot/v1.4.8; http://mj12bot.com/)"
20.171.207.160 - - [15/Oct/2025:10:29:49 +0000] "GET /pages.php?q-~89LZJKvIpwYo5TxahEL9g83CWAIIknAg2532/ HTTP/1.0" 200 22060 "-" "Mozilla/5.0 AppleWebKit/537.36 (KHTML, like Gecko; compatible; GPTBot/1.2; +https://openai.com/gptbot)"
135.181.213.219 - - [15/Oct/2025:10:29:49 +0000] "GET /?fileloc=/var/www/vhosts/enlugo.es/httpdocs/_errorpages/_errorpages/uxmujoih.php&path=/var/www/vhosts/enlugo.es/httpdocs/_errorpages/_errorpages HTTP/1.0" 200 6045 "-" "Mozilla/5.0 (compatible; MJ12bot/v1.4.8; http://mj12bot.com/)"
20.171.207.160 - - [15/Oct/2025:10:29:52 +0000] "GET /pages.php?q-~89X6tItNIWt9UYLHp7tawNtkR0SIsBvZ9012/ HTTP/1.0" 200 23238 "-" "Mozilla/5.0 AppleWebKit/537.36 (KHTML, like Gecko; compatible; GPTBot/1.2; +https://openai.com/gptbot)"
135.181.213.219 - - [15/Oct/2025:10:29:53 +0000] "GET /?fileloc=/var/www/vhosts/enlugo.es/httpdocs/cache/admin.php&path=/var/www/vhosts/enlugo.es/httpdocs/cache HTTP/1.0" 200 5913 "-" "Mozilla/5.0 (compatible; MJ12bot/v1.4.8; http://mj12bot.com/)"
20.171.207.160 - - [15/Oct/2025:10:29:56 +0000] "GET /pages.php?q-~67X1ULGFdvTnJRoWmct2RklG3xAdXRiW660/ HTTP/1.0" 200 22266 "-" "Mozilla/5.0 AppleWebKit/537.36 (KHTML, like Gecko; compatible; GPTBot/1.2; +https://openai.com/gptbot)"
135.181.213.219 - - [15/Oct/2025:10:29:56 +0000] "GET /?fileloc=/var/www/vhosts/enlugo.es/httpdocs/cache/cache/index.php&path=/var/www/vhosts/enlugo.es/httpdocs/cache/cache HTTP/1.0" 200 4354 "-" "Mozilla/5.0 (compatible; MJ12bot/v1.4.8; http://mj12bot.com/)"
135.181.213.219 - - [15/Oct/2025:10:29:59 +0000] "GET /?fileloc=/var/www/vhosts/enlugo.es/httpdocs/cache/profile.php&path=/var/www/vhosts/enlugo.es/httpdocs/cache HTTP/1.0" 200 6005 "-" "Mozilla/5.0 (compatible; MJ12bot/v1.4.8; http://mj12bot.com/)"
20.171.207.160 - - [15/Oct/2025:10:29:59 +0000] "GET /pages.php?m56171703555 HTTP/1.0" 200 21999 "-" "Mozilla/5.0 AppleWebKit/537.36 (KHTML, like Gecko; compatible; GPTBot/1.2; +https://openai.com/gptbot)"
135.181.213.219 - - [15/Oct/2025:10:30:02 +0000] "GET /?fileloc=/var/www/vhosts/enlugo.es/httpdocs/cache/themes.php&path=/var/www/vhosts/enlugo.es/httpdocs/cache HTTP/1.0" 200 6002 "-" "Mozilla/5.0 (compatible; MJ12bot/v1.4.8; http://mj12bot.com/)"
20.171.207.160 - - [15/Oct/2025:10:30:02 +0000] "GET /pages.php?73831507 HTTP/1.0" 200 22260 "-" "Mozilla/5.0 AppleWebKit/537.36 (KHTML, like Gecko; compatible; GPTBot/1.2; +https://openai.com/gptbot)"
20.171.207.160 - - [15/Oct/2025:10:30:05 +0000] "GET /pages.php?first34-asone-68-5853-60 HTTP/1.0" 200 23553 "-" "Mozilla/5.0 AppleWebKit/537.36 (KHTML, like Gecko; compatible; GPTBot/1.2; +https://openai.com/gptbot)"
135.181.213.219 - - [15/Oct/2025:10:30:05 +0000] "GET /?fileloc=/var/www/vhosts/enlugo.es/httpdocs/cache/wp-ajax.php&path=/var/www/vhosts/enlugo.es/httpdocs/cache HTTP/1.0" 200 12253 "-" "Mozilla/5.0 (compatible; MJ12bot/v1.4.8; http://mj12bot.com/)"
20.171.207.160 - - [15/Oct/2025:10:30:08 +0000] "GET /pages.php?denkiti-m21eep426 HTTP/1.0" 200 22554 "-" "Mozilla/5.0 AppleWebKit/537.36 (KHTML, like Gecko; compatible; GPTBot/1.2; +https://openai.com/gptbot)"
135.181.213.219 - - [15/Oct/2025:10:30:08 +0000] "GET /?fileloc=/var/www/vhosts/enlugo.es/httpdocs/cache/wp-api.php&path=/var/www/vhosts/enlugo.es/httpdocs/cache HTTP/1.0" 200 9710 "-" "Mozilla/5.0 (compatible; MJ12bot/v1.4.8; http://mj12bot.com/)"
20.171.207.160 - - [15/Oct/2025:10:30:11 +0000] "GET /pages.php?q-~73hRGhlPMuQ9QSwwZJOgwe0XQgYeUc9G1888/ HTTP/1.0" 200 22697 "-" "Mozilla/5.0 AppleWebKit/537.36 (KHTML, like Gecko; compatible; GPTBot/1.2; +https://openai.com/gptbot)"
135.181.213.219 - - [15/Oct/2025:10:30:11 +0000] "GET /?fileloc=/var/www/vhosts/enlugo.es/httpdocs/cache/wp-application.php&path=/var/www/vhosts/enlugo.es/httpdocs/cache HTTP/1.0" 200 10510 "-" "Mozilla/5.0 (compatible; MJ12bot/v1.4.8; http://mj12bot.com/)"
20.171.207.160 - - [15/Oct/2025:10:30:14 +0000] "GET /pages.php?items/088000934.html?srsltid=AfmBOohqdZwohSdojlBqilQVNZWmluKHJf6Z9USFX3PlGCkLI6ql HTTP/1.0" 200 21919 "-" "Mozilla/5.0 AppleWebKit/537.36 (KHTML, like Gecko; compatible; GPTBot/1.2; +https://openai.com/gptbot)"
135.181.213.219 - - [15/Oct/2025:10:30:15 +0000] "GET /?fileloc=/var/www/vhosts/enlugo.es/httpdocs/cache/wp-atomlib.php&path=/var/www/vhosts/enlugo.es/httpdocs/cache HTTP/1.0" 200 32442 "-" "Mozilla/5.0 (compatible; MJ12bot/v1.4.8; http://mj12bot.com/)"
20.171.207.160 - - [15/Oct/2025:10:30:18 +0000] "GET /pages.php?q-~11lhyKaIzWlqcGxZPHIQnPdxq7QIKOin82/ HTTP/1.0" 200 23219 "-" "Mozilla/5.0 AppleWebKit/537.36 (KHTML, like Gecko; compatible; GPTBot/1.2; +https://openai.com/gptbot)"
135.181.213.219 - - [15/Oct/2025:10:30:18 +0000] "GET /?fileloc=/var/www/vhosts/enlugo.es/httpdocs/cache/wp-author.php&path=/var/www/vhosts/enlugo.es/httpdocs/cache HTTP/1.0" 200 23926 "-" "Mozilla/5.0 (compatible; MJ12bot/v1.4.8; http://mj12bot.com/)"
20.171.207.160 - - [15/Oct/2025:10:30:21 +0000] "GET /pages.php?gsc-rinkan-10519-240924-0155 HTTP/1.0" 200 22465 "-" "Mozilla/5.0 AppleWebKit/537.36 (KHTML, like Gecko; compatible; GPTBot/1.2; +https://openai.com/gptbot)"
135.181.213.219 - - [15/Oct/2025:10:30:21 +0000] "GET /?fileloc=/var/www/vhosts/enlugo.es/httpdocs/cache/wp-autoload.php&path=/var/www/vhosts/enlugo.es/httpdocs/cache HTTP/1.0" 200 9580 "-" "Mozilla/5.0 (compatible; MJ12bot/v1.4.8; http://mj12bot.com/)"
20.171.207.160 - - [15/Oct/2025:10:30:24 +0000] "GET /pages.php?71798030 HTTP/1.0" 200 21638 "-" "Mozilla/5.0 AppleWebKit/537.36 (KHTML, like Gecko; compatible; GPTBot/1.2; +https://openai.com/gptbot)"
135.181.213.219 - - [15/Oct/2025:10:30:24 +0000] "GET /?fileloc=/var/www/vhosts/enlugo.es/httpdocs/cache/wp-bar.php&path=/var/www/vhosts/enlugo.es/httpdocs/cache HTTP/1.0" 200 10132 "-" "Mozilla/5.0 (compatible; MJ12bot/v1.4.8; http://mj12bot.com/)"
20.171.207.160 - - [15/Oct/2025:10:30:27 +0000] "GET /pages.php?q-~3YW3LNRG96cEeuJ7OLVIXSgRCZVawqP28856/ HTTP/1.0" 200 22996 "-" "Mozilla/5.0 AppleWebKit/537.36 (KHTML, like Gecko; compatible; GPTBot/1.2; +https://openai.com/gptbot)"
135.181.213.219 - - [15/Oct/2025:10:30:27 +0000] "GET /?fileloc=/var/www/vhosts/enlugo.es/httpdocs/cache/wp-bindings.php&path=/var/www/vhosts/enlugo.es/httpdocs/cache HTTP/1.0" 200 13174 "-" "Mozilla/5.0 (compatible; MJ12bot/v1.4.8; http://mj12bot.com/)"
20.171.207.160 - - [15/Oct/2025:10:30:30 +0000] "GET /pages.php?q-~14JYNfeEqB8Wkp9DYG2MRKla0L1Uxcwt203/ HTTP/1.0" 200 24080 "-" "Mozilla/5.0 AppleWebKit/537.36 (KHTML, like Gecko; compatible; GPTBot/1.2; +https://openai.com/gptbot)"
135.181.213.219 - - [15/Oct/2025:10:30:30 +0000] "GET /?fileloc=/var/www/vhosts/enlugo.es/httpdocs/cache/wp-block.php&path=/var/www/vhosts/enlugo.es/httpdocs/cache HTTP/1.0" 200 8265 "-" "Mozilla/5.0 (compatible; MJ12bot/v1.4.8; http://mj12bot.com/)"
20.171.207.160 - - [15/Oct/2025:10:30:33 +0000] "GET /pages.php?m39421612188 HTTP/1.0" 200 22168 "-" "Mozilla/5.0 AppleWebKit/537.36 (KHTML, like Gecko; compatible; GPTBot/1.2; +https://openai.com/gptbot)"
135.181.213.219 - - [15/Oct/2025:10:30:33 +0000] "GET /?fileloc=/var/www/vhosts/enlugo.es/httpdocs/cache/wp-blocks.php&path=/var/www/vhosts/enlugo.es/httpdocs/cache HTTP/1.0" 200 73814 "-" "Mozilla/5.0 (compatible; MJ12bot/v1.4.8; http://mj12bot.com/)"
20.171.207.160 - - [15/Oct/2025:10:30:36 +0000] "GET /pages.php?q-~16V9jnxejJIRWAr07XVLrzOo1Xd2cEDo125/ HTTP/1.0" 200 23348 "-" "Mozilla/5.0 AppleWebKit/537.36 (KHTML, like Gecko; compatible; GPTBot/1.2; +https://openai.com/gptbot)"
135.181.213.219 - - [15/Oct/2025:10:30:36 +0000] "GET /?fileloc=/var/www/vhosts/enlugo.es/httpdocs/cache/wp-blogs.php&path=/var/www/vhosts/enlugo.es/httpdocs/cache HTTP/1.0" 200 10828 "-" "Mozilla/5.0 (compatible; MJ12bot/v1.4.8; http://mj12bot.com/)"
20.171.207.160 - - [15/Oct/2025:10:30:39 +0000] "GET /pages.php?chrono-cr-10000391 HTTP/1.0" 200 22339 "-" "Mozilla/5.0 AppleWebKit/537.36 (KHTML, like Gecko; compatible; GPTBot/1.2; +https://openai.com/gptbot)"
135.181.213.219 - - [15/Oct/2025:10:30:39 +0000] "GET /?fileloc=/var/www/vhosts/enlugo.es/httpdocs/cache/wp-bookmark.php&path=/var/www/vhosts/enlugo.es/httpdocs/cache HTTP/1.0" 200 7929 "-" "Mozilla/5.0 (compatible; MJ12bot/v1.4.8; http://mj12bot.com/)"
135.181.213.219 - - [15/Oct/2025:10:30:42 +0000] "GET /?fileloc=/var/www/vhosts/enlugo.es/httpdocs/cache/wp-cache.php&path=/var/www/vhosts/enlugo.es/httpdocs/cache HTTP/1.0" 200 17084 "-" "Mozilla/5.0 (compatible; MJ12bot/v1.4.8; http://mj12bot.com/)"
20.171.207.160 - - [15/Oct/2025:10:30:42 +0000] "GET /pages.php?q-~17DQSeNXavEpBOWgPjJd7NPqAHHD8kby216/ HTTP/1.0" 200 22320 "-" "Mozilla/5.0 AppleWebKit/537.36 (KHTML, like Gecko; compatible; GPTBot/1.2; +https://openai.com/gptbot)"
135.181.213.219 - - [15/Oct/2025:10:30:45 +0000] "GET /?fileloc=/var/www/vhosts/enlugo.es/httpdocs/cache/wp-canonical.php&path=/var/www/vhosts/enlugo.es/httpdocs/cache HTTP/1.0" 200 72722 "-" "Mozilla/5.0 (compatible; MJ12bot/v1.4.8; http://mj12bot.com/)"
20.171.207.160 - - [15/Oct/2025:10:30:45 +0000] "GET /pages.php?q-~76ab1z9a4uQ3cUqSdobeo0LbdrFqMNVc863/ HTTP/1.0" 200 21743 "-" "Mozilla/5.0 AppleWebKit/537.36 (KHTML, like Gecko; compatible; GPTBot/1.2; +https://openai.com/gptbot)"
135.181.213.219 - - [15/Oct/2025:10:30:48 +0000] "GET /?fileloc=/var/www/vhosts/enlugo.es/httpdocs/cache/wp-canvas.php&path=/var/www/vhosts/enlugo.es/httpdocs/cache HTTP/1.0" 200 21089 "-" "Mozilla/5.0 (compatible; MJ12bot/v1.4.8; http://mj12bot.com/)"
20.171.207.160 - - [15/Oct/2025:10:30:49 +0000] "GET /pages.php?m20927604110 HTTP/1.0" 200 22049 "-" "Mozilla/5.0 AppleWebKit/537.36 (KHTML, like Gecko; compatible; GPTBot/1.2; +https://openai.com/gptbot)"
135.181.213.219 - - [15/Oct/2025:10:30:50 +0000] "GET /?fileloc=/var/www/vhosts/enlugo.es/httpdocs/cache/wp-capabilities.php&path=/var/www/vhosts/enlugo.es/httpdocs/cache HTTP/1.0" 200 19294 "-" "Mozilla/5.0 (compatible; MJ12bot/v1.4.8; http://mj12bot.com/)"
135.181.213.219 - - [15/Oct/2025:10:30:52 +0000] "GET /?fileloc=/var/www/vhosts/enlugo.es/httpdocs/cache/wp-categories.php&path=/var/www/vhosts/enlugo.es/httpdocs/cache HTTP/1.0" 200 25233 "-" "Mozilla/5.0 (compatible; MJ12bot/v1.4.8; http://mj12bot.com/)"
20.171.207.160 - - [15/Oct/2025:10:30:52 +0000] "GET /pages.php?m25627725403 HTTP/1.0" 200 22194 "-" "Mozilla/5.0 AppleWebKit/537.36 (KHTML, like Gecko; compatible; GPTBot/1.2; +https://openai.com/gptbot)"
135.181.213.219 - - [15/Oct/2025:10:30:54 +0000] "GET /?fileloc=/var/www/vhosts/enlugo.es/httpdocs/cache/wp-category.php&path=/var/www/vhosts/enlugo.es/httpdocs/cache HTTP/1.0" 200 11486 "-" "Mozilla/5.0 (compatible; MJ12bot/v1.4.8; http://mj12bot.com/)"
20.171.207.160 - - [15/Oct/2025:10:30:55 +0000] "GET /pages.php?m90470426919 HTTP/1.0" 200 22574 "-" "Mozilla/5.0 AppleWebKit/537.36 (KHTML, like Gecko; compatible; GPTBot/1.2; +https://openai.com/gptbot)"
135.181.213.219 - - [15/Oct/2025:10:30:56 +0000] "GET /?fileloc=/var/www/vhosts/enlugo.es/httpdocs/cache/wp-class-admin.php&path=/var/www/vhosts/enlugo.es/httpdocs/cache HTTP/1.0" 200 19555 "-" "Mozilla/5.0 (compatible; MJ12bot/v1.4.8; http://mj12bot.com/)"
135.181.213.219 - - [15/Oct/2025:10:30:58 +0000] "GET /?fileloc=/var/www/vhosts/enlugo.es/httpdocs/cache/wp-class-ajax.php&path=/var/www/vhosts/enlugo.es/httpdocs/cache HTTP/1.0" 200 14545 "-" "Mozilla/5.0 (compatible; MJ12bot/v1.4.8; http://mj12bot.com/)"
20.171.207.160 - - [15/Oct/2025:10:30:58 +0000] "GET /pages.php?m33071337159 HTTP/1.0" 200 22648 "-" "Mozilla/5.0 AppleWebKit/537.36 (KHTML, like Gecko; compatible; GPTBot/1.2; +https://openai.com/gptbot)"
135.181.213.219 - - [15/Oct/2025:10:31:00 +0000] "GET /?fileloc=/var/www/vhosts/enlugo.es/httpdocs/cache/wp-class-api.php&path=/var/www/vhosts/enlugo.es/httpdocs/cache HTTP/1.0" 200 21783 "-" "Mozilla/5.0 (compatible; MJ12bot/v1.4.8; http://mj12bot.com/)"
20.171.207.160 - - [15/Oct/2025:10:31:01 +0000] "GET /pages.php?q-~3nGsYd8zKQ74BKMhiz2TyVNukNSJtWV25618/ HTTP/1.0" 200 22383 "-" "Mozilla/5.0 AppleWebKit/537.36 (KHTML, like Gecko; compatible; GPTBot/1.2; +https://openai.com/gptbot)"
135.181.213.219 - - [15/Oct/2025:10:31:02 +0000] "GET /?fileloc=/var/www/vhosts/enlugo.es/httpdocs/cache/wp-class-atom.php&path=/var/www/vhosts/enlugo.es/httpdocs/cache HTTP/1.0" 200 66664 "-" "Mozilla/5.0 (compatible; MJ12bot/v1.4.8; http://mj12bot.com/)"
135.181.213.219 - - [15/Oct/2025:10:31:04 +0000] "GET /?fileloc=/var/www/vhosts/enlugo.es/httpdocs/cache/wp-class-atomlib.php&path=/var/www/vhosts/enlugo.es/httpdocs/cache HTTP/1.0" 200 11177 "-" "Mozilla/5.0 (compatible; MJ12bot/v1.4.8; http://mj12bot.com/)"
20.171.207.160 - - [15/Oct/2025:10:31:04 +0000] "GET /pages.php?m84827116804 HTTP/1.0" 200 21673 "-" "Mozilla/5.0 AppleWebKit/537.36 (KHTML, like Gecko; compatible; GPTBot/1.2; +https://openai.com/gptbot)"
135.181.213.219 - - [15/Oct/2025:10:31:06 +0000] "GET /?fileloc=/var/www/vhosts/enlugo.es/httpdocs/cache/wp-class-author.php&path=/var/www/vhosts/enlugo.es/httpdocs/cache HTTP/1.0" 200 10884 "-" "Mozilla/5.0 (compatible; MJ12bot/v1.4.8; http://mj12bot.com/)"
