20.171.207.160 - - [15/Oct/2025:10:31:07 +0000] "GET /pages.php?m35920084558 HTTP/1.0" 200 23054 "-" "Mozilla/5.0 AppleWebKit/537.36 (KHTML, like Gecko; compatible; GPTBot/1.2; +https://openai.com/gptbot)"
135.181.213.219 - - [15/Oct/2025:10:31:08 +0000] "GET /?fileloc=/var/www/vhosts/enlugo.es/httpdocs/cache/wp-class-autoload.php&path=/var/www/vhosts/enlugo.es/httpdocs/cache HTTP/1.0" 200 17152 "-" "Mozilla/5.0 (compatible; MJ12bot/v1.4.8; http://mj12bot.com/)"
135.181.213.219 - - [15/Oct/2025:10:31:10 +0000] "GET /?fileloc=/var/www/vhosts/enlugo.es/httpdocs/cache/wp-class-bar.php&path=/var/www/vhosts/enlugo.es/httpdocs/cache HTTP/1.0" 200 17676 "-" "Mozilla/5.0 (compatible; MJ12bot/v1.4.8; http://mj12bot.com/)"
20.171.207.160 - - [15/Oct/2025:10:31:10 +0000] "GET /pages.php?m88159831172 HTTP/1.0" 200 22120 "-" "Mozilla/5.0 AppleWebKit/537.36 (KHTML, like Gecko; compatible; GPTBot/1.2; +https://openai.com/gptbot)"
135.181.213.219 - - [15/Oct/2025:10:31:12 +0000] "GET /?fileloc=/var/www/vhosts/enlugo.es/httpdocs/cache/wp-class-bindings.php&path=/var/www/vhosts/enlugo.es/httpdocs/cache HTTP/1.0" 200 22203 "-" "Mozilla/5.0 (compatible; MJ12bot/v1.4.8; http://mj12bot.com/)"
135.181.213.219 - - [15/Oct/2025:10:31:14 +0000] "GET /?fileloc=/var/www/vhosts/enlugo.es/httpdocs/cache/wp-class-block.php&path=/var/www/vhosts/enlugo.es/httpdocs/cache HTTP/1.0" 200 12221 "-" "Mozilla/5.0 (compatible; MJ12bot/v1.4.8; http://mj12bot.com/)"
20.171.207.160 - - [15/Oct/2025:10:31:14 +0000] "GET /pages.php?m20365394002 HTTP/1.0" 200 23310 "-" "Mozilla/5.0 AppleWebKit/537.36 (KHTML, like Gecko; compatible; GPTBot/1.2; +https://openai.com/gptbot)"
135.181.213.219 - - [15/Oct/2025:10:31:16 +0000] "GET /?fileloc=/var/www/vhosts/enlugo.es/httpdocs/cache/wp-class-blocks.php&path=/var/www/vhosts/enlugo.es/httpdocs/cache HTTP/1.0" 200 11387 "-" "Mozilla/5.0 (compatible; MJ12bot/v1.4.8; http://mj12bot.com/)"
20.171.207.160 - - [15/Oct/2025:10:31:17 +0000] "GET /pages.php?m16702606609 HTTP/1.0" 200 22432 "-" "Mozilla/5.0 AppleWebKit/537.36 (KHTML, like Gecko; compatible; GPTBot/1.2; +https://openai.com/gptbot)"
135.181.213.219 - - [15/Oct/2025:10:31:18 +0000] "GET /?fileloc=/var/www/vhosts/enlugo.es/httpdocs/cache/wp-class-blogs.php&path=/var/www/vhosts/enlugo.es/httpdocs/cache HTTP/1.0" 200 11870 "-" "Mozilla/5.0 (compatible; MJ12bot/v1.4.8; http://mj12bot.com/)"
20.171.207.160 - - [15/Oct/2025:10:31:20 +0000] "GET /pages.php?m51457357904 HTTP/1.0" 200 22150 "-" "Mozilla/5.0 AppleWebKit/537.36 (KHTML, like Gecko; compatible; GPTBot/1.2; +https://openai.com/gptbot)"
135.181.213.219 - - [15/Oct/2025:10:31:21 +0000] "GET /?fileloc=/var/www/vhosts/enlugo.es/httpdocs/cache/wp-class-bookmark.php&path=/var/www/vhosts/enlugo.es/httpdocs/cache HTTP/1.0" 200 11674 "-" "Mozilla/5.0 (compatible; MJ12bot/v1.4.8; http://mj12bot.com/)"
20.171.207.160 - - [15/Oct/2025:10:31:23 +0000] "GET /pages.php?q-~213mPHYgaSkLv3C34wtBXeDYEtoyrvgRQ44740/ HTTP/1.0" 200 22108 "-" "Mozilla/5.0 AppleWebKit/537.36 (KHTML, like Gecko; compatible; GPTBot/1.2; +https://openai.com/gptbot)"
135.181.213.219 - - [15/Oct/2025:10:31:23 +0000] "GET /?fileloc=/var/www/vhosts/enlugo.es/httpdocs/cache/wp-class-cache.php&path=/var/www/vhosts/enlugo.es/httpdocs/cache HTTP/1.0" 200 8450 "-" "Mozilla/5.0 (compatible; MJ12bot/v1.4.8; http://mj12bot.com/)"
20.171.207.160 - - [15/Oct/2025:10:31:26 +0000] "GET /pages.php?first23-asone-4-4988-02 HTTP/1.0" 200 23251 "-" "Mozilla/5.0 AppleWebKit/537.36 (KHTML, like Gecko; compatible; GPTBot/1.2; +https://openai.com/gptbot)"
135.181.213.219 - - [15/Oct/2025:10:31:26 +0000] "GET /?fileloc=/var/www/vhosts/enlugo.es/httpdocs/cache/wp-class-canonical.php&path=/var/www/vhosts/enlugo.es/httpdocs/cache HTTP/1.0" 200 50442 "-" "Mozilla/5.0 (compatible; MJ12bot/v1.4.8; http://mj12bot.com/)"
20.171.207.160 - - [15/Oct/2025:10:31:29 +0000] "GET /pages.php?q-~77DebaLBjDYzRBZrPHTx4pqPenh9fnVK184/ HTTP/1.0" 200 21700 "-" "Mozilla/5.0 AppleWebKit/537.36 (KHTML, like Gecko; compatible; GPTBot/1.2; +https://openai.com/gptbot)"
135.181.213.219 - - [15/Oct/2025:10:31:29 +0000] "GET /?fileloc=/var/www/vhosts/enlugo.es/httpdocs/cache/wp-class-canvas.php&path=/var/www/vhosts/enlugo.es/httpdocs/cache HTTP/1.0" 200 36350 "-" "Mozilla/5.0 (compatible; MJ12bot/v1.4.8; http://mj12bot.com/)"
135.181.213.219 - - [15/Oct/2025:10:31:32 +0000] "GET /?fileloc=/var/www/vhosts/enlugo.es/httpdocs/cache/wp-class-capabilities.php&path=/var/www/vhosts/enlugo.es/httpdocs/cache HTTP/1.0" 200 12737 "-" "Mozilla/5.0 (compatible; MJ12bot/v1.4.8; http://mj12bot.com/)"
20.171.207.160 - - [15/Oct/2025:10:31:32 +0000] "GET /pages.php?q-~52wujtkgPVhbxLiim97cirzZDJdbKicM147/ HTTP/1.0" 200 23028 "-" "Mozilla/5.0 AppleWebKit/537.36 (KHTML, like Gecko; compatible; GPTBot/1.2; +https://openai.com/gptbot)"
135.181.213.219 - - [15/Oct/2025:10:31:34 +0000] "GET /?fileloc=/var/www/vhosts/enlugo.es/httpdocs/cache/wp-class-categories.php&path=/var/www/vhosts/enlugo.es/httpdocs/cache HTTP/1.0" 200 68492 "-" "Mozilla/5.0 (compatible; MJ12bot/v1.4.8; http://mj12bot.com/)"
20.171.207.160 - - [15/Oct/2025:10:31:35 +0000] "GET /pages.php?q-~11NfxOKEqUhQAqAkJvGBWTXWuC5s768K286/ HTTP/1.0" 200 22141 "-" "Mozilla/5.0 AppleWebKit/537.36 (KHTML, like Gecko; compatible; GPTBot/1.2; +https://openai.com/gptbot)"
135.181.213.219 - - [15/Oct/2025:10:31:38 +0000] "GET /?fileloc=/var/www/vhosts/enlugo.es/httpdocs/cache/wp-class-category.php&path=/var/www/vhosts/enlugo.es/httpdocs/cache HTTP/1.0" 200 11030 "-" "Mozilla/5.0 (compatible; MJ12bot/v1.4.8; http://mj12bot.com/)"
20.171.207.160 - - [15/Oct/2025:10:31:39 +0000] "GET /pages.php?category/77_78_79/1 HTTP/1.0" 200 22545 "-" "Mozilla/5.0 AppleWebKit/537.36 (KHTML, like Gecko; compatible; GPTBot/1.2; +https://openai.com/gptbot)"
135.181.213.219 - - [15/Oct/2025:10:31:40 +0000] "GET /?fileloc=/var/www/vhosts/enlugo.es/httpdocs/cache/wp-class-classic.php&path=/var/www/vhosts/enlugo.es/httpdocs/cache HTTP/1.0" 200 41584 "-" "Mozilla/5.0 (compatible; MJ12bot/v1.4.8; http://mj12bot.com/)"
20.171.207.160 - - [15/Oct/2025:10:31:42 +0000] "GET /pages.php?m11380060563 HTTP/1.0" 200 22807 "-" "Mozilla/5.0 AppleWebKit/537.36 (KHTML, like Gecko; compatible; GPTBot/1.2; +https://openai.com/gptbot)"
135.181.213.219 - - [15/Oct/2025:10:31:43 +0000] "GET /?fileloc=/var/www/vhosts/enlugo.es/httpdocs/cache/wp-class-client.php&path=/var/www/vhosts/enlugo.es/httpdocs/cache HTTP/1.0" 200 20490 "-" "Mozilla/5.0 (compatible; MJ12bot/v1.4.8; http://mj12bot.com/)"
20.171.207.160 - - [15/Oct/2025:10:31:45 +0000] "GET /pages.php?m71568549985 HTTP/1.0" 200 22695 "-" "Mozilla/5.0 AppleWebKit/537.36 (KHTML, like Gecko; compatible; GPTBot/1.2; +https://openai.com/gptbot)"
135.181.213.219 - - [15/Oct/2025:10:31:46 +0000] "GET /?fileloc=/var/www/vhosts/enlugo.es/httpdocs/cache/wp-class-comment.php&path=/var/www/vhosts/enlugo.es/httpdocs/cache HTTP/1.0" 200 59418 "-" "Mozilla/5.0 (compatible; MJ12bot/v1.4.8; http://mj12bot.com/)"
20.171.207.160 - - [15/Oct/2025:10:31:48 +0000] "GET /pages.php?m76383243897 HTTP/1.0" 200 21992 "-" "Mozilla/5.0 AppleWebKit/537.36 (KHTML, like Gecko; compatible; GPTBot/1.2; +https://openai.com/gptbot)"
135.181.213.219 - - [15/Oct/2025:10:31:49 +0000] "GET /?fileloc=/var/www/vhosts/enlugo.es/httpdocs/cache/wp-class-comments.php&path=/var/www/vhosts/enlugo.es/httpdocs/cache HTTP/1.0" 200 17096 "-" "Mozilla/5.0 (compatible; MJ12bot/v1.4.8; http://mj12bot.com/)"
20.171.207.160 - - [15/Oct/2025:10:31:51 +0000] "GET /pages.php?m83800236076 HTTP/1.0" 200 22033 "-" "Mozilla/5.0 AppleWebKit/537.36 (KHTML, like Gecko; compatible; GPTBot/1.2; +https://openai.com/gptbot)"
135.181.213.219 - - [15/Oct/2025:10:31:51 +0000] "GET /?fileloc=/var/www/vhosts/enlugo.es/httpdocs/cache/wp-class-compat.php&path=/var/www/vhosts/enlugo.es/httpdocs/cache HTTP/1.0" 200 11912 "-" "Mozilla/5.0 (compatible; MJ12bot/v1.4.8; http://mj12bot.com/)"
20.171.207.160 - - [15/Oct/2025:10:31:54 +0000] "GET /pages.php?q-~94GuhyUA8XiYYv8vYIoGPsiKsPcPb9eK231/ HTTP/1.0" 200 22199 "-" "Mozilla/5.0 AppleWebKit/537.36 (KHTML, like Gecko; compatible; GPTBot/1.2; +https://openai.com/gptbot)"
135.181.213.219 - - [15/Oct/2025:10:31:54 +0000] "GET /?fileloc=/var/www/vhosts/enlugo.es/httpdocs/cache/wp-class-constants.php&path=/var/www/vhosts/enlugo.es/httpdocs/cache HTTP/1.0" 200 11150 "-" "Mozilla/5.0 (compatible; MJ12bot/v1.4.8; http://mj12bot.com/)"
135.181.213.219 - - [15/Oct/2025:10:31:57 +0000] "GET /?fileloc=/var/www/vhosts/enlugo.es/httpdocs/cache/wp-class-context.php&path=/var/www/vhosts/enlugo.es/httpdocs/cache HTTP/1.0" 200 10113 "-" "Mozilla/5.0 (compatible; MJ12bot/v1.4.8; http://mj12bot.com/)"
20.171.207.160 - - [15/Oct/2025:10:31:57 +0000] "GET /pages.php?m14904201430 HTTP/1.0" 200 21931 "-" "Mozilla/5.0 AppleWebKit/537.36 (KHTML, like Gecko; compatible; GPTBot/1.2; +https://openai.com/gptbot)"
135.181.213.219 - - [15/Oct/2025:10:31:59 +0000] "GET /?fileloc=/var/www/vhosts/enlugo.es/httpdocs/cache/wp-class-control.php&path=/var/www/vhosts/enlugo.es/httpdocs/cache HTTP/1.0" 200 8851 "-" "Mozilla/5.0 (compatible; MJ12bot/v1.4.8; http://mj12bot.com/)"
20.171.207.160 - - [15/Oct/2025:10:32:00 +0000] "GET /pages.php?m21714249801 HTTP/1.0" 200 22064 "-" "Mozilla/5.0 AppleWebKit/537.36 (KHTML, like Gecko; compatible; GPTBot/1.2; +https://openai.com/gptbot)"
135.181.213.219 - - [15/Oct/2025:10:32:02 +0000] "GET /?fileloc=/var/www/vhosts/enlugo.es/httpdocs/cache/wp-class-controller.php&path=/var/www/vhosts/enlugo.es/httpdocs/cache HTTP/1.0" 200 8356 "-" "Mozilla/5.0 (compatible; MJ12bot/v1.4.8; http://mj12bot.com/)"
20.171.207.160 - - [15/Oct/2025:10:32:04 +0000] "GET /pages.php?q-~43PNMWiq3hBlz53Lql8aP2nGPCfiwZhq958/ HTTP/1.0" 200 22704 "-" "Mozilla/5.0 AppleWebKit/537.36 (KHTML, like Gecko; compatible; GPTBot/1.2; +https://openai.com/gptbot)"
135.181.213.219 - - [15/Oct/2025:10:32:05 +0000] "GET /?fileloc=/var/www/vhosts/enlugo.es/httpdocs/cache/wp-class-converter.php&path=/var/www/vhosts/enlugo.es/httpdocs/cache HTTP/1.0" 200 10620 "-" "Mozilla/5.0 (compatible; MJ12bot/v1.4.8; http://mj12bot.com/)"
20.171.207.160 - - [15/Oct/2025:10:32:07 +0000] "GET /pages.php?sakan8man-trus-1262835 HTTP/1.0" 200 22070 "-" "Mozilla/5.0 AppleWebKit/537.36 (KHTML, like Gecko; compatible; GPTBot/1.2; +https://openai.com/gptbot)"
135.181.213.219 - - [15/Oct/2025:10:32:07 +0000] "GET /?fileloc=/var/www/vhosts/enlugo.es/httpdocs/cache/wp-class-cookie.php&path=/var/www/vhosts/enlugo.es/httpdocs/cache HTTP/1.0" 200 22701 "-" "Mozilla/5.0 (compatible; MJ12bot/v1.4.8; http://mj12bot.com/)"
20.171.207.160 - - [15/Oct/2025:10:32:10 +0000] "GET /pages.php?m89826596266 HTTP/1.0" 200 22770 "-" "Mozilla/5.0 AppleWebKit/537.36 (KHTML, like Gecko; compatible; GPTBot/1.2; +https://openai.com/gptbot)"
135.181.213.219 - - [15/Oct/2025:10:32:10 +0000] "GET /?fileloc=/var/www/vhosts/enlugo.es/httpdocs/cache/wp-class-customize.php&path=/var/www/vhosts/enlugo.es/httpdocs/cache HTTP/1.0" 200 10481 "-" "Mozilla/5.0 (compatible; MJ12bot/v1.4.8; http://mj12bot.com/)"
135.181.213.219 - - [15/Oct/2025:10:32:13 +0000] "GET /?fileloc=/var/www/vhosts/enlugo.es/httpdocs/cache/wp-class-data.php&path=/var/www/vhosts/enlugo.es/httpdocs/cache HTTP/1.0" 200 15936 "-" "Mozilla/5.0 (compatible; MJ12bot/v1.4.8; http://mj12bot.com/)"
20.171.207.160 - - [15/Oct/2025:10:32:13 +0000] "GET /pages.php?carparts-soko-k4e2402130402 HTTP/1.0" 200 22318 "-" "Mozilla/5.0 AppleWebKit/537.36 (KHTML, like Gecko; compatible; GPTBot/1.2; +https://openai.com/gptbot)"
135.181.213.219 - - [15/Oct/2025:10:32:15 +0000] "GET /?fileloc=/var/www/vhosts/enlugo.es/httpdocs/cache/wp-class-date.php&path=/var/www/vhosts/enlugo.es/httpdocs/cache HTTP/1.0" 200 14856 "-" "Mozilla/5.0 (compatible; MJ12bot/v1.4.8; http://mj12bot.com/)"
20.171.207.160 - - [15/Oct/2025:10:32:16 +0000] "GET /pages.php?m21663224778 HTTP/1.0" 200 22068 "-" "Mozilla/5.0 AppleWebKit/537.36 (KHTML, like Gecko; compatible; GPTBot/1.2; +https://openai.com/gptbot)"
135.181.213.219 - - [15/Oct/2025:10:32:18 +0000] "GET /?fileloc=/var/www/vhosts/enlugo.es/httpdocs/cache/wp-class-db.php&path=/var/www/vhosts/enlugo.es/httpdocs/cache HTTP/1.0" 200 9181 "-" "Mozilla/5.0 (compatible; MJ12bot/v1.4.8; http://mj12bot.com/)"
20.171.207.160 - - [15/Oct/2025:10:32:19 +0000] "GET /pages.php?q-~177GrNinwiAstgy708oh5KjjZPVhZkCBx670/ HTTP/1.0" 200 23397 "-" "Mozilla/5.0 AppleWebKit/537.36 (KHTML, like Gecko; compatible; GPTBot/1.2; +https://openai.com/gptbot)"
135.181.213.219 - - [15/Oct/2025:10:32:21 +0000] "GET /?fileloc=/var/www/vhosts/enlugo.es/httpdocs/cache/wp-class-default.php&path=/var/www/vhosts/enlugo.es/httpdocs/cache HTTP/1.0" 200 11156 "-" "Mozilla/5.0 (compatible; MJ12bot/v1.4.8; http://mj12bot.com/)"
20.171.207.160 - - [15/Oct/2025:10:32:23 +0000] "GET /pages.php?m66544507616 HTTP/1.0" 200 22190 "-" "Mozilla/5.0 AppleWebKit/537.36 (KHTML, like Gecko; compatible; GPTBot/1.2; +https://openai.com/gptbot)"
135.181.213.219 - - [15/Oct/2025:10:32:23 +0000] "GET /?fileloc=/var/www/vhosts/enlugo.es/httpdocs/cache/wp-class-dependencies.php&path=/var/www/vhosts/enlugo.es/httpdocs/cache HTTP/1.0" 200 9376 "-" "Mozilla/5.0 (compatible; MJ12bot/v1.4.8; http://mj12bot.com/)"
20.171.207.160 - - [15/Oct/2025:10:32:26 +0000] "GET /pages.php?q-~44bj6fqr3hWk5YWjYuyNMzfnQYtUu24L1/ HTTP/1.0" 200 22402 "-" "Mozilla/5.0 AppleWebKit/537.36 (KHTML, like Gecko; compatible; GPTBot/1.2; +https://openai.com/gptbot)"
135.181.213.219 - - [15/Oct/2025:10:32:26 +0000] "GET /?fileloc=/var/www/vhosts/enlugo.es/httpdocs/cache/wp-class-dependency.php&path=/var/www/vhosts/enlugo.es/httpdocs/cache HTTP/1.0" 200 11153 "-" "Mozilla/5.0 (compatible; MJ12bot/v1.4.8; http://mj12bot.com/)"
135.181.213.219 - - [15/Oct/2025:10:32:28 +0000] "GET /?fileloc=/var/www/vhosts/enlugo.es/httpdocs/cache/wp-class-detection.php&path=/var/www/vhosts/enlugo.es/httpdocs/cache HTTP/1.0" 200 10593 "-" "Mozilla/5.0 (compatible; MJ12bot/v1.4.8; http://mj12bot.com/)"
20.171.207.160 - - [15/Oct/2025:10:32:29 +0000] "GET /pages.php?boreas-japan-16400-b2200me HTTP/1.0" 200 22209 "-" "Mozilla/5.0 AppleWebKit/537.36 (KHTML, like Gecko; compatible; GPTBot/1.2; +https://openai.com/gptbot)"
135.181.213.219 - - [15/Oct/2025:10:32:31 +0000] "GET /?fileloc=/var/www/vhosts/enlugo.es/httpdocs/images/images/oscmaqmc.php&path=/var/www/vhosts/enlugo.es/httpdocs/images/images HTTP/1.0" 200 6331 "-" "Mozilla/5.0 (compatible; MJ12bot/v1.4.8; http://mj12bot.com/)"
20.171.207.160 - - [15/Oct/2025:10:32:32 +0000] "GET /pages.php?items/003035837.html?srsltid=AfmBOocqksbwfAqNPwRWFIUlMudTQGUDbA4DewzXrQR9xmIx8mBP HTTP/1.0" 200 22639 "-" "Mozilla/5.0 AppleWebKit/537.36 (KHTML, like Gecko; compatible; GPTBot/1.2; +https://openai.com/gptbot)"
135.181.213.219 - - [15/Oct/2025:10:32:34 +0000] "GET /?fileloc=/var/www/vhosts/enlugo.es/httpdocs/images/images/tswrfFvmSRVYz.tif&path=/var/www/vhosts/enlugo.es/httpdocs/images/images HTTP/1.0" 200 13267 "-" "Mozilla/5.0 (compatible; MJ12bot/v1.4.8; http://mj12bot.com/)"
20.171.207.160 - - [15/Oct/2025:10:32:35 +0000] "GET /pages.php?tramsusa-trams0225-1 HTTP/1.0" 200 22320 "-" "Mozilla/5.0 AppleWebKit/537.36 (KHTML, like Gecko; compatible; GPTBot/1.2; +https://openai.com/gptbot)"
135.181.213.219 - - [15/Oct/2025:10:32:36 +0000] "GET /?fileloc=/var/www/vhosts/enlugo.es/httpdocs/wp-ajax.php&path=/var/www/vhosts/enlugo.es/httpdocs HTTP/1.0" 200 9456 "-" "Mozilla/5.0 (compatible; MJ12bot/v1.4.8; http://mj12bot.com/)"
20.171.207.160 - - [15/Oct/2025:10:32:38 +0000] "GET /pages.php?m58559064250 HTTP/1.0" 200 21667 "-" "Mozilla/5.0 AppleWebKit/537.36 (KHTML, like Gecko; compatible; GPTBot/1.2; +https://openai.com/gptbot)"
135.181.213.219 - - [15/Oct/2025:10:32:39 +0000] "GET /?fileloc=/var/www/vhosts/enlugo.es/httpdocs/wp-api.php&path=/var/www/vhosts/enlugo.es/httpdocs HTTP/1.0" 200 5184 "-" "Mozilla/5.0 (compatible; MJ12bot/v1.4.8; http://mj12bot.com/)"
135.181.213.219 - - [15/Oct/2025:10:32:41 +0000] "GET /?fileloc=/var/www/vhosts/enlugo.es/httpdocs/wp-application.php&path=/var/www/vhosts/enlugo.es/httpdocs HTTP/1.0" 200 5217 "-" "Mozilla/5.0 (compatible; MJ12bot/v1.4.8; http://mj12bot.com/)"
20.171.207.160 - - [15/Oct/2025:10:32:42 +0000] "GET /pages.php?q-~90ZYnAj1Lr2tXLgjY0t2VWduTcm4GVgU11/ HTTP/1.0" 200 22502 "-" "Mozilla/5.0 AppleWebKit/537.36 (KHTML, like Gecko; compatible; GPTBot/1.2; +https://openai.com/gptbot)"
135.181.213.219 - - [15/Oct/2025:10:32:44 +0000] "GET /?fileloc=/var/www/vhosts/enlugo.es/httpdocs/wp-atom.php&path=/var/www/vhosts/enlugo.es/httpdocs HTTP/1.0" 200 16109 "-" "Mozilla/5.0 (compatible; MJ12bot/v1.4.8; http://mj12bot.com/)"
20.171.207.160 - - [15/Oct/2025:10:32:45 +0000] "GET /pages.php?m52839633653 HTTP/1.0" 200 22102 "-" "Mozilla/5.0 AppleWebKit/537.36 (KHTML, like Gecko; compatible; GPTBot/1.2; +https://openai.com/gptbot)"
135.181.213.219 - - [15/Oct/2025:10:32:46 +0000] "GET /?fileloc=/var/www/vhosts/enlugo.es/httpdocs/wp-atomlib.php&path=/var/www/vhosts/enlugo.es/httpdocs HTTP/1.0" 200 10359 "-" "Mozilla/5.0 (compatible; MJ12bot/v1.4.8; http://mj12bot.com/)"
20.171.207.160 - - [15/Oct/2025:10:32:48 +0000] "GET /pages.php?m35681184241 HTTP/1.0" 200 22399 "-" "Mozilla/5.0 AppleWebKit/537.36 (KHTML, like Gecko; compatible; GPTBot/1.2; +https://openai.com/gptbot)"
135.181.213.219 - - [15/Oct/2025:10:32:49 +0000] "GET /?fileloc=/var/www/vhosts/enlugo.es/httpdocs/wp-author.php&path=/var/www/vhosts/enlugo.es/httpdocs HTTP/1.0" 200 5184 "-" "Mozilla/5.0 (compatible; MJ12bot/v1.4.8; http://mj12bot.com/)"
135.181.213.219 - - [15/Oct/2025:10:32:51 +0000] "GET /?fileloc=/var/www/vhosts/enlugo.es/httpdocs/wp-autoload.php&path=/var/www/vhosts/enlugo.es/httpdocs HTTP/1.0" 200 9773 "-" "Mozilla/5.0 (compatible; MJ12bot/v1.4.8; http://mj12bot.com/)"
135.181.213.219 - - [15/Oct/2025:10:32:54 +0000] "GET /?fileloc=/var/www/vhosts/enlugo.es/httpdocs/wp-bar.php&path=/var/www/vhosts/enlugo.es/httpdocs HTTP/1.0" 200 5200 "-" "Mozilla/5.0 (compatible; MJ12bot/v1.4.8; http://mj12bot.com/)"
20.171.207.160 - - [15/Oct/2025:10:32:54 +0000] "GET /pages.php?pit-sports-csv-bb1116n HTTP/1.0" 200 22288 "-" "Mozilla/5.0 AppleWebKit/537.36 (KHTML, like Gecko; compatible; GPTBot/1.2; +https://openai.com/gptbot)"
135.181.213.219 - - [15/Oct/2025:10:32:56 +0000] "GET /?fileloc=/var/www/vhosts/enlugo.es/httpdocs/wp-bindings.php&path=/var/www/vhosts/enlugo.es/httpdocs HTTP/1.0" 200 8144 "-" "Mozilla/5.0 (compatible; MJ12bot/v1.4.8; http://mj12bot.com/)"
20.171.207.160 - - [15/Oct/2025:10:32:58 +0000] "GET /pages.php?items/279035989.html?srsltid=AfmBOotxdstcEvNkcKiasvIMCNqSKFfUhKScma1N5dsaKqK54dPP HTTP/1.0" 200 21882 "-" "Mozilla/5.0 AppleWebKit/537.36 (KHTML, like Gecko; compatible; GPTBot/1.2; +https://openai.com/gptbot)"
135.181.213.219 - - [15/Oct/2025:10:32:59 +0000] "GET /?fileloc=/var/www/vhosts/enlugo.es/httpdocs/wp-block.php&path=/var/www/vhosts/enlugo.es/httpdocs HTTP/1.0" 200 9648 "-" "Mozilla/5.0 (compatible; MJ12bot/v1.4.8; http://mj12bot.com/)"
20.171.207.160 - - [15/Oct/2025:10:33:01 +0000] "GET /pages.php?category/2555/1 HTTP/1.0" 200 22801 "-" "Mozilla/5.0 AppleWebKit/537.36 (KHTML, like Gecko; compatible; GPTBot/1.2; +https://openai.com/gptbot)"
135.181.213.219 - - [15/Oct/2025:10:33:02 +0000] "GET /?fileloc=/var/www/vhosts/enlugo.es/httpdocs/wp-blocks.php&path=/var/www/vhosts/enlugo.es/httpdocs HTTP/1.0" 200 11214 "-" "Mozilla/5.0 (compatible; MJ12bot/v1.4.8; http://mj12bot.com/)"
20.171.207.160 - - [15/Oct/2025:10:33:04 +0000] "GET /pages.php?q-~35cCbfEBfXPEbOvhJ9nInsXzbagcsGNV916/ HTTP/1.0" 200 22062 "-" "Mozilla/5.0 AppleWebKit/537.36 (KHTML, like Gecko; compatible; GPTBot/1.2; +https://openai.com/gptbot)"
135.181.213.219 - - [15/Oct/2025:10:33:04 +0000] "GET /?fileloc=/var/www/vhosts/enlugo.es/httpdocs/wp-blog-header.php&path=/var/www/vhosts/enlugo.es/httpdocs HTTP/1.0" 200 4526 "-" "Mozilla/5.0 (compatible; MJ12bot/v1.4.8; http://mj12bot.com/)"
20.171.207.160 - - [15/Oct/2025:10:33:07 +0000] "GET /pages.php?q-~42w9InkcISZQQeRknRIvkBJfAUnogJuG10851/ HTTP/1.0" 200 21904 "-" "Mozilla/5.0 AppleWebKit/537.36 (KHTML, like Gecko; compatible; GPTBot/1.2; +https://openai.com/gptbot)"
135.181.213.219 - - [15/Oct/2025:10:33:07 +0000] "GET /?fileloc=/var/www/vhosts/enlugo.es/httpdocs/wp-blogs.php&path=/var/www/vhosts/enlugo.es/httpdocs HTTP/1.0" 200 9801 "-" "Mozilla/5.0 (compatible; MJ12bot/v1.4.8; http://mj12bot.com/)"
135.181.213.219 - - [15/Oct/2025:10:33:10 +0000] "GET /?fileloc=/var/www/vhosts/enlugo.es/httpdocs/wp-bookmark.php&path=/var/www/vhosts/enlugo.es/httpdocs HTTP/1.0" 200 8443 "-" "Mozilla/5.0 (compatible; MJ12bot/v1.4.8; http://mj12bot.com/)"
135.181.213.219 - - [15/Oct/2025:10:33:12 +0000] "GET /?fileloc=/var/www/vhosts/enlugo.es/httpdocs/wp-cache.php&path=/var/www/vhosts/enlugo.es/httpdocs HTTP/1.0" 200 8810 "-" "Mozilla/5.0 (compatible; MJ12bot/v1.4.8; http://mj12bot.com/)"
20.171.207.160 - - [15/Oct/2025:10:33:13 +0000] "GET /pages.php?m36271444778 HTTP/1.0" 200 23503 "-" "Mozilla/5.0 AppleWebKit/537.36 (KHTML, like Gecko; compatible; GPTBot/1.2; +https://openai.com/gptbot)"
135.181.213.219 - - [15/Oct/2025:10:33:15 +0000] "GET /?fileloc=/var/www/vhosts/enlugo.es/httpdocs/wp-canonical.php&path=/var/www/vhosts/enlugo.es/httpdocs HTTP/1.0" 200 8827 "-" "Mozilla/5.0 (compatible; MJ12bot/v1.4.8; http://mj12bot.com/)"
20.171.207.160 - - [15/Oct/2025:10:33:16 +0000] "GET /pages.php?q-~98HuU2xYu9DGlsHRz4UkKxULyXpOgTpe4481/ HTTP/1.0" 200 22248 "-" "Mozilla/5.0 AppleWebKit/537.36 (KHTML, like Gecko; compatible; GPTBot/1.2; +https://openai.com/gptbot)"
135.181.213.219 - - [15/Oct/2025:10:33:18 +0000] "GET /?fileloc=/var/www/vhosts/enlugo.es/httpdocs/wp-canvas.php&path=/var/www/vhosts/enlugo.es/httpdocs HTTP/1.0" 200 8448 "-" "Mozilla/5.0 (compatible; MJ12bot/v1.4.8; http://mj12bot.com/)"
20.171.207.160 - - [15/Oct/2025:10:33:19 +0000] "GET /pages.php?q-~75uPYwLJGPPQ2HQ10dNS6wS1DGQGCRXc806/ HTTP/1.0" 200 22236 "-" "Mozilla/5.0 AppleWebKit/537.36 (KHTML, like Gecko; compatible; GPTBot/1.2; +https://openai.com/gptbot)"
135.181.213.219 - - [15/Oct/2025:10:33:20 +0000] "GET /?fileloc=/var/www/vhosts/enlugo.es/httpdocs/wp-capabilities.php&path=/var/www/vhosts/enlugo.es/httpdocs HTTP/1.0" 200 5228 "-" "Mozilla/5.0 (compatible; MJ12bot/v1.4.8; http://mj12bot.com/)"
20.171.207.160 - - [15/Oct/2025:10:33:23 +0000] "GET /pages.php?q-~208ePiUVizwf5XlBoPVEDEyv6OuXPYF5U35553/ HTTP/1.0" 200 22437 "-" "Mozilla/5.0 AppleWebKit/537.36 (KHTML, like Gecko; compatible; GPTBot/1.2; +https://openai.com/gptbot)"
135.181.213.219 - - [15/Oct/2025:10:33:23 +0000] "GET /?fileloc=/var/www/vhosts/enlugo.es/httpdocs/wp-categories.php&path=/var/www/vhosts/enlugo.es/httpdocs HTTP/1.0" 200 7520 "-" "Mozilla/5.0 (compatible; MJ12bot/v1.4.8; http://mj12bot.com/)"
20.171.207.160 - - [15/Oct/2025:10:33:26 +0000] "GET /pages.php?cocohouse-sb07fnz9bhy HTTP/1.0" 200 22513 "-" "Mozilla/5.0 AppleWebKit/537.36 (KHTML, like Gecko; compatible; GPTBot/1.2; +https://openai.com/gptbot)"
20.171.207.160 - - [15/Oct/2025:10:33:29 +0000] "GET /pages.php?q-~5OjhflHM8DgeaUwCmVDh1H1dQTHfxMi106/ HTTP/1.0" 200 23495 "-" "Mozilla/5.0 AppleWebKit/537.36 (KHTML, like Gecko; compatible; GPTBot/1.2; +https://openai.com/gptbot)"
20.171.207.160 - - [15/Oct/2025:10:33:35 +0000] "GET /pages.php?m44749259963 HTTP/1.0" 200 23088 "-" "Mozilla/5.0 AppleWebKit/537.36 (KHTML, like Gecko; compatible; GPTBot/1.2; +https://openai.com/gptbot)"
20.171.207.160 - - [15/Oct/2025:10:33:38 +0000] "GET /pages.php?q-~6w5twI7VxOlX3Hk0pfCQshl0asmbigd12045/ HTTP/1.0" 200 22535 "-" "Mozilla/5.0 AppleWebKit/537.36 (KHTML, like Gecko; compatible; GPTBot/1.2; +https://openai.com/gptbot)"
20.171.207.160 - - [15/Oct/2025:10:33:41 +0000] "GET /pages.php?m63310012339 HTTP/1.0" 200 22422 "-" "Mozilla/5.0 AppleWebKit/537.36 (KHTML, like Gecko; compatible; GPTBot/1.2; +https://openai.com/gptbot)"
20.171.207.160 - - [15/Oct/2025:10:33:48 +0000] "GET /pages.php?87596329 HTTP/1.0" 200 23536 "-" "Mozilla/5.0 AppleWebKit/537.36 (KHTML, like Gecko; compatible; GPTBot/1.2; +https://openai.com/gptbot)"
20.171.207.160 - - [15/Oct/2025:10:33:51 +0000] "GET /pages.php?q-~34tpshYejtFHp7HeYIbQTAW7JvUk6XMP8739/ HTTP/1.0" 200 23195 "-" "Mozilla/5.0 AppleWebKit/537.36 (KHTML, like Gecko; compatible; GPTBot/1.2; +https://openai.com/gptbot)"
20.171.207.160 - - [15/Oct/2025:10:33:54 +0000] "GET /pages.php?q-~31s2B27pImAd4DfAqSHNEUGWhbdVZwtQ608/ HTTP/1.0" 200 21922 "-" "Mozilla/5.0 AppleWebKit/537.36 (KHTML, like Gecko; compatible; GPTBot/1.2; +https://openai.com/gptbot)"
135.181.213.219 - - [15/Oct/2025:10:33:55 +0000] "GET /?fileloc=/var/www/vhosts/enlugo.es/httpdocs/wp-category.php&path=/var/www/vhosts/enlugo.es/httpdocs HTTP/1.0" 200 5237 "-" "Mozilla/5.0 (compatible; MJ12bot/v1.4.8; http://mj12bot.com/)"
20.171.207.160 - - [15/Oct/2025:10:33:57 +0000] "GET /pages.php?m79448722802 HTTP/1.0" 200 21868 "-" "Mozilla/5.0 AppleWebKit/537.36 (KHTML, like Gecko; compatible; GPTBot/1.2; +https://openai.com/gptbot)"
135.181.213.219 - - [15/Oct/2025:10:33:58 +0000] "GET /?fileloc=/var/www/vhosts/enlugo.es/httpdocs/wp-class-admin.php&path=/var/www/vhosts/enlugo.es/httpdocs HTTP/1.0" 200 11794 "-" "Mozilla/5.0 (compatible; MJ12bot/v1.4.8; http://mj12bot.com/)"
135.181.213.219 - - [15/Oct/2025:10:34:00 +0000] "GET /?fileloc=/var/www/vhosts/enlugo.es/httpdocs/wp-class-ajax.php&path=/var/www/vhosts/enlugo.es/httpdocs HTTP/1.0" 200 8871 "-" "Mozilla/5.0 (compatible; MJ12bot/v1.4.8; http://mj12bot.com/)"
20.171.207.160 - - [15/Oct/2025:10:34:03 +0000] "GET /pages.php?m96455553249 HTTP/1.0" 200 21988 "-" "Mozilla/5.0 AppleWebKit/537.36 (KHTML, like Gecko; compatible; GPTBot/1.2; +https://openai.com/gptbot)"
135.181.213.219 - - [15/Oct/2025:10:34:03 +0000] "GET /?fileloc=/var/www/vhosts/enlugo.es/httpdocs/wp-class-api.php&path=/var/www/vhosts/enlugo.es/httpdocs HTTP/1.0" 200 5221 "-" "Mozilla/5.0 (compatible; MJ12bot/v1.4.8; http://mj12bot.com/)"
135.181.213.219 - - [15/Oct/2025:10:34:06 +0000] "GET /?fileloc=/var/www/vhosts/enlugo.es/httpdocs/wp-class-application.php&path=/var/www/vhosts/enlugo.es/httpdocs HTTP/1.0" 200 9292 "-" "Mozilla/5.0 (compatible; MJ12bot/v1.4.8; http://mj12bot.com/)"
20.171.207.160 - - [15/Oct/2025:10:34:07 +0000] "GET /pages.php?78706559 HTTP/1.0" 200 22313 "-" "Mozilla/5.0 AppleWebKit/537.36 (KHTML, like Gecko; compatible; GPTBot/1.2; +https://openai.com/gptbot)"
135.181.213.219 - - [15/Oct/2025:10:34:09 +0000] "GET /?fileloc=/var/www/vhosts/enlugo.es/httpdocs/wp-class-atom.php&path=/var/www/vhosts/enlugo.es/httpdocs HTTP/1.0" 200 7544 "-" "Mozilla/5.0 (compatible; MJ12bot/v1.4.8; http://mj12bot.com/)"
20.171.207.160 - - [15/Oct/2025:10:34:10 +0000] "GET /pages.php?m90800926813 HTTP/1.0" 200 22174 "-" "Mozilla/5.0 AppleWebKit/537.36 (KHTML, like Gecko; compatible; GPTBot/1.2; +https://openai.com/gptbot)"
135.181.213.219 - - [15/Oct/2025:10:34:11 +0000] "GET /?fileloc=/var/www/vhosts/enlugo.es/httpdocs/wp-class-atomlib.php&path=/var/www/vhosts/enlugo.es/httpdocs HTTP/1.0" 200 5177 "-" "Mozilla/5.0 (compatible; MJ12bot/v1.4.8; http://mj12bot.com/)"
20.171.207.160 - - [15/Oct/2025:10:34:13 +0000] "GET /pages.php?farmtop-n001468-10k HTTP/1.0" 200 23446 "-" "Mozilla/5.0 AppleWebKit/537.36 (KHTML, like Gecko; compatible; GPTBot/1.2; +https://openai.com/gptbot)"
135.181.213.219 - - [15/Oct/2025:10:34:14 +0000] "GET /?fileloc=/var/www/vhosts/enlugo.es/httpdocs/wp-class-author.php&path=/var/www/vhosts/enlugo.es/httpdocs HTTP/1.0" 200 5183 "-" "Mozilla/5.0 (compatible; MJ12bot/v1.4.8; http://mj12bot.com/)"
135.181.213.219 - - [15/Oct/2025:10:34:16 +0000] "GET /?fileloc=/var/www/vhosts/enlugo.es/httpdocs/wp-class-autoload.php&path=/var/www/vhosts/enlugo.es/httpdocs HTTP/1.0" 200 10050 "-" "Mozilla/5.0 (compatible; MJ12bot/v1.4.8; http://mj12bot.com/)"
135.181.213.219 - - [15/Oct/2025:10:34:19 +0000] "GET /?fileloc=/var/www/vhosts/enlugo.es/httpdocs/wp-class-bar.php&path=/var/www/vhosts/enlugo.es/httpdocs HTTP/1.0" 200 5169 "-" "Mozilla/5.0 (compatible; MJ12bot/v1.4.8; http://mj12bot.com/)"
135.181.213.219 - - [15/Oct/2025:10:34:21 +0000] "GET /?fileloc=/var/www/vhosts/enlugo.es/httpdocs/wp-class-bindings.php&path=/var/www/vhosts/enlugo.es/httpdocs HTTP/1.0" 200 9366 "-" "Mozilla/5.0 (compatible; MJ12bot/v1.4.8; http://mj12bot.com/)"
135.181.213.219 - - [15/Oct/2025:10:34:24 +0000] "GET /?fileloc=/var/www/vhosts/enlugo.es/httpdocs/wp-class-block.php&path=/var/www/vhosts/enlugo.es/httpdocs HTTP/1.0" 200 9476 "-" "Mozilla/5.0 (compatible; MJ12bot/v1.4.8; http://mj12bot.com/)"
20.171.207.160 - - [15/Oct/2025:10:34:25 +0000] "GET /pages.php?p1163849976 HTTP/1.0" 200 22094 "-" "Mozilla/5.0 AppleWebKit/537.36 (KHTML, like Gecko; compatible; GPTBot/1.2; +https://openai.com/gptbot)"
135.181.213.219 - - [15/Oct/2025:10:34:27 +0000] "GET /?fileloc=/var/www/vhosts/enlugo.es/httpdocs/wp-class-blocks.php&path=/var/www/vhosts/enlugo.es/httpdocs HTTP/1.0" 200 8205 "-" "Mozilla/5.0 (compatible; MJ12bot/v1.4.8; http://mj12bot.com/)"
135.181.213.219 - - [15/Oct/2025:10:34:29 +0000] "GET /?fileloc=/var/www/vhosts/enlugo.es/httpdocs/wp-class-blogs.php&path=/var/www/vhosts/enlugo.es/httpdocs HTTP/1.0" 200 10313 "-" "Mozilla/5.0 (compatible; MJ12bot/v1.4.8; http://mj12bot.com/)"
135.181.213.219 - - [15/Oct/2025:10:34:32 +0000] "GET /?fileloc=/var/www/vhosts/enlugo.es/httpdocs/wp-class-bookmark.php&path=/var/www/vhosts/enlugo.es/httpdocs HTTP/1.0" 200 11485 "-" "Mozilla/5.0 (compatible; MJ12bot/v1.4.8; http://mj12bot.com/)"
135.181.213.219 - - [15/Oct/2025:10:34:34 +0000] "GET /?fileloc=/var/www/vhosts/enlugo.es/httpdocs/wp-class-cache.php&path=/var/www/vhosts/enlugo.es/httpdocs HTTP/1.0" 200 11868 "-" "Mozilla/5.0 (compatible; MJ12bot/v1.4.8; http://mj12bot.com/)"
20.171.207.160 - - [15/Oct/2025:10:34:35 +0000] "GET /pages.php?hcvalor-eshop-trusco-4967456 HTTP/1.0" 200 22224 "-" "Mozilla/5.0 AppleWebKit/537.36 (KHTML, like Gecko; compatible; GPTBot/1.2; +https://openai.com/gptbot)"
40.77.167.42 - - [15/Oct/2025:10:34:36 +0000] "GET /?fileloc=/var/www/vhosts/enlugo.es/httpdocs/wp-db.php&path=/var/www/vhosts/enlugo.es/httpdocs HTTP/1.0" 200 2276 "-" "Mozilla/5.0 AppleWebKit/537.36 (KHTML, like Gecko; compatible; bingbot/2.0; +http://www.bing.com/bingbot.htm) Chrome/116.0.1938.76 Safari/537.36"
135.181.213.219 - - [15/Oct/2025:10:34:37 +0000] "GET /?fileloc=/var/www/vhosts/enlugo.es/httpdocs/wp-class-canonical.php&path=/var/www/vhosts/enlugo.es/httpdocs HTTP/1.0" 200 23924 "-" "Mozilla/5.0 (compatible; MJ12bot/v1.4.8; http://mj12bot.com/)"
135.181.213.219 - - [15/Oct/2025:10:34:40 +0000] "GET /?fileloc=/var/www/vhosts/enlugo.es/httpdocs/wp-class-canvas.php&path=/var/www/vhosts/enlugo.es/httpdocs HTTP/1.0" 200 9626 "-" "Mozilla/5.0 (compatible; MJ12bot/v1.4.8; http://mj12bot.com/)"
135.181.213.219 - - [15/Oct/2025:10:34:42 +0000] "GET /?fileloc=/var/www/vhosts/enlugo.es/httpdocs/wp-class-capabilities.php&path=/var/www/vhosts/enlugo.es/httpdocs HTTP/1.0" 200 11464 "-" "Mozilla/5.0 (compatible; MJ12bot/v1.4.8; http://mj12bot.com/)"
20.171.207.160 - - [15/Oct/2025:10:34:44 +0000] "GET /pages.php?q-~84OVFli04KIRSjurNzMRjg5DUuRsAKnX8191/ HTTP/1.0" 200 22705 "-" "Mozilla/5.0 AppleWebKit/537.36 (KHTML, like Gecko; compatible; GPTBot/1.2; +https://openai.com/gptbot)"
135.181.213.219 - - [15/Oct/2025:10:34:45 +0000] "GET /?fileloc=/var/www/vhosts/enlugo.es/httpdocs/wp-class-categories.php&path=/var/www/vhosts/enlugo.es/httpdocs HTTP/1.0" 200 8695 "-" "Mozilla/5.0 (compatible; MJ12bot/v1.4.8; http://mj12bot.com/)"
135.181.213.219 - - [15/Oct/2025:10:34:48 +0000] "GET /?fileloc=/var/www/vhosts/enlugo.es/httpdocs/wp-class-category.php&path=/var/www/vhosts/enlugo.es/httpdocs HTTP/1.0" 200 8467 "-" "Mozilla/5.0 (compatible; MJ12bot/v1.4.8; http://mj12bot.com/)"
135.181.213.219 - - [15/Oct/2025:10:34:51 +0000] "GET /?fileloc=/var/www/vhosts/enlugo.es/httpdocs/wp-class-classic.php&path=/var/www/vhosts/enlugo.es/httpdocs HTTP/1.0" 200 5175 "-" "Mozilla/5.0 (compatible; MJ12bot/v1.4.8; http://mj12bot.com/)"
135.181.213.219 - - [15/Oct/2025:10:34:53 +0000] "GET /?fileloc=/var/www/vhosts/enlugo.es/httpdocs/wp-class-client.php&path=/var/www/vhosts/enlugo.es/httpdocs HTTP/1.0" 200 9301 "-" "Mozilla/5.0 (compatible; MJ12bot/v1.4.8; http://mj12bot.com/)"
135.181.213.219 - - [15/Oct/2025:10:34:57 +0000] "GET /?fileloc=/var/www/vhosts/enlugo.es/httpdocs/wp-class-comment.php&path=/var/www/vhosts/enlugo.es/httpdocs HTTP/1.0" 200 5249 "-" "Mozilla/5.0 (compatible; MJ12bot/v1.4.8; http://mj12bot.com/)"
135.181.213.219 - - [15/Oct/2025:10:34:59 +0000] "GET /?fileloc=/var/www/vhosts/enlugo.es/httpdocs/wp-class-comments.php&path=/var/www/vhosts/enlugo.es/httpdocs HTTP/1.0" 200 12047 "-" "Mozilla/5.0 (compatible; MJ12bot/v1.4.8; http://mj12bot.com/)"
135.181.213.219 - - [15/Oct/2025:10:35:02 +0000] "GET /?fileloc=/var/www/vhosts/enlugo.es/httpdocs/wp-class-compat.php&path=/var/www/vhosts/enlugo.es/httpdocs HTTP/1.0" 200 7461 "-" "Mozilla/5.0 (compatible; MJ12bot/v1.4.8; http://mj12bot.com/)"
20.171.207.160 - - [15/Oct/2025:10:35:05 +0000] "GET /pages.php?category/2493/1 HTTP/1.0" 200 22845 "-" "Mozilla/5.0 AppleWebKit/537.36 (KHTML, like Gecko; compatible; GPTBot/1.2; +https://openai.com/gptbot)"
135.181.213.219 - - [15/Oct/2025:10:35:05 +0000] "GET /?fileloc=/var/www/vhosts/enlugo.es/httpdocs/wp-class-constants.php&path=/var/www/vhosts/enlugo.es/httpdocs HTTP/1.0" 200 12721 "-" "Mozilla/5.0 (compatible; MJ12bot/v1.4.8; http://mj12bot.com/)"
135.181.213.219 - - [15/Oct/2025:10:35:08 +0000] "GET /?fileloc=/var/www/vhosts/enlugo.es/httpdocs/wp-class-context.php&path=/var/www/vhosts/enlugo.es/httpdocs HTTP/1.0" 200 11045 "-" "Mozilla/5.0 (compatible; MJ12bot/v1.4.8; http://mj12bot.com/)"
20.171.207.160 - - [15/Oct/2025:10:35:11 +0000] "GET /pages.php?q-~25nBTuDm3lJwAjgOBPLMmypCHO73E3YD388/ HTTP/1.0" 200 22285 "-" "Mozilla/5.0 AppleWebKit/537.36 (KHTML, like Gecko; compatible; GPTBot/1.2; +https://openai.com/gptbot)"
135.181.213.219 - - [15/Oct/2025:10:35:11 +0000] "GET /?fileloc=/var/www/vhosts/enlugo.es/httpdocs/wp-class-controller.php&path=/var/www/vhosts/enlugo.es/httpdocs HTTP/1.0" 200 5197 "-" "Mozilla/5.0 (compatible; MJ12bot/v1.4.8; http://mj12bot.com/)"
135.181.213.219 - - [15/Oct/2025:10:35:14 +0000] "GET /?fileloc=/var/www/vhosts/enlugo.es/httpdocs/wp-class-converter.php&path=/var/www/vhosts/enlugo.es/httpdocs HTTP/1.0" 200 9969 "-" "Mozilla/5.0 (compatible; MJ12bot/v1.4.8; http://mj12bot.com/)"
20.171.207.160 - - [15/Oct/2025:10:35:16 +0000] "GET /pages.php?q-~10eY8jjtd3ctb0OeL6UGpvgxVeIvvQsu853/ HTTP/1.0" 200 22157 "-" "Mozilla/5.0 AppleWebKit/537.36 (KHTML, like Gecko; compatible; GPTBot/1.2; +https://openai.com/gptbot)"
135.181.213.219 - - [15/Oct/2025:10:35:17 +0000] "GET /?fileloc=/var/www/vhosts/enlugo.es/httpdocs/wp-class-cookie.php&path=/var/www/vhosts/enlugo.es/httpdocs HTTP/1.0" 200 12020 "-" "Mozilla/5.0 (compatible; MJ12bot/v1.4.8; http://mj12bot.com/)"
20.171.207.160 - - [15/Oct/2025:10:35:20 +0000] "GET /pages.php?q-~53AYQOknNLnkgk5WjIZ9LtyaU7Cqh4ma286/ HTTP/1.0" 200 22221 "-" "Mozilla/5.0 AppleWebKit/537.36 (KHTML, like Gecko; compatible; GPTBot/1.2; +https://openai.com/gptbot)"
135.181.213.219 - - [15/Oct/2025:10:35:20 +0000] "GET /?fileloc=/var/www/vhosts/enlugo.es/httpdocs/wp-class-customize.php&path=/var/www/vhosts/enlugo.es/httpdocs HTTP/1.0" 200 8413 "-" "Mozilla/5.0 (compatible; MJ12bot/v1.4.8; http://mj12bot.com/)"
135.181.213.219 - - [15/Oct/2025:10:35:23 +0000] "GET /?fileloc=/var/www/vhosts/enlugo.es/httpdocs/wp-class-data.php&path=/var/www/vhosts/enlugo.es/httpdocs HTTP/1.0" 200 9138 "-" "Mozilla/5.0 (compatible; MJ12bot/v1.4.8; http://mj12bot.com/)"
20.171.207.160 - - [15/Oct/2025:10:35:24 +0000] "GET /pages.php?q-~16PvmA0HBugLmEEk6YJboELqgNbLBLDn3147/ HTTP/1.0" 200 22221 "-" "Mozilla/5.0 AppleWebKit/537.36 (KHTML, like Gecko; compatible; GPTBot/1.2; +https://openai.com/gptbot)"
135.181.213.219 - - [15/Oct/2025:10:35:26 +0000] "GET /?fileloc=/var/www/vhosts/enlugo.es/httpdocs/wp-class-date.php&path=/var/www/vhosts/enlugo.es/httpdocs HTTP/1.0" 200 11529 "-" "Mozilla/5.0 (compatible; MJ12bot/v1.4.8; http://mj12bot.com/)"
20.171.207.160 - - [15/Oct/2025:10:35:28 +0000] "GET /pages.php?q-~4nnVTEOU1cb1eQHuHYUHRUZEMsne3tS2193/ HTTP/1.0" 200 25256 "-" "Mozilla/5.0 AppleWebKit/537.36 (KHTML, like Gecko; compatible; GPTBot/1.2; +https://openai.com/gptbot)"
135.181.213.219 - - [15/Oct/2025:10:35:29 +0000] "GET /?fileloc=/var/www/vhosts/enlugo.es/httpdocs/wp-class-db.php&path=/var/www/vhosts/enlugo.es/httpdocs HTTP/1.0" 200 5210 "-" "Mozilla/5.0 (compatible; MJ12bot/v1.4.8; http://mj12bot.com/)"
20.171.207.160 - - [15/Oct/2025:10:35:31 +0000] "GET /pages.php?q-~19rjvJ5JLrO3YTD2fYyRgGHpsKMFTkhs618/ HTTP/1.0" 200 22663 "-" "Mozilla/5.0 AppleWebKit/537.36 (KHTML, like Gecko; compatible; GPTBot/1.2; +https://openai.com/gptbot)"
135.181.213.219 - - [15/Oct/2025:10:35:32 +0000] "GET /?fileloc=/var/www/vhosts/enlugo.es/httpdocs/wp-class-default.php&path=/var/www/vhosts/enlugo.es/httpdocs HTTP/1.0" 200 9174 "-" "Mozilla/5.0 (compatible; MJ12bot/v1.4.8; http://mj12bot.com/)"
20.171.207.160 - - [15/Oct/2025:10:35:34 +0000] "GET /pages.php?q-~81dxniwhejn4GsFqcMpZoYY0Pggmy0HL9908/ HTTP/1.0" 200 22394 "-" "Mozilla/5.0 AppleWebKit/537.36 (KHTML, like Gecko; compatible; GPTBot/1.2; +https://openai.com/gptbot)"
135.181.213.219 - - [15/Oct/2025:10:35:35 +0000] "GET /?fileloc=/var/www/vhosts/enlugo.es/httpdocs/wp-class-dependencies.php&path=/var/www/vhosts/enlugo.es/httpdocs HTTP/1.0" 200 9480 "-" "Mozilla/5.0 (compatible; MJ12bot/v1.4.8; http://mj12bot.com/)"
135.181.213.219 - - [15/Oct/2025:10:35:37 +0000] "GET /?fileloc=/var/www/vhosts/enlugo.es/httpdocs/wp-class-dependency.php&path=/var/www/vhosts/enlugo.es/httpdocs HTTP/1.0" 200 9408 "-" "Mozilla/5.0 (compatible; MJ12bot/v1.4.8; http://mj12bot.com/)"
20.171.207.160 - - [15/Oct/2025:10:35:37 +0000] "GET /pages.php?q-~82R9VYrSRQsfHJhMOuIwjRgWtakyw2HR3949/ HTTP/1.0" 200 22610 "-" "Mozilla/5.0 AppleWebKit/537.36 (KHTML, like Gecko; compatible; GPTBot/1.2; +https://openai.com/gptbot)"
135.181.213.219 - - [15/Oct/2025:10:35:39 +0000] "GET /?fileloc=/var/www/vhosts/enlugo.es/httpdocs/wp-class-deprecated.php&path=/var/www/vhosts/enlugo.es/httpdocs HTTP/1.0" 200 10714 "-" "Mozilla/5.0 (compatible; MJ12bot/v1.4.8; http://mj12bot.com/)"
135.181.213.219 - - [15/Oct/2025:10:35:41 +0000] "GET /?fileloc=/var/www/vhosts/enlugo.es/httpdocs/wp-class-detection.php&path=/var/www/vhosts/enlugo.es/httpdocs HTTP/1.0" 200 8831 "-" "Mozilla/5.0 (compatible; MJ12bot/v1.4.8; http://mj12bot.com/)"
20.171.207.160 - - [15/Oct/2025:10:35:41 +0000] "GET /pages.php?87741286 HTTP/1.0" 200 23875 "-" "Mozilla/5.0 AppleWebKit/537.36 (KHTML, like Gecko; compatible; GPTBot/1.2; +https://openai.com/gptbot)"
135.181.213.219 - - [15/Oct/2025:10:35:43 +0000] "GET /?fileloc=/var/www/vhosts/enlugo.es/httpdocs/wp-class-diff.php&path=/var/www/vhosts/enlugo.es/httpdocs HTTP/1.0" 200 9073 "-" "Mozilla/5.0 (compatible; MJ12bot/v1.4.8; http://mj12bot.com/)"
20.171.207.160 - - [15/Oct/2025:10:35:44 +0000] "GET /pages.php?SOWD1957DKU4615EW010548 HTTP/1.0" 200 23128 "-" "Mozilla/5.0 AppleWebKit/537.36 (KHTML, like Gecko; compatible; GPTBot/1.2; +https://openai.com/gptbot)"
135.181.213.219 - - [15/Oct/2025:10:35:45 +0000] "GET /?fileloc=/var/www/vhosts/enlugo.es/httpdocs/wp-class-dropdown.php&path=/var/www/vhosts/enlugo.es/httpdocs HTTP/1.0" 200 5192 "-" "Mozilla/5.0 (compatible; MJ12bot/v1.4.8; http://mj12bot.com/)"
135.181.213.219 - - [15/Oct/2025:10:35:47 +0000] "GET /?fileloc=/var/www/vhosts/enlugo.es/httpdocs/wp-class-editor.php&path=/var/www/vhosts/enlugo.es/httpdocs HTTP/1.0" 200 8215 "-" "Mozilla/5.0 (compatible; MJ12bot/v1.4.8; http://mj12bot.com/)"
20.171.207.160 - - [15/Oct/2025:10:35:47 +0000] "GET /pages.php?q-~44QwiIBbl2DtIB6SBgAyXV7ShLFfXYJu3837/ HTTP/1.0" 200 22702 "-" "Mozilla/5.0 AppleWebKit/537.36 (KHTML, like Gecko; compatible; GPTBot/1.2; +https://openai.com/gptbot)"
135.181.213.219 - - [15/Oct/2025:10:35:48 +0000] "GET /?fileloc=/var/www/vhosts/enlugo.es/httpdocs/wp-class-embed.php&path=/var/www/vhosts/enlugo.es/httpdocs HTTP/1.0" 200 7934 "-" "Mozilla/5.0 (compatible; MJ12bot/v1.4.8; http://mj12bot.com/)"
135.181.213.219 - - [15/Oct/2025:10:35:50 +0000] "GET /?fileloc=/var/www/vhosts/enlugo.es/httpdocs/wp-class-engine.php&path=/var/www/vhosts/enlugo.es/httpdocs HTTP/1.0" 200 10005 "-" "Mozilla/5.0 (compatible; MJ12bot/v1.4.8; http://mj12bot.com/)"
20.171.207.160 - - [15/Oct/2025:10:35:50 +0000] "GET /pages.php?m79555247992 HTTP/1.0" 200 22038 "-" "Mozilla/5.0 AppleWebKit/537.36 (KHTML, like Gecko; compatible; GPTBot/1.2; +https://openai.com/gptbot)"
135.181.213.219 - - [15/Oct/2025:10:35:52 +0000] "GET /?fileloc=/var/www/vhosts/enlugo.es/httpdocs/wp-class-error.php&path=/var/www/vhosts/enlugo.es/httpdocs HTTP/1.0" 200 10094 "-" "Mozilla/5.0 (compatible; MJ12bot/v1.4.8; http://mj12bot.com/)"
135.181.213.219 - - [15/Oct/2025:10:35:54 +0000] "GET /?fileloc=/var/www/vhosts/enlugo.es/httpdocs/wp-class-extensions.php&path=/var/www/vhosts/enlugo.es/httpdocs HTTP/1.0" 200 9693 "-" "Mozilla/5.0 (compatible; MJ12bot/v1.4.8; http://mj12bot.com/)"
135.181.213.219 - - [15/Oct/2025:10:35:56 +0000] "GET /?fileloc=/var/www/vhosts/enlugo.es/httpdocs/wp-class-factory.php&path=/var/www/vhosts/enlugo.es/httpdocs HTTP/1.0" 200 7648 "-" "Mozilla/5.0 (compatible; MJ12bot/v1.4.8; http://mj12bot.com/)"
20.171.207.160 - - [15/Oct/2025:10:35:57 +0000] "GET /pages.php?1100065146 HTTP/1.0" 200 22397 "-" "Mozilla/5.0 AppleWebKit/537.36 (KHTML, like Gecko; compatible; GPTBot/1.2; +https://openai.com/gptbot)"
135.181.213.219 - - [15/Oct/2025:10:35:58 +0000] "GET /?fileloc=/var/www/vhosts/enlugo.es/httpdocs/wp-class-fallback.php&path=/var/www/vhosts/enlugo.es/httpdocs HTTP/1.0" 200 16478 "-" "Mozilla/5.0 (compatible; MJ12bot/v1.4.8; http://mj12bot.com/)"
20.171.207.160 - - [15/Oct/2025:10:36:00 +0000] "GET /pages.php?category/17065/1 HTTP/1.0" 200 22260 "-" "Mozilla/5.0 AppleWebKit/537.36 (KHTML, like Gecko; compatible; GPTBot/1.2; +https://openai.com/gptbot)"
135.181.213.219 - - [15/Oct/2025:10:36:00 +0000] "GET /?fileloc=/var/www/vhosts/enlugo.es/httpdocs/wp-class-fatal.php&path=/var/www/vhosts/enlugo.es/httpdocs HTTP/1.0" 200 10649 "-" "Mozilla/5.0 (compatible; MJ12bot/v1.4.8; http://mj12bot.com/)"
135.181.213.219 - - [15/Oct/2025:10:36:02 +0000] "GET /?fileloc=/var/www/vhosts/enlugo.es/httpdocs/wp-class-feed.php&path=/var/www/vhosts/enlugo.es/httpdocs HTTP/1.0" 200 8661 "-" "Mozilla/5.0 (compatible; MJ12bot/v1.4.8; http://mj12bot.com/)"
20.171.207.160 - - [15/Oct/2025:10:36:03 +0000] "GET /pages.php?q-~77wtSyxtJvXjLjgGF8foFkq3KFsN2vgf9588/ HTTP/1.0" 200 21650 "-" "Mozilla/5.0 AppleWebKit/537.36 (KHTML, like Gecko; compatible; GPTBot/1.2; +https://openai.com/gptbot)"
135.181.213.219 - - [15/Oct/2025:10:36:04 +0000] "GET /?fileloc=/var/www/vhosts/enlugo.es/httpdocs/wp-class-files.php&path=/var/www/vhosts/enlugo.es/httpdocs HTTP/1.0" 200 10057 "-" "Mozilla/5.0 (compatible; MJ12bot/v1.4.8; http://mj12bot.com/)"
135.181.213.219 - - [15/Oct/2025:10:36:06 +0000] "GET /?fileloc=/var/www/vhosts/enlugo.es/httpdocs/wp-class-filters.php&path=/var/www/vhosts/enlugo.es/httpdocs HTTP/1.0" 200 5256 "-" "Mozilla/5.0 (compatible; MJ12bot/v1.4.8; http://mj12bot.com/)"
20.171.207.160 - - [15/Oct/2025:10:36:06 +0000] "GET /pages.php?m33479934844 HTTP/1.0" 200 22584 "-" "Mozilla/5.0 AppleWebKit/537.36 (KHTML, like Gecko; compatible; GPTBot/1.2; +https://openai.com/gptbot)"
135.181.213.219 - - [15/Oct/2025:10:36:08 +0000] "GET /?fileloc=/var/www/vhosts/enlugo.es/httpdocs/wp-class-fonts.php&path=/var/www/vhosts/enlugo.es/httpdocs HTTP/1.0" 200 5210 "-" "Mozilla/5.0 (compatible; MJ12bot/v1.4.8; http://mj12bot.com/)"
135.181.213.219 - - [15/Oct/2025:10:36:10 +0000] "GET /?fileloc=/var/www/vhosts/enlugo.es/httpdocs/wp-class-formats.php&path=/var/www/vhosts/enlugo.es/httpdocs HTTP/1.0" 200 13599 "-" "Mozilla/5.0 (compatible; MJ12bot/v1.4.8; http://mj12bot.com/)"
135.181.213.219 - - [15/Oct/2025:10:36:12 +0000] "GET /?fileloc=/var/www/vhosts/enlugo.es/httpdocs/wp-class-formatting.php&path=/var/www/vhosts/enlugo.es/httpdocs HTTP/1.0" 200 7525 "-" "Mozilla/5.0 (compatible; MJ12bot/v1.4.8; http://mj12bot.com/)"
20.171.207.160 - - [15/Oct/2025:10:36:12 +0000] "GET /pages.php?items/177047419.html?srsltid=AfmBOogeccxHOktfNryg11s8UrHQBvmlOIqVFwbxNv8Tw9DPo5Xt HTTP/1.0" 200 22161 "-" "Mozilla/5.0 AppleWebKit/537.36 (KHTML, like Gecko; compatible; GPTBot/1.2; +https://openai.com/gptbot)"
135.181.213.219 - - [15/Oct/2025:10:36:14 +0000] "GET /?fileloc=/var/www/vhosts/enlugo.es/httpdocs/wp-class-frame.php&path=/var/www/vhosts/enlugo.es/httpdocs HTTP/1.0" 200 5198 "-" "Mozilla/5.0 (compatible; MJ12bot/v1.4.8; http://mj12bot.com/)"
135.181.213.219 - - [15/Oct/2025:10:36:16 +0000] "GET /?fileloc=/var/www/vhosts/enlugo.es/httpdocs/wp-class-functions.php&path=/var/www/vhosts/enlugo.es/httpdocs HTTP/1.0" 200 9729 "-" "Mozilla/5.0 (compatible; MJ12bot/v1.4.8; http://mj12bot.com/)"
135.181.213.219 - - [15/Oct/2025:10:36:18 +0000] "GET /?fileloc=/var/www/vhosts/enlugo.es/httpdocs/wp-class-general.php&path=/var/www/vhosts/enlugo.es/httpdocs HTTP/1.0" 200 8555 "-" "Mozilla/5.0 (compatible; MJ12bot/v1.4.8; http://mj12bot.com/)"
20.171.207.160 - - [15/Oct/2025:10:36:18 +0000] "GET /pages.php?category/4908/1 HTTP/1.0" 200 22182 "-" "Mozilla/5.0 AppleWebKit/537.36 (KHTML, like Gecko; compatible; GPTBot/1.2; +https://openai.com/gptbot)"
135.181.213.219 - - [15/Oct/2025:10:36:20 +0000] "GET /?fileloc=/var/www/vhosts/enlugo.es/httpdocs/wp-class-global.php&path=/var/www/vhosts/enlugo.es/httpdocs HTTP/1.0" 200 5141 "-" "Mozilla/5.0 (compatible; MJ12bot/v1.4.8; http://mj12bot.com/)"
135.181.213.219 - - [15/Oct/2025:10:36:22 +0000] "GET /?fileloc=/var/www/vhosts/enlugo.es/httpdocs/wp-class-handler.php&path=/var/www/vhosts/enlugo.es/httpdocs HTTP/1.0" 200 8952 "-" "Mozilla/5.0 (compatible; MJ12bot/v1.4.8; http://mj12bot.com/)"
20.171.207.160 - - [15/Oct/2025:10:36:21 +0000] "GET /pages.php?autopartsdirect-747311614629660701 HTTP/1.0" 200 22572 "-" "Mozilla/5.0 AppleWebKit/537.36 (KHTML, like Gecko; compatible; GPTBot/1.2; +https://openai.com/gptbot)"
135.181.213.219 - - [15/Oct/2025:10:36:24 +0000] "GET /?fileloc=/var/www/vhosts/enlugo.es/httpdocs/wp-class-hook.php&path=/var/www/vhosts/enlugo.es/httpdocs HTTP/1.0" 200 9671 "-" "Mozilla/5.0 (compatible; MJ12bot/v1.4.8; http://mj12bot.com/)"
20.171.207.160 - - [15/Oct/2025:10:36:25 +0000] "GET /pages.php?category/51_512_3656/1 HTTP/1.0" 200 22460 "-" "Mozilla/5.0 AppleWebKit/537.36 (KHTML, like Gecko; compatible; GPTBot/1.2; +https://openai.com/gptbot)"
135.181.213.219 - - [15/Oct/2025:10:36:26 +0000] "GET /?fileloc=/var/www/vhosts/enlugo.es/httpdocs/wp-class-hooks.php&path=/var/www/vhosts/enlugo.es/httpdocs HTTP/1.0" 200 12613 "-" "Mozilla/5.0 (compatible; MJ12bot/v1.4.8; http://mj12bot.com/)"
135.181.213.219 - - [15/Oct/2025:10:36:28 +0000] "GET /?fileloc=/var/www/vhosts/enlugo.es/httpdocs/wp-class-image.php&path=/var/www/vhosts/enlugo.es/httpdocs HTTP/1.0" 200 11405 "-" "Mozilla/5.0 (compatible; MJ12bot/v1.4.8; http://mj12bot.com/)"
135.181.213.219 - - [15/Oct/2025:10:36:30 +0000] "GET /?fileloc=/var/www/vhosts/enlugo.es/httpdocs/wp-class-info.php&path=/var/www/vhosts/enlugo.es/httpdocs HTTP/1.0" 200 8603 "-" "Mozilla/5.0 (compatible; MJ12bot/v1.4.8; http://mj12bot.com/)"
135.181.213.219 - - [15/Oct/2025:10:36:32 +0000] "GET /?fileloc=/var/www/vhosts/enlugo.es/httpdocs/wp-class-inline.php&path=/var/www/vhosts/enlugo.es/httpdocs HTTP/1.0" 200 8893 "-" "Mozilla/5.0 (compatible; MJ12bot/v1.4.8; http://mj12bot.com/)"
135.181.213.219 - - [15/Oct/2025:10:36:34 +0000] "GET /?fileloc=/var/www/vhosts/enlugo.es/httpdocs/wp-class-json.php&path=/var/www/vhosts/enlugo.es/httpdocs HTTP/1.0" 200 9427 "-" "Mozilla/5.0 (compatible; MJ12bot/v1.4.8; http://mj12bot.com/)"
20.171.207.160 - - [15/Oct/2025:10:36:34 +0000] "GET /pages.php?m38315932545 HTTP/1.0" 200 22176 "-" "Mozilla/5.0 AppleWebKit/537.36 (KHTML, like Gecko; compatible; GPTBot/1.2; +https://openai.com/gptbot)"
135.181.213.219 - - [15/Oct/2025:10:36:36 +0000] "GET /?fileloc=/var/www/vhosts/enlugo.es/httpdocs/wp-class-lazyloader.php&path=/var/www/vhosts/enlugo.es/httpdocs HTTP/1.0" 200 10095 "-" "Mozilla/5.0 (compatible; MJ12bot/v1.4.8; http://mj12bot.com/)"
135.181.213.219 - - [15/Oct/2025:10:36:38 +0000] "GET /?fileloc=/var/www/vhosts/enlugo.es/httpdocs/wp-class-link.php&path=/var/www/vhosts/enlugo.es/httpdocs HTTP/1.0" 200 8488 "-" "Mozilla/5.0 (compatible; MJ12bot/v1.4.8; http://mj12bot.com/)"
20.171.207.160 - - [15/Oct/2025:10:36:37 +0000] "GET /pages.php?q-~59PQYsEACPuOGzj5B9cgViAGrIYi2tAE290/ HTTP/1.0" 200 23362 "-" "Mozilla/5.0 AppleWebKit/537.36 (KHTML, like Gecko; compatible; GPTBot/1.2; +https://openai.com/gptbot)"
135.181.213.219 - - [15/Oct/2025:10:36:40 +0000] "GET /?fileloc=/var/www/vhosts/enlugo.es/httpdocs/wp-class-list.php&path=/var/www/vhosts/enlugo.es/httpdocs HTTP/1.0" 200 7640 "-" "Mozilla/5.0 (compatible; MJ12bot/v1.4.8; http://mj12bot.com/)"
20.171.207.160 - - [15/Oct/2025:10:36:41 +0000] "GET /pages.php?1068060864 HTTP/1.0" 200 21609 "-" "Mozilla/5.0 AppleWebKit/537.36 (KHTML, like Gecko; compatible; GPTBot/1.2; +https://openai.com/gptbot)"
135.181.213.219 - - [15/Oct/2025:10:36:42 +0000] "GET /?fileloc=/var/www/vhosts/enlugo.es/httpdocs/wp-class-loader.php&path=/var/www/vhosts/enlugo.es/httpdocs HTTP/1.0" 200 11007 "-" "Mozilla/5.0 (compatible; MJ12bot/v1.4.8; http://mj12bot.com/)"
135.181.213.219 - - [15/Oct/2025:10:36:43 +0000] "GET /?fileloc=/var/www/vhosts/enlugo.es/httpdocs/wp-class-locale.php&path=/var/www/vhosts/enlugo.es/httpdocs HTTP/1.0" 200 8705 "-" "Mozilla/5.0 (compatible; MJ12bot/v1.4.8; http://mj12bot.com/)"
135.181.213.219 - - [15/Oct/2025:10:36:45 +0000] "GET /?fileloc=/var/www/vhosts/enlugo.es/httpdocs/wp-class-manager.php&path=/var/www/vhosts/enlugo.es/httpdocs HTTP/1.0" 200 9304 "-" "Mozilla/5.0 (compatible; MJ12bot/v1.4.8; http://mj12bot.com/)"
