66.249.74.137 - - [15/Oct/2025:15:18:02 +0000] "GET /?fileloc=/var/www/vhosts/enlugo.es/httpdocs/wp-content/languages/es_ES-77fdfadaf2e1ca3a027d1956b910bc50.json&path=/var/www/vhosts/enlugo.es/httpdocs/wp-content/languages HTTP/1.0" 200 27066 "-" "Mozilla/5.0 (Linux; Android 6.0.1; Nexus 5X Build/MMB29P) AppleWebKit/537.36 (KHTML, like Gecko) Chrome/140.0.7339.207 Mobile Safari/537.36 (compatible; Googlebot/2.1; +http://www.google.com/bot.html)"
20.171.207.160 - - [15/Oct/2025:15:18:05 +0000] "GET /pages.php?category/5979_13957/1 HTTP/1.0" 200 23484 "-" "Mozilla/5.0 AppleWebKit/537.36 (KHTML, like Gecko; compatible; GPTBot/1.2; +https://openai.com/gptbot)"
20.171.207.160 - - [15/Oct/2025:15:18:08 +0000] "GET /pages.php?86851252 HTTP/1.0" 200 22314 "-" "Mozilla/5.0 AppleWebKit/537.36 (KHTML, like Gecko; compatible; GPTBot/1.2; +https://openai.com/gptbot)"
20.171.207.160 - - [15/Oct/2025:15:18:11 +0000] "GET /pages.php?asty-shop-k0-2908g5pwa4-fjro HTTP/1.0" 200 22500 "-" "Mozilla/5.0 AppleWebKit/537.36 (KHTML, like Gecko; compatible; GPTBot/1.2; +https://openai.com/gptbot)"
20.171.207.160 - - [15/Oct/2025:15:18:15 +0000] "GET /pages.php?cate_id=9639&channel=information-power-questionnaire&page=https://enlugo.es/item.aspx?items/099039801.html?srsltid=AfmBOoengdTCrojBXJYPaqcAEUxEIBvihtNsWDUeQow61pQ0mEh8&pid=24392447580 HTTP/1.0" 200 23505 "-" "Mozilla/5.0 AppleWebKit/537.36 (KHTML, like Gecko; compatible; GPTBot/1.2; +https://openai.com/gptbot)"
20.171.207.160 - - [15/Oct/2025:15:18:18 +0000] "GET /pages.php?category/8103/1 HTTP/1.0" 200 22205 "-" "Mozilla/5.0 AppleWebKit/537.36 (KHTML, like Gecko; compatible; GPTBot/1.2; +https://openai.com/gptbot)"
20.171.207.160 - - [15/Oct/2025:15:18:21 +0000] "GET /pages.php?q-~287M85CAgQqLCSeLa8xWbMBKDV1cXNTUf12732/ HTTP/1.0" 200 22377 "-" "Mozilla/5.0 AppleWebKit/537.36 (KHTML, like Gecko; compatible; GPTBot/1.2; +https://openai.com/gptbot)"
20.171.207.160 - - [15/Oct/2025:15:18:24 +0000] "GET /pages.php?q-~1GvrOLXY7W28rYMDfBtwlXpFXpAuSOa13986/ HTTP/1.0" 200 22777 "-" "Mozilla/5.0 AppleWebKit/537.36 (KHTML, like Gecko; compatible; GPTBot/1.2; +https://openai.com/gptbot)"
20.171.207.160 - - [15/Oct/2025:15:18:27 +0000] "GET /pages.php?q-~68urmfUe3AYcTQpEKQ2rQFn2swVBAWWr425/ HTTP/1.0" 200 22206 "-" "Mozilla/5.0 AppleWebKit/537.36 (KHTML, like Gecko; compatible; GPTBot/1.2; +https://openai.com/gptbot)"
20.171.207.160 - - [15/Oct/2025:15:18:30 +0000] "GET /pages.php?category/1230/1 HTTP/1.0" 200 23233 "-" "Mozilla/5.0 AppleWebKit/537.36 (KHTML, like Gecko; compatible; GPTBot/1.2; +https://openai.com/gptbot)"
20.171.207.160 - - [15/Oct/2025:15:18:33 +0000] "GET /pages.php?m14224401741 HTTP/1.0" 200 22535 "-" "Mozilla/5.0 AppleWebKit/537.36 (KHTML, like Gecko; compatible; GPTBot/1.2; +https://openai.com/gptbot)"
20.171.207.160 - - [15/Oct/2025:15:18:36 +0000] "GET /pages.php?1097049609 HTTP/1.0" 200 22868 "-" "Mozilla/5.0 AppleWebKit/537.36 (KHTML, like Gecko; compatible; GPTBot/1.2; +https://openai.com/gptbot)"
20.171.207.160 - - [15/Oct/2025:15:18:40 +0000] "GET /pages.php?q-~2rfy6W4FXy3s8eJwbeyHGoLvcxNoHtg21171/ HTTP/1.0" 200 23224 "-" "Mozilla/5.0 AppleWebKit/537.36 (KHTML, like Gecko; compatible; GPTBot/1.2; +https://openai.com/gptbot)"
20.171.207.160 - - [15/Oct/2025:15:18:43 +0000] "GET /pages.php?m74896799999 HTTP/1.0" 200 22328 "-" "Mozilla/5.0 AppleWebKit/537.36 (KHTML, like Gecko; compatible; GPTBot/1.2; +https://openai.com/gptbot)"
20.171.207.160 - - [15/Oct/2025:15:18:46 +0000] "GET /pages.php?q-~1AtBF8mAY4PrQWrPdkpI3oLEumVi4Qx5782/ HTTP/1.0" 200 23079 "-" "Mozilla/5.0 AppleWebKit/537.36 (KHTML, like Gecko; compatible; GPTBot/1.2; +https://openai.com/gptbot)"
47.128.109.43 - - [15/Oct/2025:15:18:49 +0000] "GET /effective-impotence-medication-for-improved-sexual-health/?fileloc=%2Fvar%2Fwww%2Fvhosts%2Fenlugo.es%2Fhttpdocs%2Flicense.txt&path=%2Fvar%2Fwww%2Fvhosts%2Fenlugo.es%2Fhttpdocs HTTP/1.0" 200 11621 "-" "Mozilla/5.0 (Linux; Android 5.0) AppleWebKit/537.36 (KHTML, like Gecko) Mobile Safari/537.36 (compatible; Bytespider; spider-feedback@bytedance.com)"
20.171.207.160 - - [15/Oct/2025:15:18:49 +0000] "GET /pages.php?q-~87Md8CDUENKobjndYbY62Vs4TZFTmlud206/ HTTP/1.0" 200 23172 "-" "Mozilla/5.0 AppleWebKit/537.36 (KHTML, like Gecko; compatible; GPTBot/1.2; +https://openai.com/gptbot)"
66.249.74.136 - - [15/Oct/2025:15:18:49 +0000] "GET /soar018000014 HTTP/1.0" 200 22520 "-" "Mozilla/5.0 (Linux; Android 6.0.1; Nexus 5X Build/MMB29P) AppleWebKit/537.36 (KHTML, like Gecko) Chrome/140.0.7339.207 Mobile Safari/537.36 (compatible; Googlebot/2.1; +http://www.google.com/bot.html)"
20.171.207.160 - - [15/Oct/2025:15:18:52 +0000] "GET /pages.php?q-~1mWQkKApDnqOdI3jIdX7mUBZ0lhDYRA5780/ HTTP/1.0" 200 24315 "-" "Mozilla/5.0 AppleWebKit/537.36 (KHTML, like Gecko; compatible; GPTBot/1.2; +https://openai.com/gptbot)"
20.171.207.160 - - [15/Oct/2025:15:18:55 +0000] "GET /pages.php?q-~12GKrnkEMbwQmvx0pL8bIpGgnWfuKVhv697/ HTTP/1.0" 200 22798 "-" "Mozilla/5.0 AppleWebKit/537.36 (KHTML, like Gecko; compatible; GPTBot/1.2; +https://openai.com/gptbot)"
20.171.207.160 - - [15/Oct/2025:15:18:58 +0000] "GET /pages.php?q-~98yldXAQMzqBSi6dS1crUtFQzYWhFUuG5865/ HTTP/1.0" 200 22116 "-" "Mozilla/5.0 AppleWebKit/537.36 (KHTML, like Gecko; compatible; GPTBot/1.2; +https://openai.com/gptbot)"
20.171.207.160 - - [15/Oct/2025:15:19:02 +0000] "GET /pages.php?q-~1zQedczb6ECDzPMeejStGlWW0y9KR2L1578/ HTTP/1.0" 200 24061 "-" "Mozilla/5.0 AppleWebKit/537.36 (KHTML, like Gecko; compatible; GPTBot/1.2; +https://openai.com/gptbot)"
20.171.207.160 - - [15/Oct/2025:15:19:05 +0000] "GET /pages.php?q-~225ZSDElgiRhznIgrYfkDbQ2t0nV2GEgB19896/ HTTP/1.0" 200 22717 "-" "Mozilla/5.0 AppleWebKit/537.36 (KHTML, like Gecko; compatible; GPTBot/1.2; +https://openai.com/gptbot)"
20.171.207.160 - - [15/Oct/2025:15:19:08 +0000] "GET /pages.php?q-~1LfxlSN73RlbwyyWqdgDzzKPOa4hECf1580/ HTTP/1.0" 200 23033 "-" "Mozilla/5.0 AppleWebKit/537.36 (KHTML, like Gecko; compatible; GPTBot/1.2; +https://openai.com/gptbot)"
20.171.207.160 - - [15/Oct/2025:15:19:11 +0000] "GET /pages.php?q-~75p0vAtRnPpkNwpX1seQ3ycnDu3OxYVQ60/ HTTP/1.0" 200 21992 "-" "Mozilla/5.0 AppleWebKit/537.36 (KHTML, like Gecko; compatible; GPTBot/1.2; +https://openai.com/gptbot)"
20.171.207.160 - - [15/Oct/2025:15:19:14 +0000] "GET /pages.php?m96979624922 HTTP/1.0" 200 22047 "-" "Mozilla/5.0 AppleWebKit/537.36 (KHTML, like Gecko; compatible; GPTBot/1.2; +https://openai.com/gptbot)"
20.171.207.160 - - [15/Oct/2025:15:19:17 +0000] "GET /pages.php?q-~1qPAG1m8wXcTf25aOba5hLeKJzArUcm5778/ HTTP/1.0" 200 23503 "-" "Mozilla/5.0 AppleWebKit/537.36 (KHTML, like Gecko; compatible; GPTBot/1.2; +https://openai.com/gptbot)"
20.171.207.160 - - [15/Oct/2025:15:19:21 +0000] "GET /pages.php?q-~1aWWMW51OKS7MBsPimcgFNBFNCQjZai2388/ HTTP/1.0" 200 24012 "-" "Mozilla/5.0 AppleWebKit/537.36 (KHTML, like Gecko; compatible; GPTBot/1.2; +https://openai.com/gptbot)"
20.171.207.160 - - [15/Oct/2025:15:19:24 +0000] "GET /pages.php?q-~72nyv6wBVMAbDuGxA6V2Nugg11YXsiJf531/ HTTP/1.0" 200 21697 "-" "Mozilla/5.0 AppleWebKit/537.36 (KHTML, like Gecko; compatible; GPTBot/1.2; +https://openai.com/gptbot)"
20.171.207.160 - - [15/Oct/2025:15:19:27 +0000] "GET /pages.php?q-~1fLazRfqLTBnnZW0jJbbuHEmdPl2f1N1582/ HTTP/1.0" 200 22888 "-" "Mozilla/5.0 AppleWebKit/537.36 (KHTML, like Gecko; compatible; GPTBot/1.2; +https://openai.com/gptbot)"
20.171.207.160 - - [15/Oct/2025:15:19:30 +0000] "GET /pages.php?jyusetu-komatsuya-206857 HTTP/1.0" 200 22806 "-" "Mozilla/5.0 AppleWebKit/537.36 (KHTML, like Gecko; compatible; GPTBot/1.2; +https://openai.com/gptbot)"
20.171.207.160 - - [15/Oct/2025:15:19:33 +0000] "GET /pages.php?q-~1TQk4jRqGWpIqk3rivZ4j7aINyJgyNZ5768/ HTTP/1.0" 200 23899 "-" "Mozilla/5.0 AppleWebKit/537.36 (KHTML, like Gecko; compatible; GPTBot/1.2; +https://openai.com/gptbot)"
66.249.74.136 - - [15/Oct/2025:15:19:36 +0000] "GET /museos/ HTTP/1.0" 200 27598 "-" "Mozilla/5.0 (Linux; Android 6.0.1; Nexus 5X Build/MMB29P) AppleWebKit/537.36 (KHTML, like Gecko) Chrome/140.0.7339.207 Mobile Safari/537.36 (compatible; Googlebot/2.1; +http://www.google.com/bot.html)"
20.171.207.160 - - [15/Oct/2025:15:19:36 +0000] "GET /pages.php?m44230922320 HTTP/1.0" 200 22263 "-" "Mozilla/5.0 AppleWebKit/537.36 (KHTML, like Gecko; compatible; GPTBot/1.2; +https://openai.com/gptbot)"
20.171.207.160 - - [15/Oct/2025:15:19:40 +0000] "GET /pages.php?q-~2j1rkubczEGK7AasukSrQRb43VFGHqQ26959/ HTTP/1.0" 200 22859 "-" "Mozilla/5.0 AppleWebKit/537.36 (KHTML, like Gecko; compatible; GPTBot/1.2; +https://openai.com/gptbot)"
20.171.207.160 - - [15/Oct/2025:15:19:43 +0000] "GET /pages.php?q-~13NP8w9IiRdH9vyjmReQ0k5aqRjVptIL136/ HTTP/1.0" 200 24539 "-" "Mozilla/5.0 AppleWebKit/537.36 (KHTML, like Gecko; compatible; GPTBot/1.2; +https://openai.com/gptbot)"
20.171.207.160 - - [15/Oct/2025:15:19:46 +0000] "GET /pages.php?q-~2mhuvjTkwHyAi2RKMdkT7jB8wglc1ij26957/ HTTP/1.0" 200 22836 "-" "Mozilla/5.0 AppleWebKit/537.36 (KHTML, like Gecko; compatible; GPTBot/1.2; +https://openai.com/gptbot)"
20.171.207.160 - - [15/Oct/2025:15:19:49 +0000] "GET /pages.php?q-~1jKG2QcljZ1fopWQduvMcdHtjKVo3Tx3762/ HTTP/1.0" 200 23062 "-" "Mozilla/5.0 AppleWebKit/537.36 (KHTML, like Gecko; compatible; GPTBot/1.2; +https://openai.com/gptbot)"
20.171.207.160 - - [15/Oct/2025:15:19:52 +0000] "GET /pages.php?q-~3yzZJafQ6HmS1ikD1xdzJFumC3qcRfh17516/ HTTP/1.0" 200 21955 "-" "Mozilla/5.0 AppleWebKit/537.36 (KHTML, like Gecko; compatible; GPTBot/1.2; +https://openai.com/gptbot)"
20.171.207.160 - - [15/Oct/2025:15:19:55 +0000] "GET /pages.php?q-~2STH0QXB5HyjjFqvsoqFnLH05tMoUkU47465/ HTTP/1.0" 200 23309 "-" "Mozilla/5.0 AppleWebKit/537.36 (KHTML, like Gecko; compatible; GPTBot/1.2; +https://openai.com/gptbot)"
20.171.207.160 - - [15/Oct/2025:15:19:58 +0000] "GET /pages.php?q-~2W2BSyDj0HjDIyBNigt5bukWXWtljjb13083/ HTTP/1.0" 200 23676 "-" "Mozilla/5.0 AppleWebKit/537.36 (KHTML, like Gecko; compatible; GPTBot/1.2; +https://openai.com/gptbot)"
20.171.207.160 - - [15/Oct/2025:15:20:01 +0000] "GET /pages.php?q-~86WVf8wbYJK5LBMEBqnwhNCbV9Yir22i753/ HTTP/1.0" 200 21806 "-" "Mozilla/5.0 AppleWebKit/537.36 (KHTML, like Gecko; compatible; GPTBot/1.2; +https://openai.com/gptbot)"
20.171.207.160 - - [15/Oct/2025:15:20:04 +0000] "GET /pages.php?q-~1oJB6t3eNcrkvWPKNo4JvsCwXKlfpES4064/ HTTP/1.0" 200 23194 "-" "Mozilla/5.0 AppleWebKit/537.36 (KHTML, like Gecko; compatible; GPTBot/1.2; +https://openai.com/gptbot)"
20.171.207.160 - - [15/Oct/2025:15:20:08 +0000] "GET /pages.php?category/764/1 HTTP/1.0" 200 22363 "-" "Mozilla/5.0 AppleWebKit/537.36 (KHTML, like Gecko; compatible; GPTBot/1.2; +https://openai.com/gptbot)"
20.171.207.160 - - [15/Oct/2025:15:20:11 +0000] "GET /pages.php?q-~2JWTQHlj6JLsRFZt9AIKcQXNvoB5CVV26965/ HTTP/1.0" 200 23080 "-" "Mozilla/5.0 AppleWebKit/537.36 (KHTML, like Gecko; compatible; GPTBot/1.2; +https://openai.com/gptbot)"
20.171.207.160 - - [15/Oct/2025:15:20:14 +0000] "GET /pages.php?q-~2QdJc6AHKCuvlPJdgLGxcOyVQKtjMkM26961/ HTTP/1.0" 200 23321 "-" "Mozilla/5.0 AppleWebKit/537.36 (KHTML, like Gecko; compatible; GPTBot/1.2; +https://openai.com/gptbot)"
20.171.207.160 - - [15/Oct/2025:15:20:17 +0000] "GET /pages.php?q-~1S9FJKtE8pqjOctelNqAxWmcXuhHK6F4066/ HTTP/1.0" 200 23567 "-" "Mozilla/5.0 AppleWebKit/537.36 (KHTML, like Gecko; compatible; GPTBot/1.2; +https://openai.com/gptbot)"
20.171.207.160 - - [15/Oct/2025:15:20:20 +0000] "GET /pages.php?q-~2nVZGUJK0zH4VgasZKkMiFONrqSAFUN34153/ HTTP/1.0" 200 23255 "-" "Mozilla/5.0 AppleWebKit/537.36 (KHTML, like Gecko; compatible; GPTBot/1.2; +https://openai.com/gptbot)"
20.171.207.160 - - [15/Oct/2025:15:20:23 +0000] "GET /pages.php?q-~2ebE4bG6KoZgIA4JQCbokOXsVBnqdRn34151/ HTTP/1.0" 200 23169 "-" "Mozilla/5.0 AppleWebKit/537.36 (KHTML, like Gecko; compatible; GPTBot/1.2; +https://openai.com/gptbot)"
20.171.207.160 - - [15/Oct/2025:15:20:27 +0000] "GET /pages.php?q-~2NfOaCjg0iwzUmsCE7YIHJndQbIOxLx34155/ HTTP/1.0" 200 23149 "-" "Mozilla/5.0 AppleWebKit/537.36 (KHTML, like Gecko; compatible; GPTBot/1.2; +https://openai.com/gptbot)"
20.171.207.160 - - [15/Oct/2025:15:20:30 +0000] "GET /pages.php?q-~2mwTbfZg4vghSFPiTEeHeyAXICu3Q6C46811/ HTTP/1.0" 200 23313 "-" "Mozilla/5.0 AppleWebKit/537.36 (KHTML, like Gecko; compatible; GPTBot/1.2; +https://openai.com/gptbot)"
20.171.207.160 - - [15/Oct/2025:15:20:33 +0000] "GET /pages.php?q-~1Sq5QGHiuOkropTARIx2jPzXKFGIz3A12260/ HTTP/1.0" 200 23143 "-" "Mozilla/5.0 AppleWebKit/537.36 (KHTML, like Gecko; compatible; GPTBot/1.2; +https://openai.com/gptbot)"
20.171.207.160 - - [15/Oct/2025:15:20:36 +0000] "GET /pages.php?q-~2r0NYphJxEhOHcDmQaMNUMSknF7epJk33955/ HTTP/1.0" 200 22637 "-" "Mozilla/5.0 AppleWebKit/537.36 (KHTML, like Gecko; compatible; GPTBot/1.2; +https://openai.com/gptbot)"
20.171.207.160 - - [15/Oct/2025:15:20:39 +0000] "GET /pages.php?q-~2YaS4FSCQpjez2WiWgJtmIyUvYpmJVC46815/ HTTP/1.0" 200 23017 "-" "Mozilla/5.0 AppleWebKit/537.36 (KHTML, like Gecko; compatible; GPTBot/1.2; +https://openai.com/gptbot)"
20.171.207.160 - - [15/Oct/2025:15:20:42 +0000] "GET /pages.php?q-~2PSwsEzSPbJ4oqxeX4iGJyDMJtNboBq33941/ HTTP/1.0" 200 23387 "-" "Mozilla/5.0 AppleWebKit/537.36 (KHTML, like Gecko; compatible; GPTBot/1.2; +https://openai.com/gptbot)"
20.171.207.160 - - [15/Oct/2025:15:20:45 +0000] "GET /pages.php?m44431977645 HTTP/1.0" 200 24272 "-" "Mozilla/5.0 AppleWebKit/537.36 (KHTML, like Gecko; compatible; GPTBot/1.2; +https://openai.com/gptbot)"
20.171.207.160 - - [15/Oct/2025:15:20:48 +0000] "GET /pages.php?q-~151iLzuZFc0BoxkhQTXxFBpLQssJJSmDn450/ HTTP/1.0" 200 22582 "-" "Mozilla/5.0 AppleWebKit/537.36 (KHTML, like Gecko; compatible; GPTBot/1.2; +https://openai.com/gptbot)"
20.171.207.160 - - [15/Oct/2025:15:20:51 +0000] "GET /pages.php?m97569888181 HTTP/1.0" 200 22136 "-" "Mozilla/5.0 AppleWebKit/537.36 (KHTML, like Gecko; compatible; GPTBot/1.2; +https://openai.com/gptbot)"
20.171.207.160 - - [15/Oct/2025:15:20:55 +0000] "GET /pages.php?q-~2xxPIDvXMO7tzc1aFdCdzLIIcJsEGis13089/ HTTP/1.0" 200 23241 "-" "Mozilla/5.0 AppleWebKit/537.36 (KHTML, like Gecko; compatible; GPTBot/1.2; +https://openai.com/gptbot)"
20.171.207.160 - - [15/Oct/2025:15:20:58 +0000] "GET /pages.php?q-~2zJGmzaSDy7CozGShgjRjVstYtmSNds10557/ HTTP/1.0" 200 23811 "-" "Mozilla/5.0 AppleWebKit/537.36 (KHTML, like Gecko; compatible; GPTBot/1.2; +https://openai.com/gptbot)"
20.171.207.160 - - [15/Oct/2025:15:21:01 +0000] "GET /pages.php?q-~23dimgxNFPcsL2fwnXaKw3C9cBkXjnDk3320/ HTTP/1.0" 200 22817 "-" "Mozilla/5.0 AppleWebKit/537.36 (KHTML, like Gecko; compatible; GPTBot/1.2; +https://openai.com/gptbot)"
20.171.207.160 - - [15/Oct/2025:15:21:04 +0000] "GET /pages.php?m79998083968 HTTP/1.0" 200 22133 "-" "Mozilla/5.0 AppleWebKit/537.36 (KHTML, like Gecko; compatible; GPTBot/1.2; +https://openai.com/gptbot)"
20.171.207.160 - - [15/Oct/2025:15:21:07 +0000] "GET /pages.php?q-~2jTIArDL0IuwpaC0KXEOioxCsUWOXoa10543/ HTTP/1.0" 200 23059 "-" "Mozilla/5.0 AppleWebKit/537.36 (KHTML, like Gecko; compatible; GPTBot/1.2; +https://openai.com/gptbot)"
66.249.74.136 - - [15/Oct/2025:15:21:08 +0000] "GET /visible053000991 HTTP/1.0" 200 21672 "-" "Mozilla/5.0 (Linux; Android 6.0.1; Nexus 5X Build/MMB29P) AppleWebKit/537.36 (KHTML, like Gecko) Chrome/140.0.7339.207 Mobile Safari/537.36 (compatible; Googlebot/2.1; +http://www.google.com/bot.html)"
20.171.207.160 - - [15/Oct/2025:15:21:10 +0000] "GET /pages.php?q-~163TflnHFVGygHuYADniYxrGJSSYYYF9f15946/ HTTP/1.0" 200 23132 "-" "Mozilla/5.0 AppleWebKit/537.36 (KHTML, like Gecko; compatible; GPTBot/1.2; +https://openai.com/gptbot)"
20.171.207.160 - - [15/Oct/2025:15:21:13 +0000] "GET /pages.php?89858287 HTTP/1.0" 200 22279 "-" "Mozilla/5.0 AppleWebKit/537.36 (KHTML, like Gecko; compatible; GPTBot/1.2; +https://openai.com/gptbot)"
20.171.207.160 - - [15/Oct/2025:15:21:17 +0000] "GET /pages.php?m87829927808 HTTP/1.0" 200 22465 "-" "Mozilla/5.0 AppleWebKit/537.36 (KHTML, like Gecko; compatible; GPTBot/1.2; +https://openai.com/gptbot)"
20.171.207.160 - - [15/Oct/2025:15:21:20 +0000] "GET /pages.php?q-~210FgWUXleTNPa0y9mGgf39Z6xwnYqb2O2985/ HTTP/1.0" 200 23375 "-" "Mozilla/5.0 AppleWebKit/537.36 (KHTML, like Gecko; compatible; GPTBot/1.2; +https://openai.com/gptbot)"
20.171.207.160 - - [15/Oct/2025:15:21:23 +0000] "GET /pages.php?better-taion-k104-1 HTTP/1.0" 200 22553 "-" "Mozilla/5.0 AppleWebKit/537.36 (KHTML, like Gecko; compatible; GPTBot/1.2; +https://openai.com/gptbot)"
20.171.207.160 - - [15/Oct/2025:15:21:26 +0000] "GET /pages.php?category/13093/1 HTTP/1.0" 200 22123 "-" "Mozilla/5.0 AppleWebKit/537.36 (KHTML, like Gecko; compatible; GPTBot/1.2; +https://openai.com/gptbot)"
20.171.207.160 - - [15/Oct/2025:15:21:29 +0000] "GET /pages.php?86503463 HTTP/1.0" 200 22966 "-" "Mozilla/5.0 AppleWebKit/537.36 (KHTML, like Gecko; compatible; GPTBot/1.2; +https://openai.com/gptbot)"
20.171.207.160 - - [15/Oct/2025:15:21:32 +0000] "GET /pages.php?q-~2qHtq5LFYHhSCbq4Kz3ltLUW6TZHMvC46833/ HTTP/1.0" 200 22739 "-" "Mozilla/5.0 AppleWebKit/537.36 (KHTML, like Gecko; compatible; GPTBot/1.2; +https://openai.com/gptbot)"
20.171.207.160 - - [15/Oct/2025:15:21:35 +0000] "GET /pages.php?q-~2a9IiyQj0WPmHQgMYozlrH1tBoMlm9h10545/ HTTP/1.0" 200 23584 "-" "Mozilla/5.0 AppleWebKit/537.36 (KHTML, like Gecko; compatible; GPTBot/1.2; +https://openai.com/gptbot)"
20.171.207.160 - - [15/Oct/2025:15:21:39 +0000] "GET /pages.php?q-~287ZK3tl9ZJczebBPGP6O6o0oTsnxS4Vd28190/ HTTP/1.0" 200 22407 "-" "Mozilla/5.0 AppleWebKit/537.36 (KHTML, like Gecko; compatible; GPTBot/1.2; +https://openai.com/gptbot)"
20.171.207.160 - - [15/Oct/2025:15:21:42 +0000] "GET /pages.php?q-~11VOjCfibVWFDvlg8ETA6hh01TDJKrAe4334/ HTTP/1.0" 200 22786 "-" "Mozilla/5.0 AppleWebKit/537.36 (KHTML, like Gecko; compatible; GPTBot/1.2; +https://openai.com/gptbot)"
52.167.144.187 - - [15/Oct/2025:15:21:43 +0000] "GET /?path=/var/www/vhosts/enlugo.es/httpdocs/wp-admin HTTP/1.0" 200 2276 "-" "Mozilla/5.0 AppleWebKit/537.36 (KHTML, like Gecko; compatible; bingbot/2.0; +http://www.bing.com/bingbot.htm) Chrome/116.0.1938.76 Safari/537.36"
20.171.207.160 - - [15/Oct/2025:15:21:45 +0000] "GET /pages.php?q-~2O69VlVwbt7McBArvHOjchFOWcaCtli19549/ HTTP/1.0" 200 22860 "-" "Mozilla/5.0 AppleWebKit/537.36 (KHTML, like Gecko; compatible; GPTBot/1.2; +https://openai.com/gptbot)"
20.171.207.160 - - [15/Oct/2025:15:21:48 +0000] "GET /pages.php?q-~2hgOEAHIxN4Ea6FGwfc4CzMG6fNjiQX10547/ HTTP/1.0" 200 23487 "-" "Mozilla/5.0 AppleWebKit/537.36 (KHTML, like Gecko; compatible; GPTBot/1.2; +https://openai.com/gptbot)"
20.171.207.160 - - [15/Oct/2025:15:21:51 +0000] "GET /pages.php?1021738545 HTTP/1.0" 200 21883 "-" "Mozilla/5.0 AppleWebKit/537.36 (KHTML, like Gecko; compatible; GPTBot/1.2; +https://openai.com/gptbot)"
141.94.78.40 - - [15/Oct/2025:15:21:54 +0000] "GET /?fileloc=/var/www/vhosts/enlugo.es/httpdocs/wp-class-patterns.php&path=/var/www/vhosts/enlugo.es/httpdocs HTTP/1.0" 200 8522 "-" "Mozilla/5.0 (Windows NT 10.0; Win64; x64) AppleWebKit/537.36 (KHTML, like Gecko) Chrome/139.0.0.0 Safari/537.36"
20.171.207.160 - - [15/Oct/2025:15:21:54 +0000] "GET /pages.php?category/5259_16451/1 HTTP/1.0" 200 22303 "-" "Mozilla/5.0 AppleWebKit/537.36 (KHTML, like Gecko; compatible; GPTBot/1.2; +https://openai.com/gptbot)"
66.249.74.136 - - [15/Oct/2025:15:21:57 +0000] "GET /drama138036672 HTTP/1.0" 200 28608 "-" "Mozilla/5.0 (Linux; Android 6.0.1; Nexus 5X Build/MMB29P) AppleWebKit/537.36 (KHTML, like Gecko) Chrome/140.0.7339.207 Mobile Safari/537.36 (compatible; Googlebot/2.1; +http://www.google.com/bot.html)"
20.171.207.160 - - [15/Oct/2025:15:21:57 +0000] "GET /pages.php?q-~98uPYwLJGPPQ2HQ10dNS6wS1DGQGCRXc783/ HTTP/1.0" 200 22131 "-" "Mozilla/5.0 AppleWebKit/537.36 (KHTML, like Gecko; compatible; GPTBot/1.2; +https://openai.com/gptbot)"
20.171.207.160 - - [15/Oct/2025:15:22:00 +0000] "GET /pages.php?q-~2Gf8lqFrzRpMPHdblqr1GeqH3h5Zdwn38481/ HTTP/1.0" 200 23597 "-" "Mozilla/5.0 AppleWebKit/537.36 (KHTML, like Gecko; compatible; GPTBot/1.2; +https://openai.com/gptbot)"
141.95.54.157 - - [15/Oct/2025:15:22:01 +0000] "GET /?fileloc=/var/www/vhosts/enlugo.es/httpdocs/wp-service.php&path=/var/www/vhosts/enlugo.es/httpdocs HTTP/1.0" 200 8848 "-" "Mozilla/5.0 (Windows NT 10.0; Win64; x64) AppleWebKit/537.36 (KHTML, like Gecko) Chrome/139.0.0.0 Safari/537.36"
20.171.207.160 - - [15/Oct/2025:15:22:03 +0000] "GET /pages.php?q-~2p6wndsX3PeNPl3NTJBSSkP6ZCqtaXj38515/ HTTP/1.0" 200 22877 "-" "Mozilla/5.0 AppleWebKit/537.36 (KHTML, like Gecko; compatible; GPTBot/1.2; +https://openai.com/gptbot)"
20.171.207.160 - - [15/Oct/2025:15:22:07 +0000] "GET /pages.php?elmon0-qr9262056475 HTTP/1.0" 200 22267 "-" "Mozilla/5.0 AppleWebKit/537.36 (KHTML, like Gecko; compatible; GPTBot/1.2; +https://openai.com/gptbot)"
20.171.207.160 - - [15/Oct/2025:15:22:10 +0000] "GET /pages.php?q-~29PQYsEACPuOGzj5B9cgViAGrIYi2tAE320/ HTTP/1.0" 200 21837 "-" "Mozilla/5.0 AppleWebKit/537.36 (KHTML, like Gecko; compatible; GPTBot/1.2; +https://openai.com/gptbot)"
20.171.207.160 - - [15/Oct/2025:15:22:13 +0000] "GET /pages.php?q-~296zbAff3SQ9gnUWT8FGS99euWmHK1OeL18739/ HTTP/1.0" 200 22166 "-" "Mozilla/5.0 AppleWebKit/537.36 (KHTML, like Gecko; compatible; GPTBot/1.2; +https://openai.com/gptbot)"
20.171.207.160 - - [15/Oct/2025:15:22:16 +0000] "GET /pages.php?q-~2Cf91a4AHZThfsxWbYG1nLIvcAlwBWU46835/ HTTP/1.0" 200 23020 "-" "Mozilla/5.0 AppleWebKit/537.36 (KHTML, like Gecko; compatible; GPTBot/1.2; +https://openai.com/gptbot)"
20.171.207.160 - - [15/Oct/2025:15:22:19 +0000] "GET /pages.php?q-~17KhV1OHwFQPkavprz18IF1nVaXQRWnZ2156/ HTTP/1.0" 200 22434 "-" "Mozilla/5.0 AppleWebKit/537.36 (KHTML, like Gecko; compatible; GPTBot/1.2; +https://openai.com/gptbot)"
98.83.177.42 - - [15/Oct/2025:15:22:21 +0000] "GET /?fileloc=/var/www/vhosts/enlugo.es/httpdocs/admin.php&path=/var/www/vhosts/enlugo.es/httpdocs HTTP/1.0" 200 5935 "-" "Mozilla/5.0 AppleWebKit/537.36 (KHTML, like Gecko; compatible; Amazonbot/0.1; +https://developer.amazon.com/support/amazonbot) Chrome/119.0.6045.214 Safari/537.36"
20.171.207.160 - - [15/Oct/2025:15:22:23 +0000] "GET /pages.php?q-~48BdV4wJE96hOqoz2pRgtAfER3yrrcCD183/ HTTP/1.0" 200 22530 "-" "Mozilla/5.0 AppleWebKit/537.36 (KHTML, like Gecko; compatible; GPTBot/1.2; +https://openai.com/gptbot)"
52.71.216.196 - - [15/Oct/2025:15:22:26 +0000] "GET /?fileloc=/var/www/vhosts/enlugo.es/httpdocs/wp-source.php&path=/var/www/vhosts/enlugo.es/httpdocs HTTP/1.0" 200 8991 "-" "Mozilla/5.0 AppleWebKit/537.36 (KHTML, like Gecko; compatible; Amazonbot/0.1; +https://developer.amazon.com/support/amazonbot) Chrome/119.0.6045.214 Safari/537.36"
20.171.207.160 - - [15/Oct/2025:15:22:26 +0000] "GET /pages.php?q-~49XLWlRtojNDIhmuboHleMbFzQlwQtHz7418/ HTTP/1.0" 200 22121 "-" "Mozilla/5.0 AppleWebKit/537.36 (KHTML, like Gecko; compatible; GPTBot/1.2; +https://openai.com/gptbot)"
52.200.58.199 - - [15/Oct/2025:15:22:29 +0000] "GET /?fileloc=/var/www/vhosts/enlugo.es/httpdocs/userfuns.php&path=/var/www/vhosts/enlugo.es/httpdocs HTTP/1.0" 200 5572 "-" "Mozilla/5.0 AppleWebKit/537.36 (KHTML, like Gecko; compatible; Amazonbot/0.1; +https://developer.amazon.com/support/amazonbot) Chrome/119.0.6045.214 Safari/537.36"
20.171.207.160 - - [15/Oct/2025:15:22:29 +0000] "GET /pages.php?q-~2U95CejobmsriyDca9Ld7gweXQHyZrN46837/ HTTP/1.0" 200 22762 "-" "Mozilla/5.0 AppleWebKit/537.36 (KHTML, like Gecko; compatible; GPTBot/1.2; +https://openai.com/gptbot)"
20.171.207.160 - - [15/Oct/2025:15:22:32 +0000] "GET /pages.php?m36551555430 HTTP/1.0" 200 22589 "-" "Mozilla/5.0 AppleWebKit/537.36 (KHTML, like Gecko; compatible; GPTBot/1.2; +https://openai.com/gptbot)"
54.159.98.248 - - [15/Oct/2025:15:22:34 +0000] "GET /?fileloc=/var/www/vhosts/enlugo.es/httpdocs/wp-class-api.php&path=/var/www/vhosts/enlugo.es/httpdocs HTTP/1.0" 200 5221 "-" "Mozilla/5.0 AppleWebKit/537.36 (KHTML, like Gecko; compatible; Amazonbot/0.1; +https://developer.amazon.com/support/amazonbot) Chrome/119.0.6045.214 Safari/537.36"
20.171.207.160 - - [15/Oct/2025:15:22:35 +0000] "GET /pages.php?q-~2ykWlI4nS1ebfUOycG7IQWTIanRmWmB46845/ HTTP/1.0" 200 22907 "-" "Mozilla/5.0 AppleWebKit/537.36 (KHTML, like Gecko; compatible; GPTBot/1.2; +https://openai.com/gptbot)"
34.231.45.47 - - [15/Oct/2025:15:22:38 +0000] "GET /?fileloc=/var/www/vhosts/enlugo.es/httpdocs/wp-class-link.php&path=/var/www/vhosts/enlugo.es/httpdocs HTTP/1.0" 200 8488 "-" "Mozilla/5.0 AppleWebKit/537.36 (KHTML, like Gecko; compatible; Amazonbot/0.1; +https://developer.amazon.com/support/amazonbot) Chrome/119.0.6045.214 Safari/537.36"
20.171.207.160 - - [15/Oct/2025:15:22:38 +0000] "GET /pages.php?q-~2ypX7jJOVamLtyNQVcZNSV53jbor2EH19553/ HTTP/1.0" 200 23761 "-" "Mozilla/5.0 AppleWebKit/537.36 (KHTML, like Gecko; compatible; GPTBot/1.2; +https://openai.com/gptbot)"
3.225.45.252 - - [15/Oct/2025:15:22:42 +0000] "GET /?fileloc=/var/www/vhosts/enlugo.es/httpdocs/wp-class-theme.php&path=/var/www/vhosts/enlugo.es/httpdocs HTTP/1.0" 200 10038 "-" "Mozilla/5.0 AppleWebKit/537.36 (KHTML, like Gecko; compatible; Amazonbot/0.1; +https://developer.amazon.com/support/amazonbot) Chrome/119.0.6045.214 Safari/537.36"
20.171.207.160 - - [15/Oct/2025:15:22:42 +0000] "GET /pages.php?q-~2Av5URFQxjVrbHZKAdPgWVbElXv4rDu47399/ HTTP/1.0" 200 22508 "-" "Mozilla/5.0 AppleWebKit/537.36 (KHTML, like Gecko; compatible; GPTBot/1.2; +https://openai.com/gptbot)"
66.249.74.136 - - [15/Oct/2025:15:22:45 +0000] "GET /activity072029668 HTTP/1.0" 200 22226 "-" "Mozilla/5.0 (Linux; Android 6.0.1; Nexus 5X Build/MMB29P) AppleWebKit/537.36 (KHTML, like Gecko) Chrome/140.0.7339.207 Mobile Safari/537.36 (compatible; Googlebot/2.1; +http://www.google.com/bot.html)"
20.171.207.160 - - [15/Oct/2025:15:22:45 +0000] "GET /pages.php?q-~2bpMdmal7vduZjCBRZJvKUsp4luUyXh33931/ HTTP/1.0" 200 23174 "-" "Mozilla/5.0 AppleWebKit/537.36 (KHTML, like Gecko; compatible; GPTBot/1.2; +https://openai.com/gptbot)"
34.225.24.180 - - [15/Oct/2025:15:22:45 +0000] "GET /?fileloc=/var/www/vhosts/enlugo.es/httpdocs/ZcYTrGMtfBku&path=/var/www/vhosts/enlugo.es/httpdocs HTTP/1.0" 200 4805 "-" "Mozilla/5.0 AppleWebKit/537.36 (KHTML, like Gecko; compatible; Amazonbot/0.1; +https://developer.amazon.com/support/amazonbot) Chrome/119.0.6045.214 Safari/537.36"
20.171.207.160 - - [15/Oct/2025:15:22:48 +0000] "GET /pages.php?q-~2LXVIc5q12drHmdQ3lXDbISqtSinZVS33951/ HTTP/1.0" 200 23432 "-" "Mozilla/5.0 AppleWebKit/537.36 (KHTML, like Gecko; compatible; GPTBot/1.2; +https://openai.com/gptbot)"
47.128.50.102 - - [15/Oct/2025:15:22:49 +0000] "GET /effective-impotence-medication-for-improved-sexual-health/?fileloc=%2Fvar%2Fwww%2Fvhosts%2Fenlugo.es%2Fhttpdocs%2Fwp-author.php&path=%2Fvar%2Fwww%2Fvhosts%2Fenlugo.es%2Fhttpdocs HTTP/1.0" 200 5184 "-" "Mozilla/5.0 (Linux; Android 5.0) AppleWebKit/537.36 (KHTML, like Gecko) Mobile Safari/537.36 (compatible; Bytespider; spider-feedback@bytedance.com)"
34.196.6.199 - - [15/Oct/2025:15:22:50 +0000] "GET /?fileloc=/var/www/vhosts/enlugo.es/httpdocs/wp-customize.php&path=/var/www/vhosts/enlugo.es/httpdocs HTTP/1.0" 200 5190 "-" "Mozilla/5.0 AppleWebKit/537.36 (KHTML, like Gecko; compatible; Amazonbot/0.1; +https://developer.amazon.com/support/amazonbot) Chrome/119.0.6045.214 Safari/537.36"
20.171.207.160 - - [15/Oct/2025:15:22:51 +0000] "GET /pages.php?q-~105KXqIlk61bl9hQlsexNn1vux1bMws7W23116/ HTTP/1.0" 200 22203 "-" "Mozilla/5.0 AppleWebKit/537.36 (KHTML, like Gecko; compatible; GPTBot/1.2; +https://openai.com/gptbot)"
3.223.134.5 - - [15/Oct/2025:15:22:54 +0000] "GET /?fileloc=/var/www/vhosts/enlugo.es/httpdocs/.tmp&path=/var/www/vhosts/enlugo.es/httpdocs HTTP/1.0" 200 4598 "-" "Mozilla/5.0 AppleWebKit/537.36 (KHTML, like Gecko; compatible; Amazonbot/0.1; +https://developer.amazon.com/support/amazonbot) Chrome/119.0.6045.214 Safari/537.36"
20.171.207.160 - - [15/Oct/2025:15:22:54 +0000] "GET /pages.php?m80818705946 HTTP/1.0" 200 22968 "-" "Mozilla/5.0 AppleWebKit/537.36 (KHTML, like Gecko; compatible; GPTBot/1.2; +https://openai.com/gptbot)"
20.171.207.160 - - [15/Oct/2025:15:22:58 +0000] "GET /pages.php?m63113214363 HTTP/1.0" 200 23591 "-" "Mozilla/5.0 AppleWebKit/537.36 (KHTML, like Gecko; compatible; GPTBot/1.2; +https://openai.com/gptbot)"
54.86.59.155 - - [15/Oct/2025:15:22:59 +0000] "GET /?fileloc=/var/www/vhosts/enlugo.es/httpdocs/wp-menus.php&path=/var/www/vhosts/enlugo.es/httpdocs HTTP/1.0" 200 7574 "-" "Mozilla/5.0 AppleWebKit/537.36 (KHTML, like Gecko; compatible; Amazonbot/0.1; +https://developer.amazon.com/support/amazonbot) Chrome/119.0.6045.214 Safari/537.36"
20.171.207.160 - - [15/Oct/2025:15:23:01 +0000] "GET /pages.php?q-~2JJnIMCAwnKOYuwodfegX6iUfZx2pwU47509/ HTTP/1.0" 200 22610 "-" "Mozilla/5.0 AppleWebKit/537.36 (KHTML, like Gecko; compatible; GPTBot/1.2; +https://openai.com/gptbot)"
20.171.207.160 - - [15/Oct/2025:15:23:04 +0000] "GET /pages.php?q-~80ZZxQfEdDvfuK0zhnZxwBvsU18UsIVV5691/ HTTP/1.0" 200 23284 "-" "Mozilla/5.0 AppleWebKit/537.36 (KHTML, like Gecko; compatible; GPTBot/1.2; +https://openai.com/gptbot)"
20.171.207.160 - - [15/Oct/2025:15:23:07 +0000] "GET /pages.php?q-~2Egj7ajgyVYrGeHmITlRFJjNq3cZn9o47433/ HTTP/1.0" 200 22713 "-" "Mozilla/5.0 AppleWebKit/537.36 (KHTML, like Gecko; compatible; GPTBot/1.2; +https://openai.com/gptbot)"
20.171.207.160 - - [15/Oct/2025:15:23:10 +0000] "GET /pages.php?q-~2jLBw9pbnIEjc0APDUpBhsz91exlGBt26977/ HTTP/1.0" 200 22829 "-" "Mozilla/5.0 AppleWebKit/537.36 (KHTML, like Gecko; compatible; GPTBot/1.2; +https://openai.com/gptbot)"
20.171.207.160 - - [15/Oct/2025:15:23:13 +0000] "GET /pages.php?q-~2C6eSymPsZ7Y3DldLduFBZNGsTJ9fTr14673/ HTTP/1.0" 200 23574 "-" "Mozilla/5.0 AppleWebKit/537.36 (KHTML, like Gecko; compatible; GPTBot/1.2; +https://openai.com/gptbot)"
20.171.207.160 - - [15/Oct/2025:15:23:17 +0000] "GET /pages.php?q-~2MTF4qsPcrygezSYV7TQtUis8GH1fXJ26963/ HTTP/1.0" 200 22758 "-" "Mozilla/5.0 AppleWebKit/537.36 (KHTML, like Gecko; compatible; GPTBot/1.2; +https://openai.com/gptbot)"
20.171.207.160 - - [15/Oct/2025:15:23:20 +0000] "GET /pages.php?q-~87EUylv8YwiMsX7JPquUoOJ5KafIS4ds7566/ HTTP/1.0" 200 22572 "-" "Mozilla/5.0 AppleWebKit/537.36 (KHTML, like Gecko; compatible; GPTBot/1.2; +https://openai.com/gptbot)"
20.171.207.160 - - [15/Oct/2025:15:23:23 +0000] "GET /pages.php?q-~96QX07iQ4arLR8SHt5SxfaLCCxHoPDFD557/ HTTP/1.0" 200 22264 "-" "Mozilla/5.0 AppleWebKit/537.36 (KHTML, like Gecko; compatible; GPTBot/1.2; +https://openai.com/gptbot)"
20.171.207.160 - - [15/Oct/2025:15:23:26 +0000] "GET /pages.php?q-~2ronSJstbiOrTqzqb9eeixBhdWOCduc13093/ HTTP/1.0" 200 23174 "-" "Mozilla/5.0 AppleWebKit/537.36 (KHTML, like Gecko; compatible; GPTBot/1.2; +https://openai.com/gptbot)"
20.171.207.160 - - [15/Oct/2025:15:23:29 +0000] "GET /pages.php?q-~2bhOKUjIUKcO5SaQT7tr3mbmTlUU7gR13085/ HTTP/1.0" 200 23493 "-" "Mozilla/5.0 AppleWebKit/537.36 (KHTML, like Gecko; compatible; GPTBot/1.2; +https://openai.com/gptbot)"
20.171.207.160 - - [15/Oct/2025:15:23:32 +0000] "GET /pages.php?q-~2qYOItDg8mx9lYWJCEygvlyi9icLGQX32409/ HTTP/1.0" 200 23923 "-" "Mozilla/5.0 AppleWebKit/537.36 (KHTML, like Gecko; compatible; GPTBot/1.2; +https://openai.com/gptbot)"
20.171.207.160 - - [15/Oct/2025:15:23:35 +0000] "GET /pages.php?q-~2NUCzDRqTrmctyvzYAPXwrdvwSySK8q32407/ HTTP/1.0" 200 22960 "-" "Mozilla/5.0 AppleWebKit/537.36 (KHTML, like Gecko; compatible; GPTBot/1.2; +https://openai.com/gptbot)"
20.171.207.160 - - [15/Oct/2025:15:23:39 +0000] "GET /pages.php?q-~2sSKJE9Wh6gZGDnjfjgMSSZAHatoGTr13091/ HTTP/1.0" 200 22945 "-" "Mozilla/5.0 AppleWebKit/537.36 (KHTML, like Gecko; compatible; GPTBot/1.2; +https://openai.com/gptbot)"
20.171.207.160 - - [15/Oct/2025:15:23:42 +0000] "GET /pages.php?q-~2TRRY7xdIRwtYcw0GXI7xhGAQIC6QEG30973/ HTTP/1.0" 200 22804 "-" "Mozilla/5.0 AppleWebKit/537.36 (KHTML, like Gecko; compatible; GPTBot/1.2; +https://openai.com/gptbot)"
20.171.207.160 - - [15/Oct/2025:15:23:45 +0000] "GET /pages.php?m46694767565 HTTP/1.0" 200 22012 "-" "Mozilla/5.0 AppleWebKit/537.36 (KHTML, like Gecko; compatible; GPTBot/1.2; +https://openai.com/gptbot)"
20.171.207.160 - - [15/Oct/2025:15:23:48 +0000] "GET /pages.php?q-~66YyotW1RwrZGznBmksfodYvZvmH8eaU4707/ HTTP/1.0" 200 22459 "-" "Mozilla/5.0 AppleWebKit/537.36 (KHTML, like Gecko; compatible; GPTBot/1.2; +https://openai.com/gptbot)"
20.171.207.160 - - [15/Oct/2025:15:23:51 +0000] "GET /pages.php?q-~2cjwLmIhDHlstsICEEh0xF3ODv3AQKy13095/ HTTP/1.0" 200 23032 "-" "Mozilla/5.0 AppleWebKit/537.36 (KHTML, like Gecko; compatible; GPTBot/1.2; +https://openai.com/gptbot)"
66.249.74.136 - - [15/Oct/2025:15:23:51 +0000] "GET /?i=2449742438785&channel=135e58&from=http://enlugo.es/super.html?arise114036428 HTTP/1.0" 200 21889 "-" "Mozilla/5.0 (Linux; Android 6.0.1; Nexus 5X Build/MMB29P) AppleWebKit/537.36 (KHTML, like Gecko) Chrome/140.0.7339.207 Mobile Safari/537.36 (compatible; Googlebot/2.1; +http://www.google.com/bot.html)"
20.171.207.160 - - [15/Oct/2025:15:23:54 +0000] "GET /pages.php?q-~66jPi3GLciLpvdAW1FEhQk0Z4AfFGdzS9305/ HTTP/1.0" 200 22871 "-" "Mozilla/5.0 AppleWebKit/537.36 (KHTML, like Gecko; compatible; GPTBot/1.2; +https://openai.com/gptbot)"
20.171.207.160 - - [15/Oct/2025:15:23:57 +0000] "GET /pages.php?q-~2yZa2o7vYdyd2zqqoNFKxT7bxmsBPlr13097/ HTTP/1.0" 200 23596 "-" "Mozilla/5.0 AppleWebKit/537.36 (KHTML, like Gecko; compatible; GPTBot/1.2; +https://openai.com/gptbot)"
20.171.207.160 - - [15/Oct/2025:15:24:01 +0000] "GET /pages.php?q-~48ok4deyKMDBElIpE3AwjX0ajX9DQBEp4537/ HTTP/1.0" 200 23370 "-" "Mozilla/5.0 AppleWebKit/537.36 (KHTML, like Gecko; compatible; GPTBot/1.2; +https://openai.com/gptbot)"
20.171.207.160 - - [15/Oct/2025:15:24:04 +0000] "GET /pages.php?q-~2XFTIOqoxz8ugXzpkjBCJsMoZPyBGrz19575/ HTTP/1.0" 200 22901 "-" "Mozilla/5.0 AppleWebKit/537.36 (KHTML, like Gecko; compatible; GPTBot/1.2; +https://openai.com/gptbot)"
20.171.207.160 - - [15/Oct/2025:15:24:07 +0000] "GET /pages.php?q-~2zowsBjKnHSOKMEt2yceWBNqg2uRZbD19577/ HTTP/1.0" 200 22782 "-" "Mozilla/5.0 AppleWebKit/537.36 (KHTML, like Gecko; compatible; GPTBot/1.2; +https://openai.com/gptbot)"
20.171.207.160 - - [15/Oct/2025:15:24:10 +0000] "GET /pages.php?q-~2bCDOZjvatkbJS99DNboaL19xOlmdWu15625/ HTTP/1.0" 200 23289 "-" "Mozilla/5.0 AppleWebKit/537.36 (KHTML, like Gecko; compatible; GPTBot/1.2; +https://openai.com/gptbot)"
20.171.207.160 - - [15/Oct/2025:15:24:13 +0000] "GET /pages.php?q-~81EJpHrHRi2ZutRI3Jla8NmnpEmYDCZd4334/ HTTP/1.0" 200 22359 "-" "Mozilla/5.0 AppleWebKit/537.36 (KHTML, like Gecko; compatible; GPTBot/1.2; +https://openai.com/gptbot)"
20.171.207.160 - - [15/Oct/2025:15:24:16 +0000] "GET /pages.php?category/32_848_1500/1 HTTP/1.0" 200 22559 "-" "Mozilla/5.0 AppleWebKit/537.36 (KHTML, like Gecko; compatible; GPTBot/1.2; +https://openai.com/gptbot)"
20.171.207.160 - - [15/Oct/2025:15:24:19 +0000] "GET /pages.php?sakan8man-trus-8583369 HTTP/1.0" 200 21651 "-" "Mozilla/5.0 AppleWebKit/537.36 (KHTML, like Gecko; compatible; GPTBot/1.2; +https://openai.com/gptbot)"
20.171.207.160 - - [15/Oct/2025:15:24:22 +0000] "GET /pages.php?q-~210yHzEGZGOwWQqEWgWhCNemzUkNejVMT7351/ HTTP/1.0" 200 22880 "-" "Mozilla/5.0 AppleWebKit/537.36 (KHTML, like Gecko; compatible; GPTBot/1.2; +https://openai.com/gptbot)"
20.171.207.160 - - [15/Oct/2025:15:24:25 +0000] "GET /pages.php?q-~2NstclZNi4LmBGkxFuCoPtdY2mq4Aml46839/ HTTP/1.0" 200 23301 "-" "Mozilla/5.0 AppleWebKit/537.36 (KHTML, like Gecko; compatible; GPTBot/1.2; +https://openai.com/gptbot)"
20.171.207.160 - - [15/Oct/2025:15:24:28 +0000] "GET /pages.php?q-~276JNwVSmGNo5j8vJF4oylTtShcjdLOkI33359/ HTTP/1.0" 200 22297 "-" "Mozilla/5.0 AppleWebKit/537.36 (KHTML, like Gecko; compatible; GPTBot/1.2; +https://openai.com/gptbot)"
20.171.207.160 - - [15/Oct/2025:15:24:32 +0000] "GET /pages.php?1172529169 HTTP/1.0" 200 21649 "-" "Mozilla/5.0 AppleWebKit/537.36 (KHTML, like Gecko; compatible; GPTBot/1.2; +https://openai.com/gptbot)"
20.171.207.160 - - [15/Oct/2025:15:24:35 +0000] "GET /pages.php?q-~194o4lPjihAy8C1jUByaCftfcbOGiAJxF22245/ HTTP/1.0" 200 22118 "-" "Mozilla/5.0 AppleWebKit/537.36 (KHTML, like Gecko; compatible; GPTBot/1.2; +https://openai.com/gptbot)"
20.171.207.160 - - [15/Oct/2025:15:24:38 +0000] "GET /pages.php?m93711811137 HTTP/1.0" 200 21855 "-" "Mozilla/5.0 AppleWebKit/537.36 (KHTML, like Gecko; compatible; GPTBot/1.2; +https://openai.com/gptbot)"
20.171.207.160 - - [15/Oct/2025:15:24:41 +0000] "GET /pages.php?rcmdse-tm-2130394 HTTP/1.0" 200 23292 "-" "Mozilla/5.0 AppleWebKit/537.36 (KHTML, like Gecko; compatible; GPTBot/1.2; +https://openai.com/gptbot)"
20.171.207.160 - - [15/Oct/2025:15:24:45 +0000] "GET /pages.php?q-~2uwIjnDXpZkvFNaEhSRpk8UzHgZB0kM47401/ HTTP/1.0" 200 23158 "-" "Mozilla/5.0 AppleWebKit/537.36 (KHTML, like Gecko; compatible; GPTBot/1.2; +https://openai.com/gptbot)"
20.171.207.160 - - [15/Oct/2025:15:24:48 +0000] "GET /pages.php?q-~201wuIqLjwFtuloHPx1byzGN2kxwqL4Rn44478/ HTTP/1.0" 200 22203 "-" "Mozilla/5.0 AppleWebKit/537.36 (KHTML, like Gecko; compatible; GPTBot/1.2; +https://openai.com/gptbot)"
20.171.207.160 - - [15/Oct/2025:15:24:51 +0000] "GET /pages.php?1bankanwebshop-ds-1121655 HTTP/1.0" 200 22821 "-" "Mozilla/5.0 AppleWebKit/537.36 (KHTML, like Gecko; compatible; GPTBot/1.2; +https://openai.com/gptbot)"
20.171.207.160 - - [15/Oct/2025:15:24:54 +0000] "GET /pages.php?q-~198IzqEOKZYFayAvWQQQHjFPhG1EAo35w16531/ HTTP/1.0" 200 22855 "-" "Mozilla/5.0 AppleWebKit/537.36 (KHTML, like Gecko; compatible; GPTBot/1.2; +https://openai.com/gptbot)"
66.249.74.136 - - [15/Oct/2025:15:24:56 +0000] "GET /?i=2449742438785&channel=135e58&from=http://enlugo.es/super.html?recognition001017749 HTTP/1.0" 200 22114 "-" "Mozilla/5.0 (Linux; Android 6.0.1; Nexus 5X Build/MMB29P) AppleWebKit/537.36 (KHTML, like Gecko) Chrome/140.0.7339.207 Mobile Safari/537.36 (compatible; Googlebot/2.1; +http://www.google.com/bot.html)"
20.171.207.160 - - [15/Oct/2025:15:24:58 +0000] "GET /pages.php?m17712888857 HTTP/1.0" 200 23041 "-" "Mozilla/5.0 AppleWebKit/537.36 (KHTML, like Gecko; compatible; GPTBot/1.2; +https://openai.com/gptbot)"
20.171.207.160 - - [15/Oct/2025:15:25:01 +0000] "GET /pages.php?m57357404997 HTTP/1.0" 200 23569 "-" "Mozilla/5.0 AppleWebKit/537.36 (KHTML, like Gecko; compatible; GPTBot/1.2; +https://openai.com/gptbot)"
20.171.207.160 - - [15/Oct/2025:15:25:04 +0000] "GET /pages.php?q-~9UJewpIPF9SjkmKd5VW0KrDNIoeLFdd49588/ HTTP/1.0" 200 22354 "-" "Mozilla/5.0 AppleWebKit/537.36 (KHTML, like Gecko; compatible; GPTBot/1.2; +https://openai.com/gptbot)"
20.171.207.160 - - [15/Oct/2025:15:25:07 +0000] "GET /pages.php?j1113592767 HTTP/1.0" 200 22347 "-" "Mozilla/5.0 AppleWebKit/537.36 (KHTML, like Gecko; compatible; GPTBot/1.2; +https://openai.com/gptbot)"
20.171.207.160 - - [15/Oct/2025:15:25:10 +0000] "GET /pages.php?q-~6l2EdTrArqCMjZAiqQUT3X8Tj8mBnvm29/ HTTP/1.0" 200 22825 "-" "Mozilla/5.0 AppleWebKit/537.36 (KHTML, like Gecko; compatible; GPTBot/1.2; +https://openai.com/gptbot)"
20.171.207.160 - - [15/Oct/2025:15:25:13 +0000] "GET /pages.php?1016551570 HTTP/1.0" 200 22048 "-" "Mozilla/5.0 AppleWebKit/537.36 (KHTML, like Gecko; compatible; GPTBot/1.2; +https://openai.com/gptbot)"
20.171.207.160 - - [15/Oct/2025:15:25:16 +0000] "GET /pages.php?m71484047212 HTTP/1.0" 200 23124 "-" "Mozilla/5.0 AppleWebKit/537.36 (KHTML, like Gecko; compatible; GPTBot/1.2; +https://openai.com/gptbot)"
20.171.207.160 - - [15/Oct/2025:15:25:20 +0000] "GET /pages.php?SHTB2109D-M05120EW007002 HTTP/1.0" 200 22816 "-" "Mozilla/5.0 AppleWebKit/537.36 (KHTML, like Gecko; compatible; GPTBot/1.2; +https://openai.com/gptbot)"
20.171.207.160 - - [15/Oct/2025:15:25:23 +0000] "GET /pages.php?q-~36hemESwC6UPHGg8UK6GqTXZ9xXrIChP963/ HTTP/1.0" 200 22705 "-" "Mozilla/5.0 AppleWebKit/537.36 (KHTML, like Gecko; compatible; GPTBot/1.2; +https://openai.com/gptbot)"
20.171.207.160 - - [15/Oct/2025:15:25:26 +0000] "GET /pages.php?m86537841853 HTTP/1.0" 200 22557 "-" "Mozilla/5.0 AppleWebKit/537.36 (KHTML, like Gecko; compatible; GPTBot/1.2; +https://openai.com/gptbot)"
20.171.207.160 - - [15/Oct/2025:15:25:29 +0000] "GET /pages.php?kyoseastore-s-b0cq1t46nl-20250516 HTTP/1.0" 200 23094 "-" "Mozilla/5.0 AppleWebKit/537.36 (KHTML, like Gecko; compatible; GPTBot/1.2; +https://openai.com/gptbot)"
40.77.167.78 - - [15/Oct/2025:15:25:32 +0000] "GET /?fileloc=/var/www/vhosts/enlugo.es/httpdocs/wp-hooks.php&path=/var/www/vhosts/enlugo.es/httpdocs HTTP/1.0" 200 2276 "-" "Mozilla/5.0 AppleWebKit/537.36 (KHTML, like Gecko; compatible; bingbot/2.0; +http://www.bing.com/bingbot.htm) Chrome/116.0.1938.76 Safari/537.36"
20.171.207.160 - - [15/Oct/2025:15:25:32 +0000] "GET /pages.php?q-~35kIFMjJ3SkZMFhc9zCbO6Gh3AZAy5Po72/ HTTP/1.0" 200 21913 "-" "Mozilla/5.0 AppleWebKit/537.36 (KHTML, like Gecko; compatible; GPTBot/1.2; +https://openai.com/gptbot)"
20.171.207.160 - - [15/Oct/2025:15:25:35 +0000] "GET /pages.php?q-~97DdcxjPFwEnNmMY2PXAbAElmghVQBDr8714/ HTTP/1.0" 200 21646 "-" "Mozilla/5.0 AppleWebKit/537.36 (KHTML, like Gecko; compatible; GPTBot/1.2; +https://openai.com/gptbot)"
20.171.207.160 - - [15/Oct/2025:15:25:39 +0000] "GET /pages.php?q-~44Y7Eu29uIvaSxYdxoIYPGPSVPPnxaLk4851/ HTTP/1.0" 200 22290 "-" "Mozilla/5.0 AppleWebKit/537.36 (KHTML, like Gecko; compatible; GPTBot/1.2; +https://openai.com/gptbot)"
20.171.207.160 - - [15/Oct/2025:15:25:42 +0000] "GET /pages.php?m17808484312 HTTP/1.0" 200 22165 "-" "Mozilla/5.0 AppleWebKit/537.36 (KHTML, like Gecko; compatible; GPTBot/1.2; +https://openai.com/gptbot)"
20.171.207.160 - - [15/Oct/2025:15:25:45 +0000] "GET /pages.php?76016975 HTTP/1.0" 200 21913 "-" "Mozilla/5.0 AppleWebKit/537.36 (KHTML, like Gecko; compatible; GPTBot/1.2; +https://openai.com/gptbot)"
20.171.207.160 - - [15/Oct/2025:15:25:48 +0000] "GET /pages.php?m37038650013 HTTP/1.0" 200 22023 "-" "Mozilla/5.0 AppleWebKit/537.36 (KHTML, like Gecko; compatible; GPTBot/1.2; +https://openai.com/gptbot)"
20.171.207.160 - - [15/Oct/2025:15:25:51 +0000] "GET /pages.php?m89302188492 HTTP/1.0" 200 21894 "-" "Mozilla/5.0 AppleWebKit/537.36 (KHTML, like Gecko; compatible; GPTBot/1.2; +https://openai.com/gptbot)"
20.171.207.160 - - [15/Oct/2025:15:25:54 +0000] "GET /pages.php?m37895934697 HTTP/1.0" 200 21985 "-" "Mozilla/5.0 AppleWebKit/537.36 (KHTML, like Gecko; compatible; GPTBot/1.2; +https://openai.com/gptbot)"
20.171.207.160 - - [15/Oct/2025:15:25:58 +0000] "GET /pages.php?auc-kobefm-546515 HTTP/1.0" 200 22243 "-" "Mozilla/5.0 AppleWebKit/537.36 (KHTML, like Gecko; compatible; GPTBot/1.2; +https://openai.com/gptbot)"
20.171.207.160 - - [15/Oct/2025:15:26:01 +0000] "GET /pages.php?q-~299fWY935QPEObOkhCcPCSxkFz4HDnKNa2476/ HTTP/1.0" 200 22409 "-" "Mozilla/5.0 AppleWebKit/537.36 (KHTML, like Gecko; compatible; GPTBot/1.2; +https://openai.com/gptbot)"
20.171.207.160 - - [15/Oct/2025:15:26:04 +0000] "GET /pages.php?ssk-1-asve-pc-old-10-4589452964123 HTTP/1.0" 200 21733 "-" "Mozilla/5.0 AppleWebKit/537.36 (KHTML, like Gecko; compatible; GPTBot/1.2; +https://openai.com/gptbot)"
20.171.207.160 - - [15/Oct/2025:15:26:07 +0000] "GET /pages.php?auc-yasukichi-ebm-6214500 HTTP/1.0" 200 22306 "-" "Mozilla/5.0 AppleWebKit/537.36 (KHTML, like Gecko; compatible; GPTBot/1.2; +https://openai.com/gptbot)"
20.171.207.160 - - [15/Oct/2025:15:26:10 +0000] "GET /pages.php?m83369804098 HTTP/1.0" 200 21815 "-" "Mozilla/5.0 AppleWebKit/537.36 (KHTML, like Gecko; compatible; GPTBot/1.2; +https://openai.com/gptbot)"
20.171.207.160 - - [15/Oct/2025:15:26:14 +0000] "GET /pages.php?m68940266845 HTTP/1.0" 200 22459 "-" "Mozilla/5.0 AppleWebKit/537.36 (KHTML, like Gecko; compatible; GPTBot/1.2; +https://openai.com/gptbot)"
20.171.207.160 - - [15/Oct/2025:15:26:17 +0000] "GET /pages.php?m88665958137 HTTP/1.0" 200 21872 "-" "Mozilla/5.0 AppleWebKit/537.36 (KHTML, like Gecko; compatible; GPTBot/1.2; +https://openai.com/gptbot)"
20.171.207.160 - - [15/Oct/2025:15:26:20 +0000] "GET /pages.php?m98487707259 HTTP/1.0" 200 22504 "-" "Mozilla/5.0 AppleWebKit/537.36 (KHTML, like Gecko; compatible; GPTBot/1.2; +https://openai.com/gptbot)"
20.171.207.160 - - [15/Oct/2025:15:26:23 +0000] "GET /pages.php?q-~38YwT7GihGRP2avImASowQiDQcOiwgHM897/ HTTP/1.0" 200 21803 "-" "Mozilla/5.0 AppleWebKit/537.36 (KHTML, like Gecko; compatible; GPTBot/1.2; +https://openai.com/gptbot)"
20.171.207.160 - - [15/Oct/2025:15:26:26 +0000] "GET /pages.php?q-~97YwT7GihGRP2avImASowQiDQcOiwgHM838/ HTTP/1.0" 200 21857 "-" "Mozilla/5.0 AppleWebKit/537.36 (KHTML, like Gecko; compatible; GPTBot/1.2; +https://openai.com/gptbot)"
20.171.207.160 - - [15/Oct/2025:15:26:30 +0000] "GET /pages.php?officekagumarche-tt1320-1 HTTP/1.0" 200 23243 "-" "Mozilla/5.0 AppleWebKit/537.36 (KHTML, like Gecko; compatible; GPTBot/1.2; +https://openai.com/gptbot)"
20.171.207.160 - - [15/Oct/2025:15:26:33 +0000] "GET /pages.php?webike-rb-23335969 HTTP/1.0" 200 22716 "-" "Mozilla/5.0 AppleWebKit/537.36 (KHTML, like Gecko; compatible; GPTBot/1.2; +https://openai.com/gptbot)"
20.171.207.160 - - [15/Oct/2025:15:26:36 +0000] "GET /pages.php?eco-life-r-cs-30 HTTP/1.0" 200 22344 "-" "Mozilla/5.0 AppleWebKit/537.36 (KHTML, like Gecko; compatible; GPTBot/1.2; +https://openai.com/gptbot)"
20.171.207.160 - - [15/Oct/2025:15:26:39 +0000] "GET /pages.php?category/907_1795/1 HTTP/1.0" 200 22913 "-" "Mozilla/5.0 AppleWebKit/537.36 (KHTML, like Gecko; compatible; GPTBot/1.2; +https://openai.com/gptbot)"
20.171.207.160 - - [15/Oct/2025:15:26:42 +0000] "GET /pages.php?m96372038886 HTTP/1.0" 200 21994 "-" "Mozilla/5.0 AppleWebKit/537.36 (KHTML, like Gecko; compatible; GPTBot/1.2; +https://openai.com/gptbot)"
20.171.207.160 - - [15/Oct/2025:15:26:45 +0000] "GET /pages.php?m75159117231 HTTP/1.0" 200 22737 "-" "Mozilla/5.0 AppleWebKit/537.36 (KHTML, like Gecko; compatible; GPTBot/1.2; +https://openai.com/gptbot)"
20.171.207.160 - - [15/Oct/2025:15:26:48 +0000] "GET /pages.php?m51645493913 HTTP/1.0" 200 23358 "-" "Mozilla/5.0 AppleWebKit/537.36 (KHTML, like Gecko; compatible; GPTBot/1.2; +https://openai.com/gptbot)"
20.171.207.160 - - [15/Oct/2025:15:26:51 +0000] "GET /pages.php?q-~41QsSuTK94QN9WOe02A5nTmYALBtrTcc96/ HTTP/1.0" 200 21991 "-" "Mozilla/5.0 AppleWebKit/537.36 (KHTML, like Gecko; compatible; GPTBot/1.2; +https://openai.com/gptbot)"
20.171.207.160 - - [15/Oct/2025:15:26:55 +0000] "GET /pages.php?category/6768_10644/1 HTTP/1.0" 200 21825 "-" "Mozilla/5.0 AppleWebKit/537.36 (KHTML, like Gecko; compatible; GPTBot/1.2; +https://openai.com/gptbot)"
20.171.207.160 - - [15/Oct/2025:15:26:58 +0000] "GET /pages.php?66980953 HTTP/1.0" 200 21798 "-" "Mozilla/5.0 AppleWebKit/537.36 (KHTML, like Gecko; compatible; GPTBot/1.2; +https://openai.com/gptbot)"
20.171.207.160 - - [15/Oct/2025:15:27:01 +0000] "GET /pages.php?items/050000736.html?srsltid=AfmBOonfdbjVpukWvfLFtiSoIPUWkSdJUht2A4sgDJwmSsSWNvpm HTTP/1.0" 200 22420 "-" "Mozilla/5.0 AppleWebKit/537.36 (KHTML, like Gecko; compatible; GPTBot/1.2; +https://openai.com/gptbot)"
20.171.207.160 - - [15/Oct/2025:15:27:04 +0000] "GET /pages.php?q-~19jiZ11u6x6KhhuZQmjTIpbFkwGMIO8m662/ HTTP/1.0" 200 22026 "-" "Mozilla/5.0 AppleWebKit/537.36 (KHTML, like Gecko; compatible; GPTBot/1.2; +https://openai.com/gptbot)"
20.171.207.160 - - [15/Oct/2025:15:27:07 +0000] "GET /pages.php?q-~25Ei8gCvwtIVjO4EHmUKgIlD0Knygy5k326/ HTTP/1.0" 200 22906 "-" "Mozilla/5.0 AppleWebKit/537.36 (KHTML, like Gecko; compatible; GPTBot/1.2; +https://openai.com/gptbot)"
20.171.207.160 - - [15/Oct/2025:15:27:10 +0000] "GET /pages.php?q-~50gdWImi67eEcdfqhqAIrYXiwdoOBKGt375/ HTTP/1.0" 200 22076 "-" "Mozilla/5.0 AppleWebKit/537.36 (KHTML, like Gecko; compatible; GPTBot/1.2; +https://openai.com/gptbot)"
20.171.207.160 - - [15/Oct/2025:15:27:13 +0000] "GET /pages.php?cate_id=9639&channel=workout-ie-arrest&page=https://enlugo.es/item.aspx?q-~50gdWImi67eEcdfqhqAIrYXiwdoOBKGt375/&pid=24392447580 HTTP/1.0" 200 21935 "-" "Mozilla/5.0 AppleWebKit/537.36 (KHTML, like Gecko; compatible; GPTBot/1.2; +https://openai.com/gptbot)"
20.171.207.160 - - [15/Oct/2025:15:27:17 +0000] "GET /pages.php?carparts-soko-kcn240809110213 HTTP/1.0" 200 22218 "-" "Mozilla/5.0 AppleWebKit/537.36 (KHTML, like Gecko; compatible; GPTBot/1.2; +https://openai.com/gptbot)"
20.171.207.160 - - [15/Oct/2025:15:27:20 +0000] "GET /pages.php?q-~39s1fY5dQWwmPtugJgGcszctPKijT7QX1210/ HTTP/1.0" 200 22436 "-" "Mozilla/5.0 AppleWebKit/537.36 (KHTML, like Gecko; compatible; GPTBot/1.2; +https://openai.com/gptbot)"
20.171.207.160 - - [15/Oct/2025:15:27:23 +0000] "GET /pages.php?q-~76dnIdolPgcAVC3yRL5wWiUOPED0L5ik1619/ HTTP/1.0" 200 22473 "-" "Mozilla/5.0 AppleWebKit/537.36 (KHTML, like Gecko; compatible; GPTBot/1.2; +https://openai.com/gptbot)"
20.171.207.160 - - [15/Oct/2025:15:27:26 +0000] "GET /pages.php?m32400694032 HTTP/1.0" 200 22234 "-" "Mozilla/5.0 AppleWebKit/537.36 (KHTML, like Gecko; compatible; GPTBot/1.2; +https://openai.com/gptbot)"
20.171.207.160 - - [15/Oct/2025:15:27:29 +0000] "GET /pages.php?m98094234694 HTTP/1.0" 200 22852 "-" "Mozilla/5.0 AppleWebKit/537.36 (KHTML, like Gecko; compatible; GPTBot/1.2; +https://openai.com/gptbot)"
20.171.207.160 - - [15/Oct/2025:15:27:32 +0000] "GET /pages.php?m26899192974 HTTP/1.0" 200 22482 "-" "Mozilla/5.0 AppleWebKit/537.36 (KHTML, like Gecko; compatible; GPTBot/1.2; +https://openai.com/gptbot)"
20.171.207.160 - - [15/Oct/2025:15:27:35 +0000] "GET /pages.php?q-~30THqJxIWuoovSw4jlEX4TAQcwT7SVdb1191/ HTTP/1.0" 200 21943 "-" "Mozilla/5.0 AppleWebKit/537.36 (KHTML, like Gecko; compatible; GPTBot/1.2; +https://openai.com/gptbot)"
20.171.207.160 - - [15/Oct/2025:15:27:39 +0000] "GET /pages.php?m16468882424 HTTP/1.0" 200 22138 "-" "Mozilla/5.0 AppleWebKit/537.36 (KHTML, like Gecko; compatible; GPTBot/1.2; +https://openai.com/gptbot)"
20.171.207.160 - - [15/Oct/2025:15:27:42 +0000] "GET /pages.php?m88725894796 HTTP/1.0" 200 23182 "-" "Mozilla/5.0 AppleWebKit/537.36 (KHTML, like Gecko; compatible; GPTBot/1.2; +https://openai.com/gptbot)"
20.171.207.160 - - [15/Oct/2025:15:27:45 +0000] "GET /pages.php?category/5030/1 HTTP/1.0" 200 22369 "-" "Mozilla/5.0 AppleWebKit/537.36 (KHTML, like Gecko; compatible; GPTBot/1.2; +https://openai.com/gptbot)"
