20.171.207.160 - - [15/Oct/2025:15:27:48 +0000] "GET /pages.php?q-~7yrQ6Ve6lzakiwnuCUuDpxWa7QYXhiB918/ HTTP/1.0" 200 22629 "-" "Mozilla/5.0 AppleWebKit/537.36 (KHTML, like Gecko; compatible; GPTBot/1.2; +https://openai.com/gptbot)"
20.171.207.160 - - [15/Oct/2025:15:27:51 +0000] "GET /pages.php?s1176625941 HTTP/1.0" 200 22796 "-" "Mozilla/5.0 AppleWebKit/537.36 (KHTML, like Gecko; compatible; GPTBot/1.2; +https://openai.com/gptbot)"
20.171.207.160 - - [15/Oct/2025:15:27:55 +0000] "GET /pages.php?STSB2134DNA7829EW045971 HTTP/1.0" 200 22534 "-" "Mozilla/5.0 AppleWebKit/537.36 (KHTML, like Gecko; compatible; GPTBot/1.2; +https://openai.com/gptbot)"
20.171.207.160 - - [15/Oct/2025:15:27:58 +0000] "GET /pages.php?q-~43xxzuOJZHBoH3EBZdAO1pgagF3XZrGX904/ HTTP/1.0" 200 22261 "-" "Mozilla/5.0 AppleWebKit/537.36 (KHTML, like Gecko; compatible; GPTBot/1.2; +https://openai.com/gptbot)"
20.171.207.160 - - [15/Oct/2025:15:28:01 +0000] "GET /pages.php?q-~62QjDZx7vKYDGPg4oHpUngUunNLPQLYj4555/ HTTP/1.0" 200 21663 "-" "Mozilla/5.0 AppleWebKit/537.36 (KHTML, like Gecko; compatible; GPTBot/1.2; +https://openai.com/gptbot)"
20.171.207.160 - - [15/Oct/2025:15:28:04 +0000] "GET /pages.php?items/084037314.html?srsltid=AfmBOofquInTbyZIzjNjMw3EDLbirNPTMWST8HMrHlxHsUnSBVxP HTTP/1.0" 200 23339 "-" "Mozilla/5.0 AppleWebKit/537.36 (KHTML, like Gecko; compatible; GPTBot/1.2; +https://openai.com/gptbot)"
20.171.207.160 - - [15/Oct/2025:15:28:07 +0000] "GET /pages.php?1095856672 HTTP/1.0" 200 21945 "-" "Mozilla/5.0 AppleWebKit/537.36 (KHTML, like Gecko; compatible; GPTBot/1.2; +https://openai.com/gptbot)"
20.171.207.160 - - [15/Oct/2025:15:28:10 +0000] "GET /pages.php?q-~12xRWgLejVAk3RCVVomqoO4chYWkYOEg863/ HTTP/1.0" 200 22806 "-" "Mozilla/5.0 AppleWebKit/537.36 (KHTML, like Gecko; compatible; GPTBot/1.2; +https://openai.com/gptbot)"
20.171.207.160 - - [15/Oct/2025:15:28:14 +0000] "GET /pages.php?lamd-4904771323015 HTTP/1.0" 200 22367 "-" "Mozilla/5.0 AppleWebKit/537.36 (KHTML, like Gecko; compatible; GPTBot/1.2; +https://openai.com/gptbot)"
20.171.207.160 - - [15/Oct/2025:15:28:17 +0000] "GET /pages.php?haikanshop-8278653 HTTP/1.0" 200 22181 "-" "Mozilla/5.0 AppleWebKit/537.36 (KHTML, like Gecko; compatible; GPTBot/1.2; +https://openai.com/gptbot)"
20.171.207.160 - - [15/Oct/2025:15:28:20 +0000] "GET /pages.php?kirarimiria-202502240947494580002462618 HTTP/1.0" 200 21964 "-" "Mozilla/5.0 AppleWebKit/537.36 (KHTML, like Gecko; compatible; GPTBot/1.2; +https://openai.com/gptbot)"
20.171.207.160 - - [15/Oct/2025:15:28:23 +0000] "GET /pages.php?q-~35IH1LMwdyeJ1rFOSsp1NEnHFvTMLCcl662/ HTTP/1.0" 200 21757 "-" "Mozilla/5.0 AppleWebKit/537.36 (KHTML, like Gecko; compatible; GPTBot/1.2; +https://openai.com/gptbot)"
20.171.207.160 - - [15/Oct/2025:15:28:26 +0000] "GET /pages.php?m67443767954 HTTP/1.0" 200 22821 "-" "Mozilla/5.0 AppleWebKit/537.36 (KHTML, like Gecko; compatible; GPTBot/1.2; +https://openai.com/gptbot)"
20.171.207.160 - - [15/Oct/2025:15:28:29 +0000] "GET /pages.php?m27398079880 HTTP/1.0" 200 22437 "-" "Mozilla/5.0 AppleWebKit/537.36 (KHTML, like Gecko; compatible; GPTBot/1.2; +https://openai.com/gptbot)"
20.171.207.160 - - [15/Oct/2025:15:28:32 +0000] "GET /pages.php?75614137 HTTP/1.0" 200 22111 "-" "Mozilla/5.0 AppleWebKit/537.36 (KHTML, like Gecko; compatible; GPTBot/1.2; +https://openai.com/gptbot)"
20.171.207.160 - - [15/Oct/2025:15:28:35 +0000] "GET /pages.php?bellis-jkt-4872 HTTP/1.0" 200 22077 "-" "Mozilla/5.0 AppleWebKit/537.36 (KHTML, like Gecko; compatible; GPTBot/1.2; +https://openai.com/gptbot)"
20.171.207.160 - - [15/Oct/2025:15:28:38 +0000] "GET /pages.php?SSNK2069DSK6112DW000504 HTTP/1.0" 200 21893 "-" "Mozilla/5.0 AppleWebKit/537.36 (KHTML, like Gecko; compatible; GPTBot/1.2; +https://openai.com/gptbot)"
20.171.207.160 - - [15/Oct/2025:15:28:42 +0000] "GET /pages.php?golfdo-official-21470331501134942002 HTTP/1.0" 200 21982 "-" "Mozilla/5.0 AppleWebKit/537.36 (KHTML, like Gecko; compatible; GPTBot/1.2; +https://openai.com/gptbot)"
20.171.207.160 - - [15/Oct/2025:15:28:45 +0000] "GET /pages.php?hanbokhome-3wsqp6igzdmbes3zdoc7lu57pi-hbh-1 HTTP/1.0" 200 23402 "-" "Mozilla/5.0 AppleWebKit/537.36 (KHTML, like Gecko; compatible; GPTBot/1.2; +https://openai.com/gptbot)"
20.171.207.160 - - [15/Oct/2025:15:28:48 +0000] "GET /pages.php?q-~90QrHciNqNlEkwbbPRffoGjfyaaGKT1L809/ HTTP/1.0" 200 22110 "-" "Mozilla/5.0 AppleWebKit/537.36 (KHTML, like Gecko; compatible; GPTBot/1.2; +https://openai.com/gptbot)"
20.171.207.160 - - [15/Oct/2025:15:28:51 +0000] "GET /pages.php?q-~56aQFxhCCIEIULcl5xUQkQxrA8jQVxTs521/ HTTP/1.0" 200 22596 "-" "Mozilla/5.0 AppleWebKit/537.36 (KHTML, like Gecko; compatible; GPTBot/1.2; +https://openai.com/gptbot)"
20.171.207.160 - - [15/Oct/2025:15:28:54 +0000] "GET /pages.php?q-~69PXtAynnHXGBKbTMxvRQxkTfNQ7RIGB5772/ HTTP/1.0" 200 22871 "-" "Mozilla/5.0 AppleWebKit/537.36 (KHTML, like Gecko; compatible; GPTBot/1.2; +https://openai.com/gptbot)"
20.171.207.160 - - [15/Oct/2025:15:28:57 +0000] "GET /pages.php?cocoterrace-icn-fws-00007811 HTTP/1.0" 200 23755 "-" "Mozilla/5.0 AppleWebKit/537.36 (KHTML, like Gecko; compatible; GPTBot/1.2; +https://openai.com/gptbot)"
20.171.207.160 - - [15/Oct/2025:15:29:00 +0000] "GET /pages.php?m70933716507 HTTP/1.0" 200 22065 "-" "Mozilla/5.0 AppleWebKit/537.36 (KHTML, like Gecko; compatible; GPTBot/1.2; +https://openai.com/gptbot)"
20.171.207.160 - - [15/Oct/2025:15:29:04 +0000] "GET /pages.php?m14649479225 HTTP/1.0" 200 22484 "-" "Mozilla/5.0 AppleWebKit/537.36 (KHTML, like Gecko; compatible; GPTBot/1.2; +https://openai.com/gptbot)"
20.171.207.160 - - [15/Oct/2025:15:29:07 +0000] "GET /pages.php?m99193194657 HTTP/1.0" 200 22423 "-" "Mozilla/5.0 AppleWebKit/537.36 (KHTML, like Gecko; compatible; GPTBot/1.2; +https://openai.com/gptbot)"
20.171.207.160 - - [15/Oct/2025:15:29:10 +0000] "GET /pages.php?SGLR1963D-NA4451AU000910 HTTP/1.0" 200 22425 "-" "Mozilla/5.0 AppleWebKit/537.36 (KHTML, like Gecko; compatible; GPTBot/1.2; +https://openai.com/gptbot)"
20.171.207.160 - - [15/Oct/2025:15:29:13 +0000] "GET /pages.php?cate_id=9639&channel=salad-different-telescope&page=https://enlugo.es/item.aspx?items/031000683.html?srsltid=AfmBOohxzoeQTWQpaKNOt0fzSLvgjeJsjZ6QROz2SRkKDIA7Nsc8&pid=24392447580 HTTP/1.0" 200 21738 "-" "Mozilla/5.0 AppleWebKit/537.36 (KHTML, like Gecko; compatible; GPTBot/1.2; +https://openai.com/gptbot)"
20.171.207.160 - - [15/Oct/2025:15:29:16 +0000] "GET /pages.php?m78086037971 HTTP/1.0" 200 22482 "-" "Mozilla/5.0 AppleWebKit/537.36 (KHTML, like Gecko; compatible; GPTBot/1.2; +https://openai.com/gptbot)"
20.171.207.160 - - [15/Oct/2025:15:29:19 +0000] "GET /pages.php?m79881318713 HTTP/1.0" 200 21967 "-" "Mozilla/5.0 AppleWebKit/537.36 (KHTML, like Gecko; compatible; GPTBot/1.2; +https://openai.com/gptbot)"
20.171.207.160 - - [15/Oct/2025:15:29:23 +0000] "GET /pages.php?m40879708360 HTTP/1.0" 200 22192 "-" "Mozilla/5.0 AppleWebKit/537.36 (KHTML, like Gecko; compatible; GPTBot/1.2; +https://openai.com/gptbot)"
20.171.207.160 - - [15/Oct/2025:15:29:26 +0000] "GET /pages.php?m66328212651 HTTP/1.0" 200 22288 "-" "Mozilla/5.0 AppleWebKit/537.36 (KHTML, like Gecko; compatible; GPTBot/1.2; +https://openai.com/gptbot)"
20.171.207.160 - - [15/Oct/2025:15:29:29 +0000] "GET /pages.php?tanachu-pcz-ermp280c4 HTTP/1.0" 200 22338 "-" "Mozilla/5.0 AppleWebKit/537.36 (KHTML, like Gecko; compatible; GPTBot/1.2; +https://openai.com/gptbot)"
20.171.207.160 - - [15/Oct/2025:15:29:32 +0000] "GET /pages.php?911883843 HTTP/1.0" 200 22193 "-" "Mozilla/5.0 AppleWebKit/537.36 (KHTML, like Gecko; compatible; GPTBot/1.2; +https://openai.com/gptbot)"
20.171.207.160 - - [15/Oct/2025:15:29:35 +0000] "GET /pages.php?q-~74a2tTBpSqIqj4mIhblv6ULxjmLVupfO49/ HTTP/1.0" 200 22069 "-" "Mozilla/5.0 AppleWebKit/537.36 (KHTML, like Gecko; compatible; GPTBot/1.2; +https://openai.com/gptbot)"
20.171.207.160 - - [15/Oct/2025:15:29:38 +0000] "GET /pages.php?q-~67lBcGZevHSL40VHWEsfCm2M7sGOx3rD192/ HTTP/1.0" 200 22153 "-" "Mozilla/5.0 AppleWebKit/537.36 (KHTML, like Gecko; compatible; GPTBot/1.2; +https://openai.com/gptbot)"
20.171.207.160 - - [15/Oct/2025:15:29:42 +0000] "GET /pages.php?q-~40Lio6fCdXJOdkOWg3QTihbOzVWFU6BY7/ HTTP/1.0" 200 22341 "-" "Mozilla/5.0 AppleWebKit/537.36 (KHTML, like Gecko; compatible; GPTBot/1.2; +https://openai.com/gptbot)"
20.171.207.160 - - [15/Oct/2025:15:29:45 +0000] "GET /pages.php?m71626575511 HTTP/1.0" 200 22315 "-" "Mozilla/5.0 AppleWebKit/537.36 (KHTML, like Gecko; compatible; GPTBot/1.2; +https://openai.com/gptbot)"
20.171.207.160 - - [15/Oct/2025:15:29:48 +0000] "GET /pages.php?m28733721837 HTTP/1.0" 200 21946 "-" "Mozilla/5.0 AppleWebKit/537.36 (KHTML, like Gecko; compatible; GPTBot/1.2; +https://openai.com/gptbot)"
20.171.207.160 - - [15/Oct/2025:15:29:51 +0000] "GET /pages.php?q-~64FY8nLearHqRGYZ7qBHVtycRQ6gJdWD10111/ HTTP/1.0" 200 22218 "-" "Mozilla/5.0 AppleWebKit/537.36 (KHTML, like Gecko; compatible; GPTBot/1.2; +https://openai.com/gptbot)"
20.171.207.160 - - [15/Oct/2025:15:29:55 +0000] "GET /pages.php?m49011032308 HTTP/1.0" 200 22280 "-" "Mozilla/5.0 AppleWebKit/537.36 (KHTML, like Gecko; compatible; GPTBot/1.2; +https://openai.com/gptbot)"
20.171.207.160 - - [15/Oct/2025:15:29:58 +0000] "GET /pages.php?m29364994195 HTTP/1.0" 200 22129 "-" "Mozilla/5.0 AppleWebKit/537.36 (KHTML, like Gecko; compatible; GPTBot/1.2; +https://openai.com/gptbot)"
20.171.207.160 - - [15/Oct/2025:15:30:01 +0000] "GET /pages.php?m81514431766 HTTP/1.0" 200 23254 "-" "Mozilla/5.0 AppleWebKit/537.36 (KHTML, like Gecko; compatible; GPTBot/1.2; +https://openai.com/gptbot)"
20.171.207.160 - - [15/Oct/2025:15:30:04 +0000] "GET /pages.php?autopartsdirect-87547425354728260701 HTTP/1.0" 200 21808 "-" "Mozilla/5.0 AppleWebKit/537.36 (KHTML, like Gecko; compatible; GPTBot/1.2; +https://openai.com/gptbot)"
20.171.207.160 - - [15/Oct/2025:15:30:07 +0000] "GET /pages.php?m75795322887 HTTP/1.0" 200 22523 "-" "Mozilla/5.0 AppleWebKit/537.36 (KHTML, like Gecko; compatible; GPTBot/1.2; +https://openai.com/gptbot)"
20.171.207.160 - - [15/Oct/2025:15:30:10 +0000] "GET /pages.php?m93246946322 HTTP/1.0" 200 22148 "-" "Mozilla/5.0 AppleWebKit/537.36 (KHTML, like Gecko; compatible; GPTBot/1.2; +https://openai.com/gptbot)"
20.171.207.160 - - [15/Oct/2025:15:30:14 +0000] "GET /pages.php?1109444621 HTTP/1.0" 200 22336 "-" "Mozilla/5.0 AppleWebKit/537.36 (KHTML, like Gecko; compatible; GPTBot/1.2; +https://openai.com/gptbot)"
20.171.207.160 - - [15/Oct/2025:15:30:17 +0000] "GET /pages.php?q-~43tg24ewiZBS69McqdVXHDzNFf7wUpRF178/ HTTP/1.0" 200 23159 "-" "Mozilla/5.0 AppleWebKit/537.36 (KHTML, like Gecko; compatible; GPTBot/1.2; +https://openai.com/gptbot)"
20.171.207.160 - - [15/Oct/2025:15:30:20 +0000] "GET /pages.php?m48555893430 HTTP/1.0" 200 22480 "-" "Mozilla/5.0 AppleWebKit/537.36 (KHTML, like Gecko; compatible; GPTBot/1.2; +https://openai.com/gptbot)"
20.171.207.160 - - [15/Oct/2025:15:30:23 +0000] "GET /pages.php?q-~74pN4SH8HoCx9aGfoglhg3GSexv5HajJ889/ HTTP/1.0" 200 22713 "-" "Mozilla/5.0 AppleWebKit/537.36 (KHTML, like Gecko; compatible; GPTBot/1.2; +https://openai.com/gptbot)"
20.171.207.160 - - [15/Oct/2025:15:30:26 +0000] "GET /pages.php?q-~99Ei8gCvwtIVjO4EHmUKgIlD0Knygy5k252/ HTTP/1.0" 200 22378 "-" "Mozilla/5.0 AppleWebKit/537.36 (KHTML, like Gecko; compatible; GPTBot/1.2; +https://openai.com/gptbot)"
20.171.207.160 - - [15/Oct/2025:15:30:29 +0000] "GET /pages.php?first23-trusco-1694239 HTTP/1.0" 200 22096 "-" "Mozilla/5.0 AppleWebKit/537.36 (KHTML, like Gecko; compatible; GPTBot/1.2; +https://openai.com/gptbot)"
20.171.207.160 - - [15/Oct/2025:15:30:32 +0000] "GET /pages.php?q-~99mkbnTBeCDmCkaSlGZNSkOedq5Dz4Eh952/ HTTP/1.0" 200 21991 "-" "Mozilla/5.0 AppleWebKit/537.36 (KHTML, like Gecko; compatible; GPTBot/1.2; +https://openai.com/gptbot)"
20.171.207.160 - - [15/Oct/2025:15:30:35 +0000] "GET /pages.php?78741029 HTTP/1.0" 200 22026 "-" "Mozilla/5.0 AppleWebKit/537.36 (KHTML, like Gecko; compatible; GPTBot/1.2; +https://openai.com/gptbot)"
20.171.207.160 - - [15/Oct/2025:15:30:39 +0000] "GET /pages.php?q-~7tR6mLZz4of2WLCKNSx1xSN9FubgHnY4236/ HTTP/1.0" 200 22216 "-" "Mozilla/5.0 AppleWebKit/537.36 (KHTML, like Gecko; compatible; GPTBot/1.2; +https://openai.com/gptbot)"
20.171.207.160 - - [15/Oct/2025:15:30:42 +0000] "GET /pages.php?q-~5PYka3fdk60TVimHpQKNgnHfDNMTOxI16386/ HTTP/1.0" 200 22465 "-" "Mozilla/5.0 AppleWebKit/537.36 (KHTML, like Gecko; compatible; GPTBot/1.2; +https://openai.com/gptbot)"
20.171.207.160 - - [15/Oct/2025:15:30:45 +0000] "GET /pages.php?m75833333898 HTTP/1.0" 200 22358 "-" "Mozilla/5.0 AppleWebKit/537.36 (KHTML, like Gecko; compatible; GPTBot/1.2; +https://openai.com/gptbot)"
20.171.207.160 - - [15/Oct/2025:15:30:48 +0000] "GET /pages.php?q-~52E2pCjzSuVXirgxBBQd7UYCMasLOwHs427/ HTTP/1.0" 200 22226 "-" "Mozilla/5.0 AppleWebKit/537.36 (KHTML, like Gecko; compatible; GPTBot/1.2; +https://openai.com/gptbot)"
20.171.207.160 - - [15/Oct/2025:15:30:51 +0000] "GET /pages.php?m54164652514 HTTP/1.0" 200 22155 "-" "Mozilla/5.0 AppleWebKit/537.36 (KHTML, like Gecko; compatible; GPTBot/1.2; +https://openai.com/gptbot)"
20.171.207.160 - - [15/Oct/2025:15:30:54 +0000] "GET /pages.php?rcmd-tm-2410700 HTTP/1.0" 200 22075 "-" "Mozilla/5.0 AppleWebKit/537.36 (KHTML, like Gecko; compatible; GPTBot/1.2; +https://openai.com/gptbot)"
20.171.207.160 - - [15/Oct/2025:15:30:57 +0000] "GET /pages.php?q-~4lI1pKXJbWQNnryLwluxeC9ahfOotSd43777/ HTTP/1.0" 200 22377 "-" "Mozilla/5.0 AppleWebKit/537.36 (KHTML, like Gecko; compatible; GPTBot/1.2; +https://openai.com/gptbot)"
20.171.207.160 - - [15/Oct/2025:15:31:01 +0000] "GET /pages.php?70969830 HTTP/1.0" 200 22543 "-" "Mozilla/5.0 AppleWebKit/537.36 (KHTML, like Gecko; compatible; GPTBot/1.2; +https://openai.com/gptbot)"
51.75.170.45 - - [15/Oct/2025:15:31:04 +0000] "POST /xmlrpc.php HTTP/1.0" 403 3277 "-" "Mozilla/5.0 (Macintosh; Intel Mac OS X 10_9_5) AppleWebKit/537.36 (KHTML, like Gecko) Chrome/65.0.3325.181 Safari/537.36"
20.171.207.160 - - [15/Oct/2025:15:31:04 +0000] "GET /pages.php?q-~41HSmnDZuMzFygzITnZUUIFeQErJOQQm616/ HTTP/1.0" 200 21952 "-" "Mozilla/5.0 AppleWebKit/537.36 (KHTML, like Gecko; compatible; GPTBot/1.2; +https://openai.com/gptbot)"
51.75.170.45 - - [15/Oct/2025:15:31:06 +0000] "POST /xmlrpc.php HTTP/1.0" 403 3277 "-" "Mozilla/5.0 (Macintosh; Intel Mac OS X 10_9_5) AppleWebKit/537.36 (KHTML, like Gecko) Chrome/65.0.3325.181 Safari/537.36"
20.171.207.160 - - [15/Oct/2025:15:31:07 +0000] "GET /pages.php?perk-up-413276-1654362 HTTP/1.0" 200 23132 "-" "Mozilla/5.0 AppleWebKit/537.36 (KHTML, like Gecko; compatible; GPTBot/1.2; +https://openai.com/gptbot)"
51.75.170.45 - - [15/Oct/2025:15:31:09 +0000] "POST /xmlrpc.php HTTP/1.0" 403 3277 "-" "Mozilla/5.0 (Macintosh; Intel Mac OS X 10_9_5) AppleWebKit/537.36 (KHTML, like Gecko) Chrome/65.0.3325.181 Safari/537.36"
20.171.207.160 - - [15/Oct/2025:15:31:10 +0000] "GET /pages.php?q-~42dCVOpnhBMzZpUbaCj12fsFrmxXFVUO507/ HTTP/1.0" 200 22122 "-" "Mozilla/5.0 AppleWebKit/537.36 (KHTML, like Gecko; compatible; GPTBot/1.2; +https://openai.com/gptbot)"
51.75.170.45 - - [15/Oct/2025:15:31:12 +0000] "POST /xmlrpc.php HTTP/1.0" 403 3277 "-" "Mozilla/5.0 (Macintosh; Intel Mac OS X 10_9_5) AppleWebKit/537.36 (KHTML, like Gecko) Chrome/65.0.3325.181 Safari/537.36"
51.75.170.45 - - [15/Oct/2025:15:31:14 +0000] "POST /xmlrpc.php HTTP/1.0" 403 3277 "-" "Mozilla/5.0 (Macintosh; Intel Mac OS X 10_9_5) AppleWebKit/537.36 (KHTML, like Gecko) Chrome/65.0.3325.181 Safari/537.36"
20.171.207.160 - - [15/Oct/2025:15:31:13 +0000] "GET /pages.php?SCLE0585DJI5987BW00612 HTTP/1.0" 200 22047 "-" "Mozilla/5.0 AppleWebKit/537.36 (KHTML, like Gecko; compatible; GPTBot/1.2; +https://openai.com/gptbot)"
51.75.170.45 - - [15/Oct/2025:15:31:17 +0000] "POST /xmlrpc.php HTTP/1.0" 403 3277 "-" "Mozilla/5.0 (Macintosh; Intel Mac OS X 10_9_5) AppleWebKit/537.36 (KHTML, like Gecko) Chrome/65.0.3325.181 Safari/537.36"
20.171.207.160 - - [15/Oct/2025:15:31:16 +0000] "GET /pages.php?1018169275 HTTP/1.0" 200 23286 "-" "Mozilla/5.0 AppleWebKit/537.36 (KHTML, like Gecko; compatible; GPTBot/1.2; +https://openai.com/gptbot)"
20.171.207.160 - - [15/Oct/2025:15:31:19 +0000] "GET /pages.php?q-~49PKqjiLMUOuNBhG5GnxCfaHjJiatleo578/ HTTP/1.0" 200 23169 "-" "Mozilla/5.0 AppleWebKit/537.36 (KHTML, like Gecko; compatible; GPTBot/1.2; +https://openai.com/gptbot)"
20.171.207.160 - - [15/Oct/2025:15:31:23 +0000] "GET /pages.php?first34-trusco-6951387 HTTP/1.0" 200 22773 "-" "Mozilla/5.0 AppleWebKit/537.36 (KHTML, like Gecko; compatible; GPTBot/1.2; +https://openai.com/gptbot)"
20.171.207.160 - - [15/Oct/2025:15:31:26 +0000] "GET /pages.php?m99817775235 HTTP/1.0" 200 23822 "-" "Mozilla/5.0 AppleWebKit/537.36 (KHTML, like Gecko; compatible; GPTBot/1.2; +https://openai.com/gptbot)"
20.171.207.160 - - [15/Oct/2025:15:31:29 +0000] "GET /pages.php?items/072000300.html?srsltid=AfmBOolnoqBBwQebqUtpZFB7LBuClPEJudpfRnCoA9EOdbNr8944 HTTP/1.0" 200 21941 "-" "Mozilla/5.0 AppleWebKit/537.36 (KHTML, like Gecko; compatible; GPTBot/1.2; +https://openai.com/gptbot)"
20.171.207.160 - - [15/Oct/2025:15:31:32 +0000] "GET /pages.php?q-~36YY9N0NEQrTplPtRIaKaEB0SO3ihjYD7399/ HTTP/1.0" 200 21993 "-" "Mozilla/5.0 AppleWebKit/537.36 (KHTML, like Gecko; compatible; GPTBot/1.2; +https://openai.com/gptbot)"
66.249.74.136 - - [15/Oct/2025:15:31:33 +0000] "GET /passenger253017133 HTTP/1.0" 200 22053 "-" "Mozilla/5.0 (Linux; Android 6.0.1; Nexus 5X Build/MMB29P) AppleWebKit/537.36 (KHTML, like Gecko) Chrome/140.0.7339.207 Mobile Safari/537.36 (compatible; Googlebot/2.1; +http://www.google.com/bot.html)"
20.171.207.160 - - [15/Oct/2025:15:31:35 +0000] "GET /pages.php?q-~21ZoZ36PrvnvILZJDzHKgkiR70KMweKo7120/ HTTP/1.0" 200 22078 "-" "Mozilla/5.0 AppleWebKit/537.36 (KHTML, like Gecko; compatible; GPTBot/1.2; +https://openai.com/gptbot)"
20.171.207.160 - - [15/Oct/2025:15:31:38 +0000] "GET /pages.php?SUSA1951DGE7732EU009803 HTTP/1.0" 200 22587 "-" "Mozilla/5.0 AppleWebKit/537.36 (KHTML, like Gecko; compatible; GPTBot/1.2; +https://openai.com/gptbot)"
20.171.207.160 - - [15/Oct/2025:15:31:41 +0000] "GET /pages.php?m38773270794 HTTP/1.0" 200 22475 "-" "Mozilla/5.0 AppleWebKit/537.36 (KHTML, like Gecko; compatible; GPTBot/1.2; +https://openai.com/gptbot)"
20.171.207.160 - - [15/Oct/2025:15:31:44 +0000] "GET /pages.php?q-~92YQprDFvRLsYy2terWhn9QmlBX5Y3cM1599/ HTTP/1.0" 200 22010 "-" "Mozilla/5.0 AppleWebKit/537.36 (KHTML, like Gecko; compatible; GPTBot/1.2; +https://openai.com/gptbot)"
20.171.207.160 - - [15/Oct/2025:15:31:47 +0000] "GET /pages.php?q-~30ARKvAAKMaq8QmHLTYrewlpxb3IkUei15555/ HTTP/1.0" 200 21872 "-" "Mozilla/5.0 AppleWebKit/537.36 (KHTML, like Gecko; compatible; GPTBot/1.2; +https://openai.com/gptbot)"
20.171.207.160 - - [15/Oct/2025:15:31:51 +0000] "GET /pages.php?m82466053533 HTTP/1.0" 200 21574 "-" "Mozilla/5.0 AppleWebKit/537.36 (KHTML, like Gecko; compatible; GPTBot/1.2; +https://openai.com/gptbot)"
20.171.207.160 - - [15/Oct/2025:15:31:54 +0000] "GET /pages.php?m43614009024 HTTP/1.0" 200 22233 "-" "Mozilla/5.0 AppleWebKit/537.36 (KHTML, like Gecko; compatible; GPTBot/1.2; +https://openai.com/gptbot)"
20.171.207.160 - - [15/Oct/2025:15:31:57 +0000] "GET /pages.php?category/184_712/1 HTTP/1.0" 200 22465 "-" "Mozilla/5.0 AppleWebKit/537.36 (KHTML, like Gecko; compatible; GPTBot/1.2; +https://openai.com/gptbot)"
20.171.207.160 - - [15/Oct/2025:15:32:00 +0000] "GET /pages.php?q-~99jlNx9BsTfiIw2RFhCtHkNPzyaJBSFK882/ HTTP/1.0" 200 22265 "-" "Mozilla/5.0 AppleWebKit/537.36 (KHTML, like Gecko; compatible; GPTBot/1.2; +https://openai.com/gptbot)"
20.171.207.160 - - [15/Oct/2025:15:32:03 +0000] "GET /pages.php?1105175683 HTTP/1.0" 200 22457 "-" "Mozilla/5.0 AppleWebKit/537.36 (KHTML, like Gecko; compatible; GPTBot/1.2; +https://openai.com/gptbot)"
20.171.207.160 - - [15/Oct/2025:15:32:06 +0000] "GET /pages.php?pit-sports-csv-bb1112n HTTP/1.0" 200 22305 "-" "Mozilla/5.0 AppleWebKit/537.36 (KHTML, like Gecko; compatible; GPTBot/1.2; +https://openai.com/gptbot)"
20.171.207.160 - - [15/Oct/2025:15:32:09 +0000] "GET /pages.php?category/35_321/1 HTTP/1.0" 200 22648 "-" "Mozilla/5.0 AppleWebKit/537.36 (KHTML, like Gecko; compatible; GPTBot/1.2; +https://openai.com/gptbot)"
20.171.207.160 - - [15/Oct/2025:15:32:12 +0000] "GET /pages.php?q-~33sQMESC8wVwODJzyHdEx5wBlicEXXbH336/ HTTP/1.0" 200 22672 "-" "Mozilla/5.0 AppleWebKit/537.36 (KHTML, like Gecko; compatible; GPTBot/1.2; +https://openai.com/gptbot)"
20.171.207.160 - - [15/Oct/2025:15:32:16 +0000] "GET /pages.php?m38855333495 HTTP/1.0" 200 21712 "-" "Mozilla/5.0 AppleWebKit/537.36 (KHTML, like Gecko; compatible; GPTBot/1.2; +https://openai.com/gptbot)"
20.171.207.160 - - [15/Oct/2025:15:32:19 +0000] "GET /pages.php?m44271411107 HTTP/1.0" 200 22302 "-" "Mozilla/5.0 AppleWebKit/537.36 (KHTML, like Gecko; compatible; GPTBot/1.2; +https://openai.com/gptbot)"
20.171.207.160 - - [15/Oct/2025:15:32:22 +0000] "GET /pages.php?q-~44eoccuWZZPjKZ1ggjSMH8A78InLDUBW865/ HTTP/1.0" 200 22331 "-" "Mozilla/5.0 AppleWebKit/537.36 (KHTML, like Gecko; compatible; GPTBot/1.2; +https://openai.com/gptbot)"
20.171.207.160 - - [15/Oct/2025:15:32:25 +0000] "GET /pages.php?q-~64NbVX7DtGnPei4AKEiwVsYP4yyXjXbZ495/ HTTP/1.0" 200 22107 "-" "Mozilla/5.0 AppleWebKit/537.36 (KHTML, like Gecko; compatible; GPTBot/1.2; +https://openai.com/gptbot)"
20.171.207.160 - - [15/Oct/2025:15:32:29 +0000] "GET /pages.php?q-~86Sismfb8DjGdQpQMxxTcRPKRa4iNJkt4597/ HTTP/1.0" 200 21979 "-" "Mozilla/5.0 AppleWebKit/537.36 (KHTML, like Gecko; compatible; GPTBot/1.2; +https://openai.com/gptbot)"
20.171.207.160 - - [15/Oct/2025:15:32:32 +0000] "GET /pages.php?q-~72fgnbf70LP6xbgMsREBDnlDmWtnlW0L89/ HTTP/1.0" 200 21704 "-" "Mozilla/5.0 AppleWebKit/537.36 (KHTML, like Gecko; compatible; GPTBot/1.2; +https://openai.com/gptbot)"
20.171.207.160 - - [15/Oct/2025:15:32:35 +0000] "GET /pages.php?q-~217CX3DqSTlFcdqIHZAzmwTho6nudvTFW802/ HTTP/1.0" 200 21958 "-" "Mozilla/5.0 AppleWebKit/537.36 (KHTML, like Gecko; compatible; GPTBot/1.2; +https://openai.com/gptbot)"
20.171.207.160 - - [15/Oct/2025:15:32:38 +0000] "GET /pages.php?q-~44rJ0Qbkt4vFRfaHXRNuK1VtIVhgBKAY6875/ HTTP/1.0" 200 22984 "-" "Mozilla/5.0 AppleWebKit/537.36 (KHTML, like Gecko; compatible; GPTBot/1.2; +https://openai.com/gptbot)"
20.171.207.160 - - [15/Oct/2025:15:32:41 +0000] "GET /pages.php?q-~12gKeSjV4fDS5wOxnWO0QNgkKOhZLAcS995/ HTTP/1.0" 200 22715 "-" "Mozilla/5.0 AppleWebKit/537.36 (KHTML, like Gecko; compatible; GPTBot/1.2; +https://openai.com/gptbot)"
20.171.207.160 - - [15/Oct/2025:15:32:44 +0000] "GET /pages.php?skymarketplus-b00nj50gxy HTTP/1.0" 200 21751 "-" "Mozilla/5.0 AppleWebKit/537.36 (KHTML, like Gecko; compatible; GPTBot/1.2; +https://openai.com/gptbot)"
20.171.207.160 - - [15/Oct/2025:15:32:47 +0000] "GET /pages.php?sakan8man-trus-1533283 HTTP/1.0" 200 22207 "-" "Mozilla/5.0 AppleWebKit/537.36 (KHTML, like Gecko; compatible; GPTBot/1.2; +https://openai.com/gptbot)"
20.171.207.160 - - [15/Oct/2025:15:32:50 +0000] "GET /pages.php?category/35_321_3121/1 HTTP/1.0" 200 22448 "-" "Mozilla/5.0 AppleWebKit/537.36 (KHTML, like Gecko; compatible; GPTBot/1.2; +https://openai.com/gptbot)"
20.171.207.160 - - [15/Oct/2025:15:32:53 +0000] "GET /pages.php?asty-shop-c1-adg19xnncl-6268 HTTP/1.0" 200 22024 "-" "Mozilla/5.0 AppleWebKit/537.36 (KHTML, like Gecko; compatible; GPTBot/1.2; +https://openai.com/gptbot)"
20.171.207.160 - - [15/Oct/2025:15:32:56 +0000] "GET /pages.php?q-~20LTMRHLRntgyYzatpISPMZxazCrqAfY39191/ HTTP/1.0" 200 23370 "-" "Mozilla/5.0 AppleWebKit/537.36 (KHTML, like Gecko; compatible; GPTBot/1.2; +https://openai.com/gptbot)"
20.171.207.160 - - [15/Oct/2025:15:33:00 +0000] "GET /pages.php?q-~266WYoJSBHY9sssJajywSWMpawSN6I7zd49025/ HTTP/1.0" 200 22255 "-" "Mozilla/5.0 AppleWebKit/537.36 (KHTML, like Gecko; compatible; GPTBot/1.2; +https://openai.com/gptbot)"
20.171.207.160 - - [15/Oct/2025:15:33:03 +0000] "GET /pages.php?m41262841713 HTTP/1.0" 200 22503 "-" "Mozilla/5.0 AppleWebKit/537.36 (KHTML, like Gecko; compatible; GPTBot/1.2; +https://openai.com/gptbot)"
66.249.74.137 - - [15/Oct/2025:15:33:06 +0000] "GET /?path=/var/www/vhosts/enlugo.es/httpdocs/wp-content/uploads/2016 HTTP/1.0" 200 21779 "-" "Mozilla/5.0 (Linux; Android 6.0.1; Nexus 5X Build/MMB29P) AppleWebKit/537.36 (KHTML, like Gecko) Chrome/140.0.7339.207 Mobile Safari/537.36 (compatible; Googlebot/2.1; +http://www.google.com/bot.html)"
20.171.207.160 - - [15/Oct/2025:15:33:06 +0000] "GET /pages.php?84973907 HTTP/1.0" 200 23351 "-" "Mozilla/5.0 AppleWebKit/537.36 (KHTML, like Gecko; compatible; GPTBot/1.2; +https://openai.com/gptbot)"
20.171.207.160 - - [15/Oct/2025:15:33:09 +0000] "GET /pages.php?sundaymountain-t43004 HTTP/1.0" 200 22264 "-" "Mozilla/5.0 AppleWebKit/537.36 (KHTML, like Gecko; compatible; GPTBot/1.2; +https://openai.com/gptbot)"
20.171.207.160 - - [15/Oct/2025:15:33:12 +0000] "GET /pages.php?category/1483/1 HTTP/1.0" 200 22578 "-" "Mozilla/5.0 AppleWebKit/537.36 (KHTML, like Gecko; compatible; GPTBot/1.2; +https://openai.com/gptbot)"
20.171.207.160 - - [15/Oct/2025:15:33:15 +0000] "GET /pages.php?category/38_295_7627/1 HTTP/1.0" 200 22501 "-" "Mozilla/5.0 AppleWebKit/537.36 (KHTML, like Gecko; compatible; GPTBot/1.2; +https://openai.com/gptbot)"
20.171.207.160 - - [15/Oct/2025:15:33:19 +0000] "GET /pages.php?z9441680 HTTP/1.0" 200 23340 "-" "Mozilla/5.0 AppleWebKit/537.36 (KHTML, like Gecko; compatible; GPTBot/1.2; +https://openai.com/gptbot)"
20.171.207.160 - - [15/Oct/2025:15:33:22 +0000] "GET /pages.php?q-~84HXbBz24I8LMyekmfrwAgVGzoFiOjIj895/ HTTP/1.0" 200 22830 "-" "Mozilla/5.0 AppleWebKit/537.36 (KHTML, like Gecko; compatible; GPTBot/1.2; +https://openai.com/gptbot)"
20.171.207.160 - - [15/Oct/2025:15:33:25 +0000] "GET /pages.php?m35692224596 HTTP/1.0" 200 22053 "-" "Mozilla/5.0 AppleWebKit/537.36 (KHTML, like Gecko; compatible; GPTBot/1.2; +https://openai.com/gptbot)"
20.171.207.160 - - [15/Oct/2025:15:33:28 +0000] "GET /pages.php?q-~240d7Plq2p6POmTTCEA4Sptr8PvZcs8bn5/ HTTP/1.0" 200 22179 "-" "Mozilla/5.0 AppleWebKit/537.36 (KHTML, like Gecko; compatible; GPTBot/1.2; +https://openai.com/gptbot)"
20.171.207.160 - - [15/Oct/2025:15:33:31 +0000] "GET /pages.php?SPAR1728D-GA7719EW005639 HTTP/1.0" 200 22101 "-" "Mozilla/5.0 AppleWebKit/537.36 (KHTML, like Gecko; compatible; GPTBot/1.2; +https://openai.com/gptbot)"
20.171.207.160 - - [15/Oct/2025:15:33:34 +0000] "GET /pages.php?q-~28LYQk3vde1YG95HtKqBpqlmOBpm3uMP135/ HTTP/1.0" 200 22643 "-" "Mozilla/5.0 AppleWebKit/537.36 (KHTML, like Gecko; compatible; GPTBot/1.2; +https://openai.com/gptbot)"
20.171.207.160 - - [15/Oct/2025:15:33:37 +0000] "GET /pages.php?q-~143PXPjCfRyOLR08dpUsnGTEwi3uyRMRx43560/ HTTP/1.0" 200 22266 "-" "Mozilla/5.0 AppleWebKit/537.36 (KHTML, like Gecko; compatible; GPTBot/1.2; +https://openai.com/gptbot)"
20.171.207.160 - - [15/Oct/2025:15:33:40 +0000] "GET /pages.php?q-~63mO9DeDstMrZpt6oEGVbznUbKzG28mO9346/ HTTP/1.0" 200 23291 "-" "Mozilla/5.0 AppleWebKit/537.36 (KHTML, like Gecko; compatible; GPTBot/1.2; +https://openai.com/gptbot)"
20.171.207.160 - - [15/Oct/2025:15:33:43 +0000] "GET /pages.php?kg-maido-tr-1587322 HTTP/1.0" 200 22311 "-" "Mozilla/5.0 AppleWebKit/537.36 (KHTML, like Gecko; compatible; GPTBot/1.2; +https://openai.com/gptbot)"
20.171.207.160 - - [15/Oct/2025:15:33:47 +0000] "GET /pages.php?q-~48eoccuWZZPjKZ1ggjSMH8A78InLDUBW861/ HTTP/1.0" 200 22341 "-" "Mozilla/5.0 AppleWebKit/537.36 (KHTML, like Gecko; compatible; GPTBot/1.2; +https://openai.com/gptbot)"
20.171.207.160 - - [15/Oct/2025:15:33:50 +0000] "GET /pages.php?t-alpha-10000890 HTTP/1.0" 200 22172 "-" "Mozilla/5.0 AppleWebKit/537.36 (KHTML, like Gecko; compatible; GPTBot/1.2; +https://openai.com/gptbot)"
20.171.207.160 - - [15/Oct/2025:15:33:53 +0000] "GET /pages.php?q-~277WGwduJcE6wMyBTvqLuOazUe69ucwUZ744/ HTTP/1.0" 200 22141 "-" "Mozilla/5.0 AppleWebKit/537.36 (KHTML, like Gecko; compatible; GPTBot/1.2; +https://openai.com/gptbot)"
66.249.74.136 - - [15/Oct/2025:15:33:53 +0000] "GET /middle-class154013868 HTTP/1.0" 200 21734 "-" "Mozilla/5.0 (Linux; Android 6.0.1; Nexus 5X Build/MMB29P) AppleWebKit/537.36 (KHTML, like Gecko) Chrome/140.0.7339.207 Mobile Safari/537.36 (compatible; Googlebot/2.1; +http://www.google.com/bot.html)"
20.171.207.160 - - [15/Oct/2025:15:33:56 +0000] "GET /pages.php?m19499897102 HTTP/1.0" 200 23131 "-" "Mozilla/5.0 AppleWebKit/537.36 (KHTML, like Gecko; compatible; GPTBot/1.2; +https://openai.com/gptbot)"
20.171.207.160 - - [15/Oct/2025:15:33:59 +0000] "GET /pages.php?m75467952472 HTTP/1.0" 200 22495 "-" "Mozilla/5.0 AppleWebKit/537.36 (KHTML, like Gecko; compatible; GPTBot/1.2; +https://openai.com/gptbot)"
20.171.207.160 - - [15/Oct/2025:15:34:02 +0000] "GET /pages.php?m30375436700 HTTP/1.0" 200 23181 "-" "Mozilla/5.0 AppleWebKit/537.36 (KHTML, like Gecko; compatible; GPTBot/1.2; +https://openai.com/gptbot)"
20.171.207.160 - - [15/Oct/2025:15:34:05 +0000] "GET /pages.php?86146492 HTTP/1.0" 200 22736 "-" "Mozilla/5.0 AppleWebKit/537.36 (KHTML, like Gecko; compatible; GPTBot/1.2; +https://openai.com/gptbot)"
20.171.207.160 - - [15/Oct/2025:15:34:08 +0000] "GET /pages.php?m34633814471 HTTP/1.0" 200 23178 "-" "Mozilla/5.0 AppleWebKit/537.36 (KHTML, like Gecko; compatible; GPTBot/1.2; +https://openai.com/gptbot)"
20.171.207.160 - - [15/Oct/2025:15:34:12 +0000] "GET /pages.php?q-~49cCbfEBfXPEbOvhJ9nInsXzbagcsGNV902/ HTTP/1.0" 200 22887 "-" "Mozilla/5.0 AppleWebKit/537.36 (KHTML, like Gecko; compatible; GPTBot/1.2; +https://openai.com/gptbot)"
20.171.207.160 - - [15/Oct/2025:15:34:15 +0000] "GET /pages.php?category/9730_38711/1 HTTP/1.0" 200 22268 "-" "Mozilla/5.0 AppleWebKit/537.36 (KHTML, like Gecko; compatible; GPTBot/1.2; +https://openai.com/gptbot)"
20.171.207.160 - - [15/Oct/2025:15:34:21 +0000] "GET /pages.php?m91023811593 HTTP/1.0" 200 22390 "-" "Mozilla/5.0 AppleWebKit/537.36 (KHTML, like Gecko; compatible; GPTBot/1.2; +https://openai.com/gptbot)"
20.171.207.160 - - [15/Oct/2025:15:34:24 +0000] "GET /pages.php?m1135999684 HTTP/1.0" 200 22437 "-" "Mozilla/5.0 AppleWebKit/537.36 (KHTML, like Gecko; compatible; GPTBot/1.2; +https://openai.com/gptbot)"
20.171.207.160 - - [15/Oct/2025:15:34:27 +0000] "GET /pages.php?q-~38PXtAynnHXGBKbTMxvRQxkTfNQ7RIGB5803/ HTTP/1.0" 200 21837 "-" "Mozilla/5.0 AppleWebKit/537.36 (KHTML, like Gecko; compatible; GPTBot/1.2; +https://openai.com/gptbot)"
20.171.207.160 - - [15/Oct/2025:15:34:30 +0000] "GET /pages.php?STSB2134DPR5779EW022149 HTTP/1.0" 200 22104 "-" "Mozilla/5.0 AppleWebKit/537.36 (KHTML, like Gecko; compatible; GPTBot/1.2; +https://openai.com/gptbot)"
20.171.207.160 - - [15/Oct/2025:15:34:37 +0000] "GET /pages.php?966422568 HTTP/1.0" 200 22408 "-" "Mozilla/5.0 AppleWebKit/537.36 (KHTML, like Gecko; compatible; GPTBot/1.2; +https://openai.com/gptbot)"
20.171.207.160 - - [15/Oct/2025:15:34:40 +0000] "GET /pages.php?q-~33RJQtUhfiYAEr5AW3p3szL4mcCyZY3s788/ HTTP/1.0" 200 22474 "-" "Mozilla/5.0 AppleWebKit/537.36 (KHTML, like Gecko; compatible; GPTBot/1.2; +https://openai.com/gptbot)"
66.249.74.136 - - [15/Oct/2025:15:34:42 +0000] "GET /items/zbwzi190/48949?key=former HTTP/1.0" 200 27333 "-" "Mozilla/5.0 (Linux; Android 6.0.1; Nexus 5X Build/MMB29P) AppleWebKit/537.36 (KHTML, like Gecko) Chrome/140.0.7339.207 Mobile Safari/537.36 (compatible; Googlebot/2.1; +http://www.google.com/bot.html)"
20.171.207.160 - - [15/Oct/2025:15:34:43 +0000] "GET /pages.php?hcvalor-eshop-trusco-6948438 HTTP/1.0" 200 22307 "-" "Mozilla/5.0 AppleWebKit/537.36 (KHTML, like Gecko; compatible; GPTBot/1.2; +https://openai.com/gptbot)"
20.171.207.160 - - [15/Oct/2025:15:34:46 +0000] "GET /pages.php?liviterasu-ob255390br HTTP/1.0" 200 22493 "-" "Mozilla/5.0 AppleWebKit/537.36 (KHTML, like Gecko; compatible; GPTBot/1.2; +https://openai.com/gptbot)"
20.171.207.160 - - [15/Oct/2025:15:34:49 +0000] "GET /pages.php?q-~34uPYwLJGPPQ2HQ10dNS6wS1DGQGCRXc847/ HTTP/1.0" 200 22184 "-" "Mozilla/5.0 AppleWebKit/537.36 (KHTML, like Gecko; compatible; GPTBot/1.2; +https://openai.com/gptbot)"
20.171.207.160 - - [15/Oct/2025:15:34:52 +0000] "GET /pages.php?m16881071257 HTTP/1.0" 200 22706 "-" "Mozilla/5.0 AppleWebKit/537.36 (KHTML, like Gecko; compatible; GPTBot/1.2; +https://openai.com/gptbot)"
20.171.207.160 - - [15/Oct/2025:15:34:58 +0000] "GET /pages.php?m85504093079 HTTP/1.0" 200 22005 "-" "Mozilla/5.0 AppleWebKit/537.36 (KHTML, like Gecko; compatible; GPTBot/1.2; +https://openai.com/gptbot)"
20.171.207.160 - - [15/Oct/2025:15:35:02 +0000] "GET /pages.php?m25113172170 HTTP/1.0" 200 22087 "-" "Mozilla/5.0 AppleWebKit/537.36 (KHTML, like Gecko; compatible; GPTBot/1.2; +https://openai.com/gptbot)"
20.171.207.160 - - [15/Oct/2025:15:35:05 +0000] "GET /pages.php?items/010000206.html?srsltid=AfmBOolhbJmtMGCEDQDBYNfeDZpGWPkPWAsDVk4bCqtGiXNv6dLJ HTTP/1.0" 200 22576 "-" "Mozilla/5.0 AppleWebKit/537.36 (KHTML, like Gecko; compatible; GPTBot/1.2; +https://openai.com/gptbot)"
20.171.207.160 - - [15/Oct/2025:15:35:08 +0000] "GET /pages.php?m57826815138 HTTP/1.0" 200 22645 "-" "Mozilla/5.0 AppleWebKit/537.36 (KHTML, like Gecko; compatible; GPTBot/1.2; +https://openai.com/gptbot)"
20.171.207.160 - - [15/Oct/2025:15:35:11 +0000] "GET /pages.php?m54041470015 HTTP/1.0" 200 22998 "-" "Mozilla/5.0 AppleWebKit/537.36 (KHTML, like Gecko; compatible; GPTBot/1.2; +https://openai.com/gptbot)"
20.171.207.160 - - [15/Oct/2025:15:35:14 +0000] "GET /pages.php?m99137105292 HTTP/1.0" 200 22426 "-" "Mozilla/5.0 AppleWebKit/537.36 (KHTML, like Gecko; compatible; GPTBot/1.2; +https://openai.com/gptbot)"
20.171.207.160 - - [15/Oct/2025:15:35:17 +0000] "GET /pages.php?m70190801830 HTTP/1.0" 200 22675 "-" "Mozilla/5.0 AppleWebKit/537.36 (KHTML, like Gecko; compatible; GPTBot/1.2; +https://openai.com/gptbot)"
20.171.207.160 - - [15/Oct/2025:15:35:21 +0000] "GET /pages.php?1063924888 HTTP/1.0" 200 22042 "-" "Mozilla/5.0 AppleWebKit/537.36 (KHTML, like Gecko; compatible; GPTBot/1.2; +https://openai.com/gptbot)"
20.171.207.160 - - [15/Oct/2025:15:35:24 +0000] "GET /pages.php?q-~40TNtKyzaevfQHWMYfkm5Jpg7235zscl217/ HTTP/1.0" 200 22663 "-" "Mozilla/5.0 AppleWebKit/537.36 (KHTML, like Gecko; compatible; GPTBot/1.2; +https://openai.com/gptbot)"
20.171.207.160 - - [15/Oct/2025:15:35:27 +0000] "GET /pages.php?m87966361008 HTTP/1.0" 200 22239 "-" "Mozilla/5.0 AppleWebKit/537.36 (KHTML, like Gecko; compatible; GPTBot/1.2; +https://openai.com/gptbot)"
66.249.74.136 - - [15/Oct/2025:15:35:29 +0000] "GET /m45684573005 HTTP/1.0" 200 23177 "-" "Mozilla/5.0 (Linux; Android 6.0.1; Nexus 5X Build/MMB29P) AppleWebKit/537.36 (KHTML, like Gecko) Chrome/140.0.7339.207 Mobile Safari/537.36 (compatible; Googlebot/2.1; +http://www.google.com/bot.html)"
20.171.207.160 - - [15/Oct/2025:15:35:30 +0000] "GET /pages.php?asty-shop-k0-1y99ihya3t-eu6z HTTP/1.0" 200 21803 "-" "Mozilla/5.0 AppleWebKit/537.36 (KHTML, like Gecko; compatible; GPTBot/1.2; +https://openai.com/gptbot)"
20.171.207.160 - - [15/Oct/2025:15:35:33 +0000] "GET /pages.php?78312598 HTTP/1.0" 200 21835 "-" "Mozilla/5.0 AppleWebKit/537.36 (KHTML, like Gecko; compatible; GPTBot/1.2; +https://openai.com/gptbot)"
20.171.207.160 - - [15/Oct/2025:15:35:37 +0000] "GET /pages.php?first23-trusco-4829428 HTTP/1.0" 200 22722 "-" "Mozilla/5.0 AppleWebKit/537.36 (KHTML, like Gecko; compatible; GPTBot/1.2; +https://openai.com/gptbot)"
20.171.207.160 - - [15/Oct/2025:15:35:40 +0000] "GET /pages.php?q-~38PQYsEACPuOGzj5B9cgViAGrIYi2tAE311/ HTTP/1.0" 200 21992 "-" "Mozilla/5.0 AppleWebKit/537.36 (KHTML, like Gecko; compatible; GPTBot/1.2; +https://openai.com/gptbot)"
20.171.207.160 - - [15/Oct/2025:15:35:43 +0000] "GET /pages.php?m17666324767 HTTP/1.0" 200 22507 "-" "Mozilla/5.0 AppleWebKit/537.36 (KHTML, like Gecko; compatible; GPTBot/1.2; +https://openai.com/gptbot)"
20.171.207.160 - - [15/Oct/2025:15:35:46 +0000] "GET /pages.php?q-~16d6TuaVgfQ3lbGanO7kEi2P8ZMKCqFN725/ HTTP/1.0" 200 22043 "-" "Mozilla/5.0 AppleWebKit/537.36 (KHTML, like Gecko; compatible; GPTBot/1.2; +https://openai.com/gptbot)"
20.171.207.160 - - [15/Oct/2025:15:35:49 +0000] "GET /pages.php?q-~62oJB8ebAEcJzdoHvajJELSlqIecCenR93/ HTTP/1.0" 200 21761 "-" "Mozilla/5.0 AppleWebKit/537.36 (KHTML, like Gecko; compatible; GPTBot/1.2; +https://openai.com/gptbot)"
20.171.207.160 - - [15/Oct/2025:15:35:52 +0000] "GET /pages.php?80559331 HTTP/1.0" 200 23191 "-" "Mozilla/5.0 AppleWebKit/537.36 (KHTML, like Gecko; compatible; GPTBot/1.2; +https://openai.com/gptbot)"
20.171.207.160 - - [15/Oct/2025:15:35:55 +0000] "GET /pages.php?items/207045471.html?srsltid=AfmBOogshZMWbaiJXlEzNnwKAgwMEJURbDdDa5Ydl99R6DMX07RN HTTP/1.0" 200 22990 "-" "Mozilla/5.0 AppleWebKit/537.36 (KHTML, like Gecko; compatible; GPTBot/1.2; +https://openai.com/gptbot)"
20.171.207.160 - - [15/Oct/2025:15:35:58 +0000] "GET /pages.php?SSOT1365D-R09254EW011316 HTTP/1.0" 200 22234 "-" "Mozilla/5.0 AppleWebKit/537.36 (KHTML, like Gecko; compatible; GPTBot/1.2; +https://openai.com/gptbot)"
20.171.207.160 - - [15/Oct/2025:15:36:01 +0000] "GET /pages.php?hirochishop-2-mrwmr30451012550n HTTP/1.0" 200 22737 "-" "Mozilla/5.0 AppleWebKit/537.36 (KHTML, like Gecko; compatible; GPTBot/1.2; +https://openai.com/gptbot)"
20.171.207.160 - - [15/Oct/2025:15:36:05 +0000] "GET /pages.php?q-~9jwrBTZkoEX47S36MixgO8pMd0EjQLV714/ HTTP/1.0" 200 22669 "-" "Mozilla/5.0 AppleWebKit/537.36 (KHTML, like Gecko; compatible; GPTBot/1.2; +https://openai.com/gptbot)"
20.171.207.160 - - [15/Oct/2025:15:36:08 +0000] "GET /pages.php?m51155826965 HTTP/1.0" 200 23657 "-" "Mozilla/5.0 AppleWebKit/537.36 (KHTML, like Gecko; compatible; GPTBot/1.2; +https://openai.com/gptbot)"
20.171.207.160 - - [15/Oct/2025:15:36:11 +0000] "GET /pages.php?q-~7xI9gblUpESFtxSVm5QcpVmaS1cG2kb28712/ HTTP/1.0" 200 22549 "-" "Mozilla/5.0 AppleWebKit/537.36 (KHTML, like Gecko; compatible; GPTBot/1.2; +https://openai.com/gptbot)"
20.171.207.160 - - [15/Oct/2025:15:36:14 +0000] "GET /pages.php?m28407741113 HTTP/1.0" 200 22411 "-" "Mozilla/5.0 AppleWebKit/537.36 (KHTML, like Gecko; compatible; GPTBot/1.2; +https://openai.com/gptbot)"
66.249.74.136 - - [15/Oct/2025:15:36:16 +0000] "GET /items/zbilu28/463?key=drive HTTP/1.0" 200 22279 "-" "Mozilla/5.0 (Linux; Android 6.0.1; Nexus 5X Build/MMB29P) AppleWebKit/537.36 (KHTML, like Gecko) Chrome/140.0.7339.207 Mobile Safari/537.36 (compatible; Googlebot/2.1; +http://www.google.com/bot.html)"
20.171.207.160 - - [15/Oct/2025:15:36:17 +0000] "GET /pages.php?m20372265317 HTTP/1.0" 200 22739 "-" "Mozilla/5.0 AppleWebKit/537.36 (KHTML, like Gecko; compatible; GPTBot/1.2; +https://openai.com/gptbot)"
66.249.74.136 - - [15/Oct/2025:15:36:18 +0000] "GET /recruit282040544 HTTP/1.0" 200 27035 "-" "Mozilla/5.0 (Linux; Android 6.0.1; Nexus 5X Build/MMB29P) AppleWebKit/537.36 (KHTML, like Gecko) Chrome/140.0.7339.207 Mobile Safari/537.36 (compatible; Googlebot/2.1; +http://www.google.com/bot.html)"
20.171.207.160 - - [15/Oct/2025:15:36:20 +0000] "GET /pages.php?m16174776706 HTTP/1.0" 200 22053 "-" "Mozilla/5.0 AppleWebKit/537.36 (KHTML, like Gecko; compatible; GPTBot/1.2; +https://openai.com/gptbot)"
20.171.207.160 - - [15/Oct/2025:15:36:24 +0000] "GET /pages.php?488098745 HTTP/1.0" 200 22148 "-" "Mozilla/5.0 AppleWebKit/537.36 (KHTML, like Gecko; compatible; GPTBot/1.2; +https://openai.com/gptbot)"
20.171.207.160 - - [15/Oct/2025:15:36:30 +0000] "GET /pages.php?q-~54xOaohJa08KSLIgcpnvMJTVtDUI1kKJ9901/ HTTP/1.0" 200 22285 "-" "Mozilla/5.0 AppleWebKit/537.36 (KHTML, like Gecko; compatible; GPTBot/1.2; +https://openai.com/gptbot)"
40.77.167.33 - - [15/Oct/2025:15:36:31 +0000] "GET /?fileloc=/var/www/vhosts/enlugo.es/httpdocs/wp-class-info.php&path=/var/www/vhosts/enlugo.es/httpdocs HTTP/1.0" 200 2276 "-" "Mozilla/5.0 AppleWebKit/537.36 (KHTML, like Gecko; compatible; bingbot/2.0; +http://www.bing.com/bingbot.htm) Chrome/116.0.1938.76 Safari/537.36"
20.171.207.160 - - [15/Oct/2025:15:36:33 +0000] "GET /pages.php?q-~6FSRb0YVuFpB84kql2NwE1vhbKeO5rn217/ HTTP/1.0" 200 22146 "-" "Mozilla/5.0 AppleWebKit/537.36 (KHTML, like Gecko; compatible; GPTBot/1.2; +https://openai.com/gptbot)"
20.171.207.160 - - [15/Oct/2025:15:36:36 +0000] "GET /pages.php?m47796746215 HTTP/1.0" 200 22721 "-" "Mozilla/5.0 AppleWebKit/537.36 (KHTML, like Gecko; compatible; GPTBot/1.2; +https://openai.com/gptbot)"
20.171.207.160 - - [15/Oct/2025:15:36:39 +0000] "GET /pages.php?q-~60HJt0IakcNXoC3toifGVuDz5NFxDPqp73/ HTTP/1.0" 200 22181 "-" "Mozilla/5.0 AppleWebKit/537.36 (KHTML, like Gecko; compatible; GPTBot/1.2; +https://openai.com/gptbot)"
20.171.207.160 - - [15/Oct/2025:15:36:49 +0000] "GET /pages.php?q-~20V9jnxejJIRWAr07XVLrzOo1Xd2cEDo121/ HTTP/1.0" 200 22172 "-" "Mozilla/5.0 AppleWebKit/537.36 (KHTML, like Gecko; compatible; GPTBot/1.2; +https://openai.com/gptbot)"
20.171.207.160 - - [15/Oct/2025:15:36:52 +0000] "GET /pages.php?m90556570857 HTTP/1.0" 200 23241 "-" "Mozilla/5.0 AppleWebKit/537.36 (KHTML, like Gecko; compatible; GPTBot/1.2; +https://openai.com/gptbot)"
20.171.207.160 - - [15/Oct/2025:15:36:56 +0000] "GET /pages.php?m97218779933 HTTP/1.0" 200 21937 "-" "Mozilla/5.0 AppleWebKit/537.36 (KHTML, like Gecko; compatible; GPTBot/1.2; +https://openai.com/gptbot)"
20.171.207.160 - - [15/Oct/2025:15:37:02 +0000] "GET /pages.php?q-~43YmMUG9Qq2afbuNLRoqWxsxgaTtMbyJ376/ HTTP/1.0" 200 23780 "-" "Mozilla/5.0 AppleWebKit/537.36 (KHTML, like Gecko; compatible; GPTBot/1.2; +https://openai.com/gptbot)"
20.171.207.160 - - [15/Oct/2025:15:37:05 +0000] "GET /pages.php?q-~52OJDRd8HtbD2NkazFB7qfpQjcfT2bUv499/ HTTP/1.0" 200 21834 "-" "Mozilla/5.0 AppleWebKit/537.36 (KHTML, like Gecko; compatible; GPTBot/1.2; +https://openai.com/gptbot)"
66.249.74.128 - - [15/Oct/2025:15:37:05 +0000] "GET /sensor200018290 HTTP/1.0" 200 22150 "-" "Mozilla/5.0 (Linux; Android 6.0.1; Nexus 5X Build/MMB29P) AppleWebKit/537.36 (KHTML, like Gecko) Chrome/140.0.7339.207 Mobile Safari/537.36 (compatible; Googlebot/2.1; +http://www.google.com/bot.html)"
20.171.207.160 - - [15/Oct/2025:15:37:08 +0000] "GET /pages.php?SDSC0140D-LA7956EW006638 HTTP/1.0" 200 22844 "-" "Mozilla/5.0 AppleWebKit/537.36 (KHTML, like Gecko; compatible; GPTBot/1.2; +https://openai.com/gptbot)"
20.171.207.160 - - [15/Oct/2025:15:37:15 +0000] "GET /pages.php?rapassione-30114430-1 HTTP/1.0" 200 22137 "-" "Mozilla/5.0 AppleWebKit/537.36 (KHTML, like Gecko; compatible; GPTBot/1.2; +https://openai.com/gptbot)"
20.171.207.160 - - [15/Oct/2025:15:37:18 +0000] "GET /pages.php?q-~295tlYFEWDsPbCzpo95exrPZyx77lnkvJ43682/ HTTP/1.0" 200 22149 "-" "Mozilla/5.0 AppleWebKit/537.36 (KHTML, like Gecko; compatible; GPTBot/1.2; +https://openai.com/gptbot)"
20.171.207.160 - - [15/Oct/2025:15:37:21 +0000] "GET /pages.php?q1176231218 HTTP/1.0" 200 22545 "-" "Mozilla/5.0 AppleWebKit/537.36 (KHTML, like Gecko; compatible; GPTBot/1.2; +https://openai.com/gptbot)"
20.171.207.160 - - [15/Oct/2025:15:37:24 +0000] "GET /pages.php?m39970403889 HTTP/1.0" 200 22971 "-" "Mozilla/5.0 AppleWebKit/537.36 (KHTML, like Gecko; compatible; GPTBot/1.2; +https://openai.com/gptbot)"
20.171.207.160 - - [15/Oct/2025:15:37:27 +0000] "GET /pages.php?m74297607219 HTTP/1.0" 200 22323 "-" "Mozilla/5.0 AppleWebKit/537.36 (KHTML, like Gecko; compatible; GPTBot/1.2; +https://openai.com/gptbot)"
20.171.207.160 - - [15/Oct/2025:15:37:30 +0000] "GET /pages.php?q-~90pVBVeqdbii2Zoonw4ouJJw7sTFN1FD813/ HTTP/1.0" 200 22219 "-" "Mozilla/5.0 AppleWebKit/537.36 (KHTML, like Gecko; compatible; GPTBot/1.2; +https://openai.com/gptbot)"
20.171.207.160 - - [15/Oct/2025:15:37:33 +0000] "GET /pages.php?aoi-depart-2cos897 HTTP/1.0" 200 22586 "-" "Mozilla/5.0 AppleWebKit/537.36 (KHTML, like Gecko; compatible; GPTBot/1.2; +https://openai.com/gptbot)"
20.171.207.160 - - [15/Oct/2025:15:37:36 +0000] "GET /pages.php?kys-tr-1156293 HTTP/1.0" 200 22437 "-" "Mozilla/5.0 AppleWebKit/537.36 (KHTML, like Gecko; compatible; GPTBot/1.2; +https://openai.com/gptbot)"
20.171.207.160 - - [15/Oct/2025:15:37:40 +0000] "GET /pages.php?q-~283ighKwzeyryFzSkugfRbGdyEp9hesLU22444/ HTTP/1.0" 200 22317 "-" "Mozilla/5.0 AppleWebKit/537.36 (KHTML, like Gecko; compatible; GPTBot/1.2; +https://openai.com/gptbot)"
20.171.207.160 - - [15/Oct/2025:15:37:43 +0000] "GET /pages.php?86849591 HTTP/1.0" 200 22723 "-" "Mozilla/5.0 AppleWebKit/537.36 (KHTML, like Gecko; compatible; GPTBot/1.2; +https://openai.com/gptbot)"
20.171.207.160 - - [15/Oct/2025:15:37:46 +0000] "GET /pages.php?m37371734766 HTTP/1.0" 200 23147 "-" "Mozilla/5.0 AppleWebKit/537.36 (KHTML, like Gecko; compatible; GPTBot/1.2; +https://openai.com/gptbot)"
20.171.207.160 - - [15/Oct/2025:15:37:49 +0000] "GET /pages.php?q-~13Y4CxmJt6BLxil0izBpKJvPC6YadSbh954/ HTTP/1.0" 200 22852 "-" "Mozilla/5.0 AppleWebKit/537.36 (KHTML, like Gecko; compatible; GPTBot/1.2; +https://openai.com/gptbot)"
20.171.207.160 - - [15/Oct/2025:15:37:52 +0000] "GET /pages.php?q-~50wpbZdRAbXuFAEp2Z0FOxImlh4pr3Xw33315/ HTTP/1.0" 200 22187 "-" "Mozilla/5.0 AppleWebKit/537.36 (KHTML, like Gecko; compatible; GPTBot/1.2; +https://openai.com/gptbot)"
20.171.207.160 - - [15/Oct/2025:15:37:55 +0000] "GET /pages.php?tkonline-2039892 HTTP/1.0" 200 23125 "-" "Mozilla/5.0 AppleWebKit/537.36 (KHTML, like Gecko; compatible; GPTBot/1.2; +https://openai.com/gptbot)"
20.171.207.160 - - [15/Oct/2025:15:37:58 +0000] "GET /pages.php?q-~58QX07iQ4arLR8SHt5SxfaLCCxHoPDFD595/ HTTP/1.0" 200 22256 "-" "Mozilla/5.0 AppleWebKit/537.36 (KHTML, like Gecko; compatible; GPTBot/1.2; +https://openai.com/gptbot)"
20.171.207.160 - - [15/Oct/2025:15:38:02 +0000] "GET /pages.php?jsame-4774021-4000960174390-14 HTTP/1.0" 200 22742 "-" "Mozilla/5.0 AppleWebKit/537.36 (KHTML, like Gecko; compatible; GPTBot/1.2; +https://openai.com/gptbot)"
20.171.207.160 - - [15/Oct/2025:15:38:05 +0000] "GET /pages.php?p1176528414 HTTP/1.0" 200 21995 "-" "Mozilla/5.0 AppleWebKit/537.36 (KHTML, like Gecko; compatible; GPTBot/1.2; +https://openai.com/gptbot)"
20.171.207.160 - - [15/Oct/2025:15:38:08 +0000] "GET /pages.php?q-~8FeFcjqGy7qdJERVnwYIMcmpL8PA2zO42391/ HTTP/1.0" 200 22068 "-" "Mozilla/5.0 AppleWebKit/537.36 (KHTML, like Gecko; compatible; GPTBot/1.2; +https://openai.com/gptbot)"
20.171.207.160 - - [15/Oct/2025:15:38:11 +0000] "GET /pages.php?m81894539890 HTTP/1.0" 200 22390 "-" "Mozilla/5.0 AppleWebKit/537.36 (KHTML, like Gecko; compatible; GPTBot/1.2; +https://openai.com/gptbot)"
20.171.207.160 - - [15/Oct/2025:15:38:14 +0000] "GET /pages.php?m77074475210 HTTP/1.0" 200 21963 "-" "Mozilla/5.0 AppleWebKit/537.36 (KHTML, like Gecko; compatible; GPTBot/1.2; +https://openai.com/gptbot)"
20.171.207.160 - - [15/Oct/2025:15:38:17 +0000] "GET /pages.php?1132549642 HTTP/1.0" 200 22090 "-" "Mozilla/5.0 AppleWebKit/537.36 (KHTML, like Gecko; compatible; GPTBot/1.2; +https://openai.com/gptbot)"
20.171.207.160 - - [15/Oct/2025:15:38:20 +0000] "GET /pages.php?m70990252024 HTTP/1.0" 200 22353 "-" "Mozilla/5.0 AppleWebKit/537.36 (KHTML, like Gecko; compatible; GPTBot/1.2; +https://openai.com/gptbot)"
20.171.207.160 - - [15/Oct/2025:15:38:24 +0000] "GET /pages.php?0101marui-cd012750640101 HTTP/1.0" 200 22807 "-" "Mozilla/5.0 AppleWebKit/537.36 (KHTML, like Gecko; compatible; GPTBot/1.2; +https://openai.com/gptbot)"
20.171.207.160 - - [15/Oct/2025:15:38:27 +0000] "GET /pages.php?m17507809597 HTTP/1.0" 200 22056 "-" "Mozilla/5.0 AppleWebKit/537.36 (KHTML, like Gecko; compatible; GPTBot/1.2; +https://openai.com/gptbot)"
20.171.207.160 - - [15/Oct/2025:15:38:30 +0000] "GET /pages.php?category/77_800_1236/1 HTTP/1.0" 200 22566 "-" "Mozilla/5.0 AppleWebKit/537.36 (KHTML, like Gecko; compatible; GPTBot/1.2; +https://openai.com/gptbot)"
20.171.207.160 - - [15/Oct/2025:15:38:33 +0000] "GET /pages.php?m11955311772 HTTP/1.0" 200 22245 "-" "Mozilla/5.0 AppleWebKit/537.36 (KHTML, like Gecko; compatible; GPTBot/1.2; +https://openai.com/gptbot)"
20.171.207.160 - - [15/Oct/2025:15:38:36 +0000] "GET /pages.php?m44468658091 HTTP/1.0" 200 23042 "-" "Mozilla/5.0 AppleWebKit/537.36 (KHTML, like Gecko; compatible; GPTBot/1.2; +https://openai.com/gptbot)"
66.249.74.136 - - [15/Oct/2025:15:38:38 +0000] "GET /cold018000014 HTTP/1.0" 200 22640 "-" "Mozilla/5.0 (Linux; Android 6.0.1; Nexus 5X Build/MMB29P) AppleWebKit/537.36 (KHTML, like Gecko) Chrome/140.0.7339.207 Mobile Safari/537.36 (compatible; Googlebot/2.1; +http://www.google.com/bot.html)"
20.171.207.160 - - [15/Oct/2025:15:38:39 +0000] "GET /pages.php?q-~94BdHrU0ISXrQmUmVG1jqEBSpDmW36su271/ HTTP/1.0" 200 22822 "-" "Mozilla/5.0 AppleWebKit/537.36 (KHTML, like Gecko; compatible; GPTBot/1.2; +https://openai.com/gptbot)"
66.249.74.136 - - [15/Oct/2025:15:38:39 +0000] "GET /abuse262042124 HTTP/1.0" 200 25959 "-" "Mozilla/5.0 (Linux; Android 6.0.1; Nexus 5X Build/MMB29P) AppleWebKit/537.36 (KHTML, like Gecko) Chrome/140.0.7339.207 Mobile Safari/537.36 (compatible; Googlebot/2.1; +http://www.google.com/bot.html)"
20.171.207.160 - - [15/Oct/2025:15:38:43 +0000] "GET /pages.php?q-~82WT6QEjNh7ItupFQBNVYEn5fCb4SItD6153/ HTTP/1.0" 200 22199 "-" "Mozilla/5.0 AppleWebKit/537.36 (KHTML, like Gecko; compatible; GPTBot/1.2; +https://openai.com/gptbot)"
20.171.207.160 - - [15/Oct/2025:15:38:46 +0000] "GET /pages.php?m57016703117 HTTP/1.0" 200 22678 "-" "Mozilla/5.0 AppleWebKit/537.36 (KHTML, like Gecko; compatible; GPTBot/1.2; +https://openai.com/gptbot)"
20.171.207.160 - - [15/Oct/2025:15:38:49 +0000] "GET /pages.php?m89629921555 HTTP/1.0" 200 21701 "-" "Mozilla/5.0 AppleWebKit/537.36 (KHTML, like Gecko; compatible; GPTBot/1.2; +https://openai.com/gptbot)"
20.171.207.160 - - [15/Oct/2025:15:38:52 +0000] "GET /pages.php?q-~73JYNfeEqB8Wkp9DYG2MRKla0L1Uxcwt144/ HTTP/1.0" 200 22637 "-" "Mozilla/5.0 AppleWebKit/537.36 (KHTML, like Gecko; compatible; GPTBot/1.2; +https://openai.com/gptbot)"
20.171.207.160 - - [15/Oct/2025:15:38:55 +0000] "GET /pages.php?q-~15nzuXoDtYbztXNqDLiedvvFinMDivAN27280/ HTTP/1.0" 200 22495 "-" "Mozilla/5.0 AppleWebKit/537.36 (KHTML, like Gecko; compatible; GPTBot/1.2; +https://openai.com/gptbot)"
20.171.207.160 - - [15/Oct/2025:15:38:59 +0000] "GET /pages.php?m55633853184 HTTP/1.0" 200 23100 "-" "Mozilla/5.0 AppleWebKit/537.36 (KHTML, like Gecko; compatible; GPTBot/1.2; +https://openai.com/gptbot)"
